[INFO] fetching crate rbgb 0.2.1...
[INFO] testing rbgb-0.2.1 against 1.99.0-beta.8+cargoflags=--release for beta-release-1.100-2
[INFO] extracting crate rbgb 0.2.1 into /workspace/builds/worker-3-tc1/source
[INFO] removed /workspace/builds/worker-3-tc1/source/.cargo/config.toml
[INFO] started tweaking crates.io crate rbgb 0.2.1
[INFO] finished tweaking crates.io crate rbgb 0.2.1
[INFO] tweaked toml for crates.io crate rbgb 0.2.1 written to /workspace/builds/worker-3-tc1/source/Cargo.toml
[INFO] validating manifest of crates.io crate rbgb 0.2.1 on toolchain 1.99.0-beta.8
[INFO] running `Command { std: CARGO_HOME="/workspace/cargo-home" RUSTUP_HOME="/workspace/rustup-home" "/workspace/cargo-home/bin/cargo" "+1.99.0-beta.8" "metadata" "--manifest-path" "Cargo.toml" "--no-deps", kill_on_drop: false }`
[INFO] crate crates.io crate rbgb 0.2.1 already has a lockfile, it will not be regenerated
[INFO] running `Command { std: CARGO_HOME="/workspace/cargo-home" RUSTUP_HOME="/workspace/rustup-home" "/workspace/cargo-home/bin/cargo" "+1.99.0-beta.8" "fetch" "--manifest-path" "Cargo.toml", kill_on_drop: false }`
[INFO] [stderr]     Updating crates.io index
[INFO] [stderr]  Downloading crates ...
[INFO] [stderr]   Downloaded ntest_timeout v0.9.5
[INFO] [stderr]   Downloaded ntest v0.9.5
[INFO] [stderr]   Downloaded ntest_test_cases v0.9.5
[INFO] [stderr]   Downloaded sdl2 v0.37.0
[INFO] [stderr]   Downloaded sdl2-sys v0.37.0
[INFO] running `Command { std: "docker" "create" "-v" "/var/lib/crater-agent-workspace/builds/worker-3-tc1/source:/opt/rustwide/workdir:ro,Z" "-v" "/var/lib/crater-agent-workspace/builds/worker-3-tc1/target:/opt/rustwide/target:rw,Z" "-v" "/var/lib/crater-agent-workspace/cargo-home:/opt/rustwide/cargo-home:ro,Z" "-v" "/var/lib/crater-agent-workspace/rustup-home:/opt/rustwide/rustup-home:ro,Z" "-m" "1610612736" "--network" "none" "ghcr.io/rust-lang/crates-build-env/linux@sha256:77db811e55d90add9212f6832c23229e3de5f1c1f9905e8cb07319ea15df73ac" "sleep" "infinity", kill_on_drop: false }`
[INFO] [stdout] 304ae7f272a1ead9769f4e9237cfde03c896dd206e1ff852e63dcaa9171bcbe1
[INFO] running `Command { std: "docker" "start" "304ae7f272a1ead9769f4e9237cfde03c896dd206e1ff852e63dcaa9171bcbe1", kill_on_drop: false }`
[INFO] running `Command { std: "docker" "inspect" "304ae7f272a1ead9769f4e9237cfde03c896dd206e1ff852e63dcaa9171bcbe1", kill_on_drop: false }`
[INFO] running `Command { std: "docker" "exec" "-e" "SOURCE_DIR=/opt/rustwide/workdir" "-e" "CARGO_HOME=/opt/rustwide/cargo-home" "-e" "RUSTUP_HOME=/opt/rustwide/rustup-home" "-e" "CARGO_TARGET_DIR=/opt/rustwide/target" "-w" "/opt/rustwide/workdir" "--user" "0:0" "304ae7f272a1ead9769f4e9237cfde03c896dd206e1ff852e63dcaa9171bcbe1" "/opt/rustwide/cargo-home/bin/cargo" "+1.99.0-beta.8" "metadata" "--no-deps" "--format-version=1", kill_on_drop: false }`
[INFO] running `Command { std: "docker" "inspect" "304ae7f272a1ead9769f4e9237cfde03c896dd206e1ff852e63dcaa9171bcbe1", kill_on_drop: false }`
[INFO] running `Command { std: "docker" "exec" "-e" "SOURCE_DIR=/opt/rustwide/workdir" "-e" "CARGO_HOME=/opt/rustwide/cargo-home" "-e" "RUSTUP_HOME=/opt/rustwide/rustup-home" "-e" "CARGO_TARGET_DIR=/opt/rustwide/target" "-e" "CARGO_INCREMENTAL=0" "-e" "RUST_BACKTRACE=full" "-e" "RUSTFLAGS=--cap-lints=warn" "-e" "RUSTDOCFLAGS=--cap-lints=warn" "-w" "/opt/rustwide/workdir" "--user" "0:0" "304ae7f272a1ead9769f4e9237cfde03c896dd206e1ff852e63dcaa9171bcbe1" "/opt/rustwide/cargo-home/bin/cargo" "+1.99.0-beta.8" "build" "--frozen" "--message-format=json" "--release", kill_on_drop: false }`
[INFO] [stderr]    Compiling version-compare v0.1.1
[INFO] [stderr]    Compiling sdl2 v0.37.0
[INFO] [stderr]    Compiling sdl2-sys v0.37.0
[INFO] [stderr]    Compiling rbgb v0.2.1 (/opt/rustwide/workdir)
[INFO] [stderr]     Finished `release` profile [optimized] target(s) in 6.24s
[INFO] running `Command { std: "docker" "inspect" "304ae7f272a1ead9769f4e9237cfde03c896dd206e1ff852e63dcaa9171bcbe1", kill_on_drop: false }`
[INFO] running `Command { std: "docker" "exec" "-e" "SOURCE_DIR=/opt/rustwide/workdir" "-e" "CARGO_HOME=/opt/rustwide/cargo-home" "-e" "RUSTUP_HOME=/opt/rustwide/rustup-home" "-e" "CARGO_TARGET_DIR=/opt/rustwide/target" "-e" "CARGO_INCREMENTAL=0" "-e" "RUST_BACKTRACE=full" "-e" "RUSTFLAGS=--cap-lints=warn" "-e" "RUSTDOCFLAGS=--cap-lints=warn" "-w" "/opt/rustwide/workdir" "--user" "0:0" "304ae7f272a1ead9769f4e9237cfde03c896dd206e1ff852e63dcaa9171bcbe1" "/opt/rustwide/cargo-home/bin/cargo" "+1.99.0-beta.8" "test" "--frozen" "--no-run" "--message-format=json" "--release", kill_on_drop: false }`
[INFO] [stderr]    Compiling toml_parser v1.0.9+spec-1.1.0
[INFO] [stderr]    Compiling indexmap v2.13.0
[INFO] [stderr]    Compiling toml_datetime v0.7.5+spec-1.1.0
[INFO] [stderr]    Compiling syn v1.0.109
[INFO] [stderr]    Compiling toml_edit v0.23.10+spec-1.0.0
[INFO] [stderr]    Compiling proc-macro-crate v3.4.0
[INFO] [stderr]    Compiling ntest_test_cases v0.9.5
[INFO] [stderr]    Compiling ntest_timeout v0.9.5
[INFO] [stderr]    Compiling ntest v0.9.5
[INFO] [stderr]    Compiling rbgb v0.2.1 (/opt/rustwide/workdir)
[INFO] [stderr]     Finished `release` profile [optimized] target(s) in 14.29s
[INFO] running `Command { std: "docker" "inspect" "304ae7f272a1ead9769f4e9237cfde03c896dd206e1ff852e63dcaa9171bcbe1", kill_on_drop: false }`
[INFO] running `Command { std: "docker" "exec" "-e" "SOURCE_DIR=/opt/rustwide/workdir" "-e" "CARGO_HOME=/opt/rustwide/cargo-home" "-e" "RUSTUP_HOME=/opt/rustwide/rustup-home" "-e" "CARGO_TARGET_DIR=/opt/rustwide/target" "-e" "CARGO_INCREMENTAL=0" "-e" "RUST_BACKTRACE=full" "-e" "RUSTFLAGS=--cap-lints=warn" "-e" "RUSTDOCFLAGS=--cap-lints=warn" "-w" "/opt/rustwide/workdir" "--user" "0:0" "304ae7f272a1ead9769f4e9237cfde03c896dd206e1ff852e63dcaa9171bcbe1" "/opt/rustwide/cargo-home/bin/cargo" "+1.99.0-beta.8" "test" "--frozen" "--release", kill_on_drop: false }`
[INFO] [stderr]     Finished `release` profile [optimized] target(s) in 0.06s
[INFO] [stderr]      Running unittests src/lib.rs (/opt/rustwide/target/release/deps/rbgb-8001c04800ef3fe7)
[INFO] [stdout] 
[INFO] [stdout] running 27 tests
[INFO] [stdout] test emulator::joypad::tests::release_does_not_request_interrupt ... ok
[INFO] [stdout] test emulator::graphics::test::test_render_tile_indexing ... ok
[INFO] [stdout] test emulator::mem::test::test_echo_mem ... ok
[INFO] [stdout] test emulator::mem::test::test_get_color ... ok
[INFO] [stdout] test emulator::mem::test::test_interrupt_bit_ops ... ok
[INFO] [stdout] test emulator::mem::test::test_invalid_write ... ok
[INFO] [stdout] test emulator::mem::test::test_enabling_ram ... FAILED
[INFO] [stdout] test emulator::mem::test::test_joypad_write_preserves_select_and_recomputes ... ok
[INFO] [stdout] test emulator::mem::test::test_load_rom_data_small ... ok
[INFO] [stdout] test emulator::mem::test::test_load_rom_data_resets_banking_state ... ok
[INFO] [stdout] test emulator::joypad::tests::no_selection_keeps_low_nibble_high_and_no_interrupt ... ok
[INFO] [stdout] test emulator::joypad::tests::buttons_selection_updates_lower_nibble_and_interrupts ... ok
[INFO] [stdout] test emulator::mem::test::test_dma_transfer ... ok
[INFO] [stdout] test emulator::joypad::tests::directions_selection_updates_lower_nibble ... ok
[INFO] [stdout] test emulator::mem::test::test_mem_startup ... ok
[INFO] [stdout] test emulator::mem::test::test_mbc2 ... ok
[INFO] [stdout] test emulator::mem::test::test_clock_frequency_values ... ok
[INFO] [stdout] test emulator::mem::test::test_mbc1 ... ok
[INFO] [stdout] test emulator::graphics::test::test_is_lcd_enabled ... ok
[INFO] [stdout] test emulator::mem::test::test_load_rom_data_truncate ... ok
[INFO] [stdout] test emulator::mem::test::test_request_enable_interrupt ... ok
[INFO] [stdout] test emulator::mem::test::test_set_clock_frequency ... ok
[INFO] [stdout] test emulator::mem::test::test_write_word_high_region ... ok
[INFO] [stdout] test types::test::test_current_rom_bank_conversion ... ok
[INFO] [stdout] test emulator::mem::test::test_write_byte_forced_sets_rom_len_and_reads_back ... ok
[INFO] [stdout] test emulator::mem::test::test_read_write_ram ... ok
[INFO] [stderr] error: test failed, to rerun pass `--lib`
[INFO] [stdout] test emulator::mem::test::test_read_word_wraps_at_end ... ok
[INFO] [stdout] 
[INFO] [stdout] failures:
[INFO] [stdout] 
[INFO] [stdout] ---- emulator::mem::test::test_enabling_ram stdout ----
[INFO] [stdout] 
[INFO] [stdout] thread 'emulator::mem::test::test_enabling_ram' (413) panicked at src/emulator/mem.rs:542:5:
[INFO] [stdout] timeout: the function call took 10 ms. Max time 10 ms
[INFO] [stdout] stack backtrace:
[INFO] [stdout]    0:     0x567c6655f821 - <<std[70759c8f55707aa4]::sys::backtrace::BacktraceLock>::print::DisplayBacktrace as core[df12db4294e9bfd3]::fmt::Display>::fmt
[INFO] [stdout]    1:     0x567c66573f2a - core[df12db4294e9bfd3]::fmt::write
[INFO] [stdout]    2:     0x567c66563dbc - <alloc[2182bb758b4b3781]::vec::Vec<u8> as core[df12db4294e9bfd3]::io::write::Write>::write_fmt
[INFO] [stdout]    3:     0x567c6653bc86 - std[70759c8f55707aa4]::panicking::default_hook::{closure#0}
[INFO] [stdout]    4:     0x567c66557e09 - std[70759c8f55707aa4]::panicking::default_hook
[INFO] [stdout]    5:     0x567c664f41b0 - test[9d35eded1c95d3be]::test_main_inner::<test[9d35eded1c95d3be]::test_main_static::{closure#0}>::{closure#0}
[INFO] [stdout]    6:     0x567c66558132 - std[70759c8f55707aa4]::panicking::panic_with_hook
[INFO] [stdout]    7:     0x567c6653bd32 - std[70759c8f55707aa4]::panicking::panic_handler::{closure#0}
[INFO] [stdout]    8:     0x567c66534a89 - std[70759c8f55707aa4]::sys::backtrace::__rust_end_short_backtrace::<std[70759c8f55707aa4]::panicking::panic_handler::{closure#0}, !>
[INFO] [stdout]    9:     0x567c6653c92d - __rustc[8fa7c3cbc660c2b3]::rust_begin_unwind
[INFO] [stdout]   10:     0x567c6657465c - core[df12db4294e9bfd3]::panicking::panic_fmt
[INFO] [stdout]   11:     0x567c664ddb16 - rbgb[7a764bc424606c0]::emulator::mem::test::test_enabling_ram
[INFO] [stdout]   12:     0x567c664e7099 - <rbgb[7a764bc424606c0]::emulator::mem::test::test_enabling_ram::{closure#0} as core[df12db4294e9bfd3]::ops::function::FnOnce<()>>::call_once
[INFO] [stdout]   13:     0x567c664e749b - test[9d35eded1c95d3be]::__rust_begin_short_backtrace::<core[df12db4294e9bfd3]::result::Result<(), alloc[2182bb758b4b3781]::string::String>, fn() -> core[df12db4294e9bfd3]::result::Result<(), alloc[2182bb758b4b3781]::string::String>>
[INFO] [stdout]   14:     0x567c664f4b05 - test[9d35eded1c95d3be]::run_test::{closure#0}
[INFO] [stdout]   15:     0x567c664ee3c4 - std[70759c8f55707aa4]::sys::backtrace::__rust_begin_short_backtrace::<test[9d35eded1c95d3be]::run_test::{closure#1}, ()>
[INFO] [stdout]   16:     0x567c664f7c62 - <std[70759c8f55707aa4]::thread::lifecycle::spawn_unchecked<test[9d35eded1c95d3be]::run_test::{closure#1}, ()>::{closure#1} as core[df12db4294e9bfd3]::ops::function::FnOnce<()>>::call_once::{shim:vtable#0}
[INFO] [stdout]   17:     0x567c6655f0e9 - <std[70759c8f55707aa4]::sys::thread::unix::Thread>::new::thread_start
[INFO] [stdout]   18:     0x728144455dfa - <unknown>
[INFO] [stdout]   19:     0x7281444e93d4 - clone
[INFO] [stdout]   20:                0x0 - <unknown>
[INFO] [stdout] 
[INFO] [stdout] 
[INFO] [stdout] failures:
[INFO] [stdout]     emulator::mem::test::test_enabling_ram
[INFO] [stdout] 
[INFO] [stdout] test result: FAILED. 26 passed; 1 failed; 0 ignored; 0 measured; 0 filtered out; finished in 0.04s
[INFO] [stdout] 
[INFO] running `Command { std: "docker" "inspect" "304ae7f272a1ead9769f4e9237cfde03c896dd206e1ff852e63dcaa9171bcbe1", kill_on_drop: false }`
[INFO] running `Command { std: "docker" "rm" "-f" "304ae7f272a1ead9769f4e9237cfde03c896dd206e1ff852e63dcaa9171bcbe1", kill_on_drop: false }`
[INFO] [stdout] 304ae7f272a1ead9769f4e9237cfde03c896dd206e1ff852e63dcaa9171bcbe1
