[INFO] fetching crate rbatis-wrapper 0.1.1...
[INFO] testing rbatis-wrapper-0.1.1 against 1.100.0-beta.1+cargoflags=--release for beta-release-1.100-2
[INFO] extracting crate rbatis-wrapper 0.1.1 into /workspace/builds/worker-2-tc2/source
[INFO] started tweaking crates.io crate rbatis-wrapper 0.1.1
[INFO] finished tweaking crates.io crate rbatis-wrapper 0.1.1
[INFO] tweaked toml for crates.io crate rbatis-wrapper 0.1.1 written to /workspace/builds/worker-2-tc2/source/Cargo.toml
[INFO] validating manifest of crates.io crate rbatis-wrapper 0.1.1 on toolchain 1.100.0-beta.1
[INFO] running `Command { std: CARGO_HOME="/workspace/cargo-home" RUSTUP_HOME="/workspace/rustup-home" "/workspace/cargo-home/bin/cargo" "+1.100.0-beta.1" "metadata" "--manifest-path" "Cargo.toml" "--no-deps", kill_on_drop: false }`
[INFO] crate crates.io crate rbatis-wrapper 0.1.1 already has a lockfile, it will not be regenerated
[INFO] running `Command { std: CARGO_HOME="/workspace/cargo-home" RUSTUP_HOME="/workspace/rustup-home" "/workspace/cargo-home/bin/cargo" "+1.100.0-beta.1" "fetch" "--manifest-path" "Cargo.toml", kill_on_drop: false }`
[INFO] [stderr] warning: `package.homepage` is redundant with `package.repository`
[INFO] [stderr]   --> Cargo.toml:25:12
[INFO] [stderr]    |
[INFO] [stderr] 25 | homepage = "https://github.com/362228416/rbatis-wrapper"
[INFO] [stderr]    |            ^^^^^^^^^^^^^^^^^^^^^^^^^^^^^^^^^^^^^^^^^^^^^
[INFO] [stderr] ...
[INFO] [stderr] 30 | repository = "https://github.com/362228416/rbatis-wrapper"
[INFO] [stderr]    |              ---------------------------------------------
[INFO] [stderr]    |
[INFO] [stderr]    = note: `cargo::redundant_homepage` is set to `warn` by default
[INFO] [stderr] help: consider removing `package.homepage`
[INFO] [stderr] warning: `rbatis-wrapper` (manifest) generated 1 warning
[INFO] running `Command { std: "docker" "create" "-v" "/var/lib/crater-agent-workspace/builds/worker-2-tc2/source:/opt/rustwide/workdir:ro,Z" "-v" "/var/lib/crater-agent-workspace/builds/worker-2-tc2/target:/opt/rustwide/target:rw,Z" "-v" "/var/lib/crater-agent-workspace/cargo-home:/opt/rustwide/cargo-home:ro,Z" "-v" "/var/lib/crater-agent-workspace/rustup-home:/opt/rustwide/rustup-home:ro,Z" "-m" "1610612736" "--network" "none" "ghcr.io/rust-lang/crates-build-env/linux@sha256:77db811e55d90add9212f6832c23229e3de5f1c1f9905e8cb07319ea15df73ac" "sleep" "infinity", kill_on_drop: false }`
[INFO] [stdout] 4be93027f1323781c03a9428efc5b9222e1a38486bdd2a2d2abf0ccc8f345a21
[INFO] running `Command { std: "docker" "start" "4be93027f1323781c03a9428efc5b9222e1a38486bdd2a2d2abf0ccc8f345a21", kill_on_drop: false }`
[INFO] running `Command { std: "docker" "inspect" "4be93027f1323781c03a9428efc5b9222e1a38486bdd2a2d2abf0ccc8f345a21", kill_on_drop: false }`
[INFO] running `Command { std: "docker" "exec" "-e" "SOURCE_DIR=/opt/rustwide/workdir" "-e" "CARGO_HOME=/opt/rustwide/cargo-home" "-e" "RUSTUP_HOME=/opt/rustwide/rustup-home" "-e" "CARGO_TARGET_DIR=/opt/rustwide/target" "-w" "/opt/rustwide/workdir" "--user" "0:0" "4be93027f1323781c03a9428efc5b9222e1a38486bdd2a2d2abf0ccc8f345a21" "/opt/rustwide/cargo-home/bin/cargo" "+1.100.0-beta.1" "metadata" "--no-deps" "--format-version=1", kill_on_drop: false }`
[INFO] running `Command { std: "docker" "inspect" "4be93027f1323781c03a9428efc5b9222e1a38486bdd2a2d2abf0ccc8f345a21", kill_on_drop: false }`
[INFO] running `Command { std: "docker" "exec" "-e" "SOURCE_DIR=/opt/rustwide/workdir" "-e" "CARGO_HOME=/opt/rustwide/cargo-home" "-e" "RUSTUP_HOME=/opt/rustwide/rustup-home" "-e" "CARGO_TARGET_DIR=/opt/rustwide/target" "-e" "CARGO_INCREMENTAL=0" "-e" "RUST_BACKTRACE=full" "-e" "RUSTFLAGS=--cap-lints=warn" "-e" "RUSTDOCFLAGS=--cap-lints=warn" "-w" "/opt/rustwide/workdir" "--user" "0:0" "4be93027f1323781c03a9428efc5b9222e1a38486bdd2a2d2abf0ccc8f345a21" "/opt/rustwide/cargo-home/bin/cargo" "+1.100.0-beta.1" "build" "--frozen" "--message-format=json" "--release", kill_on_drop: false }`
[INFO] [stderr] warning: `package.homepage` is redundant with `package.repository`
[INFO] [stderr]   --> Cargo.toml:25:12
[INFO] [stderr]    |
[INFO] [stderr] 25 | homepage = "https://github.com/362228416/rbatis-wrapper"
[INFO] [stderr]    |            ^^^^^^^^^^^^^^^^^^^^^^^^^^^^^^^^^^^^^^^^^^^^^
[INFO] [stderr] ...
[INFO] [stderr] 30 | repository = "https://github.com/362228416/rbatis-wrapper"
[INFO] [stderr]    |              ---------------------------------------------
[INFO] [stderr]    |
[INFO] [stderr]    = note: `cargo::redundant_homepage` is set to `warn` by default
[INFO] [stderr] help: consider removing `package.homepage`
[INFO] [stderr] warning: `rbatis-wrapper` (manifest) generated 1 warning
[INFO] [stderr]    Compiling libc v0.2.174
[INFO] [stderr]    Compiling serde_json v1.0.140
[INFO] [stderr]    Compiling smallvec v1.15.1
[INFO] [stderr]    Compiling indexmap v2.10.0
[INFO] [stderr]    Compiling futures-util v0.3.31
[INFO] [stderr]    Compiling deranged v0.4.0
[INFO] [stderr]    Compiling icu_normalizer v2.0.0
[INFO] [stderr]    Compiling idna_adapter v1.2.1
[INFO] [stderr]    Compiling spin v0.9.8
[INFO] [stderr]    Compiling getrandom v0.3.3
[INFO] [stderr]    Compiling socket2 v0.5.10
[INFO] [stderr]    Compiling mio v1.0.4
[INFO] [stderr]    Compiling bigdecimal v0.4.8
[INFO] [stderr]    Compiling proc-macro2 v1.0.95
[INFO] [stderr]    Compiling percent-encoding v2.3.1
[INFO] [stderr]    Compiling parking_lot_core v0.9.11
[INFO] [stderr]    Compiling form_urlencoded v1.2.1
[INFO] [stderr]    Compiling tokio v1.45.1
[INFO] [stderr]    Compiling time v0.3.41
[INFO] [stderr]    Compiling idna v1.0.3
[INFO] [stderr]    Compiling rbs v4.6.2
[INFO] [stderr]    Compiling thiserror v1.0.69
[INFO] [stderr]    Compiling flume v0.11.1
[INFO] [stderr]    Compiling num-bigint v0.4.6
[INFO] [stderr]    Compiling futures-core v0.3.31
[INFO] [stderr]    Compiling fastdate v0.3.36
[INFO] [stderr]    Compiling html_parser v0.6.3
[INFO] [stderr]    Compiling parking_lot v0.12.4
[INFO] [stderr]    Compiling quote v1.0.40
[INFO] [stderr]    Compiling url v2.5.4
[INFO] [stderr]    Compiling rand_core v0.9.3
[INFO] [stderr]    Compiling uuid v1.17.0
[INFO] [stderr]    Compiling serde_bytes v0.11.17
[INFO] [stderr]    Compiling log v0.4.27
[INFO] [stderr]    Compiling rbatis-codegen v4.6.5
[INFO] [stderr]    Compiling rand_chacha v0.9.0
[INFO] [stderr]    Compiling dark-std v0.2.16
[INFO] [stderr]    Compiling syn v2.0.104
[INFO] [stderr]    Compiling rbdc v4.6.0
[INFO] [stderr]    Compiling fast_pool v0.3.7
[INFO] [stderr]    Compiling futures-executor v0.3.31
[INFO] [stderr]    Compiling rbatis-macro-driver v4.6.0
[INFO] [stderr]    Compiling rbdc-pool-fast v4.6.0
[INFO] [stderr]    Compiling futures v0.3.31
[INFO] [stderr]    Compiling rand v0.9.1
[INFO] [stderr]    Compiling rbatis v4.6.7
[INFO] [stderr]    Compiling rbatis-wrapper v0.1.1 (/opt/rustwide/workdir)
[INFO] [stderr]     Finished `release` profile [optimized] target(s) in 1m 57s
[INFO] running `Command { std: "docker" "inspect" "4be93027f1323781c03a9428efc5b9222e1a38486bdd2a2d2abf0ccc8f345a21", kill_on_drop: false }`
[INFO] running `Command { std: "docker" "exec" "-e" "SOURCE_DIR=/opt/rustwide/workdir" "-e" "CARGO_HOME=/opt/rustwide/cargo-home" "-e" "RUSTUP_HOME=/opt/rustwide/rustup-home" "-e" "CARGO_TARGET_DIR=/opt/rustwide/target" "-e" "CARGO_INCREMENTAL=0" "-e" "RUST_BACKTRACE=full" "-e" "RUSTFLAGS=--cap-lints=warn" "-e" "RUSTDOCFLAGS=--cap-lints=warn" "-w" "/opt/rustwide/workdir" "--user" "0:0" "4be93027f1323781c03a9428efc5b9222e1a38486bdd2a2d2abf0ccc8f345a21" "/opt/rustwide/cargo-home/bin/cargo" "+1.100.0-beta.1" "test" "--frozen" "--no-run" "--message-format=json" "--release", kill_on_drop: false }`
[INFO] [stderr] warning: `package.homepage` is redundant with `package.repository`
[INFO] [stderr]   --> Cargo.toml:25:12
[INFO] [stderr]    |
[INFO] [stderr] 25 | homepage = "https://github.com/362228416/rbatis-wrapper"
[INFO] [stderr]    |            ^^^^^^^^^^^^^^^^^^^^^^^^^^^^^^^^^^^^^^^^^^^^^
[INFO] [stderr] ...
[INFO] [stderr] 30 | repository = "https://github.com/362228416/rbatis-wrapper"
[INFO] [stderr]    |              ---------------------------------------------
[INFO] [stderr]    |
[INFO] [stderr]    = note: `cargo::redundant_homepage` is set to `warn` by default
[INFO] [stderr] help: consider removing `package.homepage`
[INFO] [stderr] warning: `rbatis-wrapper` (manifest) generated 1 warning
[INFO] [stderr]    Compiling rbatis-wrapper v0.1.1 (/opt/rustwide/workdir)
[INFO] [stderr]     Finished `release` profile [optimized] target(s) in 0.93s
[INFO] running `Command { std: "docker" "inspect" "4be93027f1323781c03a9428efc5b9222e1a38486bdd2a2d2abf0ccc8f345a21", kill_on_drop: false }`
[INFO] running `Command { std: "docker" "exec" "-e" "SOURCE_DIR=/opt/rustwide/workdir" "-e" "CARGO_HOME=/opt/rustwide/cargo-home" "-e" "RUSTUP_HOME=/opt/rustwide/rustup-home" "-e" "CARGO_TARGET_DIR=/opt/rustwide/target" "-e" "CARGO_INCREMENTAL=0" "-e" "RUST_BACKTRACE=full" "-e" "RUSTFLAGS=--cap-lints=warn" "-e" "RUSTDOCFLAGS=--cap-lints=warn" "-w" "/opt/rustwide/workdir" "--user" "0:0" "4be93027f1323781c03a9428efc5b9222e1a38486bdd2a2d2abf0ccc8f345a21" "/opt/rustwide/cargo-home/bin/cargo" "+1.100.0-beta.1" "test" "--frozen" "--release", kill_on_drop: false }`
[INFO] [stderr] warning: `package.homepage` is redundant with `package.repository`
[INFO] [stderr]   --> Cargo.toml:25:12
[INFO] [stderr]    |
[INFO] [stderr] 25 | homepage = "https://github.com/362228416/rbatis-wrapper"
[INFO] [stderr]    |            ^^^^^^^^^^^^^^^^^^^^^^^^^^^^^^^^^^^^^^^^^^^^^
[INFO] [stderr] ...
[INFO] [stderr] 30 | repository = "https://github.com/362228416/rbatis-wrapper"
[INFO] [stderr]    |              ---------------------------------------------
[INFO] [stderr]    |
[INFO] [stderr]    = note: `cargo::redundant_homepage` is set to `warn` by default
[INFO] [stderr] help: consider removing `package.homepage`
[INFO] [stderr] warning: `rbatis-wrapper` (manifest) generated 1 warning
[INFO] [stderr]     Finished `release` profile [optimized] target(s) in 0.19s
[INFO] [stderr]      Running unittests src/lib.rs (/opt/rustwide/target/release/build/rbatis-wrapper/5d01ef1a450a79d6/out/rbatis_wrapper-5d01ef1a450a79d6)
[INFO] [stdout] 
[INFO] [stderr]    Doc-tests rbatis_wrapper
[INFO] [stdout] running 0 tests
[INFO] [stdout] 
[INFO] [stdout] test result: ok. 0 passed; 0 failed; 0 ignored; 0 measured; 0 filtered out; finished in 0.00s
[INFO] [stdout] 
[INFO] [stdout] 
[INFO] [stdout] running 1 test
[INFO] [stdout] test src/wrapper.rs - wrapper::QueryWrapper (line 34) ... FAILED
[INFO] [stdout] 
[INFO] [stdout] failures:
[INFO] [stdout] 
[INFO] [stdout] ---- src/wrapper.rs - wrapper::QueryWrapper (line 34) stdout ----
[INFO] [stdout] error: cannot find macro `json` in this scope
[INFO] [stdout]   --> src/wrapper.rs:50:9
[INFO] [stdout]    |
[INFO] [stdout] 50 | Ok(Json(json!({
[INFO] [stdout]    |         ^^^^
[INFO] [stdout] 
[INFO] [stdout] error[E0425]: cannot find value `RB` in this scope
[INFO] [stdout]   --> src/wrapper.rs:37:22
[INFO] [stdout]    |
[INFO] [stdout] 37 |     .get_one::<u64>(&RB, "")
[INFO] [stdout]    |                      ^^ not found in this scope
[INFO] [stdout] 
[INFO] [stdout] error[E0425]: cannot find value `RB` in this scope
[INFO] [stdout]   --> src/wrapper.rs:47:25
[INFO] [stdout]    |
[INFO] [stdout] 47 |     .get_one::<Member>(&RB, "member")
[INFO] [stdout]    |                         ^^ not found in this scope
[INFO] [stdout] 
[INFO] [stdout] error[E0728]: `await` is only allowed inside `async` functions and blocks
[INFO] [stdout]   --> src/wrapper.rs:38:6
[INFO] [stdout]    |
[INFO] [stdout] 34 | fn main() { #[allow(non_snake_case)] fn _doctest_main_src_wrapper_rs_34_0() {
[INFO] [stdout]    |                                      -------------------------------------- this is not `async`
[INFO] [stdout] ...
[INFO] [stdout] 38 |     .await?;
[INFO] [stdout]    |      ^^^^^ only allowed inside `async` functions and blocks
[INFO] [stdout] 
[INFO] [stdout] error[E0728]: `await` is only allowed inside `async` functions and blocks
[INFO] [stdout]   --> src/wrapper.rs:48:6
[INFO] [stdout]    |
[INFO] [stdout] 34 | fn main() { #[allow(non_snake_case)] fn _doctest_main_src_wrapper_rs_34_0() {
[INFO] [stdout]    |                                      -------------------------------------- this is not `async`
[INFO] [stdout] ...
[INFO] [stdout] 48 |     .await?;
[INFO] [stdout]    |      ^^^^^ only allowed inside `async` functions and blocks
[INFO] [stdout] 
[INFO] [stdout] error[E0433]: cannot find type `QueryWrapper` in this scope
[INFO] [stdout]   --> src/wrapper.rs:35:13
[INFO] [stdout]    |
[INFO] [stdout] 35 | let count = QueryWrapper::new()
[INFO] [stdout]    |             ^^^^^^^^^^^^ use of undeclared type `QueryWrapper`
[INFO] [stdout] 
[INFO] [stdout] error[E0433]: cannot find type `QueryWrapper` in this scope
[INFO] [stdout]   --> src/wrapper.rs:45:14
[INFO] [stdout]    |
[INFO] [stdout] 45 | let member = QueryWrapper::new()
[INFO] [stdout]    |              ^^^^^^^^^^^^ use of undeclared type `QueryWrapper`
[INFO] [stdout] 
[INFO] [stdout] error[E0425]: cannot find function, tuple struct or tuple variant `Json` in this scope
[INFO] [stdout]   --> src/wrapper.rs:50:4
[INFO] [stdout]    |
[INFO] [stdout] 50 | Ok(Json(json!({
[INFO] [stdout]    |    ^^^^ not found in this scope
[INFO] [stdout] 
[INFO] [stdout] error: aborting due to 8 previous errors
[INFO] [stdout] 
[INFO] [stdout] Some errors have detailed explanations: E0425, E0433, E0728.
[INFO] [stdout] For more information about an error, try `rustc --explain E0425`.
[INFO] [stdout] Couldn't compile the test.
[INFO] [stdout] 
[INFO] [stdout] failures:
[INFO] [stdout]     src/wrapper.rs - wrapper::QueryWrapper (line 34)
[INFO] [stdout] 
[INFO] [stdout] test result: FAILED. 0 passed; 1 failed; 0 ignored; 0 measured; 0 filtered out; finished in 0.24s
[INFO] [stdout] 
[INFO] [stdout] all doctests ran in 0.44s; merged doctests compilation took 0.20s
[INFO] [stderr] error: doctest failed, to rerun pass `--doc`
[INFO] running `Command { std: "docker" "inspect" "4be93027f1323781c03a9428efc5b9222e1a38486bdd2a2d2abf0ccc8f345a21", kill_on_drop: false }`
[INFO] running `Command { std: "docker" "rm" "-f" "4be93027f1323781c03a9428efc5b9222e1a38486bdd2a2d2abf0ccc8f345a21", kill_on_drop: false }`
[INFO] [stdout] 4be93027f1323781c03a9428efc5b9222e1a38486bdd2a2d2abf0ccc8f345a21
