[INFO] fetching crate razor-stream-macros 0.8.0...
[INFO] testing razor-stream-macros-0.8.0 against 1.100.0-beta.1+cargoflags=--release for beta-release-1.100-2
[INFO] extracting crate razor-stream-macros 0.8.0 into /workspace/builds/worker-4-tc2/source
[INFO] started tweaking crates.io crate razor-stream-macros 0.8.0
[INFO] finished tweaking crates.io crate razor-stream-macros 0.8.0
[INFO] tweaked toml for crates.io crate razor-stream-macros 0.8.0 written to /workspace/builds/worker-4-tc2/source/Cargo.toml
[INFO] validating manifest of crates.io crate razor-stream-macros 0.8.0 on toolchain 1.100.0-beta.1
[INFO] running `Command { std: CARGO_HOME="/workspace/cargo-home" RUSTUP_HOME="/workspace/rustup-home" "/workspace/cargo-home/bin/cargo" "+1.100.0-beta.1" "metadata" "--manifest-path" "Cargo.toml" "--no-deps", kill_on_drop: false }`
[INFO] crate crates.io crate razor-stream-macros 0.8.0 already has a lockfile, it will not be regenerated
[INFO] running `Command { std: CARGO_HOME="/workspace/cargo-home" RUSTUP_HOME="/workspace/rustup-home" "/workspace/cargo-home/bin/cargo" "+1.100.0-beta.1" "fetch" "--manifest-path" "Cargo.toml", kill_on_drop: false }`
[INFO] running `Command { std: "docker" "create" "-v" "/var/lib/crater-agent-workspace/builds/worker-4-tc2/source:/opt/rustwide/workdir:ro,Z" "-v" "/var/lib/crater-agent-workspace/builds/worker-4-tc2/target:/opt/rustwide/target:rw,Z" "-v" "/var/lib/crater-agent-workspace/cargo-home:/opt/rustwide/cargo-home:ro,Z" "-v" "/var/lib/crater-agent-workspace/rustup-home:/opt/rustwide/rustup-home:ro,Z" "-m" "1610612736" "--network" "none" "ghcr.io/rust-lang/crates-build-env/linux@sha256:77db811e55d90add9212f6832c23229e3de5f1c1f9905e8cb07319ea15df73ac" "sleep" "infinity", kill_on_drop: false }`
[INFO] [stdout] ee01c189e51c2f088a3dc057b43b029b27a0f3387b4735b724cdf1e77097d676
[INFO] running `Command { std: "docker" "start" "ee01c189e51c2f088a3dc057b43b029b27a0f3387b4735b724cdf1e77097d676", kill_on_drop: false }`
[INFO] running `Command { std: "docker" "inspect" "ee01c189e51c2f088a3dc057b43b029b27a0f3387b4735b724cdf1e77097d676", kill_on_drop: false }`
[INFO] running `Command { std: "docker" "exec" "-e" "SOURCE_DIR=/opt/rustwide/workdir" "-e" "CARGO_HOME=/opt/rustwide/cargo-home" "-e" "RUSTUP_HOME=/opt/rustwide/rustup-home" "-e" "CARGO_TARGET_DIR=/opt/rustwide/target" "-w" "/opt/rustwide/workdir" "--user" "0:0" "ee01c189e51c2f088a3dc057b43b029b27a0f3387b4735b724cdf1e77097d676" "/opt/rustwide/cargo-home/bin/cargo" "+1.100.0-beta.1" "metadata" "--no-deps" "--format-version=1", kill_on_drop: false }`
[INFO] running `Command { std: "docker" "inspect" "ee01c189e51c2f088a3dc057b43b029b27a0f3387b4735b724cdf1e77097d676", kill_on_drop: false }`
[INFO] running `Command { std: "docker" "exec" "-e" "SOURCE_DIR=/opt/rustwide/workdir" "-e" "CARGO_HOME=/opt/rustwide/cargo-home" "-e" "RUSTUP_HOME=/opt/rustwide/rustup-home" "-e" "CARGO_TARGET_DIR=/opt/rustwide/target" "-e" "CARGO_INCREMENTAL=0" "-e" "RUST_BACKTRACE=full" "-e" "RUSTFLAGS=--cap-lints=warn" "-e" "RUSTDOCFLAGS=--cap-lints=warn" "-w" "/opt/rustwide/workdir" "--user" "0:0" "ee01c189e51c2f088a3dc057b43b029b27a0f3387b4735b724cdf1e77097d676" "/opt/rustwide/cargo-home/bin/cargo" "+1.100.0-beta.1" "build" "--frozen" "--message-format=json" "--release", kill_on_drop: false }`
[INFO] [stderr]    Compiling razor-stream-macros v0.8.0 (/opt/rustwide/workdir)
[INFO] [stderr]     Finished `release` profile [optimized] target(s) in 5.34s
[INFO] running `Command { std: "docker" "inspect" "ee01c189e51c2f088a3dc057b43b029b27a0f3387b4735b724cdf1e77097d676", kill_on_drop: false }`
[INFO] running `Command { std: "docker" "exec" "-e" "SOURCE_DIR=/opt/rustwide/workdir" "-e" "CARGO_HOME=/opt/rustwide/cargo-home" "-e" "RUSTUP_HOME=/opt/rustwide/rustup-home" "-e" "CARGO_TARGET_DIR=/opt/rustwide/target" "-e" "CARGO_INCREMENTAL=0" "-e" "RUST_BACKTRACE=full" "-e" "RUSTFLAGS=--cap-lints=warn" "-e" "RUSTDOCFLAGS=--cap-lints=warn" "-w" "/opt/rustwide/workdir" "--user" "0:0" "ee01c189e51c2f088a3dc057b43b029b27a0f3387b4735b724cdf1e77097d676" "/opt/rustwide/cargo-home/bin/cargo" "+1.100.0-beta.1" "test" "--frozen" "--no-run" "--message-format=json" "--release", kill_on_drop: false }`
[INFO] [stderr]    Compiling libc v0.2.183
[INFO] [stderr]    Compiling bitflags v2.11.0
[INFO] [stderr]    Compiling serde v1.0.228
[INFO] [stderr]    Compiling futures-core v0.3.32
[INFO] [stderr]    Compiling fastrand v2.3.0
[INFO] [stderr]    Compiling nix v0.31.2
[INFO] [stderr]    Compiling crossbeam-utils v0.8.21
[INFO] [stderr]    Compiling syn v2.0.117
[INFO] [stderr]    Compiling razor-stream-macros v0.8.0 (/opt/rustwide/workdir)
[INFO] [stderr]    Compiling parking_lot_core v0.9.12
[INFO] [stderr]    Compiling parking_lot v0.12.5
[INFO] [stderr]    Compiling io-buffer v1.0.7
[INFO] [stderr]    Compiling crossfire v3.1.5
[INFO] [stderr]    Compiling serde_derive v1.0.228
[INFO] [stderr]     Finished `release` profile [optimized] target(s) in 8.92s
[INFO] [stderr] warning: the following packages contain code that will be rejected by a future version of Rust: nix v0.31.2
[INFO] [stderr] note: to see what the problems were, use the option `--future-incompat-report`, or run `cargo report future-incompatibilities --id 6`
[INFO] running `Command { std: "docker" "inspect" "ee01c189e51c2f088a3dc057b43b029b27a0f3387b4735b724cdf1e77097d676", kill_on_drop: false }`
[INFO] running `Command { std: "docker" "exec" "-e" "SOURCE_DIR=/opt/rustwide/workdir" "-e" "CARGO_HOME=/opt/rustwide/cargo-home" "-e" "RUSTUP_HOME=/opt/rustwide/rustup-home" "-e" "CARGO_TARGET_DIR=/opt/rustwide/target" "-e" "CARGO_INCREMENTAL=0" "-e" "RUST_BACKTRACE=full" "-e" "RUSTFLAGS=--cap-lints=warn" "-e" "RUSTDOCFLAGS=--cap-lints=warn" "-w" "/opt/rustwide/workdir" "--user" "0:0" "ee01c189e51c2f088a3dc057b43b029b27a0f3387b4735b724cdf1e77097d676" "/opt/rustwide/cargo-home/bin/cargo" "+1.100.0-beta.1" "test" "--frozen" "--release", kill_on_drop: false }`
[INFO] [stderr]     Finished `release` profile [optimized] target(s) in 0.05s
[INFO] [stderr] warning: the following packages contain code that will be rejected by a future version of Rust: nix v0.31.2
[INFO] [stderr] note: to see what the problems were, use the option `--future-incompat-report`, or run `cargo report future-incompatibilities --id 6`
[INFO] [stderr]      Running unittests src/lib.rs (/opt/rustwide/target/release/build/razor-stream-macros/399fe104c358ef64/out/razor_stream_macros-399fe104c358ef64)
[INFO] [stdout] 
[INFO] [stderr]    Doc-tests razor_stream_macros
[INFO] [stdout] running 0 tests
[INFO] [stdout] 
[INFO] [stdout] test result: ok. 0 passed; 0 failed; 0 ignored; 0 measured; 0 filtered out; finished in 0.00s
[INFO] [stdout] 
[INFO] [stdout] 
[INFO] [stdout] running 16 tests
[INFO] [stdout] test src/client_task.rs - client_task::test_resp_not_option (line 456) - compile fail ... ok
[INFO] [stdout] test src/client_task.rs - client_task::test_missing_noti_field (line 500) - compile fail ... ok
[INFO] [stdout] test src/client_task.rs - client_task::test_missing_resp (line 486) - compile fail ... ok
[INFO] [stdout] test src/server_task_enum.rs - server_task_enum::test_resp_and_resp_type (line 360) - compile fail ... ok
[INFO] [stdout] test src/server_task_enum.rs - server_task_enum::test_missing_action_attribute (line 390) - compile fail ... ok
[INFO] [stdout] test src/client_task.rs - client_task::test_missing_res_field (line 521) - compile fail ... ok
[INFO] [stdout] test src/client_task.rs - client_task::test_missing_req (line 472) - compile fail ... ok
[INFO] [stdout] test src/server_task_enum.rs - server_task_enum::test_invalid_variant_field_count (line 343) - compile fail ... ok
[INFO] [stdout] test src/server_task_enum.rs - server_task_enum::test_no_error_type (line 326) - compile fail ... ok
[INFO] [stdout] test src/server_task_enum.rs - server_task_enum::test_not_an_enum (line 317) - compile fail ... ok
[INFO] [stdout] test src/server_task_enum.rs - server_task_enum::test_server_task_enum_duplicate_subtype (line 404) - compile fail ... ok
[INFO] [stdout] test src/server_task_enum.rs - server_task_enum::test_missing_resp_type (line 375) - compile fail ... ok
[INFO] [stdout] test src/lib.rs - server_task_enum (line 261) ... FAILED
[INFO] [stdout] test src/client_task_enum.rs - client_task_enum::test_client_task_enum_duplicate_subtype (line 282) - compile fail ... ok
[INFO] [stdout] test src/lib.rs - client_task (line 57) ... FAILED
[INFO] [stdout] test src/lib.rs - client_task_enum (line 139) ... FAILED
[INFO] [stdout] 
[INFO] [stdout] failures:
[INFO] [stdout] 
[INFO] [stdout] ---- src/lib.rs - server_task_enum (line 261) stdout ----
[INFO] [stdout] error[E0433]: cannot find module or crate `razor_stream` in this scope
[INFO] [stdout]    --> src/lib.rs:263:5
[INFO] [stdout]     |
[INFO] [stdout] 263 | use razor_stream::server::task::ServerTaskVariant;
[INFO] [stdout]     |     ^^^^^^^^^^^^ use of unresolved module or unlinked crate `razor_stream`
[INFO] [stdout]     |
[INFO] [stdout]     = help: if you wanted to use a crate named `razor_stream`, use `cargo add razor_stream` to add it to your `Cargo.toml`
[INFO] [stdout] 
[INFO] [stdout] error[E0433]: cannot find module or crate `razor_stream` in this scope
[INFO] [stdout]    --> src/lib.rs:284:1
[INFO] [stdout]     |
[INFO] [stdout] 284 | #[server_task_enum(req, resp, error=Errno)]
[INFO] [stdout]     | ^^^^^^^^^^^^^^^^^^^^^^^^^^^^^^^^^^^^^^^^^^^ use of unresolved module or unlinked crate `razor_stream`
[INFO] [stdout]     |
[INFO] [stdout]     = help: if you wanted to use a crate named `razor_stream`, use `cargo add razor_stream` to add it to your `Cargo.toml`
[INFO] [stdout]     = note: this error originates in the attribute macro `server_task_enum` (in Nightly builds, run with -Z macro-backtrace for more info)
[INFO] [stdout] 
[INFO] [stdout] error: aborting due to 2 previous errors
[INFO] [stdout] 
[INFO] [stdout] For more information about this error, try `rustc --explain E0433`.
[INFO] [stdout] Couldn't compile the test.
[INFO] [stdout] ---- src/lib.rs - client_task (line 57) stdout ----
[INFO] [stdout] error[E0433]: cannot find module or crate `razor_stream` in this scope
[INFO] [stdout]   --> src/lib.rs:64:5
[INFO] [stdout]    |
[INFO] [stdout] 64 | use razor_stream::client::task::*;
[INFO] [stdout]    |     ^^^^^^^^^^^^ use of unresolved module or unlinked crate `razor_stream`
[INFO] [stdout]    |
[INFO] [stdout]    = help: if you wanted to use a crate named `razor_stream`, use `cargo add razor_stream` to add it to your `Cargo.toml`
[INFO] [stdout] 
[INFO] [stdout] error[E0433]: cannot find module or crate `razor_stream` in this scope
[INFO] [stdout]   --> src/lib.rs:59:5
[INFO] [stdout]    |
[INFO] [stdout] 59 | use razor_stream::error::RpcError;
[INFO] [stdout]    |     ^^^^^^^^^^^^ use of unresolved module or unlinked crate `razor_stream`
[INFO] [stdout]    |
[INFO] [stdout]    = help: if you wanted to use a crate named `razor_stream`, use `cargo add razor_stream` to add it to your `Cargo.toml`
[INFO] [stdout] 
[INFO] [stdout] error[E0432]: unresolved import `razor_stream::error::RpcError`
[INFO] [stdout]   --> src/lib.rs:59:5
[INFO] [stdout]    |
[INFO] [stdout] 59 | use razor_stream::error::RpcError;
[INFO] [stdout]    |     ^^^^^^^^^^^^^^^^^^^^^^^^^^^^^
[INFO] [stdout] 
[INFO] [stdout] error[E0433]: cannot find module or crate `razor_stream` in this scope
[INFO] [stdout]   --> src/lib.rs:79:1
[INFO] [stdout]    |
[INFO] [stdout] 79 | #[client_task(1, debug)]
[INFO] [stdout]    | ^^^^^^^^^^^^^^^^^^^^^^^^ use of unresolved module or unlinked crate `razor_stream`
[INFO] [stdout]    |
[INFO] [stdout]    = help: if you wanted to use a crate named `razor_stream`, use `cargo add razor_stream` to add it to your `Cargo.toml`
[INFO] [stdout]    = note: this error originates in the attribute macro `client_task` (in Nightly builds, run with -Z macro-backtrace for more info)
[INFO] [stdout] 
[INFO] [stdout] error[E0425]: cannot find type `ClientTaskCommon` in this scope
[INFO] [stdout]   --> src/lib.rs:82:13
[INFO] [stdout]    |
[INFO] [stdout] 82 |     common: ClientTaskCommon,
[INFO] [stdout]    |             ^^^^^^^^^^^^^^^^ not found in this scope
[INFO] [stdout] 
[INFO] [stdout] error[E0422]: cannot find struct, variant or union type `ClientTaskCommon` in this scope
[INFO] [stdout]   --> src/lib.rs:96:13
[INFO] [stdout]    |
[INFO] [stdout] 96 |     common: ClientTaskCommon { seq: 1, ..Default::default() },
[INFO] [stdout]    |             ^^^^^^^^^^^^^^^^ not found in this scope
[INFO] [stdout] 
[INFO] [stdout] error: aborting due to 6 previous errors
[INFO] [stdout] 
[INFO] [stdout] Some errors have detailed explanations: E0422, E0425, E0432, E0433.
[INFO] [stdout] For more information about an error, try `rustc --explain E0422`.
[INFO] [stdout] Couldn't compile the test.
[INFO] [stdout] ---- src/lib.rs - client_task_enum (line 139) stdout ----
[INFO] [stdout] error[E0433]: cannot find module or crate `razor_stream` in this scope
[INFO] [stdout]    --> src/lib.rs:141:5
[INFO] [stdout]     |
[INFO] [stdout] 141 | use razor_stream::client::task::{ClientTask, ClientTaskCommon, ClientTaskAction, ClientTaskDone};
[INFO] [stdout]     |     ^^^^^^^^^^^^ use of unresolved module or unlinked crate `razor_stream`
[INFO] [stdout]     |
[INFO] [stdout]     = help: if you wanted to use a crate named `razor_stream`, use `cargo add razor_stream` to add it to your `Cargo.toml`
[INFO] [stdout] 
[INFO] [stdout] error[E0433]: cannot find module or crate `razor_stream` in this scope
[INFO] [stdout]    --> src/lib.rs:142:5
[INFO] [stdout]     |
[INFO] [stdout] 142 | use razor_stream::error::RpcError;
[INFO] [stdout]     |     ^^^^^^^^^^^^ use of unresolved module or unlinked crate `razor_stream`
[INFO] [stdout]     |
[INFO] [stdout]     = help: if you wanted to use a crate named `razor_stream`, use `cargo add razor_stream` to add it to your `Cargo.toml`
[INFO] [stdout] 
[INFO] [stdout] error[E0433]: cannot find module or crate `razor_stream` in this scope
[INFO] [stdout]    --> src/lib.rs:156:1
[INFO] [stdout]     |
[INFO] [stdout] 156 | #[client_task(debug)]
[INFO] [stdout]     | ^^^^^^^^^^^^^^^^^^^^^ use of unresolved module or unlinked crate `razor_stream`
[INFO] [stdout]     |
[INFO] [stdout]     = help: if you wanted to use a crate named `razor_stream`, use `cargo add razor_stream` to add it to your `Cargo.toml`
[INFO] [stdout]     = note: this error originates in the attribute macro `client_task` (in Nightly builds, run with -Z macro-backtrace for more info)
[INFO] [stdout] 
[INFO] [stdout] error[E0433]: cannot find module or crate `razor_stream` in this scope
[INFO] [stdout]    --> src/lib.rs:171:1
[INFO] [stdout]     |
[INFO] [stdout] 171 | #[client_task(FileAction::Close, debug)]
[INFO] [stdout]     | ^^^^^^^^^^^^^^^^^^^^^^^^^^^^^^^^^^^^^^^^ use of unresolved module or unlinked crate `razor_stream`
[INFO] [stdout]     |
[INFO] [stdout]     = help: if you wanted to use a crate named `razor_stream`, use `cargo add razor_stream` to add it to your `Cargo.toml`
[INFO] [stdout]     = note: this error originates in the attribute macro `client_task` (in Nightly builds, run with -Z macro-backtrace for more info)
[INFO] [stdout] 
[INFO] [stdout] error[E0433]: cannot find module or crate `razor_stream` in this scope
[INFO] [stdout]    --> src/lib.rs:185:1
[INFO] [stdout]     |
[INFO] [stdout] 185 | #[client_task_enum(error=Errno)]
[INFO] [stdout]     | ^^^^^^^^^^^^^^^^^^^^^^^^^^^^^^^^ use of unresolved module or unlinked crate `razor_stream`
[INFO] [stdout]     |
[INFO] [stdout]     = help: if you wanted to use a crate named `razor_stream`, use `cargo add razor_stream` to add it to your `Cargo.toml`
[INFO] [stdout]     = note: this error originates in the attribute macro `client_task_enum` (in Nightly builds, run with -Z macro-backtrace for more info)
[INFO] [stdout] 
[INFO] [stdout] error[E0433]: cannot find module or crate `razor_stream` in this scope
[INFO] [stdout]    --> src/lib.rs:206:36
[INFO] [stdout]     |
[INFO] [stdout] 206 | assert_eq!(file_task.get_action(), razor_stream::proto::RpcAction::Num(1));
[INFO] [stdout]     |                                    ^^^^^^^^^^^^ use of unresolved module or unlinked crate `razor_stream`
[INFO] [stdout]     |
[INFO] [stdout]     = help: if you wanted to use a crate named `razor_stream`, use `cargo add razor_stream` to add it to your `Cargo.toml`
[INFO] [stdout] 
[INFO] [stdout] error[E0433]: cannot find module or crate `razor_stream` in this scope
[INFO] [stdout]    --> src/lib.rs:223:36
[INFO] [stdout]     |
[INFO] [stdout] 223 | assert_eq!(file_task.get_action(), razor_stream::proto::RpcAction::Num(2));
[INFO] [stdout]     |                                    ^^^^^^^^^^^^ use of unresolved module or unlinked crate `razor_stream`
[INFO] [stdout]     |
[INFO] [stdout]     = help: if you wanted to use a crate named `razor_stream`, use `cargo add razor_stream` to add it to your `Cargo.toml`
[INFO] [stdout] 
[INFO] [stdout] error: aborting due to 7 previous errors
[INFO] [stdout] 
[INFO] [stdout] For more information about this error, try `rustc --explain E0433`.
[INFO] [stdout] Couldn't compile the test.
[INFO] [stdout] 
[INFO] [stdout] failures:
[INFO] [stdout]     src/lib.rs - client_task (line 57)
[INFO] [stdout]     src/lib.rs - client_task_enum (line 139)
[INFO] [stdout]     src/lib.rs - server_task_enum (line 261)
[INFO] [stdout] 
[INFO] [stdout] test result: FAILED. 13 passed; 3 failed; 0 ignored; 0 measured; 0 filtered out; finished in 1.78s
[INFO] [stdout] 
[INFO] [stdout] all doctests ran in 3.32s; merged doctests compilation took 1.53s
[INFO] [stderr] error: doctest failed, to rerun pass `--doc`
[INFO] running `Command { std: "docker" "inspect" "ee01c189e51c2f088a3dc057b43b029b27a0f3387b4735b724cdf1e77097d676", kill_on_drop: false }`
[INFO] running `Command { std: "docker" "rm" "-f" "ee01c189e51c2f088a3dc057b43b029b27a0f3387b4735b724cdf1e77097d676", kill_on_drop: false }`
[INFO] [stdout] ee01c189e51c2f088a3dc057b43b029b27a0f3387b4735b724cdf1e77097d676
