[INFO] fetching crate razer_driver_rs 0.1.0...
[INFO] testing razer_driver_rs-0.1.0 against 1.99.0-beta.8+cargoflags=--release for beta-release-1.100-2
[INFO] extracting crate razer_driver_rs 0.1.0 into /workspace/builds/worker-3-tc1/source
[INFO] started tweaking crates.io crate razer_driver_rs 0.1.0
[INFO] finished tweaking crates.io crate razer_driver_rs 0.1.0
[INFO] tweaked toml for crates.io crate razer_driver_rs 0.1.0 written to /workspace/builds/worker-3-tc1/source/Cargo.toml
[INFO] validating manifest of crates.io crate razer_driver_rs 0.1.0 on toolchain 1.99.0-beta.8
[INFO] running `Command { std: CARGO_HOME="/workspace/cargo-home" RUSTUP_HOME="/workspace/rustup-home" "/workspace/cargo-home/bin/cargo" "+1.99.0-beta.8" "metadata" "--manifest-path" "Cargo.toml" "--no-deps", kill_on_drop: false }`
[INFO] running `Command { std: CARGO_HOME="/workspace/cargo-home" RUSTUP_HOME="/workspace/rustup-home" "/workspace/cargo-home/bin/cargo" "+1.99.0-beta.8" "generate-lockfile" "--manifest-path" "Cargo.toml", kill_on_drop: false }`
[INFO] [stderr]     Updating crates.io index
[INFO] [stderr]      Locking 24 packages to highest compatible versions
[INFO] [stderr]       Adding hidapi v1.5.0 (available: v2.6.7)
[INFO] [stderr]       Adding strum v0.23.0 (available: v0.28.0)
[INFO] [stderr]       Adding thiserror v1.0.69 (available: v2.0.21)
[INFO] running `Command { std: CARGO_HOME="/workspace/cargo-home" RUSTUP_HOME="/workspace/rustup-home" "/workspace/cargo-home/bin/cargo" "+1.99.0-beta.8" "fetch" "--manifest-path" "Cargo.toml", kill_on_drop: false }`
[INFO] [stderr]  Downloading crates ...
[INFO] [stderr]   Downloaded associated v0.2.0
[INFO] [stderr]   Downloaded strum v0.23.0
[INFO] [stderr]   Downloaded associated-derive v0.1.1
[INFO] [stderr]   Downloaded strum_macros v0.23.1
[INFO] [stderr]   Downloaded hidapi v1.5.0
[INFO] running `Command { std: "docker" "create" "-v" "/var/lib/crater-agent-workspace/builds/worker-3-tc1/source:/opt/rustwide/workdir:ro,Z" "-v" "/var/lib/crater-agent-workspace/builds/worker-3-tc1/target:/opt/rustwide/target:rw,Z" "-v" "/var/lib/crater-agent-workspace/cargo-home:/opt/rustwide/cargo-home:ro,Z" "-v" "/var/lib/crater-agent-workspace/rustup-home:/opt/rustwide/rustup-home:ro,Z" "-m" "1610612736" "--network" "none" "ghcr.io/rust-lang/crates-build-env/linux@sha256:77db811e55d90add9212f6832c23229e3de5f1c1f9905e8cb07319ea15df73ac" "sleep" "infinity", kill_on_drop: false }`
[INFO] [stdout] 2df81f4e637114f68daf0a572413b7ab3e46d9be4d625cbb2af3e22edc79a2d9
[INFO] running `Command { std: "docker" "start" "2df81f4e637114f68daf0a572413b7ab3e46d9be4d625cbb2af3e22edc79a2d9", kill_on_drop: false }`
[INFO] running `Command { std: "docker" "inspect" "2df81f4e637114f68daf0a572413b7ab3e46d9be4d625cbb2af3e22edc79a2d9", kill_on_drop: false }`
[INFO] running `Command { std: "docker" "exec" "-e" "SOURCE_DIR=/opt/rustwide/workdir" "-e" "CARGO_HOME=/opt/rustwide/cargo-home" "-e" "RUSTUP_HOME=/opt/rustwide/rustup-home" "-e" "CARGO_TARGET_DIR=/opt/rustwide/target" "-w" "/opt/rustwide/workdir" "--user" "0:0" "2df81f4e637114f68daf0a572413b7ab3e46d9be4d625cbb2af3e22edc79a2d9" "/opt/rustwide/cargo-home/bin/cargo" "+1.99.0-beta.8" "metadata" "--no-deps" "--format-version=1", kill_on_drop: false }`
[INFO] running `Command { std: "docker" "inspect" "2df81f4e637114f68daf0a572413b7ab3e46d9be4d625cbb2af3e22edc79a2d9", kill_on_drop: false }`
[INFO] running `Command { std: "docker" "exec" "-e" "SOURCE_DIR=/opt/rustwide/workdir" "-e" "CARGO_HOME=/opt/rustwide/cargo-home" "-e" "RUSTUP_HOME=/opt/rustwide/rustup-home" "-e" "CARGO_TARGET_DIR=/opt/rustwide/target" "-e" "CARGO_INCREMENTAL=0" "-e" "RUST_BACKTRACE=full" "-e" "RUSTFLAGS=--cap-lints=warn" "-e" "RUSTDOCFLAGS=--cap-lints=warn" "-w" "/opt/rustwide/workdir" "--user" "0:0" "2df81f4e637114f68daf0a572413b7ab3e46d9be4d625cbb2af3e22edc79a2d9" "/opt/rustwide/cargo-home/bin/cargo" "+1.99.0-beta.8" "build" "--frozen" "--message-format=json" "--release", kill_on_drop: false }`
[INFO] [stderr]    Compiling syn v1.0.109
[INFO] [stderr]    Compiling hidapi v1.5.0
[INFO] [stderr]    Compiling heck v0.3.3
[INFO] [stderr]    Compiling strum_macros v0.23.1
[INFO] [stderr]    Compiling associated-derive v0.1.1
[INFO] [stderr]    Compiling associated v0.2.0
[INFO] [stderr]    Compiling strum v0.23.0
[INFO] [stderr]    Compiling razer_driver_rs v0.1.0 (/opt/rustwide/workdir)
[INFO] [stdout] warning: variants `ExtendedMatrixMouse` and `Misc` are never constructed
[INFO] [stdout]   --> src/razer_report.rs:52:5
[INFO] [stdout]    |
[INFO] [stdout] 48 | pub(crate) enum RazerCommandClass {
[INFO] [stdout]    |                 ----------------- variants in this enum
[INFO] [stdout] ...
[INFO] [stdout] 52 |     ExtendedMatrixMouse = 0x0D,
[INFO] [stdout]    |     ^^^^^^^^^^^^^^^^^^^
[INFO] [stdout] 53 |     Misc = 0x07,
[INFO] [stdout]    |     ^^^^
[INFO] [stdout]    |
[INFO] [stdout]    = note: `RazerCommandClass` has a derived impl for the trait `Clone`, but this is intentionally ignored during dead code analysis
[INFO] [stdout]    = note: `#[warn(dead_code)]` (part of `#[warn(unused)]`) on by default
[INFO] [stdout] 
[INFO] [stdout] 
[INFO] [stdout] warning: variants `LedState`, `LedBlinking`, `LedRgb`, `LedEffect`, `StandardMatrixEffect`, and `StandardMatrixCustomFrame` are never constructed
[INFO] [stdout]   --> src/razer_report.rs:82:5
[INFO] [stdout]    |
[INFO] [stdout] 74 | pub(crate) enum RazerCommand {
[INFO] [stdout]    |                 ------------ variants in this enum
[INFO] [stdout] ...
[INFO] [stdout] 82 |     LedState,
[INFO] [stdout]    |     ^^^^^^^^
[INFO] [stdout] 83 |     #[assoc_const(RazerCommandParts(RazerCommandClass::StandardLED, 0x04, 4))]
[INFO] [stdout] 84 |     LedBlinking,
[INFO] [stdout]    |     ^^^^^^^^^^^
[INFO] [stdout] 85 |     #[assoc_const(RazerCommandParts(RazerCommandClass::StandardLED, 0x01, 5))]
[INFO] [stdout] 86 |     LedRgb,
[INFO] [stdout]    |     ^^^^^^
[INFO] [stdout] 87 |     #[assoc_const(RazerCommandParts(RazerCommandClass::StandardLED, 0x02, 3))]
[INFO] [stdout] 88 |     LedEffect,
[INFO] [stdout]    |     ^^^^^^^^^
[INFO] [stdout] ...
[INFO] [stdout] 92 |     StandardMatrixEffect,
[INFO] [stdout]    |     ^^^^^^^^^^^^^^^^^^^^
[INFO] [stdout] 93 |     #[assoc_const(RazerCommandParts(RazerCommandClass::StandardLED, 0x0B, 70))]
[INFO] [stdout] 94 |     StandardMatrixCustomFrame,
[INFO] [stdout]    |     ^^^^^^^^^^^^^^^^^^^^^^^^^
[INFO] [stdout] 
[INFO] [stdout] 
[INFO] [stderr]     Finished `release` profile [optimized] target(s) in 8.55s
[INFO] running `Command { std: "docker" "inspect" "2df81f4e637114f68daf0a572413b7ab3e46d9be4d625cbb2af3e22edc79a2d9", kill_on_drop: false }`
[INFO] running `Command { std: "docker" "exec" "-e" "SOURCE_DIR=/opt/rustwide/workdir" "-e" "CARGO_HOME=/opt/rustwide/cargo-home" "-e" "RUSTUP_HOME=/opt/rustwide/rustup-home" "-e" "CARGO_TARGET_DIR=/opt/rustwide/target" "-e" "CARGO_INCREMENTAL=0" "-e" "RUST_BACKTRACE=full" "-e" "RUSTFLAGS=--cap-lints=warn" "-e" "RUSTDOCFLAGS=--cap-lints=warn" "-w" "/opt/rustwide/workdir" "--user" "0:0" "2df81f4e637114f68daf0a572413b7ab3e46d9be4d625cbb2af3e22edc79a2d9" "/opt/rustwide/cargo-home/bin/cargo" "+1.99.0-beta.8" "test" "--frozen" "--no-run" "--message-format=json" "--release", kill_on_drop: false }`
[INFO] [stdout] warning: variants `ExtendedMatrixMouse` and `Misc` are never constructed
[INFO] [stdout]   --> src/razer_report.rs:52:5
[INFO] [stdout]    |
[INFO] [stdout] 48 | pub(crate) enum RazerCommandClass {
[INFO] [stdout]    |                 ----------------- variants in this enum
[INFO] [stdout] ...
[INFO] [stdout] 52 |     ExtendedMatrixMouse = 0x0D,
[INFO] [stdout]    |     ^^^^^^^^^^^^^^^^^^^
[INFO] [stdout] 53 |     Misc = 0x07,
[INFO] [stdout]    |     ^^^^
[INFO] [stdout]    |
[INFO] [stdout]    = note: `RazerCommandClass` has a derived impl for the trait `Clone`, but this is intentionally ignored during dead code analysis
[INFO] [stdout]    = note: `#[warn(dead_code)]` (part of `#[warn(unused)]`) on by default
[INFO] [stdout] 
[INFO] [stdout] 
[INFO] [stdout] warning: variants `LedState`, `LedBlinking`, `LedRgb`, `LedEffect`, `StandardMatrixEffect`, and `StandardMatrixCustomFrame` are never constructed
[INFO] [stdout]   --> src/razer_report.rs:82:5
[INFO] [stdout]    |
[INFO] [stdout] 74 | pub(crate) enum RazerCommand {
[INFO] [stdout]    |                 ------------ variants in this enum
[INFO] [stdout] ...
[INFO] [stdout] 82 |     LedState,
[INFO] [stdout]    |     ^^^^^^^^
[INFO] [stdout] 83 |     #[assoc_const(RazerCommandParts(RazerCommandClass::StandardLED, 0x04, 4))]
[INFO] [stdout] 84 |     LedBlinking,
[INFO] [stdout]    |     ^^^^^^^^^^^
[INFO] [stdout] 85 |     #[assoc_const(RazerCommandParts(RazerCommandClass::StandardLED, 0x01, 5))]
[INFO] [stdout] 86 |     LedRgb,
[INFO] [stdout]    |     ^^^^^^
[INFO] [stdout] 87 |     #[assoc_const(RazerCommandParts(RazerCommandClass::StandardLED, 0x02, 3))]
[INFO] [stdout] 88 |     LedEffect,
[INFO] [stdout]    |     ^^^^^^^^^
[INFO] [stdout] ...
[INFO] [stdout] 92 |     StandardMatrixEffect,
[INFO] [stdout]    |     ^^^^^^^^^^^^^^^^^^^^
[INFO] [stdout] 93 |     #[assoc_const(RazerCommandParts(RazerCommandClass::StandardLED, 0x0B, 70))]
[INFO] [stdout] 94 |     StandardMatrixCustomFrame,
[INFO] [stdout]    |     ^^^^^^^^^^^^^^^^^^^^^^^^^
[INFO] [stdout] 
[INFO] [stdout] 
[INFO] [stderr]    Compiling razer_driver_rs v0.1.0 (/opt/rustwide/workdir)
[INFO] [stdout] warning: variants `ExtendedMatrixMouse` and `Misc` are never constructed
[INFO] [stdout]   --> src/razer_report.rs:52:5
[INFO] [stdout]    |
[INFO] [stdout] 48 | pub(crate) enum RazerCommandClass {
[INFO] [stdout]    |                 ----------------- variants in this enum
[INFO] [stdout] ...
[INFO] [stdout] 52 |     ExtendedMatrixMouse = 0x0D,
[INFO] [stdout]    |     ^^^^^^^^^^^^^^^^^^^
[INFO] [stdout] 53 |     Misc = 0x07,
[INFO] [stdout]    |     ^^^^
[INFO] [stdout]    |
[INFO] [stdout]    = note: `RazerCommandClass` has a derived impl for the trait `Clone`, but this is intentionally ignored during dead code analysis
[INFO] [stdout]    = note: `#[warn(dead_code)]` (part of `#[warn(unused)]`) on by default
[INFO] [stdout] 
[INFO] [stdout] 
[INFO] [stdout] warning: variants `LedState`, `LedBlinking`, `LedRgb`, `LedEffect`, `StandardMatrixEffect`, and `StandardMatrixCustomFrame` are never constructed
[INFO] [stdout]   --> src/razer_report.rs:82:5
[INFO] [stdout]    |
[INFO] [stdout] 74 | pub(crate) enum RazerCommand {
[INFO] [stdout]    |                 ------------ variants in this enum
[INFO] [stdout] ...
[INFO] [stdout] 82 |     LedState,
[INFO] [stdout]    |     ^^^^^^^^
[INFO] [stdout] 83 |     #[assoc_const(RazerCommandParts(RazerCommandClass::StandardLED, 0x04, 4))]
[INFO] [stdout] 84 |     LedBlinking,
[INFO] [stdout]    |     ^^^^^^^^^^^
[INFO] [stdout] 85 |     #[assoc_const(RazerCommandParts(RazerCommandClass::StandardLED, 0x01, 5))]
[INFO] [stdout] 86 |     LedRgb,
[INFO] [stdout]    |     ^^^^^^
[INFO] [stdout] 87 |     #[assoc_const(RazerCommandParts(RazerCommandClass::StandardLED, 0x02, 3))]
[INFO] [stdout] 88 |     LedEffect,
[INFO] [stdout]    |     ^^^^^^^^^
[INFO] [stdout] ...
[INFO] [stdout] 92 |     StandardMatrixEffect,
[INFO] [stdout]    |     ^^^^^^^^^^^^^^^^^^^^
[INFO] [stdout] 93 |     #[assoc_const(RazerCommandParts(RazerCommandClass::StandardLED, 0x0B, 70))]
[INFO] [stdout] 94 |     StandardMatrixCustomFrame,
[INFO] [stdout]    |     ^^^^^^^^^^^^^^^^^^^^^^^^^
[INFO] [stdout] 
[INFO] [stdout] 
[INFO] [stderr]     Finished `release` profile [optimized] target(s) in 0.85s
[INFO] running `Command { std: "docker" "inspect" "2df81f4e637114f68daf0a572413b7ab3e46d9be4d625cbb2af3e22edc79a2d9", kill_on_drop: false }`
[INFO] running `Command { std: "docker" "exec" "-e" "SOURCE_DIR=/opt/rustwide/workdir" "-e" "CARGO_HOME=/opt/rustwide/cargo-home" "-e" "RUSTUP_HOME=/opt/rustwide/rustup-home" "-e" "CARGO_TARGET_DIR=/opt/rustwide/target" "-e" "CARGO_INCREMENTAL=0" "-e" "RUST_BACKTRACE=full" "-e" "RUSTFLAGS=--cap-lints=warn" "-e" "RUSTDOCFLAGS=--cap-lints=warn" "-w" "/opt/rustwide/workdir" "--user" "0:0" "2df81f4e637114f68daf0a572413b7ab3e46d9be4d625cbb2af3e22edc79a2d9" "/opt/rustwide/cargo-home/bin/cargo" "+1.99.0-beta.8" "test" "--frozen" "--release", kill_on_drop: false }`
[INFO] [stderr] warning: variants `ExtendedMatrixMouse` and `Misc` are never constructed
[INFO] [stderr]   --> src/razer_report.rs:52:5
[INFO] [stderr]    |
[INFO] [stderr] 48 | pub(crate) enum RazerCommandClass {
[INFO] [stderr]    |                 ----------------- variants in this enum
[INFO] [stderr] ...
[INFO] [stderr] 52 |     ExtendedMatrixMouse = 0x0D,
[INFO] [stderr]    |     ^^^^^^^^^^^^^^^^^^^
[INFO] [stderr] 53 |     Misc = 0x07,
[INFO] [stderr]    |     ^^^^
[INFO] [stderr]    |
[INFO] [stderr]    = note: `RazerCommandClass` has a derived impl for the trait `Clone`, but this is intentionally ignored during dead code analysis
[INFO] [stderr]    = note: `#[warn(dead_code)]` (part of `#[warn(unused)]`) on by default
[INFO] [stderr] 
[INFO] [stderr] warning: variants `LedState`, `LedBlinking`, `LedRgb`, `LedEffect`, `StandardMatrixEffect`, and `StandardMatrixCustomFrame` are never constructed
[INFO] [stderr]   --> src/razer_report.rs:82:5
[INFO] [stderr]    |
[INFO] [stderr] 74 | pub(crate) enum RazerCommand {
[INFO] [stderr]    |                 ------------ variants in this enum
[INFO] [stderr] ...
[INFO] [stderr] 82 |     LedState,
[INFO] [stderr]    |     ^^^^^^^^
[INFO] [stderr] 83 |     #[assoc_const(RazerCommandParts(RazerCommandClass::StandardLED, 0x04, 4))]
[INFO] [stderr] 84 |     LedBlinking,
[INFO] [stderr]    |     ^^^^^^^^^^^
[INFO] [stderr] 85 |     #[assoc_const(RazerCommandParts(RazerCommandClass::StandardLED, 0x01, 5))]
[INFO] [stderr] 86 |     LedRgb,
[INFO] [stderr]    |     ^^^^^^
[INFO] [stderr] 87 |     #[assoc_const(RazerCommandParts(RazerCommandClass::StandardLED, 0x02, 3))]
[INFO] [stderr] 88 |     LedEffect,
[INFO] [stderr]    |     ^^^^^^^^^
[INFO] [stderr] ...
[INFO] [stderr] 92 |     StandardMatrixEffect,
[INFO] [stderr]    |     ^^^^^^^^^^^^^^^^^^^^
[INFO] [stderr] 93 |     #[assoc_const(RazerCommandParts(RazerCommandClass::StandardLED, 0x0B, 70))]
[INFO] [stderr] 94 |     StandardMatrixCustomFrame,
[INFO] [stderr]    |     ^^^^^^^^^^^^^^^^^^^^^^^^^
[INFO] [stderr] 
[INFO] [stderr] warning: `razer_driver_rs` (lib) generated 2 warnings
[INFO] [stderr] warning: `razer_driver_rs` (lib test) generated 2 warnings (2 duplicates)
[INFO] [stderr]     Finished `release` profile [optimized] target(s) in 0.08s
[INFO] [stderr]      Running unittests src/lib.rs (/opt/rustwide/target/release/deps/razer_driver_rs-ab90255179cd674f)
[INFO] [stdout] 
[INFO] [stdout] running 2 tests
[INFO] [stdout] test tests::test_setting_factory_mode ... FAILED
[INFO] [stdout] test tests::it_works ... FAILED
[INFO] [stdout] 
[INFO] [stdout] failures:
[INFO] [stdout] 
[INFO] [stdout] ---- tests::test_setting_factory_mode stdout ----
[INFO] [stdout] 
[INFO] [stdout] thread 'tests::test_setting_factory_mode' (272) panicked at src/lib.rs:110:42:
[INFO] [stdout] called `Result::unwrap()` on an `Err` value: HidError(InitializationError)
[INFO] [stdout] stack backtrace:
[INFO] [stdout]    0:     0x5988daf9f951 - <<std[70759c8f55707aa4]::sys::backtrace::BacktraceLock>::print::DisplayBacktrace as core[df12db4294e9bfd3]::fmt::Display>::fmt
[INFO] [stdout]    1:     0x5988dafb3d4a - core[df12db4294e9bfd3]::fmt::write
[INFO] [stdout]    2:     0x5988dafa3dec - <alloc[2182bb758b4b3781]::vec::Vec<u8> as core[df12db4294e9bfd3]::io::write::Write>::write_fmt
[INFO] [stdout]    3:     0x5988daf7bf46 - std[70759c8f55707aa4]::panicking::default_hook::{closure#0}
[INFO] [stdout]    4:     0x5988daf980b9 - std[70759c8f55707aa4]::panicking::default_hook
[INFO] [stdout]    5:     0x5988daf2f510 - test[9d35eded1c95d3be]::test_main_inner::<test[9d35eded1c95d3be]::test_main_static::{closure#0}>::{closure#0}
[INFO] [stdout]    6:     0x5988daf98272 - std[70759c8f55707aa4]::panicking::panic_with_hook
[INFO] [stdout]    7:     0x5988daf7bff2 - std[70759c8f55707aa4]::panicking::panic_handler::{closure#0}
[INFO] [stdout]    8:     0x5988daf74d79 - std[70759c8f55707aa4]::sys::backtrace::__rust_end_short_backtrace::<std[70759c8f55707aa4]::panicking::panic_handler::{closure#0}, !>
[INFO] [stdout]    9:     0x5988daf7cbed - __rustc[8fa7c3cbc660c2b3]::rust_begin_unwind
[INFO] [stdout]   10:     0x5988dafb447c - core[df12db4294e9bfd3]::panicking::panic_fmt
[INFO] [stdout]   11:     0x5988dafb4252 - core[df12db4294e9bfd3]::result::unwrap_failed
[INFO] [stdout]   12:     0x5988daf212e7 - razer_driver_rs[fe128222f419145e]::tests::test_setting_factory_mode
[INFO] [stdout]   13:     0x5988daf20c99 - <razer_driver_rs[fe128222f419145e]::tests::test_setting_factory_mode::{closure#0} as core[df12db4294e9bfd3]::ops::function::FnOnce<()>>::call_once
[INFO] [stdout]   14:     0x5988daf227fb - test[9d35eded1c95d3be]::__rust_begin_short_backtrace::<core[df12db4294e9bfd3]::result::Result<(), alloc[2182bb758b4b3781]::string::String>, fn() -> core[df12db4294e9bfd3]::result::Result<(), alloc[2182bb758b4b3781]::string::String>>
[INFO] [stdout]   15:     0x5988daf2fe65 - test[9d35eded1c95d3be]::run_test::{closure#0}
[INFO] [stdout]   16:     0x5988daf29724 - std[70759c8f55707aa4]::sys::backtrace::__rust_begin_short_backtrace::<test[9d35eded1c95d3be]::run_test::{closure#1}, ()>
[INFO] [stdout]   17:     0x5988daf32fc2 - <std[70759c8f55707aa4]::thread::lifecycle::spawn_unchecked<test[9d35eded1c95d3be]::run_test::{closure#1}, ()>::{closure#1} as core[df12db4294e9bfd3]::ops::function::FnOnce<()>>::call_once::{shim:vtable#0}
[INFO] [stdout]   18:     0x5988daf9f229 - <std[70759c8f55707aa4]::sys::thread::unix::Thread>::new::thread_start
[INFO] [stdout]   19:     0x7283e6810dfa - <unknown>
[INFO] [stdout]   20:     0x7283e68a43d4 - clone
[INFO] [stdout]   21:                0x0 - <unknown>
[INFO] [stdout] 
[INFO] [stdout] ---- tests::it_works stdout ----
[INFO] [stdout] 
[INFO] [stdout] thread 'tests::it_works' (271) panicked at src/lib.rs:95:9:
[INFO] [stdout] assertion `left == right` failed
[INFO] [stdout]   left: 0
[INFO] [stdout]  right: 1
[INFO] [stdout] stack backtrace:
[INFO] [stdout]    0:     0x5988daf9f951 - <<std[70759c8f55707aa4]::sys::backtrace::BacktraceLock>::print::DisplayBacktrace as core[df12db4294e9bfd3]::fmt::Display>::fmt
[INFO] [stdout]    1:     0x5988dafb3d4a - core[df12db4294e9bfd3]::fmt::write
[INFO] [stdout]    2:     0x5988dafa3dec - <alloc[2182bb758b4b3781]::vec::Vec<u8> as core[df12db4294e9bfd3]::io::write::Write>::write_fmt
[INFO] [stdout]    3:     0x5988daf7bf46 - std[70759c8f55707aa4]::panicking::default_hook::{closure#0}
[INFO] [stdout]    4:     0x5988daf980b9 - std[70759c8f55707aa4]::panicking::default_hook
[INFO] [stdout]    5:     0x5988daf2f510 - test[9d35eded1c95d3be]::test_main_inner::<test[9d35eded1c95d3be]::test_main_static::{closure#0}>::{closure#0}
[INFO] [stdout]    6:     0x5988daf98272 - std[70759c8f55707aa4]::panicking::panic_with_hook
[INFO] [stdout]    7:     0x5988daf7bff2 - std[70759c8f55707aa4]::panicking::panic_handler::{closure#0}
[INFO] [stdout]    8:     0x5988daf74d79 - std[70759c8f55707aa4]::sys::backtrace::__rust_end_short_backtrace::<std[70759c8f55707aa4]::panicking::panic_handler::{closure#0}, !>
[INFO] [stdout]    9:     0x5988daf7cbed - __rustc[8fa7c3cbc660c2b3]::rust_begin_unwind
[INFO] [stdout]   10:     0x5988dafb447c - core[df12db4294e9bfd3]::panicking::panic_fmt
[INFO] [stdout]   11:     0x5988dafb4393 - core[df12db4294e9bfd3]::panicking::assert_failed_inner
[INFO] [stdout]   12:     0x5988dafb0ab8 - core[df12db4294e9bfd3]::panicking::assert_failed::<usize, usize>
[INFO] [stdout]   13:     0x5988daf216fc - razer_driver_rs[fe128222f419145e]::tests::it_works
[INFO] [stdout]   14:     0x5988daf20cb9 - <razer_driver_rs[fe128222f419145e]::tests::it_works::{closure#0} as core[df12db4294e9bfd3]::ops::function::FnOnce<()>>::call_once
[INFO] [stdout]   15:     0x5988daf227fb - test[9d35eded1c95d3be]::__rust_begin_short_backtrace::<core[df12db4294e9bfd3]::result::Result<(), alloc[2182bb758b4b3781]::string::String>, fn() -> core[df12db4294e9bfd3]::result::Result<(), alloc[2182bb758b4b3781]::string::String>>
[INFO] [stdout]   16:     0x5988daf2fe65 - test[9d35eded1c95d3be]::run_test::{closure#0}
[INFO] [stdout]   17:     0x5988daf29724 - std[70759c8f55707aa4]::sys::backtrace::__rust_begin_short_backtrace::<test[9d35eded1c95d3be]::run_test::{closure#1}, ()>
[INFO] [stdout]   18:     0x5988daf32fc2 - <std[70759c8f55707aa4]::thread::lifecycle::spawn_unchecked<test[9d35eded1c95d3be]::run_test::{closure#1}, ()>::{closure#1} as core[df12db4294e9bfd3]::ops::function::FnOnce<()>>::call_once::{shim:vtable#0}
[INFO] [stdout]   19:     0x5988daf9f229 - <std[70759c8f55707aa4]::sys::thread::unix::Thread>::new::thread_start
[INFO] [stdout]   20:     0x7283e6810dfa - <unknown>
[INFO] [stdout]   21:     0x7283e68a43d4 - clone
[INFO] [stdout]   22:                0x0 - <unknown>
[INFO] [stdout] 
[INFO] [stdout] 
[INFO] [stdout] failures:
[INFO] [stdout]     tests::it_works
[INFO] [stdout]     tests::test_setting_factory_mode
[INFO] [stdout] 
[INFO] [stdout] test result: FAILED. 0 passed; 2 failed; 0 ignored; 0 measured; 0 filtered out; finished in 0.00s
[INFO] [stdout] 
[INFO] [stderr] error: test failed, to rerun pass `--lib`
[INFO] running `Command { std: "docker" "inspect" "2df81f4e637114f68daf0a572413b7ab3e46d9be4d625cbb2af3e22edc79a2d9", kill_on_drop: false }`
[INFO] running `Command { std: "docker" "rm" "-f" "2df81f4e637114f68daf0a572413b7ab3e46d9be4d625cbb2af3e22edc79a2d9", kill_on_drop: false }`
[INFO] [stdout] 2df81f4e637114f68daf0a572413b7ab3e46d9be4d625cbb2af3e22edc79a2d9
