[INFO] fetching crate raylib-ext 0.1.0...
[INFO] testing raylib-ext-0.1.0 against 1.100.0-beta.1+cargoflags=--release for beta-release-1.100-2
[INFO] extracting crate raylib-ext 0.1.0 into /workspace/builds/worker-2-tc2/source
[INFO] started tweaking crates.io crate raylib-ext 0.1.0
[INFO] finished tweaking crates.io crate raylib-ext 0.1.0
[INFO] tweaked toml for crates.io crate raylib-ext 0.1.0 written to /workspace/builds/worker-2-tc2/source/Cargo.toml
[INFO] validating manifest of crates.io crate raylib-ext 0.1.0 on toolchain 1.100.0-beta.1
[INFO] running `Command { std: CARGO_HOME="/workspace/cargo-home" RUSTUP_HOME="/workspace/rustup-home" "/workspace/cargo-home/bin/cargo" "+1.100.0-beta.1" "metadata" "--manifest-path" "Cargo.toml" "--no-deps", kill_on_drop: false }`
[INFO] running `Command { std: CARGO_HOME="/workspace/cargo-home" RUSTUP_HOME="/workspace/rustup-home" "/workspace/cargo-home/bin/cargo" "+1.100.0-beta.1" "generate-lockfile" "--manifest-path" "Cargo.toml", kill_on_drop: false }`
[INFO] [stderr]     Updating crates.io index
[INFO] [stderr]      Locking 36 packages to highest compatible versions
[INFO] [stderr]       Adding raylib v5.5.1 (available: v6.0.0)
[INFO] running `Command { std: CARGO_HOME="/workspace/cargo-home" RUSTUP_HOME="/workspace/rustup-home" "/workspace/cargo-home/bin/cargo" "+1.100.0-beta.1" "fetch" "--manifest-path" "Cargo.toml", kill_on_drop: false }`
[INFO] running `Command { std: "docker" "create" "-v" "/var/lib/crater-agent-workspace/builds/worker-2-tc2/source:/opt/rustwide/workdir:ro,Z" "-v" "/var/lib/crater-agent-workspace/builds/worker-2-tc2/target:/opt/rustwide/target:rw,Z" "-v" "/var/lib/crater-agent-workspace/cargo-home:/opt/rustwide/cargo-home:ro,Z" "-v" "/var/lib/crater-agent-workspace/rustup-home:/opt/rustwide/rustup-home:ro,Z" "-m" "1610612736" "--network" "none" "ghcr.io/rust-lang/crates-build-env/linux@sha256:77db811e55d90add9212f6832c23229e3de5f1c1f9905e8cb07319ea15df73ac" "sleep" "infinity", kill_on_drop: false }`
[INFO] [stdout] a56a617b1b0b9c80590583c2b9b3f43bf6483225c569e85c8321c5b8a6a0f891
[INFO] running `Command { std: "docker" "start" "a56a617b1b0b9c80590583c2b9b3f43bf6483225c569e85c8321c5b8a6a0f891", kill_on_drop: false }`
[INFO] running `Command { std: "docker" "inspect" "a56a617b1b0b9c80590583c2b9b3f43bf6483225c569e85c8321c5b8a6a0f891", kill_on_drop: false }`
[INFO] running `Command { std: "docker" "exec" "-e" "SOURCE_DIR=/opt/rustwide/workdir" "-e" "CARGO_HOME=/opt/rustwide/cargo-home" "-e" "RUSTUP_HOME=/opt/rustwide/rustup-home" "-e" "CARGO_TARGET_DIR=/opt/rustwide/target" "-w" "/opt/rustwide/workdir" "--user" "0:0" "a56a617b1b0b9c80590583c2b9b3f43bf6483225c569e85c8321c5b8a6a0f891" "/opt/rustwide/cargo-home/bin/cargo" "+1.100.0-beta.1" "metadata" "--no-deps" "--format-version=1", kill_on_drop: false }`
[INFO] running `Command { std: "docker" "inspect" "a56a617b1b0b9c80590583c2b9b3f43bf6483225c569e85c8321c5b8a6a0f891", kill_on_drop: false }`
[INFO] running `Command { std: "docker" "exec" "-e" "SOURCE_DIR=/opt/rustwide/workdir" "-e" "CARGO_HOME=/opt/rustwide/cargo-home" "-e" "RUSTUP_HOME=/opt/rustwide/rustup-home" "-e" "CARGO_TARGET_DIR=/opt/rustwide/target" "-e" "CARGO_INCREMENTAL=0" "-e" "RUST_BACKTRACE=full" "-e" "RUSTFLAGS=--cap-lints=warn" "-e" "RUSTDOCFLAGS=--cap-lints=warn" "-w" "/opt/rustwide/workdir" "--user" "0:0" "a56a617b1b0b9c80590583c2b9b3f43bf6483225c569e85c8321c5b8a6a0f891" "/opt/rustwide/cargo-home/bin/cargo" "+1.100.0-beta.1" "build" "--frozen" "--message-format=json" "--release", kill_on_drop: false }`
[INFO] [stderr]    Compiling regex-syntax v0.8.11
[INFO] [stderr]    Compiling either v1.19.0
[INFO] [stderr]    Compiling bindgen v0.70.1
[INFO] [stderr]    Compiling bitflags v2.13.2
[INFO] [stderr]    Compiling cmake v0.1.58
[INFO] [stderr]    Compiling syn v2.0.119
[INFO] [stderr]    Compiling itertools v0.13.0
[INFO] [stderr]    Compiling regex-automata v0.4.18
[INFO] [stderr]    Compiling regex v1.13.1
[INFO] [stderr]    Compiling prettyplease v0.2.37
[INFO] [stderr]    Compiling thiserror-impl v1.0.69
[INFO] [stderr]    Compiling thiserror v1.0.69
[INFO] [stderr]    Compiling raylib-sys v5.5.1
[INFO] [stderr]    Compiling raylib v5.5.1
[INFO] [stderr]    Compiling raylib-ext v0.1.0 (/opt/rustwide/workdir)
[INFO] [stderr]     Finished `release` profile [optimized] target(s) in 59.39s
[INFO] running `Command { std: "docker" "inspect" "a56a617b1b0b9c80590583c2b9b3f43bf6483225c569e85c8321c5b8a6a0f891", kill_on_drop: false }`
[INFO] running `Command { std: "docker" "exec" "-e" "SOURCE_DIR=/opt/rustwide/workdir" "-e" "CARGO_HOME=/opt/rustwide/cargo-home" "-e" "RUSTUP_HOME=/opt/rustwide/rustup-home" "-e" "CARGO_TARGET_DIR=/opt/rustwide/target" "-e" "CARGO_INCREMENTAL=0" "-e" "RUST_BACKTRACE=full" "-e" "RUSTFLAGS=--cap-lints=warn" "-e" "RUSTDOCFLAGS=--cap-lints=warn" "-w" "/opt/rustwide/workdir" "--user" "0:0" "a56a617b1b0b9c80590583c2b9b3f43bf6483225c569e85c8321c5b8a6a0f891" "/opt/rustwide/cargo-home/bin/cargo" "+1.100.0-beta.1" "test" "--frozen" "--no-run" "--message-format=json" "--release", kill_on_drop: false }`
[INFO] [stderr]    Compiling raylib-ext v0.1.0 (/opt/rustwide/workdir)
[INFO] [stderr]     Finished `release` profile [optimized] target(s) in 0.23s
[INFO] running `Command { std: "docker" "inspect" "a56a617b1b0b9c80590583c2b9b3f43bf6483225c569e85c8321c5b8a6a0f891", kill_on_drop: false }`
[INFO] running `Command { std: "docker" "exec" "-e" "SOURCE_DIR=/opt/rustwide/workdir" "-e" "CARGO_HOME=/opt/rustwide/cargo-home" "-e" "RUSTUP_HOME=/opt/rustwide/rustup-home" "-e" "CARGO_TARGET_DIR=/opt/rustwide/target" "-e" "CARGO_INCREMENTAL=0" "-e" "RUST_BACKTRACE=full" "-e" "RUSTFLAGS=--cap-lints=warn" "-e" "RUSTDOCFLAGS=--cap-lints=warn" "-w" "/opt/rustwide/workdir" "--user" "0:0" "a56a617b1b0b9c80590583c2b9b3f43bf6483225c569e85c8321c5b8a6a0f891" "/opt/rustwide/cargo-home/bin/cargo" "+1.100.0-beta.1" "test" "--frozen" "--release", kill_on_drop: false }`
[INFO] [stderr]     Finished `release` profile [optimized] target(s) in 0.07s
[INFO] [stderr]      Running unittests src/lib.rs (/opt/rustwide/target/release/build/raylib-ext/b46173332b4dccf8/out/raylib_ext-b46173332b4dccf8)
[INFO] [stdout] 
[INFO] [stdout] running 0 tests
[INFO] [stdout] 
[INFO] [stdout] test result: ok. 0 passed; 0 failed; 0 ignored; 0 measured; 0 filtered out; finished in 0.00s
[INFO] [stdout] 
[INFO] [stderr]    Doc-tests raylib_ext
[INFO] [stdout] 
[INFO] [stdout] running 2 tests
[INFO] [stdout] test src/lib.rs - RaylibDrawHandle<'_>::draw_right_aligned_text (line 46) ... FAILED
[INFO] [stdout] test src/lib.rs - RaylibDrawHandle<'_>::draw_centered_text (line 15) ... FAILED
[INFO] [stdout] 
[INFO] [stdout] failures:
[INFO] [stdout] 
[INFO] [stdout] ---- src/lib.rs - RaylibDrawHandle<'_>::draw_right_aligned_text (line 46) stdout ----
[INFO] [stdout] Test executable failed (signal: 11 (SIGSEGV) (core dumped)).
[INFO] [stdout] 
[INFO] [stdout] stdout:
[INFO] [stdout] INFO: Initializing raylib 5.6-dev
[INFO] [stdout] INFO: Platform backend: DESKTOP (GLFW)
[INFO] [stdout] INFO: Supported raylib modules:
[INFO] [stdout] INFO:     > rcore:..... loaded (mandatory)
[INFO] [stdout] INFO:     > rlgl:...... loaded (mandatory)
[INFO] [stdout] INFO:     > rshapes:... loaded (optional)
[INFO] [stdout] INFO:     > rtextures:. loaded (optional)
[INFO] [stdout] INFO:     > rtext:..... loaded (optional)
[INFO] [stdout] INFO:     > rmodels:... loaded (optional)
[INFO] [stdout] INFO:     > raudio:.... loaded (optional)
[INFO] [stdout] WARNING: GLFW: Error: 65550 Description: X11: The DISPLAY environment variable is missing
[INFO] [stdout] WARNING: GLFW: Failed to initialize GLFW
[INFO] [stdout] 
[INFO] [stdout] 
[INFO] [stdout] ---- src/lib.rs - RaylibDrawHandle<'_>::draw_centered_text (line 15) stdout ----
[INFO] [stdout] Test executable failed (signal: 11 (SIGSEGV) (core dumped)).
[INFO] [stdout] 
[INFO] [stdout] stdout:
[INFO] [stdout] INFO: Initializing raylib 5.6-dev
[INFO] [stdout] INFO: Platform backend: DESKTOP (GLFW)
[INFO] [stdout] INFO: Supported raylib modules:
[INFO] [stdout] INFO:     > rcore:..... loaded (mandatory)
[INFO] [stdout] INFO:     > rlgl:...... loaded (mandatory)
[INFO] [stdout] INFO:     > rshapes:... loaded (optional)
[INFO] [stdout] INFO:     > rtextures:. loaded (optional)
[INFO] [stdout] INFO:     > rtext:..... loaded (optional)
[INFO] [stdout] INFO:     > rmodels:... loaded (optional)
[INFO] [stdout] INFO:     > raudio:.... loaded (optional)
[INFO] [stdout] WARNING: GLFW: Error: 65550 Description: X11: The DISPLAY environment variable is missing
[INFO] [stdout] WARNING: GLFW: Failed to initialize GLFW
[INFO] [stdout] 
[INFO] [stdout] 
[INFO] [stdout] 
[INFO] [stdout] failures:
[INFO] [stdout]     src/lib.rs - RaylibDrawHandle<'_>::draw_centered_text (line 15)
[INFO] [stdout]     src/lib.rs - RaylibDrawHandle<'_>::draw_right_aligned_text (line 46)
[INFO] [stdout] 
[INFO] [stdout] test result: FAILED. 0 passed; 2 failed; 0 ignored; 0 measured; 0 filtered out; finished in 0.48s
[INFO] [stdout] 
[INFO] [stderr] error: doctest failed, to rerun pass `--doc`
[INFO] running `Command { std: "docker" "inspect" "a56a617b1b0b9c80590583c2b9b3f43bf6483225c569e85c8321c5b8a6a0f891", kill_on_drop: false }`
[INFO] running `Command { std: "docker" "rm" "-f" "a56a617b1b0b9c80590583c2b9b3f43bf6483225c569e85c8321c5b8a6a0f891", kill_on_drop: false }`
[INFO] [stdout] a56a617b1b0b9c80590583c2b9b3f43bf6483225c569e85c8321c5b8a6a0f891
