[INFO] fetching crate rayengine-cli 0.0.3...
[INFO] testing rayengine-cli-0.0.3 against 1.99.0-beta.8+cargoflags=--release for beta-release-1.100-2
[INFO] extracting crate rayengine-cli 0.0.3 into /workspace/builds/worker-6-tc1/source
[INFO] started tweaking crates.io crate rayengine-cli 0.0.3
[INFO] removed 0 missing tests
[INFO] finished tweaking crates.io crate rayengine-cli 0.0.3
[INFO] tweaked toml for crates.io crate rayengine-cli 0.0.3 written to /workspace/builds/worker-6-tc1/source/Cargo.toml
[INFO] validating manifest of crates.io crate rayengine-cli 0.0.3 on toolchain 1.99.0-beta.8
[INFO] running `Command { std: CARGO_HOME="/workspace/cargo-home" RUSTUP_HOME="/workspace/rustup-home" "/workspace/cargo-home/bin/cargo" "+1.99.0-beta.8" "metadata" "--manifest-path" "Cargo.toml" "--no-deps", kill_on_drop: false }`
[INFO] crate crates.io crate rayengine-cli 0.0.3 already has a lockfile, it will not be regenerated
[INFO] running `Command { std: CARGO_HOME="/workspace/cargo-home" RUSTUP_HOME="/workspace/rustup-home" "/workspace/cargo-home/bin/cargo" "+1.99.0-beta.8" "fetch" "--manifest-path" "Cargo.toml", kill_on_drop: false }`
[INFO] [stderr]     Updating crates.io index
[INFO] [stderr]  Downloading crates ...
[INFO] [stderr]   Downloaded hecs v0.11.1
[INFO] [stderr]   Downloaded rayengine-core v0.0.3
[INFO] running `Command { std: "docker" "create" "-v" "/var/lib/crater-agent-workspace/builds/worker-6-tc1/source:/opt/rustwide/workdir:ro,Z" "-v" "/var/lib/crater-agent-workspace/builds/worker-6-tc1/target:/opt/rustwide/target:rw,Z" "-v" "/var/lib/crater-agent-workspace/cargo-home:/opt/rustwide/cargo-home:ro,Z" "-v" "/var/lib/crater-agent-workspace/rustup-home:/opt/rustwide/rustup-home:ro,Z" "-m" "1610612736" "--network" "none" "ghcr.io/rust-lang/crates-build-env/linux@sha256:77db811e55d90add9212f6832c23229e3de5f1c1f9905e8cb07319ea15df73ac" "sleep" "infinity", kill_on_drop: false }`
[INFO] [stdout] 7fa4ad4f74c2273ff93e5f53a9ff515309371f205af6fcff3d0a9863c46b05bc
[INFO] running `Command { std: "docker" "start" "7fa4ad4f74c2273ff93e5f53a9ff515309371f205af6fcff3d0a9863c46b05bc", kill_on_drop: false }`
[INFO] running `Command { std: "docker" "inspect" "7fa4ad4f74c2273ff93e5f53a9ff515309371f205af6fcff3d0a9863c46b05bc", kill_on_drop: false }`
[INFO] running `Command { std: "docker" "exec" "-e" "SOURCE_DIR=/opt/rustwide/workdir" "-e" "CARGO_HOME=/opt/rustwide/cargo-home" "-e" "RUSTUP_HOME=/opt/rustwide/rustup-home" "-e" "CARGO_TARGET_DIR=/opt/rustwide/target" "-w" "/opt/rustwide/workdir" "--user" "0:0" "7fa4ad4f74c2273ff93e5f53a9ff515309371f205af6fcff3d0a9863c46b05bc" "/opt/rustwide/cargo-home/bin/cargo" "+1.99.0-beta.8" "metadata" "--no-deps" "--format-version=1", kill_on_drop: false }`
[INFO] running `Command { std: "docker" "inspect" "7fa4ad4f74c2273ff93e5f53a9ff515309371f205af6fcff3d0a9863c46b05bc", kill_on_drop: false }`
[INFO] running `Command { std: "docker" "exec" "-e" "SOURCE_DIR=/opt/rustwide/workdir" "-e" "CARGO_HOME=/opt/rustwide/cargo-home" "-e" "RUSTUP_HOME=/opt/rustwide/rustup-home" "-e" "CARGO_TARGET_DIR=/opt/rustwide/target" "-e" "CARGO_INCREMENTAL=0" "-e" "RUST_BACKTRACE=full" "-e" "RUSTFLAGS=--cap-lints=warn" "-e" "RUSTDOCFLAGS=--cap-lints=warn" "-w" "/opt/rustwide/workdir" "--user" "0:0" "7fa4ad4f74c2273ff93e5f53a9ff515309371f205af6fcff3d0a9863c46b05bc" "/opt/rustwide/cargo-home/bin/cargo" "+1.99.0-beta.8" "build" "--frozen" "--message-format=json" "--release", kill_on_drop: false }`
[INFO] [stderr]    Compiling hashbrown v0.17.1
[INFO] [stderr]    Compiling nix v0.31.3
[INFO] [stderr]    Compiling aho-corasick v1.1.5
[INFO] [stderr]    Compiling toml_datetime v0.7.5+spec-1.1.0
[INFO] [stderr]    Compiling regex-syntax v0.8.11
[INFO] [stderr]    Compiling winnow v0.7.15
[INFO] [stderr]    Compiling toml_parser v1.1.3+spec-1.1.0
[INFO] [stderr]    Compiling toml_writer v1.1.2+spec-1.1.0
[INFO] [stderr]    Compiling bstr v1.13.1
[INFO] [stderr]    Compiling clap_lex v1.1.1
[INFO] [stderr]    Compiling spin v0.12.3
[INFO] [stderr]    Compiling bitflags v2.13.2
[INFO] [stderr]    Compiling clap_derive v4.6.7
[INFO] [stderr]    Compiling serde v1.0.229
[INFO] [stderr]    Compiling glam v0.30.10
[INFO] [stderr]    Compiling clap_builder v4.6.7
[INFO] [stderr]    Compiling hecs v0.11.1
[INFO] [stderr]    Compiling indexmap v2.14.2
[INFO] [stderr]    Compiling ctrlc v3.5.2
[INFO] [stderr]    Compiling regex-automata v0.4.18
[INFO] [stderr]    Compiling toml v0.9.12+spec-1.1.0
[INFO] [stderr]    Compiling toml_edit v0.23.10+spec-1.0.0
[INFO] [stderr]    Compiling clap v4.6.7
[INFO] [stderr]    Compiling globset v0.4.20
[INFO] [stderr]    Compiling rayengine-core v0.0.3
[INFO] [stderr]    Compiling rayengine-cli v0.0.3 (/opt/rustwide/workdir)
[INFO] [stderr]     Finished `release` profile [optimized] target(s) in 1m 00s
[INFO] running `Command { std: "docker" "inspect" "7fa4ad4f74c2273ff93e5f53a9ff515309371f205af6fcff3d0a9863c46b05bc", kill_on_drop: false }`
[INFO] running `Command { std: "docker" "exec" "-e" "SOURCE_DIR=/opt/rustwide/workdir" "-e" "CARGO_HOME=/opt/rustwide/cargo-home" "-e" "RUSTUP_HOME=/opt/rustwide/rustup-home" "-e" "CARGO_TARGET_DIR=/opt/rustwide/target" "-e" "CARGO_INCREMENTAL=0" "-e" "RUST_BACKTRACE=full" "-e" "RUSTFLAGS=--cap-lints=warn" "-e" "RUSTDOCFLAGS=--cap-lints=warn" "-w" "/opt/rustwide/workdir" "--user" "0:0" "7fa4ad4f74c2273ff93e5f53a9ff515309371f205af6fcff3d0a9863c46b05bc" "/opt/rustwide/cargo-home/bin/cargo" "+1.99.0-beta.8" "test" "--frozen" "--no-run" "--message-format=json" "--release", kill_on_drop: false }`
[INFO] [stderr]    Compiling rayengine-cli v0.0.3 (/opt/rustwide/workdir)
[INFO] [stderr]     Finished `release` profile [optimized] target(s) in 5.27s
[INFO] running `Command { std: "docker" "inspect" "7fa4ad4f74c2273ff93e5f53a9ff515309371f205af6fcff3d0a9863c46b05bc", kill_on_drop: false }`
[INFO] running `Command { std: "docker" "exec" "-e" "SOURCE_DIR=/opt/rustwide/workdir" "-e" "CARGO_HOME=/opt/rustwide/cargo-home" "-e" "RUSTUP_HOME=/opt/rustwide/rustup-home" "-e" "CARGO_TARGET_DIR=/opt/rustwide/target" "-e" "CARGO_INCREMENTAL=0" "-e" "RUST_BACKTRACE=full" "-e" "RUSTFLAGS=--cap-lints=warn" "-e" "RUSTDOCFLAGS=--cap-lints=warn" "-w" "/opt/rustwide/workdir" "--user" "0:0" "7fa4ad4f74c2273ff93e5f53a9ff515309371f205af6fcff3d0a9863c46b05bc" "/opt/rustwide/cargo-home/bin/cargo" "+1.99.0-beta.8" "test" "--frozen" "--release", kill_on_drop: false }`
[INFO] [stderr]     Finished `release` profile [optimized] target(s) in 0.08s
[INFO] [stderr]      Running unittests src/main.rs (/opt/rustwide/target/release/deps/rayengine-b9a3243dd755554f)
[INFO] [stdout] 
[INFO] [stdout] running 2 tests
[INFO] [stdout] test tests::unsafe_or_ambiguous_package_names_are_rejected ... ok
[INFO] [stdout] test tests::creation_never_overwrites_an_existing_project ... ok
[INFO] [stdout] 
[INFO] [stdout] test result: ok. 2 passed; 0 failed; 0 ignored; 0 measured; 0 filtered out; finished in 0.00s
[INFO] [stdout] 
[INFO] [stderr]      Running tests/cli.rs (/opt/rustwide/target/release/deps/cli-07e650b706a66e5a)
[INFO] [stdout] 
[INFO] [stdout] running 23 tests
[INFO] [stdout] test explicit_sdk_path_is_validated_and_preserved ... FAILED
[INFO] [stdout] test argument_errors_are_json_when_requested ... ok
[INFO] [stdout] test plugin_edits_preserve_comments_config_and_match_sources ... FAILED
[INFO] [stdout] test templates_list_and_generate_every_starter_and_report_bad_arguments ... FAILED
[INFO] [stdout] test new_plugin_reports_library_and_rejects_existing_paths_and_invalid_sdk ... ok
[INFO] [stdout] test new_reports_files_and_preserves_existing_destination ... ok
[INFO] [stdout] test doctor_hints_are_structured_on_success_and_failure_without_execution ... ok
[INFO] [stdout] test remove_prunes_optional_alias_references_and_preserves_named_features ... FAILED
[INFO] [stdout] test plugin_add_rejects_git_sdk_registry_fallback_without_changing_files ... ok
[INFO] [stdout] test invalid_manifests_fail_before_cargo_and_missing_optional_manifests_work ... ok
[INFO] [stdout] test plugin_add_rejects_custom_registry_sdk_without_changing_files ... ok
[INFO] [stdout] test check_retains_structured_compiler_diagnostics_and_exit_status ... ok
[INFO] [stdout] test failed_manifest_writes_leave_both_originals_byte_identical ... ok
[INFO] [stdout] test interactive_watch_prints_compiler_diagnostics_in_the_failing_cycle ... FAILED
[INFO] [stdout] test removal_preserves_an_unrelated_package_using_a_plugin_dependency_key ... ok
[INFO] [stdout] test plugin_add_matches_the_sdks_actual_core_dependency ... ok
[INFO] [stdout] test manifest_inspection_check_and_run_agree_from_another_directory ... ok
[INFO] [stdout] test watch_completion_tracks_manifest_executable_changes ... ok
[INFO] [stdout] test watch_rebuilds_after_virtual_workspace_manifest_edits ... ok
[INFO] [stdout] test watch_honors_the_same_native_target_runner_as_run ... ok
[INFO] [stdout] test watch_excludes_old_and_new_target_directories_after_config_edits ... FAILED
[INFO] [stdout] test bundle_relocates_assets_fonts_profiles_and_clean_preserves_unrelated_files ... FAILED
[INFO] [stdout] test watch_debounces_restarts_and_emits_one_completion_result ... FAILED
[INFO] [stdout] 
[INFO] [stdout] failures:
[INFO] [stdout] 
[INFO] [stdout] ---- explicit_sdk_path_is_validated_and_preserved stdout ----
[INFO] [stdout] 
[INFO] [stdout] thread 'explicit_sdk_path_is_validated_and_preserved' (809) panicked at tests/cli.rs:185:10:
[INFO] [stdout] called `Result::unwrap()` on an `Err` value: Os { code: 2, kind: NotFound, message: "No such file or directory" }
[INFO] [stdout] stack backtrace:
[INFO] [stdout]    0:     0x56c656b1b511 - <<std[70759c8f55707aa4]::sys::backtrace::BacktraceLock>::print::DisplayBacktrace as core[df12db4294e9bfd3]::fmt::Display>::fmt
[INFO] [stdout]    1:     0x56c656b31eca - core[df12db4294e9bfd3]::fmt::write
[INFO] [stdout]    2:     0x56c656b1fc9c - <alloc[2182bb758b4b3781]::vec::Vec<u8> as core[df12db4294e9bfd3]::io::write::Write>::write_fmt
[INFO] [stdout]    3:     0x56c656af4796 - std[70759c8f55707aa4]::panicking::default_hook::{closure#0}
[INFO] [stdout]    4:     0x56c656b125a9 - std[70759c8f55707aa4]::panicking::default_hook
[INFO] [stdout]    5:     0x56c656aa1b10 - test[9d35eded1c95d3be]::test_main_inner::<test[9d35eded1c95d3be]::test_main_static::{closure#0}>::{closure#0}
[INFO] [stdout]    6:     0x56c656b12762 - std[70759c8f55707aa4]::panicking::panic_with_hook
[INFO] [stdout]    7:     0x56c656af4842 - std[70759c8f55707aa4]::panicking::panic_handler::{closure#0}
[INFO] [stdout]    8:     0x56c656aed219 - std[70759c8f55707aa4]::sys::backtrace::__rust_end_short_backtrace::<std[70759c8f55707aa4]::panicking::panic_handler::{closure#0}, !>
[INFO] [stdout]    9:     0x56c656af55ed - __rustc[8fa7c3cbc660c2b3]::rust_begin_unwind
[INFO] [stdout]   10:     0x56c656b326ec - core[df12db4294e9bfd3]::panicking::panic_fmt
[INFO] [stdout]   11:     0x56c656b324c2 - core[df12db4294e9bfd3]::result::unwrap_failed
[INFO] [stdout]   12:     0x56c656948b36 - <cli[ea025a86dbed1a95]::explicit_sdk_path_is_validated_and_preserved::{closure#0} as core[df12db4294e9bfd3]::ops::function::FnOnce<()>>::call_once
[INFO] [stdout]   13:     0x56c656a94dfb - test[9d35eded1c95d3be]::__rust_begin_short_backtrace::<core[df12db4294e9bfd3]::result::Result<(), alloc[2182bb758b4b3781]::string::String>, fn() -> core[df12db4294e9bfd3]::result::Result<(), alloc[2182bb758b4b3781]::string::String>>
[INFO] [stdout]   14:     0x56c656aa2465 - test[9d35eded1c95d3be]::run_test::{closure#0}
[INFO] [stdout]   15:     0x56c656a9bd24 - std[70759c8f55707aa4]::sys::backtrace::__rust_begin_short_backtrace::<test[9d35eded1c95d3be]::run_test::{closure#1}, ()>
[INFO] [stdout]   16:     0x56c656aa55c2 - <std[70759c8f55707aa4]::thread::lifecycle::spawn_unchecked<test[9d35eded1c95d3be]::run_test::{closure#1}, ()>::{closure#1} as core[df12db4294e9bfd3]::ops::function::FnOnce<()>>::call_once::{shim:vtable#0}
[INFO] [stdout]   17:     0x56c656b1a569 - <std[70759c8f55707aa4]::sys::thread::unix::Thread>::new::thread_start
[INFO] [stdout]   18:     0x7069ddfc2dfa - <unknown>
[INFO] [stdout]   19:     0x7069de0563d4 - clone
[INFO] [stdout]   20:                0x0 - <unknown>
[INFO] [stdout] 
[INFO] [stdout] ---- plugin_edits_preserve_comments_config_and_match_sources stdout ----
[INFO] [stdout] 
[INFO] [stdout] thread 'plugin_edits_preserve_comments_config_and_match_sources' (819) panicked at tests/cli.rs:444:5:
[INFO] [stdout] assertion failed: output.status.success()
[INFO] [stdout] stack backtrace:
[INFO] [stdout]    0:     0x56c656b1b511 - <<std[70759c8f55707aa4]::sys::backtrace::BacktraceLock>::print::DisplayBacktrace as core[df12db4294e9bfd3]::fmt::Display>::fmt
[INFO] [stdout]    1:     0x56c656b31eca - core[df12db4294e9bfd3]::fmt::write
[INFO] [stdout]    2:     0x56c656b1fc9c - <alloc[2182bb758b4b3781]::vec::Vec<u8> as core[df12db4294e9bfd3]::io::write::Write>::write_fmt
[INFO] [stdout]    3:     0x56c656af4796 - std[70759c8f55707aa4]::panicking::default_hook::{closure#0}
[INFO] [stdout]    4:     0x56c656b125a9 - std[70759c8f55707aa4]::panicking::default_hook
[INFO] [stdout]    5:     0x56c656aa1b10 - test[9d35eded1c95d3be]::test_main_inner::<test[9d35eded1c95d3be]::test_main_static::{closure#0}>::{closure#0}
[INFO] [stdout]    6:     0x56c656b12762 - std[70759c8f55707aa4]::panicking::panic_with_hook
[INFO] [stdout]    7:     0x56c656af4874 - std[70759c8f55707aa4]::panicking::panic_handler::{closure#0}
[INFO] [stdout]    8:     0x56c656aed219 - std[70759c8f55707aa4]::sys::backtrace::__rust_end_short_backtrace::<std[70759c8f55707aa4]::panicking::panic_handler::{closure#0}, !>
[INFO] [stdout]    9:     0x56c656af55ed - __rustc[8fa7c3cbc660c2b3]::rust_begin_unwind
[INFO] [stdout]   10:     0x56c656b326ec - core[df12db4294e9bfd3]::panicking::panic_fmt
[INFO] [stdout]   11:     0x56c656b326b2 - core[df12db4294e9bfd3]::panicking::panic
[INFO] [stdout]   12:     0x56c65694f2c7 - <cli[ea025a86dbed1a95]::plugin_edits_preserve_comments_config_and_match_sources::{closure#0} as core[df12db4294e9bfd3]::ops::function::FnOnce<()>>::call_once
[INFO] [stdout]   13:     0x56c656a94dfb - test[9d35eded1c95d3be]::__rust_begin_short_backtrace::<core[df12db4294e9bfd3]::result::Result<(), alloc[2182bb758b4b3781]::string::String>, fn() -> core[df12db4294e9bfd3]::result::Result<(), alloc[2182bb758b4b3781]::string::String>>
[INFO] [stdout]   14:     0x56c656aa2465 - test[9d35eded1c95d3be]::run_test::{closure#0}
[INFO] [stdout]   15:     0x56c656a9bd24 - std[70759c8f55707aa4]::sys::backtrace::__rust_begin_short_backtrace::<test[9d35eded1c95d3be]::run_test::{closure#1}, ()>
[INFO] [stdout]   16:     0x56c656aa55c2 - <std[70759c8f55707aa4]::thread::lifecycle::spawn_unchecked<test[9d35eded1c95d3be]::run_test::{closure#1}, ()>::{closure#1} as core[df12db4294e9bfd3]::ops::function::FnOnce<()>>::call_once::{shim:vtable#0}
[INFO] [stdout]   17:     0x56c656b1a569 - <std[70759c8f55707aa4]::sys::thread::unix::Thread>::new::thread_start
[INFO] [stdout]   18:     0x7069ddfc2dfa - <unknown>
[INFO] [stdout]   19:     0x7069de0563d4 - clone
[INFO] [stdout]   20:                0x0 - <unknown>
[INFO] [stdout] 
[INFO] [stdout] ---- templates_list_and_generate_every_starter_and_report_bad_arguments stdout ----
[INFO] [stdout] 
[INFO] [stdout] thread 'templates_list_and_generate_every_starter_and_report_bad_arguments' (843) panicked at tests/cli.rs:409:9:
[INFO] [stdout] {"command":"new","error":{"code":"missing_sdk","details":null,"message":"--sdk-path must point to the rayengine SDK crate"},"ok":false,"schema_version":1}
[INFO] [stdout] stack backtrace:
[INFO] [stdout]    0:     0x56c656b1b511 - <<std[70759c8f55707aa4]::sys::backtrace::BacktraceLock>::print::DisplayBacktrace as core[df12db4294e9bfd3]::fmt::Display>::fmt
[INFO] [stdout]    1:     0x56c656b31eca - core[df12db4294e9bfd3]::fmt::write
[INFO] [stdout]    2:     0x56c656b1fc9c - <alloc[2182bb758b4b3781]::vec::Vec<u8> as core[df12db4294e9bfd3]::io::write::Write>::write_fmt
[INFO] [stdout]    3:     0x56c656af4796 - std[70759c8f55707aa4]::panicking::default_hook::{closure#0}
[INFO] [stdout]    4:     0x56c656b125a9 - std[70759c8f55707aa4]::panicking::default_hook
[INFO] [stdout]    5:     0x56c656aa1b10 - test[9d35eded1c95d3be]::test_main_inner::<test[9d35eded1c95d3be]::test_main_static::{closure#0}>::{closure#0}
[INFO] [stdout]    6:     0x56c656b12762 - std[70759c8f55707aa4]::panicking::panic_with_hook
[INFO] [stdout]    7:     0x56c656af4842 - std[70759c8f55707aa4]::panicking::panic_handler::{closure#0}
[INFO] [stdout]    8:     0x56c656aed219 - std[70759c8f55707aa4]::sys::backtrace::__rust_end_short_backtrace::<std[70759c8f55707aa4]::panicking::panic_handler::{closure#0}, !>
[INFO] [stdout]    9:     0x56c656af55ed - __rustc[8fa7c3cbc660c2b3]::rust_begin_unwind
[INFO] [stdout]   10:     0x56c656b326ec - core[df12db4294e9bfd3]::panicking::panic_fmt
[INFO] [stdout]   11:     0x56c656956c1d - <cli[ea025a86dbed1a95]::templates_list_and_generate_every_starter_and_report_bad_arguments::{closure#0} as core[df12db4294e9bfd3]::ops::function::FnOnce<()>>::call_once
[INFO] [stdout]   12:     0x56c656a94dfb - test[9d35eded1c95d3be]::__rust_begin_short_backtrace::<core[df12db4294e9bfd3]::result::Result<(), alloc[2182bb758b4b3781]::string::String>, fn() -> core[df12db4294e9bfd3]::result::Result<(), alloc[2182bb758b4b3781]::string::String>>
[INFO] [stdout]   13:     0x56c656aa2465 - test[9d35eded1c95d3be]::run_test::{closure#0}
[INFO] [stdout]   14:     0x56c656a9bd24 - std[70759c8f55707aa4]::sys::backtrace::__rust_begin_short_backtrace::<test[9d35eded1c95d3be]::run_test::{closure#1}, ()>
[INFO] [stdout]   15:     0x56c656aa55c2 - <std[70759c8f55707aa4]::thread::lifecycle::spawn_unchecked<test[9d35eded1c95d3be]::run_test::{closure#1}, ()>::{closure#1} as core[df12db4294e9bfd3]::ops::function::FnOnce<()>>::call_once::{shim:vtable#0}
[INFO] [stdout]   16:     0x56c656b1a569 - <std[70759c8f55707aa4]::sys::thread::unix::Thread>::new::thread_start
[INFO] [stdout]   17:     0x7069ddfc2dfa - <unknown>
[INFO] [stdout]   18:     0x7069de0563d4 - clone
[INFO] [stdout]   19:                0x0 - <unknown>
[INFO] [stdout] 
[INFO] [stdout] ---- remove_prunes_optional_alias_references_and_preserves_named_features stdout ----
[INFO] [stdout] 
[INFO] [stdout] thread 'remove_prunes_optional_alias_references_and_preserves_named_features' (831) panicked at tests/cli.rs:787:9:
[INFO] [stdout] {"command":"remove","error":{"code":"cargo_failed","details":{"diagnostics":[],"exit_code":101,"stderr":"error: failed to load manifest for dependency `rayengine-voxel`\n\nCaused by:\n  failed to read `/opt/plugins/voxel/Cargo.toml`\n\nCaused by:\n  No such file or directory (os error 2)\n","stdout":""},"message":"cargo metadata failed"},"ok":false,"schema_version":1}
[INFO] [stdout] stack backtrace:
[INFO] [stdout]    0:     0x56c656b1b511 - <<std[70759c8f55707aa4]::sys::backtrace::BacktraceLock>::print::DisplayBacktrace as core[df12db4294e9bfd3]::fmt::Display>::fmt
[INFO] [stdout]    1:     0x56c656b31eca - core[df12db4294e9bfd3]::fmt::write
[INFO] [stdout]    2:     0x56c656b1fc9c - <alloc[2182bb758b4b3781]::vec::Vec<u8> as core[df12db4294e9bfd3]::io::write::Write>::write_fmt
[INFO] [stdout]    3:     0x56c656af4796 - std[70759c8f55707aa4]::panicking::default_hook::{closure#0}
[INFO] [stdout]    4:     0x56c656b125a9 - std[70759c8f55707aa4]::panicking::default_hook
[INFO] [stdout]    5:     0x56c656aa1b10 - test[9d35eded1c95d3be]::test_main_inner::<test[9d35eded1c95d3be]::test_main_static::{closure#0}>::{closure#0}
[INFO] [stdout]    6:     0x56c656b12762 - std[70759c8f55707aa4]::panicking::panic_with_hook
[INFO] [stdout]    7:     0x56c656af4842 - std[70759c8f55707aa4]::panicking::panic_handler::{closure#0}
[INFO] [stdout]    8:     0x56c656aed219 - std[70759c8f55707aa4]::sys::backtrace::__rust_end_short_backtrace::<std[70759c8f55707aa4]::panicking::panic_handler::{closure#0}, !>
[INFO] [stdout]    9:     0x56c656af55ed - __rustc[8fa7c3cbc660c2b3]::rust_begin_unwind
[INFO] [stdout]   10:     0x56c656b326ec - core[df12db4294e9bfd3]::panicking::panic_fmt
[INFO] [stdout]   11:     0x56c65695a703 - <cli[ea025a86dbed1a95]::remove_prunes_optional_alias_references_and_preserves_named_features::{closure#0} as core[df12db4294e9bfd3]::ops::function::FnOnce<()>>::call_once
[INFO] [stdout]   12:     0x56c656a94dfb - test[9d35eded1c95d3be]::__rust_begin_short_backtrace::<core[df12db4294e9bfd3]::result::Result<(), alloc[2182bb758b4b3781]::string::String>, fn() -> core[df12db4294e9bfd3]::result::Result<(), alloc[2182bb758b4b3781]::string::String>>
[INFO] [stdout]   13:     0x56c656aa2465 - test[9d35eded1c95d3be]::run_test::{closure#0}
[INFO] [stdout]   14:     0x56c656a9bd24 - std[70759c8f55707aa4]::sys::backtrace::__rust_begin_short_backtrace::<test[9d35eded1c95d3be]::run_test::{closure#1}, ()>
[INFO] [stdout]   15:     0x56c656aa55c2 - <std[70759c8f55707aa4]::thread::lifecycle::spawn_unchecked<test[9d35eded1c95d3be]::run_test::{closure#1}, ()>::{closure#1} as core[df12db4294e9bfd3]::ops::function::FnOnce<()>>::call_once::{shim:vtable#0}
[INFO] [stdout]   16:     0x56c656b1a569 - <std[70759c8f55707aa4]::sys::thread::unix::Thread>::new::thread_start
[INFO] [stdout]   17:     0x7069ddfc2dfa - <unknown>
[INFO] [stdout]   18:     0x7069de0563d4 - clone
[INFO] [stdout]   19:                0x0 - <unknown>
[INFO] [stdout] 
[INFO] [stdout] ---- interactive_watch_prints_compiler_diagnostics_in_the_failing_cycle stdout ----
[INFO] [stdout] 
[INFO] [stdout] thread 'interactive_watch_prints_compiler_diagnostics_in_the_failing_cycle' (811) panicked at tests/cli.rs:1311:5:
[INFO] [stdout] assertion `left == right` failed
[INFO] [stdout]   left: Some(0)
[INFO] [stdout]  right: Some(1)
[INFO] [stdout] stack backtrace:
[INFO] [stdout]    0:     0x56c656b1b511 - <<std[70759c8f55707aa4]::sys::backtrace::BacktraceLock>::print::DisplayBacktrace as core[df12db4294e9bfd3]::fmt::Display>::fmt
[INFO] [stdout]    1:     0x56c656b31eca - core[df12db4294e9bfd3]::fmt::write
[INFO] [stdout]    2:     0x56c656b1fc9c - <alloc[2182bb758b4b3781]::vec::Vec<u8> as core[df12db4294e9bfd3]::io::write::Write>::write_fmt
[INFO] [stdout]    3:     0x56c656af4796 - std[70759c8f55707aa4]::panicking::default_hook::{closure#0}
[INFO] [stdout]    4:     0x56c656b125a9 - std[70759c8f55707aa4]::panicking::default_hook
[INFO] [stdout]    5:     0x56c656aa1b10 - test[9d35eded1c95d3be]::test_main_inner::<test[9d35eded1c95d3be]::test_main_static::{closure#0}>::{closure#0}
[INFO] [stdout]    6:     0x56c656b12762 - std[70759c8f55707aa4]::panicking::panic_with_hook
[INFO] [stdout]    7:     0x56c656af4842 - std[70759c8f55707aa4]::panicking::panic_handler::{closure#0}
[INFO] [stdout]    8:     0x56c656aed219 - std[70759c8f55707aa4]::sys::backtrace::__rust_end_short_backtrace::<std[70759c8f55707aa4]::panicking::panic_handler::{closure#0}, !>
[INFO] [stdout]    9:     0x56c656af55ed - __rustc[8fa7c3cbc660c2b3]::rust_begin_unwind
[INFO] [stdout]   10:     0x56c656b326ec - core[df12db4294e9bfd3]::panicking::panic_fmt
[INFO] [stdout]   11:     0x56c656b32603 - core[df12db4294e9bfd3]::panicking::assert_failed_inner
[INFO] [stdout]   12:     0x56c656961dbc - core[df12db4294e9bfd3]::panicking::assert_failed::<core[df12db4294e9bfd3]::option::Option<i32>, core[df12db4294e9bfd3]::option::Option<i32>>
[INFO] [stdout]   13:     0x56c656955efd - <cli[ea025a86dbed1a95]::interactive_watch_prints_compiler_diagnostics_in_the_failing_cycle::{closure#0} as core[df12db4294e9bfd3]::ops::function::FnOnce<()>>::call_once
[INFO] [stdout]   14:     0x56c656a94dfb - test[9d35eded1c95d3be]::__rust_begin_short_backtrace::<core[df12db4294e9bfd3]::result::Result<(), alloc[2182bb758b4b3781]::string::String>, fn() -> core[df12db4294e9bfd3]::result::Result<(), alloc[2182bb758b4b3781]::string::String>>
[INFO] [stdout]   15:     0x56c656aa2465 - test[9d35eded1c95d3be]::run_test::{closure#0}
[INFO] [stdout]   16:     0x56c656a9bd24 - std[70759c8f55707aa4]::sys::backtrace::__rust_begin_short_backtrace::<test[9d35eded1c95d3be]::run_test::{closure#1}, ()>
[INFO] [stdout]   17:     0x56c656aa55c2 - <std[70759c8f55707aa4]::thread::lifecycle::spawn_unchecked<test[9d35eded1c95d3be]::run_test::{closure#1}, ()>::{closure#1} as core[df12db4294e9bfd3]::ops::function::FnOnce<()>>::call_once::{shim:vtable#0}
[INFO] [stdout]   18:     0x56c656b1a569 - <std[70759c8f55707aa4]::sys::thread::unix::Thread>::new::thread_start
[INFO] [stdout]   19:     0x7069ddfc2dfa - <unknown>
[INFO] [stdout]   20:     0x7069de0563d4 - clone
[INFO] [stdout]   21:                0x0 - <unknown>
[INFO] [stdout] 
[INFO] [stdout] ---- watch_excludes_old_and_new_target_directories_after_config_edits stdout ----
[INFO] [stdout] 
[INFO] [stdout] thread 'watch_excludes_old_and_new_target_directories_after_config_edits' (939) panicked at tests/cli.rs:1143:9:
[INFO] [stdout] watch did not launch
[INFO] [stdout] stack backtrace:
[INFO] [stdout]    0:     0x56c656b1b511 - <<std[70759c8f55707aa4]::sys::backtrace::BacktraceLock>::print::DisplayBacktrace as core[df12db4294e9bfd3]::fmt::Display>::fmt
[INFO] [stdout]    1:     0x56c656b31eca - core[df12db4294e9bfd3]::fmt::write
[INFO] [stdout]    2:     0x56c656b1fc9c - <alloc[2182bb758b4b3781]::vec::Vec<u8> as core[df12db4294e9bfd3]::io::write::Write>::write_fmt
[INFO] [stdout]    3:     0x56c656af4796 - std[70759c8f55707aa4]::panicking::default_hook::{closure#0}
[INFO] [stdout]    4:     0x56c656b125a9 - std[70759c8f55707aa4]::panicking::default_hook
[INFO] [stdout]    5:     0x56c656aa1b10 - test[9d35eded1c95d3be]::test_main_inner::<test[9d35eded1c95d3be]::test_main_static::{closure#0}>::{closure#0}
[INFO] [stdout]    6:     0x56c656b12762 - std[70759c8f55707aa4]::panicking::panic_with_hook
[INFO] [stdout]    7:     0x56c656af4874 - std[70759c8f55707aa4]::panicking::panic_handler::{closure#0}
[INFO] [stdout]    8:     0x56c656aed219 - std[70759c8f55707aa4]::sys::backtrace::__rust_end_short_backtrace::<std[70759c8f55707aa4]::panicking::panic_handler::{closure#0}, !>
[INFO] [stdout]    9:     0x56c656af55ed - __rustc[8fa7c3cbc660c2b3]::rust_begin_unwind
[INFO] [stdout]   10:     0x56c656b326ec - core[df12db4294e9bfd3]::panicking::panic_fmt
[INFO] [stdout]   11:     0x56c6569556a2 - <cli[ea025a86dbed1a95]::watch_excludes_old_and_new_target_directories_after_config_edits::{closure#0} as core[df12db4294e9bfd3]::ops::function::FnOnce<()>>::call_once
[INFO] [stdout]   12:     0x56c656a94dfb - test[9d35eded1c95d3be]::__rust_begin_short_backtrace::<core[df12db4294e9bfd3]::result::Result<(), alloc[2182bb758b4b3781]::string::String>, fn() -> core[df12db4294e9bfd3]::result::Result<(), alloc[2182bb758b4b3781]::string::String>>
[INFO] [stdout]   13:     0x56c656aa2465 - test[9d35eded1c95d3be]::run_test::{closure#0}
[INFO] [stdout]   14:     0x56c656a9bd24 - std[70759c8f55707aa4]::sys::backtrace::__rust_begin_short_backtrace::<test[9d35eded1c95d3be]::run_test::{closure#1}, ()>
[INFO] [stdout]   15:     0x56c656aa55c2 - <std[70759c8f55707aa4]::thread::lifecycle::spawn_unchecked<test[9d35eded1c95d3be]::run_test::{closure#1}, ()>::{closure#1} as core[df12db4294e9bfd3]::ops::function::FnOnce<()>>::call_once::{shim:vtable#0}
[INFO] [stdout]   16:     0x56c656b1a569 - <std[70759c8f55707aa4]::sys::thread::unix::Thread>::new::thread_start
[INFO] [stdout]   17:     0x7069ddfc2dfa - <unknown>
[INFO] [stdout]   18:     0x7069de0563d4 - clone
[INFO] [stdout]   19:                0x0 - <unknown>
[INFO] [stdout] 
[INFO] [stdout] ---- bundle_relocates_assets_fonts_profiles_and_clean_preserves_unrelated_files stdout ----
[INFO] [stdout] 
[INFO] [stdout] thread 'bundle_relocates_assets_fonts_profiles_and_clean_preserves_unrelated_files' (806) panicked at tests/cli.rs:648:5:
[INFO] [stdout] {"command":"clean","error":{"code":"cargo_failed","details":{"diagnostics":[],"exit_code":101,"stderr":"error: failed to remove directory `/opt/rustwide/target`\n\nCaused by:\n    Device or resource busy (os error 16)\n\nStack backtrace:\n   0: <core::io::error::Error as anyhow::context::ext::StdError>::ext_context::<alloc::string::String>\n   1: cargo_util::paths::_remove_dir\n   2: cargo_util::paths::_remove_dir_all\n   3: cargo_util::paths::remove_dir_all::<&std::path::Path>\n   4: <cargo::ops::cargo_clean::CleanContext>::rm_rf\n   5: <cargo::ops::cargo_clean::CleanContext>::remove_paths\n   6: cargo::ops::cargo_clean::clean\n   7: cargo::commands::clean::exec\n   8: <cargo::cli::Exec>::exec\n   9: cargo::main\n  10: std::sys::backtrace::__rust_begin_short_backtrace::<fn(), ()>\n  11: std::rt::lang_start::<()>::{closure#0}\n  12: <&dyn core::ops::function::Fn<(), Output = i32> + core::panic::unwind_safe::RefUnwindSafe + core::marker::Sync as core::ops::function::FnOnce<()>>::call_once\n             at /rustc/dfb0accb7f508ae8be965d8629557221c889dd98/library/core/src/ops/function.rs:287:21\n  13: std::panicking::catch_unwind::do_call::<&dyn core::ops::function::Fn<(), Output = i32> + core::panic::unwind_safe::RefUnwindSafe + core::marker::Sync, i32>\n             at /rustc/dfb0accb7f508ae8be965d8629557221c889dd98/library/std/src/panicking.rs:576:43\n  14: std::panicking::catch_unwind::<i32, &dyn core::ops::function::Fn<(), Output = i32> + core::panic::unwind_safe::RefUnwindSafe + core::marker::Sync>\n             at /rustc/dfb0accb7f508ae8be965d8629557221c889dd98/library/std/src/panicking.rs:544:19\n  15: std::panic::catch_unwind::<&dyn core::ops::function::Fn<(), Output = i32> + core::panic::unwind_safe::RefUnwindSafe + core::marker::Sync, i32>\n             at /rustc/dfb0accb7f508ae8be965d8629557221c889dd98/library/std/src/panic.rs:359:14\n  16: std::rt::lang_start_internal::{closure#0}\n             at /rustc/dfb0accb7f508ae8be965d8629557221c889dd98/library/std/src/rt.rs:175:24\n  17: std::panicking::catch_unwind::do_call::<std::rt::lang_start_internal::{closure#0}, isize>\n             at /rustc/dfb0accb7f508ae8be965d8629557221c889dd98/library/std/src/panicking.rs:576:43\n  18: std::panicking::catch_unwind::<isize, std::rt::lang_start_internal::{closure#0}>\n             at /rustc/dfb0accb7f508ae8be965d8629557221c889dd98/library/std/src/panicking.rs:544:19\n  19: std::panic::catch_unwind::<std::rt::lang_start_internal::{closure#0}, isize>\n             at /rustc/dfb0accb7f508ae8be965d8629557221c889dd98/library/std/src/panic.rs:359:14\n  20: std::rt::lang_start_internal\n             at /rustc/dfb0accb7f508ae8be965d8629557221c889dd98/library/std/src/rt.rs:171:5\n  21: main\n  22: <unknown>\n  23: __libc_start_main\n  24: <unknown>\n\nError: failed to remove directory `/opt/rustwide/target`\n\nCaused by:\n  Device or resource busy (os error 16)\n","stdout":""},"message":"cargo clean failed"},"ok":false,"schema_version":1}
[INFO] [stdout] stack backtrace:
[INFO] [stdout]    0:     0x56c656b1b511 - <<std[70759c8f55707aa4]::sys::backtrace::BacktraceLock>::print::DisplayBacktrace as core[df12db4294e9bfd3]::fmt::Display>::fmt
[INFO] [stdout]    1:     0x56c656b31eca - core[df12db4294e9bfd3]::fmt::write
[INFO] [stdout]    2:     0x56c656b1fc9c - <alloc[2182bb758b4b3781]::vec::Vec<u8> as core[df12db4294e9bfd3]::io::write::Write>::write_fmt
[INFO] [stdout]    3:     0x56c656af4796 - std[70759c8f55707aa4]::panicking::default_hook::{closure#0}
[INFO] [stdout]    4:     0x56c656b125a9 - std[70759c8f55707aa4]::panicking::default_hook
[INFO] [stdout]    5:     0x56c656aa1b10 - test[9d35eded1c95d3be]::test_main_inner::<test[9d35eded1c95d3be]::test_main_static::{closure#0}>::{closure#0}
[INFO] [stdout]    6:     0x56c656b12762 - std[70759c8f55707aa4]::panicking::panic_with_hook
[INFO] [stdout]    7:     0x56c656af4842 - std[70759c8f55707aa4]::panicking::panic_handler::{closure#0}
[INFO] [stdout]    8:     0x56c656aed219 - std[70759c8f55707aa4]::sys::backtrace::__rust_end_short_backtrace::<std[70759c8f55707aa4]::panicking::panic_handler::{closure#0}, !>
[INFO] [stdout]    9:     0x56c656af55ed - __rustc[8fa7c3cbc660c2b3]::rust_begin_unwind
[INFO] [stdout]   10:     0x56c656b326ec - core[df12db4294e9bfd3]::panicking::panic_fmt
[INFO] [stdout]   11:     0x56c656946333 - cli[ea025a86dbed1a95]::bundle_relocates_assets_fonts_profiles_and_clean_preserves_unrelated_files
[INFO] [stdout]   12:     0x56c65695c809 - <cli[ea025a86dbed1a95]::bundle_relocates_assets_fonts_profiles_and_clean_preserves_unrelated_files::{closure#0} as core[df12db4294e9bfd3]::ops::function::FnOnce<()>>::call_once
[INFO] [stdout]   13:     0x56c656a94dfb - test[9d35eded1c95d3be]::__rust_begin_short_backtrace::<core[df12db4294e9bfd3]::result::Result<(), alloc[2182bb758b4b3781]::string::String>, fn() -> core[df12db4294e9bfd3]::result::Result<(), alloc[2182bb758b4b3781]::string::String>>
[INFO] [stdout]   14:     0x56c656aa2465 - test[9d35eded1c95d3be]::run_test::{closure#0}
[INFO] [stdout]   15:     0x56c656a9bd24 - std[70759c8f55707aa4]::sys::backtrace::__rust_begin_short_backtrace::<test[9d35eded1c95d3be]::run_test::{closure#1}, ()>
[INFO] [stdout]   16:     0x56c656aa55c2 - <std[70759c8f55707aa4]::thread::lifecycle::spawn_unchecked<test[9d35eded1c95d3be]::run_test::{closure#1}, ()>::{closure#1} as core[df12db4294e9bfd3]::ops::function::FnOnce<()>>::call_once::{shim:vtable#0}
[INFO] [stdout]   17:     0x56c656b1a569 - <std[70759c8f55707aa4]::sys::thread::unix::Thread>::new::thread_start
[INFO] [stdout]   18:     0x7069ddfc2dfa - <unknown>
[INFO] [stdout]   19:     0x7069de0563d4 - clone
[INFO] [stdout]   20:                0x0 - <unknown>
[INFO] [stdout] 
[INFO] [stdout] ---- watch_debounces_restarts_and_emits_one_completion_result stdout ----
[INFO] [stdout] 
[INFO] [stdout] thread 'watch_debounces_restarts_and_emits_one_completion_result' (924) panicked at tests/cli.rs:695:9:
[INFO] [stdout] watch did not launch
[INFO] [stdout] stack backtrace:
[INFO] [stdout]    0:     0x56c656b1b511 - <<std[70759c8f55707aa4]::sys::backtrace::BacktraceLock>::print::DisplayBacktrace as core[df12db4294e9bfd3]::fmt::Display>::fmt
[INFO] [stdout]    1:     0x56c656b31eca - core[df12db4294e9bfd3]::fmt::write
[INFO] [stdout]    2:     0x56c656b1fc9c - <alloc[2182bb758b4b3781]::vec::Vec<u8> as core[df12db4294e9bfd3]::io::write::Write>::write_fmt
[INFO] [stdout]    3:     0x56c656af4796 - std[70759c8f55707aa4]::panicking::default_hook::{closure#0}
[INFO] [stdout]    4:     0x56c656b125a9 - std[70759c8f55707aa4]::panicking::default_hook
[INFO] [stdout]    5:     0x56c656aa1b10 - test[9d35eded1c95d3be]::test_main_inner::<test[9d35eded1c95d3be]::test_main_static::{closure#0}>::{closure#0}
[INFO] [stdout]    6:     0x56c656b12762 - std[70759c8f55707aa4]::panicking::panic_with_hook
[INFO] [stdout]    7:     0x56c656af4874 - std[70759c8f55707aa4]::panicking::panic_handler::{closure#0}
[INFO] [stdout]    8:     0x56c656aed219 - std[70759c8f55707aa4]::sys::backtrace::__rust_end_short_backtrace::<std[70759c8f55707aa4]::panicking::panic_handler::{closure#0}, !>
[INFO] [stdout]    9:     0x56c656af55ed - __rustc[8fa7c3cbc660c2b3]::rust_begin_unwind
[INFO] [stdout]   10:     0x56c656b326ec - core[df12db4294e9bfd3]::panicking::panic_fmt
[INFO] [stdout]   11:     0x56c656950434 - <cli[ea025a86dbed1a95]::watch_debounces_restarts_and_emits_one_completion_result::{closure#0} as core[df12db4294e9bfd3]::ops::function::FnOnce<()>>::call_once
[INFO] [stdout]   12:     0x56c656a94dfb - test[9d35eded1c95d3be]::__rust_begin_short_backtrace::<core[df12db4294e9bfd3]::result::Result<(), alloc[2182bb758b4b3781]::string::String>, fn() -> core[df12db4294e9bfd3]::result::Result<(), alloc[2182bb758b4b3781]::string::String>>
[INFO] [stdout]   13:     0x56c656aa2465 - test[9d35eded1c95d3be]::run_test::{closure#0}
[INFO] [stdout]   14:     0x56c656a9bd24 - std[70759c8f55707aa4]::sys::backtrace::__rust_begin_short_backtrace::<test[9d35eded1c95d3be]::run_test::{closure#1}, ()>
[INFO] [stdout]   15:     0x56c656aa55c2 - <std[70759c8f55707aa4]::thread::lifecycle::spawn_unchecked<test[9d35eded1c95d3be]::run_test::{closure#1}, ()>::{closure#1} as core[df12db4294e9bfd3]::ops::function::FnOnce<()>>::call_once::{shim:vtable#0}
[INFO] [stdout]   16:     0x56c656b1a569 - <std[70759c8f55707aa4]::sys::thread::unix::Thread>::new::thread_start
[INFO] [stdout]   17:     0x7069ddfc2dfa - <unknown>
[INFO] [stdout]   18:     0x7069de0563d4 - clone
[INFO] [stdout]   19:                0x0 - <unknown>
[INFO] [stdout] 
[INFO] [stdout] 
[INFO] [stdout] failures:
[INFO] [stdout]     bundle_relocates_assets_fonts_profiles_and_clean_preserves_unrelated_files
[INFO] [stdout]     explicit_sdk_path_is_validated_and_preserved
[INFO] [stdout]     interactive_watch_prints_compiler_diagnostics_in_the_failing_cycle
[INFO] [stdout]     plugin_edits_preserve_comments_config_and_match_sources
[INFO] [stdout]     remove_prunes_optional_alias_references_and_preserves_named_features
[INFO] [stdout]     templates_list_and_generate_every_starter_and_report_bad_arguments
[INFO] [stdout]     watch_debounces_restarts_and_emits_one_completion_result
[INFO] [stdout]     watch_excludes_old_and_new_target_directories_after_config_edits
[INFO] [stdout] 
[INFO] [stdout] test result: FAILED. 15 passed; 8 failed; 0 ignored; 0 measured; 0 filtered out; finished in 15.06s
[INFO] [stdout] 
[INFO] [stderr] error: test failed, to rerun pass `--test cli`
[INFO] running `Command { std: "docker" "inspect" "7fa4ad4f74c2273ff93e5f53a9ff515309371f205af6fcff3d0a9863c46b05bc", kill_on_drop: false }`
[INFO] running `Command { std: "docker" "rm" "-f" "7fa4ad4f74c2273ff93e5f53a9ff515309371f205af6fcff3d0a9863c46b05bc", kill_on_drop: false }`
[INFO] [stdout] 7fa4ad4f74c2273ff93e5f53a9ff515309371f205af6fcff3d0a9863c46b05bc
