[INFO] fetching crate ray_tracing_utility 0.1.1...
[INFO] testing ray_tracing_utility-0.1.1 against 1.100.0-beta.1+cargoflags=--release for beta-release-1.100-2
[INFO] extracting crate ray_tracing_utility 0.1.1 into /workspace/builds/worker-0-tc2/source
[INFO] started tweaking crates.io crate ray_tracing_utility 0.1.1
[INFO] finished tweaking crates.io crate ray_tracing_utility 0.1.1
[INFO] tweaked toml for crates.io crate ray_tracing_utility 0.1.1 written to /workspace/builds/worker-0-tc2/source/Cargo.toml
[INFO] validating manifest of crates.io crate ray_tracing_utility 0.1.1 on toolchain 1.100.0-beta.1
[INFO] running `Command { std: CARGO_HOME="/workspace/cargo-home" RUSTUP_HOME="/workspace/rustup-home" "/workspace/cargo-home/bin/cargo" "+1.100.0-beta.1" "metadata" "--manifest-path" "Cargo.toml" "--no-deps", kill_on_drop: false }`
[INFO] running `Command { std: CARGO_HOME="/workspace/cargo-home" RUSTUP_HOME="/workspace/rustup-home" "/workspace/cargo-home/bin/cargo" "+1.100.0-beta.1" "generate-lockfile" "--manifest-path" "Cargo.toml", kill_on_drop: false }`
[INFO] [stderr]     Updating crates.io index
[INFO] [stderr]      Locking 80 packages to highest compatible versions
[INFO] [stderr]       Adding image v0.23.14 (available: v0.25.10)
[INFO] running `Command { std: CARGO_HOME="/workspace/cargo-home" RUSTUP_HOME="/workspace/rustup-home" "/workspace/cargo-home/bin/cargo" "+1.100.0-beta.1" "fetch" "--manifest-path" "Cargo.toml", kill_on_drop: false }`
[INFO] running `Command { std: "docker" "create" "-v" "/var/lib/crater-agent-workspace/builds/worker-0-tc2/source:/opt/rustwide/workdir:ro,Z" "-v" "/var/lib/crater-agent-workspace/builds/worker-0-tc2/target:/opt/rustwide/target:rw,Z" "-v" "/var/lib/crater-agent-workspace/cargo-home:/opt/rustwide/cargo-home:ro,Z" "-v" "/var/lib/crater-agent-workspace/rustup-home:/opt/rustwide/rustup-home:ro,Z" "-m" "1610612736" "--network" "none" "ghcr.io/rust-lang/crates-build-env/linux@sha256:77db811e55d90add9212f6832c23229e3de5f1c1f9905e8cb07319ea15df73ac" "sleep" "infinity", kill_on_drop: false }`
[INFO] [stdout] 8e970ec41d6c377e07253ee131a9065667b240b5b3e84bcc644524c963b0d152
[INFO] running `Command { std: "docker" "start" "8e970ec41d6c377e07253ee131a9065667b240b5b3e84bcc644524c963b0d152", kill_on_drop: false }`
[INFO] running `Command { std: "docker" "inspect" "8e970ec41d6c377e07253ee131a9065667b240b5b3e84bcc644524c963b0d152", kill_on_drop: false }`
[INFO] running `Command { std: "docker" "exec" "-e" "SOURCE_DIR=/opt/rustwide/workdir" "-e" "CARGO_HOME=/opt/rustwide/cargo-home" "-e" "RUSTUP_HOME=/opt/rustwide/rustup-home" "-e" "CARGO_TARGET_DIR=/opt/rustwide/target" "-w" "/opt/rustwide/workdir" "--user" "0:0" "8e970ec41d6c377e07253ee131a9065667b240b5b3e84bcc644524c963b0d152" "/opt/rustwide/cargo-home/bin/cargo" "+1.100.0-beta.1" "metadata" "--no-deps" "--format-version=1", kill_on_drop: false }`
[INFO] running `Command { std: "docker" "inspect" "8e970ec41d6c377e07253ee131a9065667b240b5b3e84bcc644524c963b0d152", kill_on_drop: false }`
[INFO] running `Command { std: "docker" "exec" "-e" "SOURCE_DIR=/opt/rustwide/workdir" "-e" "CARGO_HOME=/opt/rustwide/cargo-home" "-e" "RUSTUP_HOME=/opt/rustwide/rustup-home" "-e" "CARGO_TARGET_DIR=/opt/rustwide/target" "-e" "CARGO_INCREMENTAL=0" "-e" "RUST_BACKTRACE=full" "-e" "RUSTFLAGS=--cap-lints=warn" "-e" "RUSTDOCFLAGS=--cap-lints=warn" "-w" "/opt/rustwide/workdir" "--user" "0:0" "8e970ec41d6c377e07253ee131a9065667b240b5b3e84bcc644524c963b0d152" "/opt/rustwide/cargo-home/bin/cargo" "+1.100.0-beta.1" "build" "--frozen" "--message-format=json" "--release", kill_on_drop: false }`
[INFO] [stderr]    Compiling winapi-build v0.1.1
[INFO] [stderr]    Compiling winapi v0.2.8
[INFO] [stderr]    Compiling num-bigint v0.1.45
[INFO] [stderr]    Compiling rustc-serialize v0.3.25
[INFO] [stderr]    Compiling num-rational v0.1.43
[INFO] [stderr]    Compiling num-complex v0.1.44
[INFO] [stderr]    Compiling regex-syntax v0.3.9
[INFO] [stderr]    Compiling log v0.4.34
[INFO] [stderr]    Compiling utf8-ranges v0.1.3
[INFO] [stderr]    Compiling zerocopy v0.8.63
[INFO] [stderr]    Compiling miniz_oxide v0.4.4
[INFO] [stderr]    Compiling num-integer v0.1.47
[INFO] [stderr]    Compiling memchr v0.1.11
[INFO] [stderr]    Compiling getrandom v0.2.17
[INFO] [stderr]    Compiling num-rational v0.3.2
[INFO] [stderr]    Compiling deflate v0.8.6
[INFO] [stderr]    Compiling syn v3.0.9
[INFO] [stderr]    Compiling aho-corasick v0.5.3
[INFO] [stderr]    Compiling kernel32-sys v0.2.2
[INFO] [stderr]    Compiling rand_core v0.6.4
[INFO] [stderr]    Compiling jpeg-decoder v0.1.22
[INFO] [stderr]    Compiling miniz_oxide v0.3.7
[INFO] [stderr]    Compiling gif v0.11.4
[INFO] [stderr]    Compiling thread-id v2.0.0
[INFO] [stderr]    Compiling scoped_threadpool v0.1.9
[INFO] [stderr]    Compiling thread_local v0.2.7
[INFO] [stderr]    Compiling log v0.3.9
[INFO] [stderr]    Compiling num-iter v0.1.46
[INFO] [stderr]    Compiling tiff v0.6.1
[INFO] [stderr]    Compiling png v0.16.8
[INFO] [stderr]    Compiling regex v0.1.80
[INFO] [stderr]    Compiling image v0.23.14
[INFO] [stderr]    Compiling serde_derive v1.0.229
[INFO] [stderr]    Compiling env_logger v0.3.5
[INFO] [stderr]    Compiling quickcheck v0.2.27
[INFO] [stderr]    Compiling num v0.1.43
[INFO] [stderr]    Compiling glm v0.2.3
[INFO] [stderr]    Compiling serde v1.0.229
[INFO] [stderr]    Compiling ppv-lite86 v0.2.21
[INFO] [stderr]    Compiling rand_chacha v0.3.1
[INFO] [stderr]    Compiling rand v0.8.8
[INFO] [stderr]    Compiling ray_tracing_core v0.1.1
[INFO] [stderr]    Compiling ray_tracing_utility v0.1.1 (/opt/rustwide/workdir)
[INFO] [stderr]     Finished `release` profile [optimized] target(s) in 56.63s
[INFO] [stderr] warning: the following packages contain code that will be rejected by a future version of Rust: quickcheck v0.2.27
[INFO] [stderr] note: to see what the problems were, use the option `--future-incompat-report`, or run `cargo report future-incompatibilities --id 8`
[INFO] running `Command { std: "docker" "inspect" "8e970ec41d6c377e07253ee131a9065667b240b5b3e84bcc644524c963b0d152", kill_on_drop: false }`
[INFO] running `Command { std: "docker" "exec" "-e" "SOURCE_DIR=/opt/rustwide/workdir" "-e" "CARGO_HOME=/opt/rustwide/cargo-home" "-e" "RUSTUP_HOME=/opt/rustwide/rustup-home" "-e" "CARGO_TARGET_DIR=/opt/rustwide/target" "-e" "CARGO_INCREMENTAL=0" "-e" "RUST_BACKTRACE=full" "-e" "RUSTFLAGS=--cap-lints=warn" "-e" "RUSTDOCFLAGS=--cap-lints=warn" "-w" "/opt/rustwide/workdir" "--user" "0:0" "8e970ec41d6c377e07253ee131a9065667b240b5b3e84bcc644524c963b0d152" "/opt/rustwide/cargo-home/bin/cargo" "+1.100.0-beta.1" "test" "--frozen" "--no-run" "--message-format=json" "--release", kill_on_drop: false }`
[INFO] [stderr]    Compiling ray_tracing_utility v0.1.1 (/opt/rustwide/workdir)
[INFO] [stderr]     Finished `release` profile [optimized] target(s) in 13.93s
[INFO] [stderr] warning: the following packages contain code that will be rejected by a future version of Rust: quickcheck v0.2.27
[INFO] [stderr] note: to see what the problems were, use the option `--future-incompat-report`, or run `cargo report future-incompatibilities --id 8`
[INFO] running `Command { std: "docker" "inspect" "8e970ec41d6c377e07253ee131a9065667b240b5b3e84bcc644524c963b0d152", kill_on_drop: false }`
[INFO] running `Command { std: "docker" "exec" "-e" "SOURCE_DIR=/opt/rustwide/workdir" "-e" "CARGO_HOME=/opt/rustwide/cargo-home" "-e" "RUSTUP_HOME=/opt/rustwide/rustup-home" "-e" "CARGO_TARGET_DIR=/opt/rustwide/target" "-e" "CARGO_INCREMENTAL=0" "-e" "RUST_BACKTRACE=full" "-e" "RUSTFLAGS=--cap-lints=warn" "-e" "RUSTDOCFLAGS=--cap-lints=warn" "-w" "/opt/rustwide/workdir" "--user" "0:0" "8e970ec41d6c377e07253ee131a9065667b240b5b3e84bcc644524c963b0d152" "/opt/rustwide/cargo-home/bin/cargo" "+1.100.0-beta.1" "test" "--frozen" "--release", kill_on_drop: false }`
[INFO] [stderr]     Finished `release` profile [optimized] target(s) in 0.12s
[INFO] [stderr] warning: the following packages contain code that will be rejected by a future version of Rust: quickcheck v0.2.27
[INFO] [stderr] note: to see what the problems were, use the option `--future-incompat-report`, or run `cargo report future-incompatibilities --id 8`
[INFO] [stderr]      Running unittests src/lib.rs (/opt/rustwide/target/release/build/ray_tracing_utility/10b2f1790314d612/out/ray_tracing_utility-10b2f1790314d612)
[INFO] [stdout] 
[INFO] [stdout] running 89 tests
[INFO] [stdout] test serialization::core::camera::camera_test::camera_to_camera ... ok
[INFO] [stdout] test serialization::geometry::instancing::flip_normals::flip_normal_test::flip_normal_test_to_flip_normal ... ok
[INFO] [stdout] test serialization::environment::sky::sky_test::sky_to_environment ... ok
[INFO] [stdout] test serialization::geometry::instancing::flip_normals::flip_normal_test::flip_normal_test_from_flip_normal ... ok
[INFO] [stdout] test serialization::geometry::instancing::rotate_z::rotate_z_test::rotate_z_test_from_rotate_z ... ok
[INFO] [stdout] test serialization::geometry::collection::collection_test::collection_test_form_list ... ok
[INFO] [stdout] test serialization::core::configuration::configuration_test::configuration_to_configuration ... ok
[INFO] [stdout] test serialization::core::configuration::configuration_test::configuration_form_configuration ... ok
[INFO] [stdout] test serialization::geometry::instancing::translate::translate_test::translate_test_to_translate ... ok
[INFO] [stdout] test iterator::iterator_exp2::iterator_exp2_test::next_test ... ok
[INFO] [stdout] test serialization::geometry::serialize_geometry_test::serialize_test_shared_objects ... ok
[INFO] [stdout] test serialization::geometry::instancing::rotate_z::rotate_z_test::rotate_z_test_to_rotate_z ... ok
[INFO] [stdout] test serialization::core::scene::serialize_scene_test::serialize_scene_from_scene ... ok
[INFO] [stdout] test serialization::geometry::shape::cuboid::cuboid_test::cuboid_test_to_cuboid ... ok
[INFO] [stdout] test serialization::geometry::instancing::rotate_y::rotate_y_test::rotate_y_test_to_rotate_y ... ok
[INFO] [stdout] test serialization::geometry::instancing::rotate_x::rotate_x_test::rotate_x_test_from_rotate_x ... ok
[INFO] [stdout] test serialization::geometry::serialize_geometry_test::serialize_test_shared_objects_in_list ... ok
[INFO] [stdout] test serialization::geometry::shape::movable_sphere::movable_sphere_test::movable_sphere_test_from_sphere ... ok
[INFO] [stdout] test serialization::environment::sky::sky_test::sky_form_environment ... ok
[INFO] [stdout] test serialization::geometry::shape::movable_sphere::movable_sphere_test::movable_sphere_test_to_sphere ... ok
[INFO] [stdout] test serialization::geometry::shape::sphere::sphere_test::sphere_test_from_sphere ... ok
[INFO] [stdout] test serialization::core::scene::serialize_scene_test::serialize_scene_to_scene ... ok
[INFO] [stdout] test serialization::geometry::shape::sphere::sphere_test::sphere_test_to_sphere ... ok
[INFO] [stdout] test serialization::environment::serialize_environment_test::visit_constant_texture_test ... ok
[INFO] [stdout] test serialization::geometry::shape::xz_rect::xz_rect_test::xz_rect_test_to_xz_rect ... ok
[INFO] [stdout] test serialization::geometry::instancing::rotate_x::rotate_x_test::rotate_x_test_to_rotate_x ... ok
[INFO] [stdout] test serialization::geometry::shape::xy_rect::xy_rect_test::xy_rect_test_to_xy_rect ... ok
[INFO] [stdout] test serialization::geometry::shape::yz_rect::yz_rect_test::yz_rect_test_from_yz_rect ... ok
[INFO] [stdout] test serialization::geometry::shape::yz_rect::yz_rect_test::yz_rect_test_to_yz_rect ... ok
[INFO] [stdout] test serialization::core::camera::camera_test::camera_form_camera ... ok
[INFO] [stdout] test serialization::geometry::instancing::translate::translate_test::translate_test_from_translate ... ok
[INFO] [stdout] test serialization::geometry::volume::constant_medium::constant_medium_test::constant_medium_test_from_constant_medium ... ok
[INFO] [stdout] test serialization::geometry::shape::cuboid::cuboid_test::cuboid_test_from_cuboid ... ok
[INFO] [stdout] test serialization::geometry::volume::constant_medium::constant_medium_test::constant_medium_test_to_constant_medium ... ok
[INFO] [stdout] test serialization::json::serialization_map::deserialize_test ... ok
[INFO] [stdout] test serialization::json::serialization_map::serialize_test ... ok
[INFO] [stdout] test serialization::material::dielectric::dielectric_test::dielectric_test_to_material ... ok
[INFO] [stdout] test serialization::material::isotropic::isotropic_test::isotropic_test_to_material ... ok
[INFO] [stdout] test serialization::material::material_blend::metal_test::metal_test_form_material ... ok
[INFO] [stdout] test serialization::geometry::shape::xy_rect::xy_rect_test::xy_rect_test_from_xy_rect ... ok
[INFO] [stdout] test serialization::material::material_blend::metal_test::metal_test_to_material ... ok
[INFO] [stdout] test serialization::material::metal::metal_test::metal_test_form_material ... ok
[INFO] [stdout] test serialization::material::no_material::no_material_test::no_material_test_to_material ... ok
[INFO] [stdout] test serialization::material::serialize_material_test::visit_dielectric_test ... ok
[INFO] [stdout] test serialization::material::serialize_material_test::visit_diffuse_light_test ... ok
[INFO] [stdout] test serialization::material::serialize_material_test::visit_lambertian_test ... ok
[INFO] [stdout] test serialization::material::serialize_material_test::visit_material_blend_test ... ok
[INFO] [stdout] test serialization::material::serialize_material_test::visit_metal_test ... ok
[INFO] [stdout] test serialization::material::serialize_material_test::visit_no_material_test ... ok
[INFO] [stdout] test serialization::material::lambertian::lambertian_test::lambertian_test_form_material ... ok
[INFO] [stdout] test serialization::geometry::serialize_geometry_test::serialize_test_unique_objects ... ok
[INFO] [stdout] test serialization::material::metal::metal_test::metal_test_to_material ... ok
[INFO] [stdout] test serialization::material::no_material::no_material_test::no_material_test_form_material ... ok
[INFO] [stdout] test serialization::material::serialize_material_test::visit_isotropic_test ... ok
[INFO] [stdout] test serialization::serialization_test::scalar_random_vector3_to_vector3_test ... ok
[INFO] [stdout] test serialization::serialization_test::scalar_value_to_value_test ... ok
[INFO] [stdout] test serialization::serialization_test::scalar_from_value_test ... ok
[INFO] [stdout] test serialization::geometry::shape::xz_rect::xz_rect_test::xz_rect_test_from_xz_rect ... ok
[INFO] [stdout] test serialization::serialization_test::vector_of_scalars_from_vector3 ... ok
[INFO] [stdout] test serialization::serialization_test::vector_of_scalars_to_color_rgba ... ok
[INFO] [stdout] test serialization::material::diffuse_light::diffuse_light_test::diffuse_light_test_to_material ... ok
[INFO] [stdout] test serialization::serialization_test::vector_of_scalars_to_point3 ... ok
[INFO] [stdout] test serialization::serialization_test::vector_of_scalars_to_vector3 ... ok
[INFO] [stdout] test serialization::material::diffuse_light::diffuse_light_test::lambertian_test_form_material ... ok
[INFO] [stdout] test serialization::texture::blend_texture::texture_test::texture_test_to_texture ... ok
[INFO] [stdout] test serialization::texture::checker_texture::texture_test::texture_test_to_texture ... ok
[INFO] [stdout] test serialization::material::isotropic::isotropic_test::isotropic_test_form_material ... ok
[INFO] [stdout] test serialization::texture::blend_texture::texture_test::texture_test_form_texture ... ok
[INFO] [stdout] test serialization::texture::color_filter::filter_test::color_filter_test_form_texture ... ok
[INFO] [stdout] test serialization::texture::serialize_texture_test::visit_blend_texture_test ... ok
[INFO] [stdout] test serialization::texture::serialize_texture_test::visit_checker_texture_test ... ok
[INFO] [stdout] test serialization::serialization_test::vector_of_scalars_from_color_rgb ... ok
[INFO] [stdout] test serialization::serialization_test::vector_of_scalars_from_color_rgba ... ok
[INFO] [stdout] test serialization::texture::serialize_texture_test::visit_color_filter_test ... ok
[INFO] [stdout] test serialization::serialization_test::vector_of_scalars_from_point3 ... ok
[INFO] [stdout] test serialization::texture::serialize_texture_test::visit_constant_texture_test ... ok
[INFO] [stdout] test serialization::texture::serialize_texture_test::visit_noise_texture_test ... ok
[INFO] [stdout] test serialization::texture::bitmap_file::bitmap_file_test::bitmap_file_to_texture ... FAILED
[INFO] [stdout] test serialization::material::lambertian::lambertian_test::lambertian_test_to_material ... ok
[INFO] [stdout] test serialization::texture::color_filter::filter_test::color_filter_test_to_texture ... ok
[INFO] [stdout] test serialization::texture::noise_texture::noise_texture_test::noise_texture_form_texture ... ok
[INFO] [stdout] test serialization::texture::constant_texture::constant_texture_test::constant_texture_form_texture ... ok
[INFO] [stdout] test serialization::texture::constant_texture::constant_texture_test::constant_texture_to_texture ... ok
[INFO] [stdout] test serialization::texture::noise_texture::noise_texture_test::noise_texture_to_texture ... ok
[INFO] [stdout] test serialization::serialization_test::scalar_random_range_to_value_test ... ok
[INFO] [stdout] test serialization::texture::checker_texture::texture_test::texture_test_form_texture ... ok
[INFO] [stdout] test serialization::serialization_test::vector_of_scalars_to_color_rgb ... ok
[INFO] [stdout] test serialization::material::dielectric::dielectric_test::dielectric_test_form_material ... ok
[INFO] [stdout] test serialization::geometry::instancing::rotate_y::rotate_y_test::rotate_y_test_from_rotate_y ... ok
[INFO] [stdout] 
[INFO] [stdout] failures:
[INFO] [stdout] 
[INFO] [stdout] ---- serialization::texture::bitmap_file::bitmap_file_test::bitmap_file_to_texture stdout ----
[INFO] [stdout] error reading file: ../resource/texture/physical-free-world-map-b1.jpg
[INFO] [stdout] 
[INFO] [stdout] thread 'serialization::texture::bitmap_file::bitmap_file_test::bitmap_file_to_texture' (1097) panicked at src/serialization/texture/bitmap_file.rs:70:23:
[INFO] [stdout] read file error No such file or directory (os error 2)
[INFO] [stdout] stack backtrace:
[INFO] [stdout]    0:     0x562711f25bd1 - <<std[617be2ca0a6fd877]::sys::backtrace::BacktraceLock>::print::DisplayBacktrace as core[a373ad73a504971]::fmt::Display>::fmt
[INFO] [stdout]    1:     0x562711f3c5ba - core[a373ad73a504971]::fmt::write
[INFO] [stdout]    2:     0x562711f29f6c - <alloc[2e1b2a31b91974c5]::vec::Vec<u8> as core[a373ad73a504971]::io::write::Write>::write_fmt
[INFO] [stdout]    3:     0x562711f01b36 - std[617be2ca0a6fd877]::panicking::default_hook::{closure#0}
[INFO] [stdout]    4:     0x562711f1e0e9 - std[617be2ca0a6fd877]::panicking::default_hook
[INFO] [stdout]    5:     0x562711e4a240 - test[aada8e7e76ba119b]::test_main_inner::{closure#0}
[INFO] [stdout]    6:     0x562711f1e412 - std[617be2ca0a6fd877]::panicking::panic_with_hook
[INFO] [stdout]    7:     0x562711f01be2 - std[617be2ca0a6fd877]::panicking::panic_handler::{closure#0}
[INFO] [stdout]    8:     0x562711efa8c9 - std[617be2ca0a6fd877]::sys::backtrace::__rust_end_short_backtrace::<std[617be2ca0a6fd877]::panicking::panic_handler::{closure#0}, !>
[INFO] [stdout]    9:     0x562711f027ed - __rustc[ea4f61d10b84890b]::rust_begin_unwind
[INFO] [stdout]   10:     0x562711f3cd1c - core[a373ad73a504971]::panicking::panic_fmt
[INFO] [stdout]   11:     0x562711e37cd7 - <ray_tracing_utility[e3a300e3ee2b0e65]::serialization::texture::bitmap_file::bitmap_file_test::bitmap_file_to_texture::{closure#0} as core[a373ad73a504971]::ops::function::FnOnce<()>>::call_once
[INFO] [stdout]   12:     0x562711e3d68b - test[aada8e7e76ba119b]::__rust_begin_short_backtrace::<core[a373ad73a504971]::result::Result<(), alloc[2e1b2a31b91974c5]::string::String>, fn() -> core[a373ad73a504971]::result::Result<(), alloc[2e1b2a31b91974c5]::string::String>>
[INFO] [stdout]   13:     0x562711e4a865 - test[aada8e7e76ba119b]::run_test::{closure#0}
[INFO] [stdout]   14:     0x562711e44154 - std[617be2ca0a6fd877]::sys::backtrace::__rust_begin_short_backtrace::<test[aada8e7e76ba119b]::run_test::{closure#1}, ()>
[INFO] [stdout]   15:     0x562711e4d8f2 - <std[617be2ca0a6fd877]::thread::lifecycle::spawn_unchecked<test[aada8e7e76ba119b]::run_test::{closure#1}, ()>::{closure#1} as core[a373ad73a504971]::ops::function::FnOnce<()>>::call_once::{shim:vtable#0}
[INFO] [stdout]   16:     0x562711f2541f - <std[617be2ca0a6fd877]::sys::thread::unix::Thread>::new::thread_start
[INFO] [stdout]   17:     0x7b581c8f9dfa - <unknown>
[INFO] [stdout]   18:     0x7b581c98d3d4 - clone
[INFO] [stdout]   19:                0x0 - <unknown>
[INFO] [stdout] 
[INFO] [stdout] 
[INFO] [stdout] failures:
[INFO] [stdout]     serialization::texture::bitmap_file::bitmap_file_test::bitmap_file_to_texture
[INFO] [stdout] 
[INFO] [stdout] test result: FAILED. 88 passed; 1 failed; 0 ignored; 0 measured; 0 filtered out; finished in 0.03s
[INFO] [stdout] 
[INFO] [stderr] error: test failed, to rerun pass `--lib`
[INFO] running `Command { std: "docker" "inspect" "8e970ec41d6c377e07253ee131a9065667b240b5b3e84bcc644524c963b0d152", kill_on_drop: false }`
[INFO] running `Command { std: "docker" "rm" "-f" "8e970ec41d6c377e07253ee131a9065667b240b5b3e84bcc644524c963b0d152", kill_on_drop: false }`
[INFO] [stdout] 8e970ec41d6c377e07253ee131a9065667b240b5b3e84bcc644524c963b0d152
