[INFO] fetching crate ray-debug 0.0.4...
[INFO] testing ray-debug-0.0.4 against 1.100.0-beta.1+cargoflags=--release for beta-release-1.100-2
[INFO] extracting crate ray-debug 0.0.4 into /workspace/builds/worker-1-tc2/source
[INFO] started tweaking crates.io crate ray-debug 0.0.4
[INFO] finished tweaking crates.io crate ray-debug 0.0.4
[INFO] tweaked toml for crates.io crate ray-debug 0.0.4 written to /workspace/builds/worker-1-tc2/source/Cargo.toml
[INFO] validating manifest of crates.io crate ray-debug 0.0.4 on toolchain 1.100.0-beta.1
[INFO] running `Command { std: CARGO_HOME="/workspace/cargo-home" RUSTUP_HOME="/workspace/rustup-home" "/workspace/cargo-home/bin/cargo" "+1.100.0-beta.1" "metadata" "--manifest-path" "Cargo.toml" "--no-deps", kill_on_drop: false }`
[INFO] running `Command { std: CARGO_HOME="/workspace/cargo-home" RUSTUP_HOME="/workspace/rustup-home" "/workspace/cargo-home/bin/cargo" "+1.100.0-beta.1" "generate-lockfile" "--manifest-path" "Cargo.toml", kill_on_drop: false }`
[INFO] [stderr]     Updating crates.io index
[INFO] [stderr]      Locking 168 packages to highest compatible versions
[INFO] [stderr]       Adding gethostname v0.4.3 (available: v1.1.0)
[INFO] [stderr]       Adding maud v0.24.0 (available: v0.27.0)
[INFO] [stderr]       Adding reqwest v0.11.27 (available: v0.13.5)
[INFO] running `Command { std: CARGO_HOME="/workspace/cargo-home" RUSTUP_HOME="/workspace/rustup-home" "/workspace/cargo-home/bin/cargo" "+1.100.0-beta.1" "fetch" "--manifest-path" "Cargo.toml", kill_on_drop: false }`
[INFO] running `Command { std: "docker" "create" "-v" "/var/lib/crater-agent-workspace/builds/worker-1-tc2/source:/opt/rustwide/workdir:ro,Z" "-v" "/var/lib/crater-agent-workspace/builds/worker-1-tc2/target:/opt/rustwide/target:rw,Z" "-v" "/var/lib/crater-agent-workspace/cargo-home:/opt/rustwide/cargo-home:ro,Z" "-v" "/var/lib/crater-agent-workspace/rustup-home:/opt/rustwide/rustup-home:ro,Z" "-m" "1610612736" "--network" "none" "ghcr.io/rust-lang/crates-build-env/linux@sha256:77db811e55d90add9212f6832c23229e3de5f1c1f9905e8cb07319ea15df73ac" "sleep" "infinity", kill_on_drop: false }`
[INFO] [stdout] 00ad0e9e4d5df4b76824b11cda29006eb0a7d5eade612eab68cb20424d6ef153
[INFO] running `Command { std: "docker" "start" "00ad0e9e4d5df4b76824b11cda29006eb0a7d5eade612eab68cb20424d6ef153", kill_on_drop: false }`
[INFO] running `Command { std: "docker" "inspect" "00ad0e9e4d5df4b76824b11cda29006eb0a7d5eade612eab68cb20424d6ef153", kill_on_drop: false }`
[INFO] running `Command { std: "docker" "exec" "-e" "SOURCE_DIR=/opt/rustwide/workdir" "-e" "CARGO_HOME=/opt/rustwide/cargo-home" "-e" "RUSTUP_HOME=/opt/rustwide/rustup-home" "-e" "CARGO_TARGET_DIR=/opt/rustwide/target" "-w" "/opt/rustwide/workdir" "--user" "0:0" "00ad0e9e4d5df4b76824b11cda29006eb0a7d5eade612eab68cb20424d6ef153" "/opt/rustwide/cargo-home/bin/cargo" "+1.100.0-beta.1" "metadata" "--no-deps" "--format-version=1", kill_on_drop: false }`
[INFO] running `Command { std: "docker" "inspect" "00ad0e9e4d5df4b76824b11cda29006eb0a7d5eade612eab68cb20424d6ef153", kill_on_drop: false }`
[INFO] running `Command { std: "docker" "exec" "-e" "SOURCE_DIR=/opt/rustwide/workdir" "-e" "CARGO_HOME=/opt/rustwide/cargo-home" "-e" "RUSTUP_HOME=/opt/rustwide/rustup-home" "-e" "CARGO_TARGET_DIR=/opt/rustwide/target" "-e" "CARGO_INCREMENTAL=0" "-e" "RUST_BACKTRACE=full" "-e" "RUSTFLAGS=--cap-lints=warn" "-e" "RUSTDOCFLAGS=--cap-lints=warn" "-w" "/opt/rustwide/workdir" "--user" "0:0" "00ad0e9e4d5df4b76824b11cda29006eb0a7d5eade612eab68cb20424d6ef153" "/opt/rustwide/cargo-home/bin/cargo" "+1.100.0-beta.1" "build" "--frozen" "--message-format=json" "--release", kill_on_drop: false }`
[INFO] [stderr]    Compiling proc-macro-error-attr v1.0.4
[INFO] [stderr]    Compiling object v0.37.3
[INFO] [stderr]    Compiling serde v1.0.229
[INFO] [stderr]    Compiling gimli v0.32.3
[INFO] [stderr]    Compiling miniz_oxide v0.8.9
[INFO] [stderr]    Compiling itoa v0.4.8
[INFO] [stderr]    Compiling rustc-demangle v0.1.28
[INFO] [stderr]    Compiling rustc_version v0.4.1
[INFO] [stderr]    Compiling uuid v1.28.0
[INFO] [stderr]    Compiling proc-macro-error v1.0.4
[INFO] [stderr]    Compiling maud_macros v0.24.0
[INFO] [stderr]    Compiling serde_urlencoded v0.7.1
[INFO] [stderr]    Compiling gethostname v0.4.3
[INFO] [stderr]    Compiling reqwest v0.11.27
[INFO] [stderr]    Compiling maud v0.24.0
[INFO] [stderr]    Compiling addr2line v0.25.1
[INFO] [stderr]    Compiling backtrace v0.3.76
[INFO] [stderr]    Compiling ray-debug v0.0.4 (/opt/rustwide/workdir)
[INFO] [stderr]     Finished `release` profile [optimized] target(s) in 40.55s
[INFO] running `Command { std: "docker" "inspect" "00ad0e9e4d5df4b76824b11cda29006eb0a7d5eade612eab68cb20424d6ef153", kill_on_drop: false }`
[INFO] running `Command { std: "docker" "exec" "-e" "SOURCE_DIR=/opt/rustwide/workdir" "-e" "CARGO_HOME=/opt/rustwide/cargo-home" "-e" "RUSTUP_HOME=/opt/rustwide/rustup-home" "-e" "CARGO_TARGET_DIR=/opt/rustwide/target" "-e" "CARGO_INCREMENTAL=0" "-e" "RUST_BACKTRACE=full" "-e" "RUSTFLAGS=--cap-lints=warn" "-e" "RUSTDOCFLAGS=--cap-lints=warn" "-w" "/opt/rustwide/workdir" "--user" "0:0" "00ad0e9e4d5df4b76824b11cda29006eb0a7d5eade612eab68cb20424d6ef153" "/opt/rustwide/cargo-home/bin/cargo" "+1.100.0-beta.1" "test" "--frozen" "--no-run" "--message-format=json" "--release", kill_on_drop: false }`
[INFO] [stderr]    Compiling syn v3.0.9
[INFO] [stderr]    Compiling synstructure v0.14.0
[INFO] [stderr]    Compiling zerovec-derive v0.11.6
[INFO] [stderr]    Compiling displaydoc v0.2.7
[INFO] [stderr]    Compiling tokio-macros v2.7.2
[INFO] [stderr]    Compiling serde_derive v1.0.229
[INFO] [stderr]    Compiling zerofrom-derive v0.1.8
[INFO] [stderr]    Compiling yoke-derive v0.8.4
[INFO] [stderr]    Compiling tokio v1.53.3
[INFO] [stderr]    Compiling zerofrom v0.1.8
[INFO] [stderr]    Compiling yoke v0.8.3
[INFO] [stderr]    Compiling zerovec v0.11.8
[INFO] [stderr]    Compiling zerotrie v0.2.5
[INFO] [stderr]    Compiling tinystr v0.8.4
[INFO] [stderr]    Compiling potential_utf v0.1.6
[INFO] [stderr]    Compiling icu_collections v2.3.0
[INFO] [stderr]    Compiling icu_locale_core v2.3.0
[INFO] [stderr]    Compiling serde v1.0.229
[INFO] [stderr]    Compiling icu_provider v2.3.1
[INFO] [stderr]    Compiling serde_urlencoded v0.7.1
[INFO] [stderr]    Compiling icu_properties v2.3.0
[INFO] [stderr]    Compiling icu_normalizer v2.3.0
[INFO] [stderr]    Compiling idna_adapter v1.2.2
[INFO] [stderr]    Compiling idna v1.1.0
[INFO] [stderr]    Compiling url v2.5.8
[INFO] [stderr]    Compiling tokio-util v0.7.20
[INFO] [stderr]    Compiling tokio-native-tls v0.3.1
[INFO] [stderr]    Compiling h2 v0.3.27
[INFO] [stderr]    Compiling hyper v0.14.32
[INFO] [stderr]    Compiling hyper-tls v0.5.0
[INFO] [stderr]    Compiling reqwest v0.11.27
[INFO] [stderr]    Compiling ray-debug v0.0.4 (/opt/rustwide/workdir)
[INFO] [stdout] warning: use of deprecated function `ray_log`: This will be removed; use ray() instead
[INFO] [stdout]  --> src/tests/integration/synchronous_test.rs:2:31
[INFO] [stdout]   |
[INFO] [stdout] 2 | use crate::{ray, ray_charles, ray_log};
[INFO] [stdout]   |                               ^^^^^^^
[INFO] [stdout]   |
[INFO] [stdout]   = note: `#[warn(deprecated)]` on by default
[INFO] [stdout] 
[INFO] [stdout] 
[INFO] [stdout] warning: use of deprecated function `ray_log`: This will be removed; use ray() instead
[INFO] [stdout]   --> src/tests/integration/synchronous_test.rs:10:21
[INFO] [stdout]    |
[INFO] [stdout] 10 |     if let Err(e) = ray_log("sync_ray_log_works()") {
[INFO] [stdout]    |                     ^^^^^^^
[INFO] [stdout] 
[INFO] [stdout] 
[INFO] [stderr]     Finished `release` profile [optimized] target(s) in 1m 19s
[INFO] running `Command { std: "docker" "inspect" "00ad0e9e4d5df4b76824b11cda29006eb0a7d5eade612eab68cb20424d6ef153", kill_on_drop: false }`
[INFO] running `Command { std: "docker" "exec" "-e" "SOURCE_DIR=/opt/rustwide/workdir" "-e" "CARGO_HOME=/opt/rustwide/cargo-home" "-e" "RUSTUP_HOME=/opt/rustwide/rustup-home" "-e" "CARGO_TARGET_DIR=/opt/rustwide/target" "-e" "CARGO_INCREMENTAL=0" "-e" "RUST_BACKTRACE=full" "-e" "RUSTFLAGS=--cap-lints=warn" "-e" "RUSTDOCFLAGS=--cap-lints=warn" "-w" "/opt/rustwide/workdir" "--user" "0:0" "00ad0e9e4d5df4b76824b11cda29006eb0a7d5eade612eab68cb20424d6ef153" "/opt/rustwide/cargo-home/bin/cargo" "+1.100.0-beta.1" "test" "--frozen" "--release", kill_on_drop: false }`
[INFO] [stderr] warning: use of deprecated function `ray_log`: This will be removed; use ray() instead
[INFO] [stderr]  --> src/tests/integration/synchronous_test.rs:2:31
[INFO] [stderr]   |
[INFO] [stderr] 2 | use crate::{ray, ray_charles, ray_log};
[INFO] [stderr]   |                               ^^^^^^^
[INFO] [stderr]   |
[INFO] [stderr]   = note: `#[warn(deprecated)]` on by default
[INFO] [stderr] 
[INFO] [stderr] warning: use of deprecated function `ray_log`: This will be removed; use ray() instead
[INFO] [stderr]   --> src/tests/integration/synchronous_test.rs:10:21
[INFO] [stderr]    |
[INFO] [stderr] 10 |     if let Err(e) = ray_log("sync_ray_log_works()") {
[INFO] [stderr]    |                     ^^^^^^^
[INFO] [stderr] 
[INFO] [stderr] warning: `ray-debug` (lib test) generated 2 warnings
[INFO] [stderr]     Finished `release` profile [optimized] target(s) in 0.21s
[INFO] [stderr]      Running unittests src/lib.rs (/opt/rustwide/target/release/build/ray-debug/451bd386a5c7d676/out/ray_debug-451bd386a5c7d676)
[INFO] [stdout] 
[INFO] [stdout] running 18 tests
[INFO] [stdout] test tests::integration::asynchronous_test::async_ray_charles_works ... ignored
[INFO] [stdout] test tests::integration::asynchronous_test::async_ray_log_works ... ignored
[INFO] [stdout] test tests::integration::asynchronous_test::async_ray_works ... ignored
[INFO] [stdout] test tests::integration::synchronous_test::generic_ray_works_with_serializable_struct ... ignored
[INFO] [stdout] test tests::integration::synchronous_test::sync_ray_charles_works ... ignored
[INFO] [stdout] test tests::integration::synchronous_test::sync_ray_log_works ... ignored
[INFO] [stdout] test tests::integration::synchronous_test::sync_ray_works ... ignored
[INFO] [stdout] test tests::ray_request_test::it_has_correct_structure_when_logging_text ... ok
[INFO] [stdout] test tests::ray_request_test::it_has_correct_structure_when_doing_a_charles ... ok
[INFO] [stdout] test tests::ray_request_test::it_has_correct_structure_when_logging_struct ... ok
[INFO] [stdout] test tests::ray_request_test::it_has_correct_structure_when_changing_color_of_payload ... ok
[INFO] [stdout] test tests::origin_test::it_captures_correct_data ... FAILED
[INFO] [stdout] test tests::rayable_test::it_can_convert_vec_of_serializable_structs_to_ray_request ... ok
[INFO] [stdout] test tests::rayable_test::it_can_convert_string_to_ray_request ... ok
[INFO] [stdout] test tests::meta_test::it_gets_correct_data ... ok
[INFO] [stdout] test tests::rayable_test::it_can_convert_number_to_ray_request ... ok
[INFO] [stdout] test tests::rayable_test::it_can_convert_string_slice_to_ray_request ... ok
[INFO] [stdout] test tests::rayable_test::it_can_convert_serializable_struct_to_ray_request ... ok
[INFO] [stdout] 
[INFO] [stdout] failures:
[INFO] [stdout] 
[INFO] [stdout] ---- tests::origin_test::it_captures_correct_data stdout ----
[INFO] [stdout] 
[INFO] [stdout] thread 'tests::origin_test::it_captures_correct_data' (1042) panicked at src/tests/origin_test.rs:12:5:
[INFO] [stdout] assertion `left == right` failed
[INFO] [stdout]   left: 9
[INFO] [stdout]  right: 0
[INFO] [stdout] stack backtrace:
[INFO] [stdout]    0:     0x5887da29c6c1 - <<std[617be2ca0a6fd877]::sys::backtrace::BacktraceLock>::print::DisplayBacktrace as core[a373ad73a504971]::fmt::Display>::fmt
[INFO] [stdout]    1:     0x5887da2b279a - core[a373ad73a504971]::fmt::write
[INFO] [stdout]    2:     0x5887da2a0f0c - <alloc[2e1b2a31b91974c5]::vec::Vec<u8> as core[a373ad73a504971]::io::write::Write>::write_fmt
[INFO] [stdout]    3:     0x5887da277296 - std[617be2ca0a6fd877]::panicking::default_hook::{closure#0}
[INFO] [stdout]    4:     0x5887da2944a9 - std[617be2ca0a6fd877]::panicking::default_hook
[INFO] [stdout]    5:     0x5887da1dd070 - test[aada8e7e76ba119b]::test_main_inner::{closure#0}
[INFO] [stdout]    6:     0x5887da2947d2 - std[617be2ca0a6fd877]::panicking::panic_with_hook
[INFO] [stdout]    7:     0x5887da277342 - std[617be2ca0a6fd877]::panicking::panic_handler::{closure#0}
[INFO] [stdout]    8:     0x5887da26ff79 - std[617be2ca0a6fd877]::sys::backtrace::__rust_end_short_backtrace::<std[617be2ca0a6fd877]::panicking::panic_handler::{closure#0}, !>
[INFO] [stdout]    9:     0x5887da27813d - __rustc[ea4f61d10b84890b]::rust_begin_unwind
[INFO] [stdout]   10:     0x5887da2b2efc - core[a373ad73a504971]::panicking::panic_fmt
[INFO] [stdout]   11:     0x5887da2b2e13 - core[a373ad73a504971]::panicking::assert_failed_inner
[INFO] [stdout]   12:     0x5887da2ae4a8 - core[a373ad73a504971]::panicking::assert_failed::<usize, usize>
[INFO] [stdout]   13:     0x5887da09b929 - <ray_debug[f3e05f58ef91a4e4]::tests::origin_test::it_captures_correct_data::{closure#0} as core[a373ad73a504971]::ops::function::FnOnce<()>>::call_once
[INFO] [stdout]   14:     0x5887da1d04bb - test[aada8e7e76ba119b]::__rust_begin_short_backtrace::<core[a373ad73a504971]::result::Result<(), alloc[2e1b2a31b91974c5]::string::String>, fn() -> core[a373ad73a504971]::result::Result<(), alloc[2e1b2a31b91974c5]::string::String>>
[INFO] [stdout]   15:     0x5887da1dd695 - test[aada8e7e76ba119b]::run_test::{closure#0}
[INFO] [stdout]   16:     0x5887da1d6f84 - std[617be2ca0a6fd877]::sys::backtrace::__rust_begin_short_backtrace::<test[aada8e7e76ba119b]::run_test::{closure#1}, ()>
[INFO] [stdout]   17:     0x5887da1e0722 - <std[617be2ca0a6fd877]::thread::lifecycle::spawn_unchecked<test[aada8e7e76ba119b]::run_test::{closure#1}, ()>::{closure#1} as core[a373ad73a504971]::ops::function::FnOnce<()>>::call_once::{shim:vtable#0}
[INFO] [stdout]   18:     0x5887da29bb6f - <std[617be2ca0a6fd877]::sys::thread::unix::Thread>::new::thread_start
[INFO] [stdout]   19:     0x7cd45d092dfa - <unknown>
[INFO] [stdout]   20:     0x7cd45d1263d4 - clone
[INFO] [stdout]   21:                0x0 - <unknown>
[INFO] [stdout] 
[INFO] [stdout] 
[INFO] [stdout] failures:
[INFO] [stdout]     tests::origin_test::it_captures_correct_data
[INFO] [stdout] 
[INFO] [stdout] test result: FAILED. 10 passed; 1 failed; 7 ignored; 0 measured; 0 filtered out; finished in 0.10s
[INFO] [stdout] 
[INFO] [stderr] error: test failed, to rerun pass `--lib`
[INFO] running `Command { std: "docker" "inspect" "00ad0e9e4d5df4b76824b11cda29006eb0a7d5eade612eab68cb20424d6ef153", kill_on_drop: false }`
[INFO] running `Command { std: "docker" "rm" "-f" "00ad0e9e4d5df4b76824b11cda29006eb0a7d5eade612eab68cb20424d6ef153", kill_on_drop: false }`
[INFO] [stdout] 00ad0e9e4d5df4b76824b11cda29006eb0a7d5eade612eab68cb20424d6ef153
