[INFO] fetching crate raven-riscv-engine 0.1.1...
[INFO] testing raven-riscv-engine-0.1.1 against 1.100.0-beta.1+cargoflags=--release for beta-release-1.100-2
[INFO] extracting crate raven-riscv-engine 0.1.1 into /workspace/builds/worker-1-tc2/source
[INFO] started tweaking crates.io crate raven-riscv-engine 0.1.1
[INFO] finished tweaking crates.io crate raven-riscv-engine 0.1.1
[INFO] tweaked toml for crates.io crate raven-riscv-engine 0.1.1 written to /workspace/builds/worker-1-tc2/source/Cargo.toml
[INFO] validating manifest of crates.io crate raven-riscv-engine 0.1.1 on toolchain 1.100.0-beta.1
[INFO] running `Command { std: CARGO_HOME="/workspace/cargo-home" RUSTUP_HOME="/workspace/rustup-home" "/workspace/cargo-home/bin/cargo" "+1.100.0-beta.1" "metadata" "--manifest-path" "Cargo.toml" "--no-deps", kill_on_drop: false }`
[INFO] crate crates.io crate raven-riscv-engine 0.1.1 already has a lockfile, it will not be regenerated
[INFO] running `Command { std: CARGO_HOME="/workspace/cargo-home" RUSTUP_HOME="/workspace/rustup-home" "/workspace/cargo-home/bin/cargo" "+1.100.0-beta.1" "fetch" "--manifest-path" "Cargo.toml", kill_on_drop: false }`
[INFO] running `Command { std: "docker" "create" "-v" "/var/lib/crater-agent-workspace/builds/worker-1-tc2/source:/opt/rustwide/workdir:ro,Z" "-v" "/var/lib/crater-agent-workspace/builds/worker-1-tc2/target:/opt/rustwide/target:rw,Z" "-v" "/var/lib/crater-agent-workspace/cargo-home:/opt/rustwide/cargo-home:ro,Z" "-v" "/var/lib/crater-agent-workspace/rustup-home:/opt/rustwide/rustup-home:ro,Z" "-m" "1610612736" "--network" "none" "ghcr.io/rust-lang/crates-build-env/linux@sha256:77db811e55d90add9212f6832c23229e3de5f1c1f9905e8cb07319ea15df73ac" "sleep" "infinity", kill_on_drop: false }`
[INFO] [stdout] ce26ae1b9b9500cd28d777cf1c28bd662c3eb7da65d3de6dde8eccd87ec340ed
[INFO] running `Command { std: "docker" "start" "ce26ae1b9b9500cd28d777cf1c28bd662c3eb7da65d3de6dde8eccd87ec340ed", kill_on_drop: false }`
[INFO] running `Command { std: "docker" "inspect" "ce26ae1b9b9500cd28d777cf1c28bd662c3eb7da65d3de6dde8eccd87ec340ed", kill_on_drop: false }`
[INFO] running `Command { std: "docker" "exec" "-e" "SOURCE_DIR=/opt/rustwide/workdir" "-e" "CARGO_HOME=/opt/rustwide/cargo-home" "-e" "RUSTUP_HOME=/opt/rustwide/rustup-home" "-e" "CARGO_TARGET_DIR=/opt/rustwide/target" "-w" "/opt/rustwide/workdir" "--user" "0:0" "ce26ae1b9b9500cd28d777cf1c28bd662c3eb7da65d3de6dde8eccd87ec340ed" "/opt/rustwide/cargo-home/bin/cargo" "+1.100.0-beta.1" "metadata" "--no-deps" "--format-version=1", kill_on_drop: false }`
[INFO] running `Command { std: "docker" "inspect" "ce26ae1b9b9500cd28d777cf1c28bd662c3eb7da65d3de6dde8eccd87ec340ed", kill_on_drop: false }`
[INFO] running `Command { std: "docker" "exec" "-e" "SOURCE_DIR=/opt/rustwide/workdir" "-e" "CARGO_HOME=/opt/rustwide/cargo-home" "-e" "RUSTUP_HOME=/opt/rustwide/rustup-home" "-e" "CARGO_TARGET_DIR=/opt/rustwide/target" "-e" "CARGO_INCREMENTAL=0" "-e" "RUST_BACKTRACE=full" "-e" "RUSTFLAGS=--cap-lints=warn" "-e" "RUSTDOCFLAGS=--cap-lints=warn" "-w" "/opt/rustwide/workdir" "--user" "0:0" "ce26ae1b9b9500cd28d777cf1c28bd662c3eb7da65d3de6dde8eccd87ec340ed" "/opt/rustwide/cargo-home/bin/cargo" "+1.100.0-beta.1" "build" "--frozen" "--message-format=json" "--release", kill_on_drop: false }`
[INFO] [stderr]    Compiling libc v0.2.183
[INFO] [stderr]    Compiling xml-rs v0.8.28
[INFO] [stderr]    Compiling scoped-tls v1.0.1
[INFO] [stderr]    Compiling memoffset v0.6.5
[INFO] [stderr]    Compiling wayland-sys v0.29.5
[INFO] [stderr]    Compiling x11-dl v2.21.0
[INFO] [stderr]    Compiling xcursor v0.3.10
[INFO] [stderr]    Compiling minifb v0.28.0
[INFO] [stderr]    Compiling raw-window-handle v0.6.2
[INFO] [stderr]    Compiling wayland-scanner v0.29.5
[INFO] [stderr]    Compiling wayland-client v0.29.5
[INFO] [stderr]    Compiling wayland-protocols v0.29.5
[INFO] [stderr]    Compiling nix v0.24.3
[INFO] [stderr]    Compiling getrandom v0.4.2
[INFO] [stderr]    Compiling getrandom v0.3.4
[INFO] [stderr]    Compiling tempfile v3.26.0
[INFO] [stderr]    Compiling wayland-commons v0.29.5
[INFO] [stderr]    Compiling wayland-cursor v0.29.5
[INFO] [stderr]    Compiling raven-riscv-engine v0.1.1 (/opt/rustwide/workdir)
[INFO] [stderr]     Finished `release` profile [optimized] target(s) in 52.22s
[INFO] running `Command { std: "docker" "inspect" "ce26ae1b9b9500cd28d777cf1c28bd662c3eb7da65d3de6dde8eccd87ec340ed", kill_on_drop: false }`
[INFO] running `Command { std: "docker" "exec" "-e" "SOURCE_DIR=/opt/rustwide/workdir" "-e" "CARGO_HOME=/opt/rustwide/cargo-home" "-e" "RUSTUP_HOME=/opt/rustwide/rustup-home" "-e" "CARGO_TARGET_DIR=/opt/rustwide/target" "-e" "CARGO_INCREMENTAL=0" "-e" "RUST_BACKTRACE=full" "-e" "RUSTFLAGS=--cap-lints=warn" "-e" "RUSTDOCFLAGS=--cap-lints=warn" "-w" "/opt/rustwide/workdir" "--user" "0:0" "ce26ae1b9b9500cd28d777cf1c28bd662c3eb7da65d3de6dde8eccd87ec340ed" "/opt/rustwide/cargo-home/bin/cargo" "+1.100.0-beta.1" "test" "--frozen" "--no-run" "--message-format=json" "--release", kill_on_drop: false }`
[INFO] [stderr]    Compiling raven-riscv-engine v0.1.1 (/opt/rustwide/workdir)
[INFO] [stderr]     Finished `release` profile [optimized] target(s) in 11.03s
[INFO] running `Command { std: "docker" "inspect" "ce26ae1b9b9500cd28d777cf1c28bd662c3eb7da65d3de6dde8eccd87ec340ed", kill_on_drop: false }`
[INFO] running `Command { std: "docker" "exec" "-e" "SOURCE_DIR=/opt/rustwide/workdir" "-e" "CARGO_HOME=/opt/rustwide/cargo-home" "-e" "RUSTUP_HOME=/opt/rustwide/rustup-home" "-e" "CARGO_TARGET_DIR=/opt/rustwide/target" "-e" "CARGO_INCREMENTAL=0" "-e" "RUST_BACKTRACE=full" "-e" "RUSTFLAGS=--cap-lints=warn" "-e" "RUSTDOCFLAGS=--cap-lints=warn" "-w" "/opt/rustwide/workdir" "--user" "0:0" "ce26ae1b9b9500cd28d777cf1c28bd662c3eb7da65d3de6dde8eccd87ec340ed" "/opt/rustwide/cargo-home/bin/cargo" "+1.100.0-beta.1" "test" "--frozen" "--release", kill_on_drop: false }`
[INFO] [stderr]     Finished `release` profile [optimized] target(s) in 0.10s
[INFO] [stderr]      Running unittests src/lib.rs (/opt/rustwide/target/release/build/raven-riscv-engine/f4d3ac13bcc9dc2e/out/raven_riscv_engine-f4d3ac13bcc9dc2e)
[INFO] [stdout] 
[INFO] [stdout] running 148 tests
[INFO] [stdout] test falcon::asm::tests::binary_immediates_are_accepted ... ok
[INFO] [stdout] test falcon::asm::tests::bss_rejects_explicit_data ... ok
[INFO] [stdout] test falcon::asm::tests::bss_align_and_size ... ok
[INFO] [stdout] test falcon::asm::tests::bss_space_and_la ... ok
[INFO] [stdout] test falcon::asm::tests::char_literal_non_ascii_error ... ok
[INFO] [stdout] test falcon::asm::tests::char_literal_in_addi ... ok
[INFO] [stdout] test falcon::asm::tests::char_literal_li_newline_escape ... ok
[INFO] [stdout] test falcon::asm::tests::globl_directive_is_accepted_as_noop ... ok
[INFO] [stdout] test falcon::asm::tests::beq_offset_range_error ... ok
[INFO] [stdout] test falcon::asm::tests::halt_and_ebreak_have_distinct_encodings ... ok
[INFO] [stdout] test falcon::asm::tests::la_generates_lui_addi_pair ... ok
[INFO] [stdout] test falcon::asm::tests::li_high_bit_u32_immediate ... ok
[INFO] [stdout] test falcon::asm::tests::call_expands_to_jal_ra ... ok
[INFO] [stdout] test falcon::asm::tests::csr_instructions_assemble ... ok
[INFO] [stdout] test falcon::asm::tests::equate_dot_expression_works_with_li ... ok
[INFO] [stdout] test falcon::asm::tests::addi_immediate_range_error ... ok
[INFO] [stdout] test falcon::asm::tests::lui_imm20_is_unshifted ... ok
[INFO] [stdout] test falcon::asm::tests::la_handles_negative_low_part ... ok
[INFO] [stdout] test falcon::asm::tests::print_string_label_expands_correctly ... ok
[INFO] [stdout] test falcon::cache::tests::l2_dirty_writeback_installs_into_l3_before_ram ... ok
[INFO] [stdout] test falcon::asm::tests::print_string_register_errors ... ok
[INFO] [stdout] test falcon::cache::tests::fully_associative_no_conflict_misses ... ok
[INFO] [stdout] test falcon::cache::tests::miss_pcs_increment_on_fetch_miss ... ok
[INFO] [stdout] test falcon::cache::tests::set_associative_tolerates_limited_conflicts ... ok
[INFO] [stdout] test falcon::cache::tests::ram_write_bytes_write_through ... ok
[INFO] [stdout] test falcon::cache::tests::store_miss_write_allocate_uses_extra_level_latency ... ok
[INFO] [stdout] test falcon::cache::tests::l1_dirty_writeback_installs_into_l2_before_ram ... ok
[INFO] [stdout] test falcon::asm::tests::lui_immediate_range_error ... ok
[INFO] [stdout] test falcon::asm::tests::push_expands_correctly ... ok
[INFO] [stdout] test falcon::asm::tests::pop_expands_correctly ... ok
[INFO] [stdout] test falcon::asm::tests::section_directives_equivalent ... ok
[INFO] [stdout] test falcon::asm::tests::print_expands_correctly ... ok
[INFO] [stdout] test falcon::cache::tests::direct_mapped_is_valid_and_decomposes_correctly ... ok
[INFO] [stdout] test falcon::asm::tests::unknown_section_errors ... ok
[INFO] [stdout] test falcon::cache::tests::unaligned_dcache_store32_across_line_does_not_panic ... ok
[INFO] [stdout] test falcon::cache::tests::unaligned_fetch32_cross_line_uses_icache_hierarchy_with_l2 ... ok
[INFO] [stdout] test falcon::engine::tests::multihart_is_rejected ... ok
[INFO] [stdout] test falcon::cache::tests::unaligned_dcache_read32_across_line_does_not_panic ... ok
[INFO] [stdout] test falcon::exec::tests::add_adds ... ok
[INFO] [stdout] test falcon::cache::tests::direct_mapped_conflict_causes_eviction ... ok
[INFO] [stdout] test falcon::exec::tests::halt_and_ebreak_have_distinct_encodings ... ok
[INFO] [stdout] test falcon::exec::tests::halt_sets_local_exit ... ok
[INFO] [stdout] test falcon::exec::tests::ebreak_sets_ebreak_hit ... ok
[INFO] [stdout] test falcon::exec::tests::linux_exit_sets_exit_code ... ok
[INFO] [stdout] test falcon::exec::tests::linux_getrandom_invalid_flags_returns_einval ... ok
[INFO] [stdout] test falcon::exec::tests::addi_adds_immediate ... ok
[INFO] [stdout] test falcon::exec::tests::amo_encode_decode_roundtrip ... ok
[INFO] [stdout] test falcon::exec::tests::amoadd_w ... ok
[INFO] [stdout] test falcon::exec::tests::decode_ebreak_is_canonical ... ok
[INFO] [stdout] test falcon::exec::tests::decode_halt_is_canonical ... ok
[INFO] [stdout] test falcon::exec::tests::sw_stores_word ... ok
[INFO] [stdout] test falcon::exec::tests::linux_getrandom_writes_bytes ... ok
[INFO] [stdout] test falcon::cache::tests::unaligned_dcache_read16_cross_line_uses_two_line_accesses_with_l2 ... ok
[INFO] [stdout] test falcon::cache::tests::unaligned_dcache_read16_across_line_does_not_panic ... ok
[INFO] [stdout] test falcon::asm::tests::read_label_expands_correctly ... ok
[INFO] [stdout] test falcon::exec::tests::syscall_print_string ... ok
[INFO] [stdout] test falcon::cache::tests::ram_write_bytes_write_back_writeback ... ok
[INFO] [stdout] test falcon::cache::tests::unaligned_dcache_read32_cross_line_uses_two_line_accesses_with_l2 ... ok
[INFO] [stdout] test falcon::engine::tests::runs_asm_and_exposes_state ... ok
[INFO] [stdout] test falcon::jit::tests::backend_kind_as_str_round_trips_cli_values ... ok
[INFO] [stdout] test falcon::jit::tests::factory_returns_interpreter_for_none ... ok
[INFO] [stdout] test falcon::jit::tests::hot_profile_records_branch_targets ... ok
[INFO] [stdout] test falcon::jit::tests::interpreter_run_until_yield_matches_exec_step ... ok
[INFO] [stdout] test falcon::jit::tests::scan_block_alu_then_halt ... ok
[INFO] [stdout] test falcon::jit::tests::factory_rejects_full_mode_via_make_backend ... ok
[INFO] [stdout] test falcon::jit::tests::factory_rejects_hot_mode_as_unsupported ... ok
[INFO] [stdout] test falcon::jit::tests::scan_block_cap_at_64 ... ok
[INFO] [stdout] test falcon::jit::tests::scan_block_ends_on_branch ... ok
[INFO] [stdout] test falcon::jit::tests::scan_block_ends_on_jal ... ok
[INFO] [stdout] test falcon::exec::tests::lw_loads_word ... ok
[INFO] [stdout] test falcon::exec::tests::syscall_print_int ... ok
[INFO] [stdout] test falcon::machine::tests::checkpoint_restores_full_state ... ok
[INFO] [stdout] test falcon::machine::tests::instr_word_edit_stepback_restores_original ... ok
[INFO] [stdout] test falcon::jit::tests::scan_block_single_halt ... ok
[INFO] [stdout] test falcon::exec::tests::sc_without_lr_fails ... ok
[INFO] [stdout] test falcon::jit::tests::scan_block_fence_terminates ... ok
[INFO] [stdout] test falcon::exec::tests::linux_read_reads_line ... ok
[INFO] [stdout] test falcon::exec::tests::syscall_read_waits_for_input ... ok
[INFO] [stdout] test falcon::machine::tests::parse_cell_binary ... ok
[INFO] [stdout] test falcon::exec::tests::linux_write_writes_stdout ... ok
[INFO] [stdout] test falcon::machine::tests::parse_cell_overflow_matrix ... ok
[INFO] [stdout] test falcon::exec::tests::lr_sc_fails_after_conflicting_store_from_other_hart ... ok
[INFO] [stdout] test falcon::machine::tests::parse_cell_str_packs_little_endian ... ok
[INFO] [stdout] test falcon::jit::tests::scan_block_start_pc_respected ... ok
[INFO] [stdout] test falcon::machine::tests::instr_word_edit_visible_to_fetch ... ok
[INFO] [stdout] test falcon::machine::tests::step_then_stepback_is_identity ... ok
[INFO] [stdout] test falcon::exec::tests::lr_sc_success ... ok
[INFO] [stdout] test falcon::machine::tests::stepback_reports_what_it_undid ... ok
[INFO] [stdout] test falcon::machine::tests::stepback_restores_memory_store ... ok
[INFO] [stdout] test falcon::machine::tests::write_mem_edit_journaled_undo ... ok
[INFO] [stdout] test falcon::machine::tests::journal_ring_bounded ... ok
[INFO] [stdout] test falcon::asm::tests::sfence_vma_assembles ... ok
[INFO] [stdout] test falcon::machine::tests::write_pc_and_freg_journaled_undo ... ok
[INFO] [stdout] test falcon::exec::tests::syscall_read_string ... ok
[INFO] [stdout] test falcon::machine::tests::write_reg_journaled_undo ... ok
[INFO] [stdout] test falcon::machine::tests::write_reg_x0_rejected ... ok
[INFO] [stdout] test falcon::memory::tests::store_and_load_word ... ok
[INFO] [stdout] test falcon::asm::tests::auipc_imm20_is_unshifted ... ok
[INFO] [stdout] test falcon::mmu::tests::install_map_respects_permission_bits ... ok
[INFO] [stdout] test falcon::mmu::tests::install_map_sets_global_bit ... ok
[INFO] [stdout] test falcon::mmu::tests::identity_when_disabled ... ok
[INFO] [stdout] test falcon::mmu::tests::paging_scheme_sv32_shape ... ok
[INFO] [stdout] test falcon::mmu::tests::flush_invalidates_cached_translation ... ok
[INFO] [stdout] test falcon::mmu::tests::make_satp_encoding ... ok
[INFO] [stdout] test falcon::mmu::tests::install_map_identity_megapages_translate_identity ... ok
[INFO] [stdout] test falcon::mmu::tests::tlb_disabled_never_hits ... ok
[INFO] [stdout] test falcon::mmu::tests::page_fault_propagates ... ok
[INFO] [stdout] test falcon::mmu::tests::translates_4k_page_via_walker_and_caches_in_tlb ... ok
[INFO] [stdout] test falcon::mmu::tests::store_on_clean_hit_re_walks_to_set_dirty ... ok
[INFO] [stdout] test falcon::mmu::tlb::tests::fifo_evicts_oldest_install_regardless_of_touch ... ok
[INFO] [stdout] test falcon::mmu::tests::custom_offset_map_shifts_pa ... ok
[INFO] [stdout] test falcon::mmu::tlb::tests::flush_invalidates_all ... ok
[INFO] [stdout] test falcon::mmu::tests::custom_three_level_scheme_translates ... ok
[INFO] [stdout] test falcon::mmu::walker::tests::store_to_readonly_page_faults_with_store_cause ... ok
[INFO] [stdout] test falcon::mmu::tlb::tests::flush_vaddr_targets_one_entry ... ok
[INFO] [stdout] test falcon::jit::tests::scan_block_ends_on_jalr ... ok
[INFO] [stdout] test falcon::mmu::tlb::tests::probe_miss_on_wrong_asid ... ok
[INFO] [stdout] test falcon::mmu::tlb::tests::global_entry_matches_any_asid ... ok
[INFO] [stdout] test falcon::mmu::tlb::tests::install_then_probe_hits ... ok
[INFO] [stdout] test falcon::mmu::walker::tests::fetch_to_non_x_page_faults ... ok
[INFO] [stdout] test falcon::mmu::walker::tests::invalid_pte_faults_with_load_cause ... ok
[INFO] [stdout] test falcon::mmu::walker::tests::u_mode_cannot_touch_supervisor_page ... ok
[INFO] [stdout] test falcon::mmu::tlb::tests::lru_evicts_least_recently_used ... ok
[INFO] [stdout] test falcon::mmu::tlb::tests::megapage_matches_any_vpn0 ... ok
[INFO] [stdout] test falcon::mmu::walker::tests::pt_out_of_ram_faults ... ok
[INFO] [stdout] test falcon::mmu::walker::tests::walker_sets_a_on_load_and_d_on_store ... ok
[INFO] [stdout] test falcon::mmu::walker::tests::w_without_r_is_reserved_faults ... ok
[INFO] [stdout] test falcon::program::elf::tests::wrong_machine_returns_error ... ok
[INFO] [stdout] test falcon::syscall::tests::map_exec_syscall_emits_pending_region ... ok
[INFO] [stdout] test falcon::syscall::tests::map_exec_syscall_rejects_unaligned_region ... ok
[INFO] [stdout] test falcon::syscall::tests::draw_before_init_returns_einval_and_warns_once ... ok
[INFO] [stdout] test falcon::syscall::tests::poll_key_is_fifo_and_zero_when_empty ... ok
[INFO] [stdout] test falcon::program::elf::tests::bad_magic_returns_error ... ok
[INFO] [stdout] test falcon::syscall::tests::hart_start_syscall_emits_pending_request ... ok
[INFO] [stdout] test falcon::syscall::tests::screen_init_creates_device_and_rejects_bad_size ... ok
[INFO] [stdout] test falcon::mmu::walker::tests::walks_4k_page_happy ... ok
[INFO] [stdout] test falcon::syscall::tests::get_cycle_count_uses_bus_total_by_default ... ok
[INFO] [stdout] test falcon::syscall::tests::get_cycle_count_uses_override_when_provided ... ok
[INFO] [stdout] test falcon::syscall::tests::syscall_trace_skips_io_calls ... ok
[INFO] [stdout] test falcon::syscall::tests::set_pixel_present_publishes_front_buffer_and_rejects_oob ... ok
[INFO] [stdout] test falcon::syscall::tests::sleep_ms_parks_the_ecall_then_resumes ... ok
[INFO] [stdout] test falcon::syscall::tests::syscall_trace_logs_non_io_calls_in_warning_color ... ok
[INFO] [stdout] test falcon::program::elf::tests::elf_header_parsed_correctly ... FAILED
[INFO] [stdout] test falcon::program::elf::tests::elf_text_segment_loaded_into_ram ... FAILED
[INFO] [stdout] test falcon::mmu::walker::tests::megapage_misaligned_faults ... ok
[INFO] [stdout] test falcon::syscall::tests::fill_rect_clips_to_screen_bounds ... ok
[INFO] [stdout] test falcon::mmu::walker::tests::megapage_l1_leaf_works ... ok
[INFO] [stdout] test falcon::mmu::tests::install_map_offset_shifts_physical_address ... ok
[INFO] [stdout] 
[INFO] [stdout] failures:
[INFO] [stdout] 
[INFO] [stdout] ---- falcon::program::elf::tests::elf_header_parsed_correctly stdout ----
[INFO] [stdout] 
[INFO] [stdout] thread 'falcon::program::elf::tests::elf_header_parsed_correctly' (7133) panicked at src/falcon/program/../../../tests/support/falcon_program_elf.rs:20:5:
[INFO] [stdout] no versioned ELF fixture found under rust-to-raven/ or c-to-raven/
[INFO] [stdout] stack backtrace:
[INFO] [stdout]    0:     0x600fb2e744b1 - <<std[617be2ca0a6fd877]::sys::backtrace::BacktraceLock>::print::DisplayBacktrace as core[a373ad73a504971]::fmt::Display>::fmt
[INFO] [stdout]    1:     0x600fb2e8a85a - core[a373ad73a504971]::fmt::write
[INFO] [stdout]    2:     0x600fb2e7886c - <alloc[2e1b2a31b91974c5]::vec::Vec<u8> as core[a373ad73a504971]::io::write::Write>::write_fmt
[INFO] [stdout]    3:     0x600fb2e4f566 - std[617be2ca0a6fd877]::panicking::default_hook::{closure#0}
[INFO] [stdout]    4:     0x600fb2e6bff9 - std[617be2ca0a6fd877]::panicking::default_hook
[INFO] [stdout]    5:     0x600fb2daf0e0 - test[aada8e7e76ba119b]::test_main_inner::{closure#0}
[INFO] [stdout]    6:     0x600fb2e6c1b2 - std[617be2ca0a6fd877]::panicking::panic_with_hook
[INFO] [stdout]    7:     0x600fb2e4f644 - std[617be2ca0a6fd877]::panicking::panic_handler::{closure#0}
[INFO] [stdout]    8:     0x600fb2e480b9 - std[617be2ca0a6fd877]::sys::backtrace::__rust_end_short_backtrace::<std[617be2ca0a6fd877]::panicking::panic_handler::{closure#0}, !>
[INFO] [stdout]    9:     0x600fb2e5039d - __rustc[ea4f61d10b84890b]::rust_begin_unwind
[INFO] [stdout]   10:     0x600fb2e8afbc - core[a373ad73a504971]::panicking::panic_fmt
[INFO] [stdout]   11:     0x600fb2d68db5 - raven_riscv_engine[bb89245781febbd9]::falcon::program::elf::tests::elf_bytes
[INFO] [stdout]   12:     0x600fb2d6c8ae - <raven_riscv_engine[bb89245781febbd9]::falcon::program::elf::tests::elf_header_parsed_correctly::{closure#0} as core[a373ad73a504971]::ops::function::FnOnce<()>>::call_once
[INFO] [stdout]   13:     0x600fb2da252b - test[aada8e7e76ba119b]::__rust_begin_short_backtrace::<core[a373ad73a504971]::result::Result<(), alloc[2e1b2a31b91974c5]::string::String>, fn() -> core[a373ad73a504971]::result::Result<(), alloc[2e1b2a31b91974c5]::string::String>>
[INFO] [stdout]   14:     0x600fb2daf705 - test[aada8e7e76ba119b]::run_test::{closure#0}
[INFO] [stdout]   15:     0x600fb2da8ff4 - std[617be2ca0a6fd877]::sys::backtrace::__rust_begin_short_backtrace::<test[aada8e7e76ba119b]::run_test::{closure#1}, ()>
[INFO] [stdout]   16:     0x600fb2db2792 - <std[617be2ca0a6fd877]::thread::lifecycle::spawn_unchecked<test[aada8e7e76ba119b]::run_test::{closure#1}, ()>::{closure#1} as core[a373ad73a504971]::ops::function::FnOnce<()>>::call_once::{shim:vtable#0}
[INFO] [stdout]   17:     0x600fb2e7366f - <std[617be2ca0a6fd877]::sys::thread::unix::Thread>::new::thread_start
[INFO] [stdout]   18:     0x7f48c4485dfa - <unknown>
[INFO] [stdout]   19:     0x7f48c45193d4 - clone
[INFO] [stdout]   20:                0x0 - <unknown>
[INFO] [stdout] 
[INFO] [stdout] ---- falcon::program::elf::tests::elf_text_segment_loaded_into_ram stdout ----
[INFO] [stdout] 
[INFO] [stdout] thread 'falcon::program::elf::tests::elf_text_segment_loaded_into_ram' (7134) panicked at src/falcon/program/../../../tests/support/falcon_program_elf.rs:20:5:
[INFO] [stdout] no versioned ELF fixture found under rust-to-raven/ or c-to-raven/
[INFO] [stdout] stack backtrace:
[INFO] [stdout]    0:     0x600fb2e744b1 - <<std[617be2ca0a6fd877]::sys::backtrace::BacktraceLock>::print::DisplayBacktrace as core[a373ad73a504971]::fmt::Display>::fmt
[INFO] [stdout]    1:     0x600fb2e8a85a - core[a373ad73a504971]::fmt::write
[INFO] [stdout]    2:     0x600fb2e7886c - <alloc[2e1b2a31b91974c5]::vec::Vec<u8> as core[a373ad73a504971]::io::write::Write>::write_fmt
[INFO] [stdout]    3:     0x600fb2e4f566 - std[617be2ca0a6fd877]::panicking::default_hook::{closure#0}
[INFO] [stdout]    4:     0x600fb2e6bff9 - std[617be2ca0a6fd877]::panicking::default_hook
[INFO] [stdout]    5:     0x600fb2daf0e0 - test[aada8e7e76ba119b]::test_main_inner::{closure#0}
[INFO] [stdout]    6:     0x600fb2e6c1b2 - std[617be2ca0a6fd877]::panicking::panic_with_hook
[INFO] [stdout]    7:     0x600fb2e4f644 - std[617be2ca0a6fd877]::panicking::panic_handler::{closure#0}
[INFO] [stdout]    8:     0x600fb2e480b9 - std[617be2ca0a6fd877]::sys::backtrace::__rust_end_short_backtrace::<std[617be2ca0a6fd877]::panicking::panic_handler::{closure#0}, !>
[INFO] [stdout]    9:     0x600fb2e5039d - __rustc[ea4f61d10b84890b]::rust_begin_unwind
[INFO] [stdout]   10:     0x600fb2e8afbc - core[a373ad73a504971]::panicking::panic_fmt
[INFO] [stdout]   11:     0x600fb2d68db5 - raven_riscv_engine[bb89245781febbd9]::falcon::program::elf::tests::elf_bytes
[INFO] [stdout]   12:     0x600fb2d6d0b7 - <raven_riscv_engine[bb89245781febbd9]::falcon::program::elf::tests::elf_text_segment_loaded_into_ram::{closure#0} as core[a373ad73a504971]::ops::function::FnOnce<()>>::call_once
[INFO] [stdout]   13:     0x600fb2da252b - test[aada8e7e76ba119b]::__rust_begin_short_backtrace::<core[a373ad73a504971]::result::Result<(), alloc[2e1b2a31b91974c5]::string::String>, fn() -> core[a373ad73a504971]::result::Result<(), alloc[2e1b2a31b91974c5]::string::String>>
[INFO] [stdout]   14:     0x600fb2daf705 - test[aada8e7e76ba119b]::run_test::{closure#0}
[INFO] [stdout]   15:     0x600fb2da8ff4 - std[617be2ca0a6fd877]::sys::backtrace::__rust_begin_short_backtrace::<test[aada8e7e76ba119b]::run_test::{closure#1}, ()>
[INFO] [stdout]   16:     0x600fb2db2792 - <std[617be2ca0a6fd877]::thread::lifecycle::spawn_unchecked<test[aada8e7e76ba119b]::run_test::{closure#1}, ()>::{closure#1} as core[a373ad73a504971]::ops::function::FnOnce<()>>::call_once::{shim:vtable#0}
[INFO] [stdout]   17:     0x600fb2e7366f - <std[617be2ca0a6fd877]::sys::thread::unix::Thread>::new::thread_start
[INFO] [stdout]   18:     0x7f48c4485dfa - <unknown>
[INFO] [stdout]   19:     0x7f48c45193d4 - clone
[INFO] [stdout]   20:                0x0 - <unknown>
[INFO] [stdout] 
[INFO] [stdout] 
[INFO] [stdout] failures:
[INFO] [stdout]     falcon::program::elf::tests::elf_header_parsed_correctly
[INFO] [stdout]     falcon::program::elf::tests::elf_text_segment_loaded_into_ram
[INFO] [stdout] 
[INFO] [stdout] test result: FAILED. 146 passed; 2 failed; 0 ignored; 0 measured; 0 filtered out; finished in 0.10s
[INFO] [stdout] 
[INFO] [stderr] error: test failed, to rerun pass `--lib`
[INFO] running `Command { std: "docker" "inspect" "ce26ae1b9b9500cd28d777cf1c28bd662c3eb7da65d3de6dde8eccd87ec340ed", kill_on_drop: false }`
[INFO] running `Command { std: "docker" "rm" "-f" "ce26ae1b9b9500cd28d777cf1c28bd662c3eb7da65d3de6dde8eccd87ec340ed", kill_on_drop: false }`
[INFO] [stdout] ce26ae1b9b9500cd28d777cf1c28bd662c3eb7da65d3de6dde8eccd87ec340ed
