[INFO] fetching crate ravel-runtime 0.3.0...
[INFO] testing ravel-runtime-0.3.0 against 1.99.0-beta.8+cargoflags=--release for beta-release-1.100-2
[INFO] extracting crate ravel-runtime 0.3.0 into /workspace/builds/worker-3-tc1/source
[INFO] started tweaking crates.io crate ravel-runtime 0.3.0
[INFO] removed 0 missing tests
[INFO] finished tweaking crates.io crate ravel-runtime 0.3.0
[INFO] tweaked toml for crates.io crate ravel-runtime 0.3.0 written to /workspace/builds/worker-3-tc1/source/Cargo.toml
[INFO] validating manifest of crates.io crate ravel-runtime 0.3.0 on toolchain 1.99.0-beta.8
[INFO] running `Command { std: CARGO_HOME="/workspace/cargo-home" RUSTUP_HOME="/workspace/rustup-home" "/workspace/cargo-home/bin/cargo" "+1.99.0-beta.8" "metadata" "--manifest-path" "Cargo.toml" "--no-deps", kill_on_drop: false }`
[INFO] crate crates.io crate ravel-runtime 0.3.0 already has a lockfile, it will not be regenerated
[INFO] running `Command { std: CARGO_HOME="/workspace/cargo-home" RUSTUP_HOME="/workspace/rustup-home" "/workspace/cargo-home/bin/cargo" "+1.99.0-beta.8" "fetch" "--manifest-path" "Cargo.toml", kill_on_drop: false }`
[INFO] [stderr]     Updating crates.io index
[INFO] [stderr]  Downloading crates ...
[INFO] [stderr]   Downloaded fd-lock v4.0.4
[INFO] [stderr]   Downloaded rquickjs v0.11.0
[INFO] [stderr]   Downloaded tokio-macros v2.6.1
[INFO] [stderr]   Downloaded http-range-header v0.4.2
[INFO] [stderr]   Downloaded rquickjs-macro v0.11.0
[INFO] [stderr]   Downloaded oxc_ast_macros v0.116.0
[INFO] [stderr]   Downloaded phf_generator v0.13.1
[INFO] [stderr]   Downloaded str_indices v0.4.4
[INFO] [stderr]   Downloaded unicode-linebreak v0.1.5
[INFO] [stderr]   Downloaded cobs v0.3.0
[INFO] [stderr]   Downloaded nonmax v0.5.5
[INFO] [stderr]   Downloaded embedded-io v0.4.0
[INFO] [stderr]   Downloaded phf_shared v0.13.1
[INFO] [stderr]   Downloaded siphasher v1.0.2
[INFO] [stderr]   Downloaded oxc_diagnostics v0.116.0
[INFO] [stderr]   Downloaded oxc_compat v0.116.0
[INFO] [stderr]   Downloaded cow-utils v0.1.3
[INFO] [stderr]   Downloaded cc v1.2.58
[INFO] [stderr]   Downloaded oxc_str v0.116.0
[INFO] [stderr]   Downloaded oxc_estree v0.116.0
[INFO] [stderr]   Downloaded smawk v0.3.2
[INFO] [stderr]   Downloaded oxc-miette-derive v2.7.1
[INFO] [stderr]   Downloaded self_cell v1.2.2
[INFO] [stderr]   Downloaded oxc_sourcemap v6.1.1
[INFO] [stderr]   Downloaded json-escape-simd v3.0.1
[INFO] [stderr]   Downloaded serde_path_to_error v0.1.20
[INFO] [stderr]   Downloaded axum-core v0.5.6
[INFO] [stderr]   Downloaded phf_macros v0.13.1
[INFO] [stderr]   Downloaded oxc_span v0.116.0
[INFO] [stderr]   Downloaded oxc_data_structures v0.116.0
[INFO] [stderr]   Downloaded relative-path v2.0.1
[INFO] [stderr]   Downloaded phf v0.13.1
[INFO] [stderr]   Downloaded oxc_syntax v0.116.0
[INFO] [stderr]   Downloaded textwrap v0.16.2
[INFO] [stderr]   Downloaded oxc_index v4.1.0
[INFO] [stderr]   Downloaded dragonbox_ecma v0.1.12
[INFO] [stderr]   Downloaded oxc_ecmascript v0.116.0
[INFO] [stderr]   Downloaded postcard v1.1.3
[INFO] [stderr]   Downloaded async-lock v3.4.2
[INFO] [stderr]   Downloaded oxc_regular_expression v0.116.0
[INFO] [stderr]   Downloaded unicode-id-start v1.4.0
[INFO] [stderr]   Downloaded oxc_allocator v0.116.0
[INFO] [stderr]   Downloaded oxc_ast_visit v0.116.0
[INFO] [stderr]   Downloaded oxc_codegen v0.116.0
[INFO] [stderr]   Downloaded matchit v0.8.4
[INFO] [stderr]   Downloaded toml_edit v0.25.10+spec-1.1.0
[INFO] [stderr]   Downloaded oxc_semantic v0.116.0
[INFO] [stderr]   Downloaded insta v1.47.2
[INFO] [stderr]   Downloaded oxc_traverse v0.116.0
[INFO] [stderr]   Downloaded ropey v1.6.1
[INFO] [stderr]   Downloaded oxc-miette v2.7.1
[INFO] [stderr]   Downloaded rquickjs-core v0.11.0
[INFO] [stderr]   Downloaded oxc_parser v0.116.0
[INFO] [stderr]   Downloaded axum v0.8.9
[INFO] [stderr]   Downloaded oxc_ast v0.116.0
[INFO] [stderr]   Downloaded oxc-browserslist v3.0.1
[INFO] [stderr]   Downloaded oxc_transformer v0.116.0
[INFO] [stderr]   Downloaded rquickjs-sys v0.11.0
[INFO] running `Command { std: "docker" "create" "-v" "/var/lib/crater-agent-workspace/builds/worker-3-tc1/source:/opt/rustwide/workdir:ro,Z" "-v" "/var/lib/crater-agent-workspace/builds/worker-3-tc1/target:/opt/rustwide/target:rw,Z" "-v" "/var/lib/crater-agent-workspace/cargo-home:/opt/rustwide/cargo-home:ro,Z" "-v" "/var/lib/crater-agent-workspace/rustup-home:/opt/rustwide/rustup-home:ro,Z" "-m" "1610612736" "--network" "none" "ghcr.io/rust-lang/crates-build-env/linux@sha256:77db811e55d90add9212f6832c23229e3de5f1c1f9905e8cb07319ea15df73ac" "sleep" "infinity", kill_on_drop: false }`
[INFO] [stdout] 474222c062c2dacc80abde24cd9dd108497891a2697a0b0cada733438d0159e9
[INFO] running `Command { std: "docker" "start" "474222c062c2dacc80abde24cd9dd108497891a2697a0b0cada733438d0159e9", kill_on_drop: false }`
[INFO] running `Command { std: "docker" "inspect" "474222c062c2dacc80abde24cd9dd108497891a2697a0b0cada733438d0159e9", kill_on_drop: false }`
[INFO] running `Command { std: "docker" "exec" "-e" "SOURCE_DIR=/opt/rustwide/workdir" "-e" "CARGO_HOME=/opt/rustwide/cargo-home" "-e" "RUSTUP_HOME=/opt/rustwide/rustup-home" "-e" "CARGO_TARGET_DIR=/opt/rustwide/target" "-w" "/opt/rustwide/workdir" "--user" "0:0" "474222c062c2dacc80abde24cd9dd108497891a2697a0b0cada733438d0159e9" "/opt/rustwide/cargo-home/bin/cargo" "+1.99.0-beta.8" "metadata" "--no-deps" "--format-version=1", kill_on_drop: false }`
[INFO] running `Command { std: "docker" "inspect" "474222c062c2dacc80abde24cd9dd108497891a2697a0b0cada733438d0159e9", kill_on_drop: false }`
[INFO] running `Command { std: "docker" "exec" "-e" "SOURCE_DIR=/opt/rustwide/workdir" "-e" "CARGO_HOME=/opt/rustwide/cargo-home" "-e" "RUSTUP_HOME=/opt/rustwide/rustup-home" "-e" "CARGO_TARGET_DIR=/opt/rustwide/target" "-e" "CARGO_INCREMENTAL=0" "-e" "RUST_BACKTRACE=full" "-e" "RUSTFLAGS=--cap-lints=warn" "-e" "RUSTDOCFLAGS=--cap-lints=warn" "-w" "/opt/rustwide/workdir" "--user" "0:0" "474222c062c2dacc80abde24cd9dd108497891a2697a0b0cada733438d0159e9" "/opt/rustwide/cargo-home/bin/cargo" "+1.99.0-beta.8" "build" "--frozen" "--message-format=json" "--release", kill_on_drop: false }`
[INFO] [stderr]    Compiling serde_core v1.0.228
[INFO] [stderr]    Compiling allocator-api2 v0.2.21
[INFO] [stderr]    Compiling libc v0.2.183
[INFO] [stderr]    Compiling siphasher v1.0.2
[INFO] [stderr]    Compiling rustversion v1.0.22
[INFO] [stderr]    Compiling ryu v1.0.23
[INFO] [stderr]    Compiling syn v2.0.117
[INFO] [stderr]    Compiling bitflags v2.11.0
[INFO] [stderr]    Compiling phf_shared v0.13.1
[INFO] [stderr]    Compiling str_indices v0.4.4
[INFO] [stderr]    Compiling rustc-hash v2.1.2
[INFO] [stderr]    Compiling smawk v0.3.2
[INFO] [stderr]    Compiling unicode-segmentation v1.13.2
[INFO] [stderr]    Compiling unicode-linebreak v0.1.5
[INFO] [stderr]    Compiling hashbrown v0.16.1
[INFO] [stderr]    Compiling fastrand v2.3.0
[INFO] [stderr]    Compiling textwrap v0.16.2
[INFO] [stderr]    Compiling phf_generator v0.13.1
[INFO] [stderr]    Compiling castaway v0.2.4
[INFO] [stderr]    Compiling compact_str v0.9.0
[INFO] [stderr]    Compiling phf v0.13.1
[INFO] [stderr]    Compiling oxc_estree v0.116.0
[INFO] [stderr]    Compiling dragonbox_ecma v0.1.12
[INFO] [stderr]    Compiling cow-utils v0.1.3
[INFO] [stderr]    Compiling nonmax v0.5.5
[INFO] [stderr]    Compiling unicode-id-start v1.4.0
[INFO] [stderr]    Compiling find-msvc-tools v0.1.9
[INFO] [stderr]    Compiling crossbeam-utils v0.8.21
[INFO] [stderr]    Compiling cc v1.2.58
[INFO] [stderr]    Compiling http v1.4.0
[INFO] [stderr]    Compiling foldhash v0.2.0
[INFO] [stderr]    Compiling errno v0.3.14
[INFO] [stderr]    Compiling mio v1.2.0
[INFO] [stderr]    Compiling signal-hook-registry v1.4.8
[INFO] [stderr]    Compiling socket2 v0.6.3
[INFO] [stderr]    Compiling num-bigint v0.4.6
[INFO] [stderr]    Compiling serde_json v1.0.149
[INFO] [stderr]    Compiling log v0.4.29
[INFO] [stderr]    Compiling concurrent-queue v2.5.0
[INFO] [stderr]    Compiling indexmap v2.13.1
[INFO] [stderr]    Compiling simd-adler32 v0.3.9
[INFO] [stderr]    Compiling rquickjs-sys v0.11.0
[INFO] [stderr]    Compiling http-body v1.0.1
[INFO] [stderr]    Compiling tower-service v0.3.3
[INFO] [stderr]    Compiling winnow v1.0.1
[INFO] [stderr]    Compiling itertools v0.14.0
[INFO] [stderr]    Compiling miniz_oxide v0.8.9
[INFO] [stderr]    Compiling httparse v1.10.1
[INFO] [stderr]    Compiling toml_parser v1.1.2+spec-1.1.0
[INFO] [stderr]    Compiling event-listener v5.4.1
[INFO] [stderr]    Compiling tracing v0.1.44
[INFO] [stderr]    Compiling mime v0.3.17
[INFO] [stderr]    Compiling cfg_aliases v0.1.1
[INFO] [stderr]    Compiling toml_datetime v1.1.1+spec-1.1.0
[INFO] [stderr]    Compiling slab v0.4.12
[INFO] [stderr]    Compiling rustix v1.1.4
[INFO] [stderr]    Compiling httpdate v1.0.3
[INFO] [stderr]    Compiling self_cell v1.2.2
[INFO] [stderr]    Compiling unicase v2.9.0
[INFO] [stderr]    Compiling serde_derive v1.0.228
[INFO] [stderr]    Compiling thiserror-impl v2.0.18
[INFO] [stderr]    Compiling oxc-miette-derive v2.7.1
[INFO] [stderr]    Compiling oxc_ast_macros v0.116.0
[INFO] [stderr]    Compiling phf_macros v0.13.1
[INFO] [stderr]    Compiling tokio-macros v2.6.1
[INFO] [stderr]    Compiling tower-layer v0.3.3
[INFO] [stderr]    Compiling futures-task v0.3.32
[INFO] [stderr]    Compiling futures-util v0.3.32
[INFO] [stderr]    Compiling mime_guess v2.0.5
[INFO] [stderr]    Compiling thiserror v2.0.18
[INFO] [stderr]    Compiling oxc-miette v2.7.1
[INFO] [stderr]    Compiling cobs v0.3.0
[INFO] [stderr]    Compiling toml_edit v0.25.10+spec-1.1.0
[INFO] [stderr]    Compiling nix v0.28.0
[INFO] [stderr]    Compiling event-listener-strategy v0.5.4
[INFO] [stderr]    Compiling flate2 v1.1.9
[INFO] [stderr]    Compiling oxc_diagnostics v0.116.0
[INFO] [stderr]    Compiling http-body-util v0.1.3
[INFO] [stderr]    Compiling futures-channel v0.3.32
[INFO] [stderr]    Compiling atomic-waker v1.1.2
[INFO] [stderr]    Compiling sync_wrapper v1.0.2
[INFO] [stderr]    Compiling relative-path v2.0.1
[INFO] [stderr]    Compiling oxc_sourcemap v6.1.1
[INFO] [stderr]    Compiling convert_case v0.10.0
[INFO] [stderr]    Compiling base64-simd v0.8.0
[INFO] [stderr]    Compiling proc-macro-crate v3.5.0
[INFO] [stderr]    Compiling async-lock v3.4.2
[INFO] [stderr]    Compiling form_urlencoded v1.2.2
[INFO] [stderr]    Compiling serde v1.0.228
[INFO] [stderr]    Compiling option-ext v0.2.0
[INFO] [stderr]    Compiling json-escape-simd v3.0.1
[INFO] [stderr]    Compiling endian-type v0.1.2
[INFO] [stderr]    Compiling sha1 v0.10.6
[INFO] [stderr]    Compiling dirs-sys v0.4.1
[INFO] [stderr]    Compiling smallvec v1.15.1
[INFO] [stderr]    Compiling oxc_index v4.1.0
[INFO] [stderr]    Compiling ropey v1.6.1
[INFO] [stderr]    Compiling parking_lot_core v0.9.12
[INFO] [stderr]    Compiling postcard v1.1.3
[INFO] [stderr]    Compiling nibble_vec v0.1.0
[INFO] [stderr]    Compiling parking_lot v0.12.5
[INFO] [stderr]    Compiling radix_trie v0.2.1
[INFO] [stderr]    Compiling rquickjs-core v0.11.0
[INFO] [stderr]    Compiling tokio v1.50.0
[INFO] [stderr]    Compiling oxc-browserslist v3.0.1
[INFO] [stderr]    Compiling fd-lock v4.0.4
[INFO] [stderr]    Compiling oxc_data_structures v0.116.0
[INFO] [stderr]    Compiling oxc_allocator v0.116.0
[INFO] [stderr]    Compiling oxc_str v0.116.0
[INFO] [stderr]    Compiling oxc_span v0.116.0
[INFO] [stderr]    Compiling serde_urlencoded v0.7.1
[INFO] [stderr]    Compiling oxc_syntax v0.116.0
[INFO] [stderr]    Compiling oxc_regular_expression v0.116.0
[INFO] [stderr]    Compiling rquickjs-macro v0.11.0
[INFO] [stderr]    Compiling oxc_ast v0.116.0
[INFO] [stderr]    Compiling oxc_compat v0.116.0
[INFO] [stderr]    Compiling axum-core v0.5.6
[INFO] [stderr]    Compiling serde_path_to_error v0.1.20
[INFO] [stderr]    Compiling http-range-header v0.4.2
[INFO] [stderr]    Compiling seq-macro v0.3.6
[INFO] [stderr]    Compiling hyper v1.9.0
[INFO] [stderr]    Compiling tower v0.5.3
[INFO] [stderr]    Compiling tokio-util v0.7.18
[INFO] [stderr]    Compiling matchit v0.8.4
[INFO] [stderr]    Compiling home v0.5.12
[INFO] [stderr]    Compiling hyper-util v0.1.20
[INFO] [stderr]    Compiling unicode-width v0.1.14
[INFO] [stderr]    Compiling axum v0.8.9
[INFO] [stderr]    Compiling rustyline v14.0.0
[INFO] [stderr]    Compiling tower-http v0.6.8
[INFO] [stderr]    Compiling dirs v5.0.1
[INFO] [stderr]    Compiling oxc_ecmascript v0.116.0
[INFO] [stderr]    Compiling oxc_ast_visit v0.116.0
[INFO] [stderr]    Compiling oxc_semantic v0.116.0
[INFO] [stderr]    Compiling oxc_parser v0.116.0
[INFO] [stderr]    Compiling oxc_traverse v0.116.0
[INFO] [stderr]    Compiling oxc_codegen v0.116.0
[INFO] [stderr]    Compiling oxc_transformer v0.116.0
[INFO] [stderr]    Compiling rquickjs v0.11.0
[INFO] [stderr]    Compiling ravel-runtime v0.3.0 (/opt/rustwide/workdir)
[INFO] [stderr]     Finished `release` profile [optimized] target(s) in 4m 47s
[INFO] running `Command { std: "docker" "inspect" "474222c062c2dacc80abde24cd9dd108497891a2697a0b0cada733438d0159e9", kill_on_drop: false }`
[INFO] running `Command { std: "docker" "exec" "-e" "SOURCE_DIR=/opt/rustwide/workdir" "-e" "CARGO_HOME=/opt/rustwide/cargo-home" "-e" "RUSTUP_HOME=/opt/rustwide/rustup-home" "-e" "CARGO_TARGET_DIR=/opt/rustwide/target" "-e" "CARGO_INCREMENTAL=0" "-e" "RUST_BACKTRACE=full" "-e" "RUSTFLAGS=--cap-lints=warn" "-e" "RUSTDOCFLAGS=--cap-lints=warn" "-w" "/opt/rustwide/workdir" "--user" "0:0" "474222c062c2dacc80abde24cd9dd108497891a2697a0b0cada733438d0159e9" "/opt/rustwide/cargo-home/bin/cargo" "+1.99.0-beta.8" "test" "--frozen" "--no-run" "--message-format=json" "--release", kill_on_drop: false }`
[INFO] [stderr]    Compiling aho-corasick v1.1.4
[INFO] [stderr]    Compiling regex-syntax v0.8.10
[INFO] [stderr]    Compiling getrandom v0.4.2
[INFO] [stderr]    Compiling bstr v1.12.1
[INFO] [stderr]    Compiling fastrand v2.3.0
[INFO] [stderr]    Compiling console v0.16.3
[INFO] [stderr]    Compiling similar v2.7.0
[INFO] [stderr]    Compiling tempfile v3.27.0
[INFO] [stderr]    Compiling regex-automata v0.4.14
[INFO] [stderr]    Compiling globset v0.4.18
[INFO] [stderr]    Compiling regex v1.12.3
[INFO] [stderr]    Compiling insta v1.47.2
[INFO] [stderr]    Compiling ravel-runtime v0.3.0 (/opt/rustwide/workdir)
[INFO] [stderr]     Finished `release` profile [optimized] target(s) in 1m 16s
[INFO] running `Command { std: "docker" "inspect" "474222c062c2dacc80abde24cd9dd108497891a2697a0b0cada733438d0159e9", kill_on_drop: false }`
[INFO] running `Command { std: "docker" "exec" "-e" "SOURCE_DIR=/opt/rustwide/workdir" "-e" "CARGO_HOME=/opt/rustwide/cargo-home" "-e" "RUSTUP_HOME=/opt/rustwide/rustup-home" "-e" "CARGO_TARGET_DIR=/opt/rustwide/target" "-e" "CARGO_INCREMENTAL=0" "-e" "RUST_BACKTRACE=full" "-e" "RUSTFLAGS=--cap-lints=warn" "-e" "RUSTDOCFLAGS=--cap-lints=warn" "-w" "/opt/rustwide/workdir" "--user" "0:0" "474222c062c2dacc80abde24cd9dd108497891a2697a0b0cada733438d0159e9" "/opt/rustwide/cargo-home/bin/cargo" "+1.99.0-beta.8" "test" "--frozen" "--release", kill_on_drop: false }`
[INFO] [stderr]     Finished `release` profile [optimized] target(s) in 0.47s
[INFO] [stderr]      Running unittests src/lib.rs (/opt/rustwide/target/release/deps/ravel-4370fdde3c23b511)
[INFO] [stdout] 
[INFO] [stdout] running 249 tests
[INFO] [stdout] test cli::dev::tests::test_content_type_by_extension ... ok
[INFO] [stdout] test cli::dev::tests::test_import_map_is_valid_json ... ok
[INFO] [stdout] test cli::dev::tests::test_import_map_with_no_packages_is_still_valid_json ... ok
[INFO] [stdout] test cli::dev::tests::test_find_file_adds_a_missing_extension ... ok
[INFO] [stdout] test cli::dev::tests::test_import_map_has_a_bare_and_a_prefix_entry ... ok
[INFO] [stdout] test cli::repl::tests::test_publish_bindings_copies_each_name ... ok
[INFO] [stdout] test cli::repl::tests::test_publish_bindings_keeps_the_line_on_its_own_line ... ok
[INFO] [stdout] test cli::repl::tests::test_publish_bindings_leaves_a_side_effect_import_alone ... ok
[INFO] [stdout] test cli::serve::tests::test_strip_base_no_base ... ok
[INFO] [stdout] test cli::serve::tests::test_strip_base_no_match ... ok
[INFO] [stdout] test cli::serve::tests::test_strip_base_trailing_slash ... ok
[INFO] [stdout] test cli::serve::tests::test_strip_base_with_base ... ok
[INFO] [stdout] test cli::tests::test_read_and_transpile_js_file ... ok
[INFO] [stdout] test cli::dev::tests::test_inject_import_map_goes_before_head_closes ... ok
[INFO] [stdout] test cli::dev::tests::test_inject_import_map_without_a_head ... ok
[INFO] [stdout] test config::tests::test_base_url_adds_the_trailing_slash ... ok
[INFO] [stdout] test config::tests::test_base_url_is_root_when_unset ... ok
[INFO] [stdout] test config::tests::test_base_url_keeps_nested_paths ... ok
[INFO] [stdout] test config::tests::test_base_url_normalises_whatever_was_written ... ok
[INFO] [stdout] test cli::tests::test_read_and_transpile_ts_file ... ok
[INFO] [stdout] test config::tests::test_base_url_of_a_lone_slash_is_root ... ok
[INFO] [stdout] test config::tests::test_config_defaults ... ok
[INFO] [stdout] test cli::dev::tests::test_installed_packages_without_node_modules ... ok
[INFO] [stdout] test cli::dev::tests::test_url_for_refuses_paths_outside_the_project ... ok
[INFO] [stdout] test config::tests::test_config_load_invalid_json ... ok
[INFO] [stdout] test config::tests::test_config_load_empty_object ... ok
[INFO] [stdout] test config::tests::test_config_load_missing_file ... ok
[INFO] [stdout] test config::tests::test_config_load_partial ... ok
[INFO] [stdout] test cli::dev::tests::test_installed_packages_lists_plain_and_scoped ... ok
[INFO] [stdout] test cli::dev::tests::test_url_for_is_relative_to_the_project ... ok
[INFO] [stdout] test console::tests::test_setup_console ... ok
[INFO] [stdout] test console::tests::test_value_to_string_bool ... ok
[INFO] [stdout] test console::tests::test_value_to_string_empty_array ... ok
[INFO] [stdout] test cli::dev::tests::test_safe_join_stays_inside_the_project ... ok
[INFO] [stdout] test console::tests::test_value_to_string_false ... ok
[INFO] [stdout] test config::tests::test_config_load_valid ... ok
[INFO] [stdout] test console::tests::test_value_to_string_infinity ... ok
[INFO] [stdout] test console::tests::test_value_to_string_float ... ok
[INFO] [stdout] test console::tests::test_value_to_string_array ... ok
[INFO] [stdout] test config::tests::test_config_load_port_only ... ok
[INFO] [stdout] test console::tests::test_value_to_string_nan ... ok
[INFO] [stdout] test console::tests::test_value_to_string_empty_string ... ok
[INFO] [stdout] test console::tests::test_value_to_string_int ... ok
[INFO] [stdout] test console::tests::test_value_to_string_function ... ok
[INFO] [stdout] test console::tests::test_value_to_string_negative_float ... ok
[INFO] [stdout] test console::tests::test_value_to_string_large_float ... ok
[INFO] [stdout] test console::tests::test_value_to_string_null ... ok
[INFO] [stdout] test console::tests::test_value_to_string_negative_int ... ok
[INFO] [stdout] test console::tests::test_value_to_string_nested_object ... ok
[INFO] [stdout] test console::tests::test_value_to_string_object ... ok
[INFO] [stdout] test console::tests::test_value_to_string_object_with_properties ... ok
[INFO] [stdout] test console::tests::test_value_to_string_string ... ok
[INFO] [stdout] test console::tests::test_value_to_string_zero ... ok
[INFO] [stdout] test console::tests::test_value_to_string_undefined ... ok
[INFO] [stdout] test core::engine::tests::test_inject_globals_process_env_is_object ... ok
[INFO] [stdout] test core::engine::tests::test_inject_globals_exposes_base ... ok
[INFO] [stdout] test core::engine::tests::test_inject_globals_ravel_build_env_in_build_mode ... ok
[INFO] [stdout] test core::engine::tests::test_inject_globals_ravel_version ... ok
[INFO] [stdout] test core::engine::tests::test_inject_globals_no_ravel_build_env_in_normal_mode ... ok
[INFO] [stdout] test core::engine::tests::test_inject_globals_escapes_special_chars_in_paths ... ok
[INFO] [stdout] test core::engine::tests::test_inject_globals_build_mode_false ... ok
[INFO] [stdout] test core::engine::tests::test_inject_globals_build_mode_true ... ok
[INFO] [stdout] test core::engine::tests::test_inject_globals_sets_dirname ... ok
[INFO] [stdout] test core::engine::tests::test_setup_all_apis_injects_note ... ok
[INFO] [stdout] test core::engine::tests::test_inject_globals_sets_filename ... ok
[INFO] [stdout] test core::event_loop::tests::test_sleep_until_past_deadline_returns_immediately ... ok
[INFO] [stdout] test core::engine::tests::test_setup_all_apis_injects_timers ... ok
[INFO] [stdout] test core::engine::tests::test_setup_all_apis_injects_fs ... ok
[INFO] [stdout] test core::event_loop::tests::test_empty_loop_exits_without_hanging ... ok
[INFO] [stdout] test core::engine::tests::test_setup_all_apis_injects_console ... ok
[INFO] [stdout] test core::module::tests::test_file_resolver_with_multiple_patterns ... ok
[INFO] [stdout] test core::module::tests::test_file_resolver_default_patterns ... ok
[INFO] [stdout] test core::module::tests::test_file_resolver_with_path ... ok
[INFO] [stdout] test core::module::tests::test_run_module_mjs_extension ... ok
[INFO] [stdout] test core::module::tests::test_run_module_basic ... ok
[INFO] [stdout] test core::module::tests::test_run_module_transitive_imports ... ok
[INFO] [stdout] test core::event_loop::tests::test_loop_reports_a_throwing_timer_callback ... ok
[INFO] [stdout] test core::module::tests::test_run_module_with_async_code ... ok
[INFO] [stdout] test core::module::tests::test_run_module_with_import ... ok
[INFO] [stdout] test core::module::tests::test_run_module_with_missing_import ... ok
[INFO] [stdout] test core::module::tests::test_run_module_with_default_export ... ok
[INFO] [stdout] test core::module::tests::test_run_module_with_named_and_default_import ... ok
[INFO] [stdout] test core::module::tests::test_run_module_with_export ... ok
[INFO] [stdout] test core::module::tests::test_script_loader_default ... ok
[INFO] [stdout] test core::module::tests::test_run_module_with_syntax_error ... ok
[INFO] [stdout] test core::module::tests::test_script_loader_with_extension ... ok
[INFO] [stdout] test core::module::tests::test_setup_module_loader_async ... ok
[INFO] [stdout] test core::resolver::tests::test_array_target_takes_the_first_understood_entry ... ok
[INFO] [stdout] test core::event_loop::tests::test_timer_scheduled_wakes_on_a_new_timer ... ok
[INFO] [stdout] test core::resolver::tests::test_bare_import_finds_node_modules ... ok
[INFO] [stdout] test core::resolver::tests::test_bare_import_falls_back_to_index ... ok
[INFO] [stdout] test core::resolver::tests::test_browser_conditions_still_prefer_the_package_order ... ok
[INFO] [stdout] test core::resolver::tests::test_bare_import_walks_up_to_a_parent_node_modules ... ok
[INFO] [stdout] test core::resolver::tests::test_conditions_fall_through_to_default ... ok
[INFO] [stdout] test core::resolver::tests::test_browser_conditions_pick_the_browser_build ... ok
[INFO] [stdout] test core::resolver::tests::test_conditions_nest_inside_subpaths ... ok
[INFO] [stdout] test core::resolver::tests::test_conditions_prefer_import_over_require ... ok
[INFO] [stdout] test core::resolver::tests::test_conditions_are_matched_in_declaration_order ... ok
[INFO] [stdout] test core::resolver::tests::test_dotted_filename_keeps_its_own_extension ... ok
[INFO] [stdout] test core::resolver::tests::test_deep_subpath_without_exports ... ok
[INFO] [stdout] test core::resolver::tests::test_directory_import_uses_index ... ok
[INFO] [stdout] test core::resolver::tests::test_directory_import_uses_package_main ... ok
[INFO] [stdout] test core::resolver::tests::test_exports_beats_module ... ok
[INFO] [stdout] test core::resolver::tests::test_exports_beats_main ... ok
[INFO] [stdout] test core::resolver::tests::test_exports_null_blocks_a_subpath ... ok
[INFO] [stdout] test core::resolver::tests::test_exports_pattern_cannot_escape_the_package ... ok
[INFO] [stdout] test core::resolver::tests::test_exports_hides_files_it_does_not_name ... ok
[INFO] [stdout] test core::resolver::tests::test_exports_pointing_at_a_missing_file_is_an_error ... ok
[INFO] [stdout] test core::resolver::tests::test_exports_string_shorthand ... ok
[INFO] [stdout] test core::event_loop::tests::test_timer_scheduled_none_never_completes ... ok
[INFO] [stdout] test core::resolver::tests::test_exports_target_must_be_relative ... ok
[INFO] [stdout] test core::resolver::tests::test_exports_most_specific_pattern_wins ... ok
[INFO] [stdout] test core::event_loop::tests::test_sleep_until_none_never_completes ... ok
[INFO] [stdout] test core::event_loop::tests::test_loop_runs_a_timer_and_then_exits ... ok
[INFO] [stdout] test core::resolver::tests::test_imports_can_point_at_a_package ... ok
[INFO] [stdout] test core::resolver::tests::test_exports_subpath_map ... ok
[INFO] [stdout] test core::resolver::tests::test_extensionless_import_finds_typescript ... ok
[INFO] [stdout] test core::resolver::tests::test_exports_wildcard_pattern ... ok
[INFO] [stdout] test core::resolver::tests::test_imports_pattern ... ok
[INFO] [stdout] test core::resolver::tests::test_hash_specifier_without_a_package_json_is_an_error ... ok
[INFO] [stdout] test core::resolver::tests::test_imports_resolves_from_the_nearest_package ... ok
[INFO] [stdout] test core::resolver::tests::test_javascript_wins_when_both_extensions_exist ... ok
[INFO] [stdout] test core::resolver::tests::test_main_is_used_when_there_is_no_module ... ok
[INFO] [stdout] test core::resolver::tests::test_missing_relative_import_is_an_error ... ok
[INFO] [stdout] test core::resolver::tests::test_module_field_used_when_there_is_no_main ... ok
[INFO] [stdout] test core::resolver::tests::test_module_pointing_at_nothing_falls_back_to_main ... ok
[INFO] [stdout] test core::resolver::tests::test_package_json_is_cached ... ok
[INFO] [stdout] test core::resolver::tests::test_module_field_applies_to_directory_imports_too ... ok
[INFO] [stdout] test core::resolver::tests::test_parent_relative_import ... ok
[INFO] [stdout] test core::resolver::tests::test_module_field_is_preferred_over_main ... ok
[INFO] [stdout] test core::resolver::tests::test_relative_import_with_extension ... ok
[INFO] [stdout] test core::resolver::tests::test_imports_honours_conditions ... ok
[INFO] [stdout] test core::resolver::tests::test_ravel_condition_wins_when_offered ... ok
[INFO] [stdout] test core::resolver::tests::test_relative_import_without_extension ... ok
[INFO] [stdout] test core::resolver::tests::test_imports_maps_a_hash_specifier_to_a_file ... ok
[INFO] [stdout] test core::resolver::tests::test_select_target_rejects_null ... ok
[INFO] [stdout] test core::resolver::tests::test_select_target_skips_unknown_conditions ... ok
[INFO] [stdout] test core::resolver::tests::test_select_target_substitutes_every_star ... ok
[INFO] [stdout] test core::resolver::tests::test_scoped_package ... ok
[INFO] [stdout] test core::resolver::tests::test_stays_within ... ok
[INFO] [stdout] test core::resolver::tests::test_nearest_node_modules_wins ... ok
[INFO] [stdout] test core::resolver::tests::test_scoped_package_subpath ... ok
[INFO] [stdout] test core::resolver::tests::test_two_routes_to_one_file_give_one_key ... ok
[INFO] [stdout] test core::resolver::tests::test_runtime_conditions_skip_the_browser_build ... ok
[INFO] [stdout] test core::resolver::tests::test_split_specifier_forms ... ok
[INFO] [stdout] test core::resolver::tests::test_scoped_name_without_a_package_is_an_error ... ok
[INFO] [stdout] test core::resolver::tests::test_unlisted_hash_specifier_is_an_error ... ok
[INFO] [stdout] test encoding::tests::test_round_trip ... ok
[INFO] [stdout] test core::resolver::tests::test_unmatched_conditions_are_an_error ... ok
[INFO] [stdout] test core::resolver::tests::test_missing_package_is_an_error ... ok
[INFO] [stdout] test core::event_loop::tests::test_sleep_until_waits_for_the_deadline ... ok
[INFO] [stdout] test encoding::tests::test_text_decoder_accepts_utf8_aliases ... ok
[INFO] [stdout] test encoding::tests::test_bytes_from_value_rejects_other_types ... ok
[INFO] [stdout] test encoding::tests::test_text_decoder_rejects_other_encodings ... ok
[INFO] [stdout] test encoding::tests::test_text_decoder_undefined_gives_empty ... ok
[INFO] [stdout] test error::tests::test_clear_pending_rejections ... ok
[INFO] [stdout] test error::tests::test_format_error_non_exception ... ok
[INFO] [stdout] test encoding::tests::test_text_encoder_encodes_multibyte ... ok
[INFO] [stdout] test encoding::tests::test_text_encoder_encodes_ascii ... ok
[INFO] [stdout] test error::tests::test_format_thrown_custom_error_name ... ok
[INFO] [stdout] test error::tests::test_forget_rejection_removes_pending ... ok
[INFO] [stdout] test error::tests::test_format_thrown_non_error_value ... ok
[INFO] [stdout] test error::tests::test_strip_internal_frames_keeps_user_only_stack ... ok
[INFO] [stdout] test error::tests::test_format_thrown_includes_name_and_message ... ok
[INFO] [stdout] test error::tests::test_strip_internal_frames_cuts_at_ravel_plumbing ... ok
[INFO] [stdout] test fs::tests::test_resolve_path_escape_attempt ... ok
[INFO] [stdout] test fs::tests::test_resolve_path_for_write_escape_attempt ... ok
[INFO] [stdout] test fs::tests::test_resolve_path_existing_file ... ok
[INFO] [stdout] test fs::tests::test_resolve_path_for_write_existing ... ok
[INFO] [stdout] test fs::tests::test_resolve_path_for_write_new_file ... ok
[INFO] [stdout] test error::tests::test_track_and_report_rejection ... ok
[INFO] [stdout] test fs::tests::test_resolve_path_absolute_escape ... ok
[INFO] [stdout] test encoding::tests::test_text_encoder_encoding_property ... ok
[INFO] [stdout] test fs::tests::test_resolve_path_for_write_new_in_subdir ... ok
[INFO] [stdout] test fs::tests::test_resolve_path_for_write_symlink_escape ... ok
[INFO] [stdout] test error::tests::test_format_thrown_includes_stack_frames ... ok
[INFO] [stdout] test fs::tests::test_resolve_path_for_write_null_byte_rejection ... ok
[INFO] [stdout] test encoding::tests::test_text_decoder_accepts_array_buffer ... ok
[INFO] [stdout] test encoding::tests::test_text_encoder_undefined_gives_empty ... ok
[INFO] [stdout] test fs::tests::test_resolve_path_nested_file ... ok
[INFO] [stdout] test fs::tests::test_resolve_path_null_byte_rejection ... ok
[INFO] [stdout] test fs::tests::test_resolve_path_symlink_escape ... ok
[INFO] [stdout] test fs::tests::test_setup_fs ... ok
[INFO] [stdout] test jsx::tests::test_note_boolean_attr_true ... ok
[INFO] [stdout] test fs::tests::test_resolve_path_symlink_allowed_within_root ... ok
[INFO] [stdout] test jsx::tests::test_note_boolean_attr_false ... ok
[INFO] [stdout] test jsx::tests::test_note_escapes_attr_values ... ok
[INFO] [stdout] test jsx::tests::test_note_raw_survives_nesting ... ok
[INFO] [stdout] test jsx::tests::test_note_with_attributes ... ok
[INFO] [stdout] test jsx::tests::test_note_still_escapes_when_raw_is_not_used ... ok
[INFO] [stdout] test jsx::tests::test_note_xss_escapes_attr_single_quote ... ok
[INFO] [stdout] test jsx::tests::test_note_function_component ... ok
[INFO] [stdout] test jsx::tests::test_note_nested ... ok
[INFO] [stdout] test jsx::tests::test_note_xss_escapes_children_angle_brackets ... ok
[INFO] [stdout] test jsx::tests::test_note_xss_escapes_children_in_function_component ... ok
[INFO] [stdout] test jsx::tests::test_note_self_closing ... ok
[INFO] [stdout] test jsx::tests::test_note_xss_escapes_children_script_tag ... ok
[INFO] [stdout] test jsx::tests::test_note_fragment ... ok
[INFO] [stdout] test jsx::tests::test_note_xss_escapes_attr_with_script_injection ... ok
[INFO] [stdout] test jsx::tests::test_note_raw_passes_markup_through ... ok
[INFO] [stdout] test jsx::tests::test_note_simple_element ... ok
[INFO] [stdout] test jsx::tests::test_setup_jsx_runtime ... ok
[INFO] [stdout] test jsx::tests::test_note_xss_escapes_nested_children ... ok
[INFO] [stdout] test timer::tests::test_equal_deadlines_fire_in_schedule_order ... ok
[INFO] [stdout] test timer::tests::test_cancel_removes_timer ... ok
[INFO] [stdout] test timer::tests::test_take_due_rearms_intervals ... ok
[INFO] [stdout] test timer::tests::test_next_deadline_is_the_earliest_live_timer ... ok
[INFO] [stdout] test timer::tests::test_next_timer_id_increments ... ok
[INFO] [stdout] test timer::tests::test_scheduling_wakes_a_parked_loop ... ok
[INFO] [stdout] test timer::tests::test_take_due_skips_cancelled_timers ... ok
[INFO] [stdout] test timer::tests::test_take_due_skips_timers_that_are_not_ready ... ok
[INFO] [stdout] test timer::tests::test_timer_state_new_is_empty ... ok
[INFO] [stdout] test timer::tests::test_timer_state_thread_local ... ok
[INFO] [stdout] test transpiler::tests::test_import_bindings_ignores_dynamic_import ... ok
[INFO] [stdout] test transpiler::tests::test_import_bindings_mixed_with_other_statements ... ok
[INFO] [stdout] test transpiler::tests::test_import_bindings_named ... ok
[INFO] [stdout] test transpiler::tests::test_import_bindings_none_for_unparseable_input ... ok
[INFO] [stdout] test transpiler::tests::test_import_bindings_none_without_imports ... ok
[INFO] [stdout] test transpiler::tests::test_import_bindings_side_effect_only ... ok
[INFO] [stdout] test transpiler::tests::test_import_bindings_uses_the_local_alias ... ok
[INFO] [stdout] test transpiler::tests::test_is_typescript_file ... ok
[INFO] [stdout] test timer::tests::test_zero_delay_is_clamped_so_the_loop_can_park ... ok
[INFO] [stdout] test transpiler::tests::test_import_bindings_across_several_declarations ... ok
[INFO] [stdout] test transpiler::tests::test_import_bindings_default_and_namespace ... ok
[INFO] [stdout] test transpiler::tests::test_jsx_fragment ... ok
[INFO] [stdout] test transpiler::tests::test_jsx_nested_elements ... ok
[INFO] [stdout] test transpiler::tests::test_jsx_with_expression ... ok
[INFO] [stdout] test transpiler::tests::test_jsx_with_props ... ok
[INFO] [stdout] test transpiler::tests::test_preserves_esm_exports ... ok
[INFO] [stdout] test transpiler::tests::test_preserves_esm_imports ... ok
[INFO] [stdout] test transpiler::tests::test_jsx_self_closing ... ok
[INFO] [stdout] test transpiler::tests::test_jsx_with_attributes ... ok
[INFO] [stdout] test transpiler::tests::test_strip_enum ... ok
[INFO] [stdout] test transpiler::tests::test_strip_class_types ... ok
[INFO] [stdout] test transpiler::tests::test_jsx_simple_element ... ok
[INFO] [stdout] test transpiler::tests::test_strip_function_types ... ok
[INFO] [stdout] test transpiler::tests::test_strip_generic_types ... ok
[INFO] [stdout] test transpiler::tests::test_strip_namespace ... ok
[INFO] [stdout] test transpiler::tests::test_strip_return_type ... ok
[INFO] [stdout] test timer::tests::test_cancel_nonexistent_is_a_noop ... ok
[INFO] [stdout] test transpiler::tests::test_strip_type_annotation ... ok
[INFO] [stdout] test timer::tests::test_next_deadline_ignores_cancelled_head ... ok
[INFO] [stdout] test transpiler::tests::test_strip_interface ... ok
[INFO] [stdout] test timer::tests::test_schedule_makes_timer_pending ... ok
[INFO] [stdout] test transpiler::tests::test_strip_type_assertion ... ok
[INFO] [stdout] test transpiler::tests::test_strip_type_imports ... ok
[INFO] [stdout] test transpiler::tests::test_transpile_error ... ok
[INFO] [stdout] test transpiler::tests::test_tsx_file_detection ... ok
[INFO] [stderr]      Running unittests src/main.rs (/opt/rustwide/target/release/deps/ravel-7c14ea2b9e074171)
[INFO] [stdout] test timer::tests::test_take_due_returns_expired_timeout_once ... ok
[INFO] [stdout] 
[INFO] [stdout] test result: ok. 249 passed; 0 failed; 0 ignored; 0 measured; 0 filtered out; finished in 0.08s
[INFO] [stdout] 
[INFO] [stdout] 
[INFO] [stderr]      Running tests/example_snapshots.rs (/opt/rustwide/target/release/deps/example_snapshots-f6998ce113a09f7e)
[INFO] [stdout] running 0 tests
[INFO] [stdout] 
[INFO] [stdout] test result: ok. 0 passed; 0 failed; 0 ignored; 0 measured; 0 filtered out; finished in 0.00s
[INFO] [stdout] 
[INFO] [stdout] 
[INFO] [stdout] running 13 tests
[INFO] [stdout] test test_example_jsx ... ok
[INFO] [stdout] test test_example_errors ... ok
[INFO] [stdout] test test_example_basic ... ok
[INFO] [stdout] test test_example_packages ... ok
[INFO] [stdout] test test_example_esm ... ok
[INFO] [stdout] test test_example_sandbox ... ok
[INFO] [stdout] test test_example_ts_esm ... ok
[INFO] [stdout] test test_example_typescript ... ok
[INFO] [stdout] test test_example_event_loop ... ok
[INFO] [stdout] test test_example_timers ... ok
[INFO] [stdout] test test_example_fs ... FAILED
[INFO] [stdout] test test_example_encoding ... FAILED
[INFO] [stderr] error: test failed, to rerun pass `--test example_snapshots`
[INFO] [stdout] test test_example_site_build ... FAILED
[INFO] [stdout] 
[INFO] [stdout] failures:
[INFO] [stdout] 
[INFO] [stdout] ---- test_example_fs stdout ----
[INFO] [stdout] ━━━━━━━━━━━━━━━━━━━━━━━━━━━━━━━ Snapshot Summary ━━━━━━━━━━━━━━━━━━━━━━━━━━━━━━━
[INFO] [stdout] Snapshot file: tests/snapshots/example_snapshots__fs.snap
[INFO] [stdout] Snapshot: fs
[INFO] [stdout] Source: tests/example_snapshots.rs:31
[INFO] [stdout] ────────────────────────────────────────────────────────────────────────────────
[INFO] [stdout] Expression: output
[INFO] [stdout] ────────────────────────────────────────────────────────────────────────────────
[INFO] [stdout] -old snapshot
[INFO] [stdout] +new results
[INFO] [stdout] ────────────┬───────────────────────────────────────────────────────────────────
[INFO] [stdout]     5     5 │ readFile returns: Promise
[INFO] [stdout]     6     6 │ readFile type: object
[INFO] [stdout]     7     7 │ readFile length: 1337
[INFO] [stdout]     8     8 │ First 50 bytes as string: // Test fs sandbox - path traversal should be deni
[INFO] [stdout]     9       │-Wrote to output.txt
[INFO] [stdout]    10       │-Read back: Hello from Ravel!
[INFO] [stdout]    11       │-Concurrent reads: 3
[INFO] [stdout]    12       │-Sync read back: written synchronously
[INFO] [stdout]    13       │-__filename: <PROJECT_ROOT>/examples/fs.js
[INFO] [stdout]    14       │-__dirname: <PROJECT_ROOT>/examples
[INFO] [stdout]    15       │-All tests passed!
[INFO] [stdout]    16     9 │ 
[INFO] [stdout]    17       │-=== STDERR ===
[INFO] [stdout]          10 │+=== STDERR ===
[INFO] [stdout]          11 │+Uncaught Error: Read-only file system (os error 30): '/opt/rustwide/workdir/examples/output.txt'
[INFO] [stdout] ────────────┴───────────────────────────────────────────────────────────────────
[INFO] [stdout] 
[INFO] [stdout] thread 'test_example_fs' (3060) panicked at tests/example_snapshots.rs:31:5:
[INFO] [stdout] called `Result::unwrap()` on an `Err` value: FileIo(Os { code: 30, kind: ReadOnlyFilesystem, message: "Read-only file system" }, "/opt/rustwide/workdir/tests/snapshots/example_snapshots__fs.snap.new")
[INFO] [stdout] stack backtrace:
[INFO] [stdout]    0:     0x5a4c394b1791 - <<std[70759c8f55707aa4]::sys::backtrace::BacktraceLock>::print::DisplayBacktrace as core[df12db4294e9bfd3]::fmt::Display>::fmt
[INFO] [stdout]    1:     0x5a4c394c9a6a - core[df12db4294e9bfd3]::fmt::write
[INFO] [stdout]    2:     0x5a4c394b619c - <alloc[2182bb758b4b3781]::vec::Vec<u8> as core[df12db4294e9bfd3]::io::write::Write>::write_fmt
[INFO] [stdout]    3:     0x5a4c3948aac6 - std[70759c8f55707aa4]::panicking::default_hook::{closure#0}
[INFO] [stdout]    4:     0x5a4c394a8989 - std[70759c8f55707aa4]::panicking::default_hook
[INFO] [stdout]    5:     0x5a4c39442690 - test[9d35eded1c95d3be]::test_main_inner::<test[9d35eded1c95d3be]::test_main_static::{closure#0}>::{closure#0}
[INFO] [stdout]    6:     0x5a4c394a8b42 - std[70759c8f55707aa4]::panicking::panic_with_hook
[INFO] [stdout]    7:     0x5a4c3948ab72 - std[70759c8f55707aa4]::panicking::panic_handler::{closure#0}
[INFO] [stdout]    8:     0x5a4c39483419 - std[70759c8f55707aa4]::sys::backtrace::__rust_end_short_backtrace::<std[70759c8f55707aa4]::panicking::panic_handler::{closure#0}, !>
[INFO] [stdout]    9:     0x5a4c3948b80d - __rustc[8fa7c3cbc660c2b3]::rust_begin_unwind
[INFO] [stdout]   10:     0x5a4c394ca24c - core[df12db4294e9bfd3]::panicking::panic_fmt
[INFO] [stdout]   11:     0x5a4c394ca022 - core[df12db4294e9bfd3]::result::unwrap_failed
[INFO] [stdout]   12:     0x5a4c392fcfa4 - <example_snapshots[46c3f4072f92597a]::test_example_fs::{closure#0} as core[df12db4294e9bfd3]::ops::function::FnOnce<()>>::call_once
[INFO] [stdout]   13:     0x5a4c3943597b - test[9d35eded1c95d3be]::__rust_begin_short_backtrace::<core[df12db4294e9bfd3]::result::Result<(), alloc[2182bb758b4b3781]::string::String>, fn() -> core[df12db4294e9bfd3]::result::Result<(), alloc[2182bb758b4b3781]::string::String>>
[INFO] [stdout]   14:     0x5a4c39442fe5 - test[9d35eded1c95d3be]::run_test::{closure#0}
[INFO] [stdout]   15:     0x5a4c3943c8a4 - std[70759c8f55707aa4]::sys::backtrace::__rust_begin_short_backtrace::<test[9d35eded1c95d3be]::run_test::{closure#1}, ()>
[INFO] [stdout]   16:     0x5a4c39446142 - <std[70759c8f55707aa4]::thread::lifecycle::spawn_unchecked<test[9d35eded1c95d3be]::run_test::{closure#1}, ()>::{closure#1} as core[df12db4294e9bfd3]::ops::function::FnOnce<()>>::call_once::{shim:vtable#0}
[INFO] [stdout]   17:     0x5a4c394b07b9 - <std[70759c8f55707aa4]::sys::thread::unix::Thread>::new::thread_start
[INFO] [stdout]   18:     0x71ccab203dfa - <unknown>
[INFO] [stdout]   19:     0x71ccab2973d4 - clone
[INFO] [stdout]   20:                0x0 - <unknown>
[INFO] [stdout] 
[INFO] [stdout] ---- test_example_encoding stdout ----
[INFO] [stdout] ━━━━━━━━━━━━━━━━━━━━━━━━━━━━━━━ Snapshot Summary ━━━━━━━━━━━━━━━━━━━━━━━━━━━━━━━
[INFO] [stdout] Snapshot file: tests/snapshots/example_snapshots__encoding.snap
[INFO] [stdout] Snapshot: encoding
[INFO] [stdout] Source: tests/example_snapshots.rs:107
[INFO] [stdout] ────────────────────────────────────────────────────────────────────────────────
[INFO] [stdout] Expression: output
[INFO] [stdout] ────────────────────────────────────────────────────────────────────────────────
[INFO] [stdout] -old snapshot
[INFO] [stdout] +new results
[INFO] [stdout] ────────────┬───────────────────────────────────────────────────────────────────
[INFO] [stdout]     3     3 │ ascii bytes: 3
[INFO] [stdout]     4     4 │ multibyte bytes: 6
[INFO] [stdout]     5     5 │ round trip: héllo 世界
[INFO] [stdout]     6     6 │ rejected encoding: RangeError
[INFO] [stdout]     7       │-string write: written from a string
[INFO] [stdout]     8       │-bytes write: written from bytes
[INFO] [stdout]     9       │-info goes to stdout
[INFO] [stdout]    10       │-debug goes to stdout
[INFO] [stdout]    11       │-argv entries: true
[INFO] [stdout]    12       │-script is argv[1]: true
[INFO] [stdout]    13       │-done
[INFO] [stdout]    14     7 │ 
[INFO] [stdout]    15     8 │ === STDERR ===
[INFO] [stdout]    16       │-warn goes to stderr
[INFO] [stdout]    17       │-error goes to stderr
[INFO] [stdout]           9 │+Uncaught Error: Read-only file system (os error 30): '/opt/rustwide/workdir/examples/encoding-out.txt'
[INFO] [stdout] ────────────┴───────────────────────────────────────────────────────────────────
[INFO] [stdout] 
[INFO] [stdout] thread 'test_example_encoding' (3056) panicked at tests/example_snapshots.rs:107:5:
[INFO] [stdout] called `Result::unwrap()` on an `Err` value: FileIo(Os { code: 30, kind: ReadOnlyFilesystem, message: "Read-only file system" }, "/opt/rustwide/workdir/tests/snapshots/example_snapshots__encoding.snap.new")
[INFO] [stdout] stack backtrace:
[INFO] [stdout]    0:     0x5a4c394b1791 - <<std[70759c8f55707aa4]::sys::backtrace::BacktraceLock>::print::DisplayBacktrace as core[df12db4294e9bfd3]::fmt::Display>::fmt
[INFO] [stdout]    1:     0x5a4c394c9a6a - core[df12db4294e9bfd3]::fmt::write
[INFO] [stdout]    2:     0x5a4c394b619c - <alloc[2182bb758b4b3781]::vec::Vec<u8> as core[df12db4294e9bfd3]::io::write::Write>::write_fmt
[INFO] [stdout]    3:     0x5a4c3948aac6 - std[70759c8f55707aa4]::panicking::default_hook::{closure#0}
[INFO] [stdout]    4:     0x5a4c394a8989 - std[70759c8f55707aa4]::panicking::default_hook
[INFO] [stdout]    5:     0x5a4c39442690 - test[9d35eded1c95d3be]::test_main_inner::<test[9d35eded1c95d3be]::test_main_static::{closure#0}>::{closure#0}
[INFO] [stdout]    6:     0x5a4c394a8b42 - std[70759c8f55707aa4]::panicking::panic_with_hook
[INFO] [stdout]    7:     0x5a4c3948ab72 - std[70759c8f55707aa4]::panicking::panic_handler::{closure#0}
[INFO] [stdout]    8:     0x5a4c39483419 - std[70759c8f55707aa4]::sys::backtrace::__rust_end_short_backtrace::<std[70759c8f55707aa4]::panicking::panic_handler::{closure#0}, !>
[INFO] [stdout]    9:     0x5a4c3948b80d - __rustc[8fa7c3cbc660c2b3]::rust_begin_unwind
[INFO] [stdout]   10:     0x5a4c394ca24c - core[df12db4294e9bfd3]::panicking::panic_fmt
[INFO] [stdout]   11:     0x5a4c394ca022 - core[df12db4294e9bfd3]::result::unwrap_failed
[INFO] [stdout]   12:     0x5a4c392fec5b - <example_snapshots[46c3f4072f92597a]::test_example_encoding::{closure#0} as core[df12db4294e9bfd3]::ops::function::FnOnce<()>>::call_once
[INFO] [stdout]   13:     0x5a4c3943597b - test[9d35eded1c95d3be]::__rust_begin_short_backtrace::<core[df12db4294e9bfd3]::result::Result<(), alloc[2182bb758b4b3781]::string::String>, fn() -> core[df12db4294e9bfd3]::result::Result<(), alloc[2182bb758b4b3781]::string::String>>
[INFO] [stdout]   14:     0x5a4c39442fe5 - test[9d35eded1c95d3be]::run_test::{closure#0}
[INFO] [stdout]   15:     0x5a4c3943c8a4 - std[70759c8f55707aa4]::sys::backtrace::__rust_begin_short_backtrace::<test[9d35eded1c95d3be]::run_test::{closure#1}, ()>
[INFO] [stdout]   16:     0x5a4c39446142 - <std[70759c8f55707aa4]::thread::lifecycle::spawn_unchecked<test[9d35eded1c95d3be]::run_test::{closure#1}, ()>::{closure#1} as core[df12db4294e9bfd3]::ops::function::FnOnce<()>>::call_once::{shim:vtable#0}
[INFO] [stdout]   17:     0x5a4c394b07b9 - <std[70759c8f55707aa4]::sys::thread::unix::Thread>::new::thread_start
[INFO] [stdout]   18:     0x71ccab203dfa - <unknown>
[INFO] [stdout]   19:     0x71ccab2973d4 - clone
[INFO] [stdout]   20:                0x0 - <unknown>
[INFO] [stdout] 
[INFO] [stdout] ---- test_example_site_build stdout ----
[INFO] [stdout] ━━━━━━━━━━━━━━━━━━━━━━━━━━━━━━━ Snapshot Summary ━━━━━━━━━━━━━━━━━━━━━━━━━━━━━━━
[INFO] [stdout] Snapshot file: tests/snapshots/example_snapshots__site_build.snap
[INFO] [stdout] Snapshot: site_build
[INFO] [stdout] Source: tests/example_snapshots.rs:126
[INFO] [stdout] ────────────────────────────────────────────────────────────────────────────────
[INFO] [stdout] Expression: output
[INFO] [stdout] ────────────────────────────────────────────────────────────────────────────────
[INFO] [stdout] -old snapshot
[INFO] [stdout] +new results
[INFO] [stdout] ────────────┬───────────────────────────────────────────────────────────────────
[INFO] [stdout]     1     1 │ === STDOUT ===
[INFO] [stdout]     2     2 │ Building with ravel v0.3.0
[INFO] [stdout]     3       │-wrote dist/style.css
[INFO] [stdout]     4       │-wrote dist/posts.json (3 posts)
[INFO] [stdout]     5       │-wrote dist/app.js
[INFO] [stdout]     6       │-wrote dist/index.html
[INFO] [stdout]     7       │-done - 1 page, 1 CSS, 1 module, 1 data file
[INFO] [stdout]     8     3 │ 
[INFO] [stdout]     9       │-=== STDERR ===
[INFO] [stdout]           4 │+=== STDERR ===
[INFO] [stdout]           5 │+Uncaught TypeError: Error converting from js 'file' into type 'mkdir': Read-only file system (os error 30): 'dist'
[INFO] [stdout]           6 │+    at <anonymous> (build.tsx:66:5)
[INFO] [stdout] ────────────┴───────────────────────────────────────────────────────────────────
[INFO] [stdout] 
[INFO] [stdout] thread 'test_example_site_build' (3142) panicked at tests/example_snapshots.rs:126:5:
[INFO] [stdout] called `Result::unwrap()` on an `Err` value: FileIo(Os { code: 30, kind: ReadOnlyFilesystem, message: "Read-only file system" }, "/opt/rustwide/workdir/tests/snapshots/example_snapshots__site_build.snap.new")
[INFO] [stdout] stack backtrace:
[INFO] [stdout]    0:     0x5a4c394b1791 - <<std[70759c8f55707aa4]::sys::backtrace::BacktraceLock>::print::DisplayBacktrace as core[df12db4294e9bfd3]::fmt::Display>::fmt
[INFO] [stdout]    1:     0x5a4c394c9a6a - core[df12db4294e9bfd3]::fmt::write
[INFO] [stdout]    2:     0x5a4c394b619c - <alloc[2182bb758b4b3781]::vec::Vec<u8> as core[df12db4294e9bfd3]::io::write::Write>::write_fmt
[INFO] [stdout]    3:     0x5a4c3948aac6 - std[70759c8f55707aa4]::panicking::default_hook::{closure#0}
[INFO] [stdout]    4:     0x5a4c394a8989 - std[70759c8f55707aa4]::panicking::default_hook
[INFO] [stdout]    5:     0x5a4c39442690 - test[9d35eded1c95d3be]::test_main_inner::<test[9d35eded1c95d3be]::test_main_static::{closure#0}>::{closure#0}
[INFO] [stdout]    6:     0x5a4c394a8b42 - std[70759c8f55707aa4]::panicking::panic_with_hook
[INFO] [stdout]    7:     0x5a4c3948ab72 - std[70759c8f55707aa4]::panicking::panic_handler::{closure#0}
[INFO] [stdout]    8:     0x5a4c39483419 - std[70759c8f55707aa4]::sys::backtrace::__rust_end_short_backtrace::<std[70759c8f55707aa4]::panicking::panic_handler::{closure#0}, !>
[INFO] [stdout]    9:     0x5a4c3948b80d - __rustc[8fa7c3cbc660c2b3]::rust_begin_unwind
[INFO] [stdout]   10:     0x5a4c394ca24c - core[df12db4294e9bfd3]::panicking::panic_fmt
[INFO] [stdout]   11:     0x5a4c394ca022 - core[df12db4294e9bfd3]::result::unwrap_failed
[INFO] [stdout]   12:     0x5a4c392ff7cd - <example_snapshots[46c3f4072f92597a]::test_example_site_build::{closure#0} as core[df12db4294e9bfd3]::ops::function::FnOnce<()>>::call_once
[INFO] [stdout]   13:     0x5a4c3943597b - test[9d35eded1c95d3be]::__rust_begin_short_backtrace::<core[df12db4294e9bfd3]::result::Result<(), alloc[2182bb758b4b3781]::string::String>, fn() -> core[df12db4294e9bfd3]::result::Result<(), alloc[2182bb758b4b3781]::string::String>>
[INFO] [stdout]   14:     0x5a4c39442fe5 - test[9d35eded1c95d3be]::run_test::{closure#0}
[INFO] [stdout]   15:     0x5a4c3943c8a4 - std[70759c8f55707aa4]::sys::backtrace::__rust_begin_short_backtrace::<test[9d35eded1c95d3be]::run_test::{closure#1}, ()>
[INFO] [stdout]   16:     0x5a4c39446142 - <std[70759c8f55707aa4]::thread::lifecycle::spawn_unchecked<test[9d35eded1c95d3be]::run_test::{closure#1}, ()>::{closure#1} as core[df12db4294e9bfd3]::ops::function::FnOnce<()>>::call_once::{shim:vtable#0}
[INFO] [stdout]   17:     0x5a4c394b07b9 - <std[70759c8f55707aa4]::sys::thread::unix::Thread>::new::thread_start
[INFO] [stdout]   18:     0x71ccab203dfa - <unknown>
[INFO] [stdout]   19:     0x71ccab2973d4 - clone
[INFO] [stdout]   20:                0x0 - <unknown>
[INFO] [stdout] 
[INFO] [stdout] 
[INFO] [stdout] failures:
[INFO] [stdout]     test_example_encoding
[INFO] [stdout]     test_example_fs
[INFO] [stdout]     test_example_site_build
[INFO] [stdout] 
[INFO] [stdout] test result: FAILED. 10 passed; 3 failed; 0 ignored; 0 measured; 0 filtered out; finished in 0.82s
[INFO] [stdout] 
[INFO] running `Command { std: "docker" "inspect" "474222c062c2dacc80abde24cd9dd108497891a2697a0b0cada733438d0159e9", kill_on_drop: false }`
[INFO] running `Command { std: "docker" "rm" "-f" "474222c062c2dacc80abde24cd9dd108497891a2697a0b0cada733438d0159e9", kill_on_drop: false }`
[INFO] [stdout] 474222c062c2dacc80abde24cd9dd108497891a2697a0b0cada733438d0159e9
