[INFO] fetching crate rattler_git 0.3.13...
[INFO] testing rattler_git-0.3.13 against 1.100.0-beta.1+cargoflags=--release for beta-release-1.100-2
[INFO] extracting crate rattler_git 0.3.13 into /workspace/builds/worker-0-tc2/source
[INFO] started tweaking crates.io crate rattler_git 0.3.13
[INFO] removed 0 missing tests
[INFO] finished tweaking crates.io crate rattler_git 0.3.13
[INFO] tweaked toml for crates.io crate rattler_git 0.3.13 written to /workspace/builds/worker-0-tc2/source/Cargo.toml
[INFO] validating manifest of crates.io crate rattler_git 0.3.13 on toolchain 1.100.0-beta.1
[INFO] running `Command { std: CARGO_HOME="/workspace/cargo-home" RUSTUP_HOME="/workspace/rustup-home" "/workspace/cargo-home/bin/cargo" "+1.100.0-beta.1" "metadata" "--manifest-path" "Cargo.toml" "--no-deps", kill_on_drop: false }`
[INFO] crate crates.io crate rattler_git 0.3.13 already has a lockfile, it will not be regenerated
[INFO] running `Command { std: CARGO_HOME="/workspace/cargo-home" RUSTUP_HOME="/workspace/rustup-home" "/workspace/cargo-home/bin/cargo" "+1.100.0-beta.1" "fetch" "--manifest-path" "Cargo.toml", kill_on_drop: false }`
[INFO] running `Command { std: "docker" "create" "-v" "/var/lib/crater-agent-workspace/builds/worker-0-tc2/source:/opt/rustwide/workdir:ro,Z" "-v" "/var/lib/crater-agent-workspace/builds/worker-0-tc2/target:/opt/rustwide/target:rw,Z" "-v" "/var/lib/crater-agent-workspace/cargo-home:/opt/rustwide/cargo-home:ro,Z" "-v" "/var/lib/crater-agent-workspace/rustup-home:/opt/rustwide/rustup-home:ro,Z" "-m" "1610612736" "--network" "none" "ghcr.io/rust-lang/crates-build-env/linux@sha256:77db811e55d90add9212f6832c23229e3de5f1c1f9905e8cb07319ea15df73ac" "sleep" "infinity", kill_on_drop: false }`
[INFO] [stdout] 32b0cd10d3a382c4c9e4c752cd9fad7190fa9a143804ed37b600ae0fb3abd83b
[INFO] running `Command { std: "docker" "start" "32b0cd10d3a382c4c9e4c752cd9fad7190fa9a143804ed37b600ae0fb3abd83b", kill_on_drop: false }`
[INFO] running `Command { std: "docker" "inspect" "32b0cd10d3a382c4c9e4c752cd9fad7190fa9a143804ed37b600ae0fb3abd83b", kill_on_drop: false }`
[INFO] running `Command { std: "docker" "exec" "-e" "SOURCE_DIR=/opt/rustwide/workdir" "-e" "CARGO_HOME=/opt/rustwide/cargo-home" "-e" "RUSTUP_HOME=/opt/rustwide/rustup-home" "-e" "CARGO_TARGET_DIR=/opt/rustwide/target" "-w" "/opt/rustwide/workdir" "--user" "0:0" "32b0cd10d3a382c4c9e4c752cd9fad7190fa9a143804ed37b600ae0fb3abd83b" "/opt/rustwide/cargo-home/bin/cargo" "+1.100.0-beta.1" "metadata" "--no-deps" "--format-version=1", kill_on_drop: false }`
[INFO] running `Command { std: "docker" "inspect" "32b0cd10d3a382c4c9e4c752cd9fad7190fa9a143804ed37b600ae0fb3abd83b", kill_on_drop: false }`
[INFO] running `Command { std: "docker" "exec" "-e" "SOURCE_DIR=/opt/rustwide/workdir" "-e" "CARGO_HOME=/opt/rustwide/cargo-home" "-e" "RUSTUP_HOME=/opt/rustwide/rustup-home" "-e" "CARGO_TARGET_DIR=/opt/rustwide/target" "-e" "CARGO_INCREMENTAL=0" "-e" "RUST_BACKTRACE=full" "-e" "RUSTFLAGS=--cap-lints=warn" "-e" "RUSTDOCFLAGS=--cap-lints=warn" "-w" "/opt/rustwide/workdir" "--user" "0:0" "32b0cd10d3a382c4c9e4c752cd9fad7190fa9a143804ed37b600ae0fb3abd83b" "/opt/rustwide/cargo-home/bin/cargo" "+1.100.0-beta.1" "build" "--frozen" "--message-format=json" "--release", kill_on_drop: false }`
[INFO] [stderr]    Compiling libc v0.2.190
[INFO] [stderr]    Compiling smallvec v1.16.3
[INFO] [stderr]    Compiling syn v3.0.9
[INFO] [stderr]    Compiling syn v2.0.119
[INFO] [stderr]    Compiling indexmap v2.14.2
[INFO] [stderr]    Compiling compression-core v0.4.33
[INFO] [stderr]    Compiling bitflags v2.13.2
[INFO] [stderr]    Compiling sync_wrapper v1.0.2
[INFO] [stderr]    Compiling getrandom v0.4.3
[INFO] [stderr]    Compiling compression-codecs v0.4.45
[INFO] [stderr]    Compiling rand_core v0.10.1
[INFO] [stderr]    Compiling hybrid-array v0.4.15
[INFO] [stderr]    Compiling serde_json v1.0.154
[INFO] [stderr]    Compiling http-body-util v0.1.5
[INFO] [stderr]    Compiling thiserror v2.0.21
[INFO] [stderr]    Compiling cpufeatures v0.3.1
[INFO] [stderr]    Compiling base64 v0.23.1
[INFO] [stderr]    Compiling fs-err v3.3.2
[INFO] [stderr]    Compiling rustix v1.1.5
[INFO] [stderr]    Compiling crypto-common v0.2.2
[INFO] [stderr]    Compiling block-buffer v0.12.1
[INFO] [stderr]    Compiling chacha20 v0.10.2
[INFO] [stderr]    Compiling zeroize v1.9.1
[INFO] [stderr]    Compiling secrecy v0.10.3
[INFO] [stderr]    Compiling either v1.19.0
[INFO] [stderr]    Compiling fastrand v2.5.0
[INFO] [stderr]    Compiling itertools v0.15.0
[INFO] [stderr]    Compiling errno v0.3.14
[INFO] [stderr]    Compiling mio v1.2.4
[INFO] [stderr]    Compiling signal-hook-registry v1.4.8
[INFO] [stderr]    Compiling socket2 v0.6.5
[INFO] [stderr]    Compiling digest v0.11.3
[INFO] [stderr]    Compiling tokio v1.53.2
[INFO] [stderr]    Compiling rand v0.10.3
[INFO] [stderr]    Compiling sha2 v0.11.1
[INFO] [stderr]    Compiling tempfile v3.27.0
[INFO] [stderr]    Compiling retry-policies v0.5.2
[INFO] [stderr]    Compiling parking_lot_core v0.9.12
[INFO] [stderr]    Compiling crossbeam-utils v0.8.23
[INFO] [stderr]    Compiling http-auth v0.1.10
[INFO] [stderr]    Compiling which v8.0.6
[INFO] [stderr]    Compiling synstructure v0.14.0
[INFO] [stderr]    Compiling dashmap v6.2.1
[INFO] [stderr]    Compiling urlencoding v2.1.3
[INFO] [stderr]    Compiling tracing-attributes v0.1.31
[INFO] [stderr]    Compiling zerofrom-derive v0.1.8
[INFO] [stderr]    Compiling yoke-derive v0.8.4
[INFO] [stderr]    Compiling zerovec-derive v0.11.6
[INFO] [stderr]    Compiling displaydoc v0.2.7
[INFO] [stderr]    Compiling futures-macro v0.3.34
[INFO] [stderr]    Compiling serde_derive v1.0.229
[INFO] [stderr]    Compiling tracing v0.1.44
[INFO] [stderr]    Compiling thiserror-impl v2.0.21
[INFO] [stderr]    Compiling async-trait v0.1.92
[INFO] [stderr]    Compiling futures-util v0.3.34
[INFO] [stderr]    Compiling zerofrom v0.1.8
[INFO] [stderr]    Compiling yoke v0.8.3
[INFO] [stderr]    Compiling zerovec v0.11.8
[INFO] [stderr]    Compiling zerotrie v0.2.5
[INFO] [stderr]    Compiling tinystr v0.8.4
[INFO] [stderr]    Compiling potential_utf v0.1.6
[INFO] [stderr]    Compiling icu_collections v2.3.0
[INFO] [stderr]    Compiling icu_locale_core v2.3.0
[INFO] [stderr]    Compiling serde v1.0.229
[INFO] [stderr]    Compiling serde_urlencoded v0.7.1
[INFO] [stderr]    Compiling tokio-util v0.7.20
[INFO] [stderr]    Compiling async-compression v0.4.50
[INFO] [stderr]    Compiling icu_provider v2.3.1
[INFO] [stderr]    Compiling icu_properties v2.3.0
[INFO] [stderr]    Compiling icu_normalizer v2.3.0
[INFO] [stderr]    Compiling h2 v0.4.20
[INFO] [stderr]    Compiling tower v0.5.3
[INFO] [stderr]    Compiling futures-executor v0.3.34
[INFO] [stderr]    Compiling futures v0.3.34
[INFO] [stderr]    Compiling rattler_prefix_guard v0.1.2
[INFO] [stderr]    Compiling idna_adapter v1.2.2
[INFO] [stderr]    Compiling idna v1.1.0
[INFO] [stderr]    Compiling url v2.5.8
[INFO] [stderr]    Compiling tower-http v0.6.11
[INFO] [stderr]    Compiling hyper v1.12.0
[INFO] [stderr]    Compiling hyper-util v0.1.21
[INFO] [stderr]    Compiling reqwest v0.13.5
[INFO] [stderr]    Compiling astral-reqwest-middleware v0.5.1
[INFO] [stderr]    Compiling ambient-id v0.0.11
[INFO] [stderr]    Compiling rattler_networking v0.34.1
[INFO] [stderr]    Compiling rattler_git v0.3.13 (/opt/rustwide/workdir)
[INFO] [stderr]     Finished `release` profile [optimized] target(s) in 2m 09s
[INFO] running `Command { std: "docker" "inspect" "32b0cd10d3a382c4c9e4c752cd9fad7190fa9a143804ed37b600ae0fb3abd83b", kill_on_drop: false }`
[INFO] running `Command { std: "docker" "exec" "-e" "SOURCE_DIR=/opt/rustwide/workdir" "-e" "CARGO_HOME=/opt/rustwide/cargo-home" "-e" "RUSTUP_HOME=/opt/rustwide/rustup-home" "-e" "CARGO_TARGET_DIR=/opt/rustwide/target" "-e" "CARGO_INCREMENTAL=0" "-e" "RUST_BACKTRACE=full" "-e" "RUSTFLAGS=--cap-lints=warn" "-e" "RUSTDOCFLAGS=--cap-lints=warn" "-w" "/opt/rustwide/workdir" "--user" "0:0" "32b0cd10d3a382c4c9e4c752cd9fad7190fa9a143804ed37b600ae0fb3abd83b" "/opt/rustwide/cargo-home/bin/cargo" "+1.100.0-beta.1" "test" "--frozen" "--no-run" "--message-format=json" "--release", kill_on_drop: false }`
[INFO] [stderr]    Compiling rattler_git v0.3.13 (/opt/rustwide/workdir)
[INFO] [stderr]     Finished `release` profile [optimized] target(s) in 4.26s
[INFO] running `Command { std: "docker" "inspect" "32b0cd10d3a382c4c9e4c752cd9fad7190fa9a143804ed37b600ae0fb3abd83b", kill_on_drop: false }`
[INFO] running `Command { std: "docker" "exec" "-e" "SOURCE_DIR=/opt/rustwide/workdir" "-e" "CARGO_HOME=/opt/rustwide/cargo-home" "-e" "RUSTUP_HOME=/opt/rustwide/rustup-home" "-e" "CARGO_TARGET_DIR=/opt/rustwide/target" "-e" "CARGO_INCREMENTAL=0" "-e" "RUST_BACKTRACE=full" "-e" "RUSTFLAGS=--cap-lints=warn" "-e" "RUSTDOCFLAGS=--cap-lints=warn" "-w" "/opt/rustwide/workdir" "--user" "0:0" "32b0cd10d3a382c4c9e4c752cd9fad7190fa9a143804ed37b600ae0fb3abd83b" "/opt/rustwide/cargo-home/bin/cargo" "+1.100.0-beta.1" "test" "--frozen" "--release", kill_on_drop: false }`
[INFO] [stderr]     Finished `release` profile [optimized] target(s) in 0.26s
[INFO] [stderr]      Running unittests src/lib.rs (/opt/rustwide/target/release/build/rattler_git/f926877f209209da/out/rattler_git-f926877f209209da)
[INFO] [stdout] 
[INFO] [stdout] running 12 tests
[INFO] [stdout] test source::tests::env_empty_is_none ... ok
[INFO] [stdout] test git::tests::test_lfs_remote_url ... ok
[INFO] [stdout] test source::tests::env_truthy_is_some_true ... ok
[INFO] [stdout] test git::tests::test_resolve_submodule_urls_no_gitmodules ... ok
[INFO] [stdout] test git::tests::test_resolve_relative_url ... ok
[INFO] [stdout] test url::tests::repository_url ... ok
[INFO] [stdout] test sha::tests::git_oid ... ok
[INFO] [stdout] test source::tests::env_falsy_is_some_false ... ok
[INFO] [stdout] test url::tests::canonical_url ... ok
[INFO] [stdout] test source::tests::env_unset_is_none ... ok
[INFO] [stdout] test url::tests::user_credential_does_not_affect_canonical_url ... ok
[INFO] [stdout] test git::tests::test_resolve_submodule_urls_rewrites_relative ... ok
[INFO] [stdout] 
[INFO] [stdout] test result: ok. 12 passed; 0 failed; 0 ignored; 0 measured; 0 filtered out; finished in 0.07s
[INFO] [stdout] 
[INFO] [stderr]      Running tests/checkout.rs (/opt/rustwide/target/release/build/rattler_git/e3ab837f74a3c74d/out/checkout-e3ab837f74a3c74d)
[INFO] [stdout] 
[INFO] [stdout] running 6 tests
[INFO] [stdout] test unresolved_rev_names_the_reference ... ok
[INFO] [stdout] test rev_naming_a_tag_resolves_to_the_tag_commit ... ok
[INFO] [stdout] test failed_rebuild_keeps_the_existing_database ... ok
[INFO] [stdout] test checkout_rebuilds_a_database_its_commit_graph_vouches_for ... FAILED
[INFO] [stdout] test checkout_rebuilds_a_database_missing_objects ... ok
[INFO] [stdout] test unrelated_checkout_failure_keeps_a_usable_database ... ok
[INFO] [stdout] 
[INFO] [stdout] failures:
[INFO] [stdout] 
[INFO] [stdout] ---- checkout_rebuilds_a_database_its_commit_graph_vouches_for stdout ----
[INFO] [stdout] 
[INFO] [stdout] thread 'checkout_rebuilds_a_database_its_commit_graph_vouches_for' (1549) panicked at tests/checkout.rs:220:5:
[INFO] [stdout] the clone was supposed to fail
[INFO] [stdout] stack backtrace:
[INFO] [stdout]    0:     0x564b6c5642e1 - <<std[617be2ca0a6fd877]::sys::backtrace::BacktraceLock>::print::DisplayBacktrace as core[a373ad73a504971]::fmt::Display>::fmt
[INFO] [stdout]    1:     0x564b6c57b54a - core[a373ad73a504971]::fmt::write
[INFO] [stdout]    2:     0x564b6c56957c - <alloc[2e1b2a31b91974c5]::vec::Vec<u8> as core[a373ad73a504971]::io::write::Write>::write_fmt
[INFO] [stdout]    3:     0x564b6c53cc46 - std[617be2ca0a6fd877]::panicking::default_hook::{closure#0}
[INFO] [stdout]    4:     0x564b6c55b4b9 - std[617be2ca0a6fd877]::panicking::default_hook
[INFO] [stdout]    5:     0x564b6c39ff00 - test[aada8e7e76ba119b]::test_main_inner::{closure#0}
[INFO] [stdout]    6:     0x564b6c55b7e2 - std[617be2ca0a6fd877]::panicking::panic_with_hook
[INFO] [stdout]    7:     0x564b6c53cd24 - std[617be2ca0a6fd877]::panicking::panic_handler::{closure#0}
[INFO] [stdout]    8:     0x564b6c5351e9 - std[617be2ca0a6fd877]::sys::backtrace::__rust_end_short_backtrace::<std[617be2ca0a6fd877]::panicking::panic_handler::{closure#0}, !>
[INFO] [stdout]    9:     0x564b6c53daed - __rustc[ea4f61d10b84890b]::rust_begin_unwind
[INFO] [stdout]   10:     0x564b6c57bcac - core[a373ad73a504971]::panicking::panic_fmt
[INFO] [stdout]   11:     0x564b6c390d12 - <checkout[e9e51f09654ae0ae]::checkout_rebuilds_a_database_its_commit_graph_vouches_for::{closure#0} as core[a373ad73a504971]::ops::function::FnOnce<()>>::call_once
[INFO] [stdout]   12:     0x564b6c39334b - test[aada8e7e76ba119b]::__rust_begin_short_backtrace::<core[a373ad73a504971]::result::Result<(), alloc[2e1b2a31b91974c5]::string::String>, fn() -> core[a373ad73a504971]::result::Result<(), alloc[2e1b2a31b91974c5]::string::String>>
[INFO] [stdout]   13:     0x564b6c3a0525 - test[aada8e7e76ba119b]::run_test::{closure#0}
[INFO] [stdout]   14:     0x564b6c399e14 - std[617be2ca0a6fd877]::sys::backtrace::__rust_begin_short_backtrace::<test[aada8e7e76ba119b]::run_test::{closure#1}, ()>
[INFO] [stdout]   15:     0x564b6c3a35b2 - <std[617be2ca0a6fd877]::thread::lifecycle::spawn_unchecked<test[aada8e7e76ba119b]::run_test::{closure#1}, ()>::{closure#1} as core[a373ad73a504971]::ops::function::FnOnce<()>>::call_once::{shim:vtable#0}
[INFO] [stdout]   16:     0x564b6c5635bf - <std[617be2ca0a6fd877]::sys::thread::unix::Thread>::new::thread_start
[INFO] [stdout]   17:     0x711bbdda4dfa - <unknown>
[INFO] [stdout]   18:     0x711bbde383d4 - clone
[INFO] [stdout]   19:                0x0 - <unknown>
[INFO] [stdout] 
[INFO] [stdout] 
[INFO] [stdout] failures:
[INFO] [stdout]     checkout_rebuilds_a_database_its_commit_graph_vouches_for
[INFO] [stdout] 
[INFO] [stdout] test result: FAILED. 5 passed; 1 failed; 0 ignored; 0 measured; 0 filtered out; finished in 0.74s
[INFO] [stdout] 
[INFO] [stderr] error: test failed, to rerun pass `--test checkout`
[INFO] running `Command { std: "docker" "inspect" "32b0cd10d3a382c4c9e4c752cd9fad7190fa9a143804ed37b600ae0fb3abd83b", kill_on_drop: false }`
[INFO] running `Command { std: "docker" "rm" "-f" "32b0cd10d3a382c4c9e4c752cd9fad7190fa9a143804ed37b600ae0fb3abd83b", kill_on_drop: false }`
[INFO] [stdout] 32b0cd10d3a382c4c9e4c752cd9fad7190fa9a143804ed37b600ae0fb3abd83b
