[INFO] fetching crate rattler_conda_version 0.2.0...
[INFO] testing rattler_conda_version-0.2.0 against 1.100.0-beta.1+cargoflags=--release for beta-release-1.100-2
[INFO] extracting crate rattler_conda_version 0.2.0 into /workspace/builds/worker-0-tc2/source
[INFO] started tweaking crates.io crate rattler_conda_version 0.2.0
[INFO] finished tweaking crates.io crate rattler_conda_version 0.2.0
[INFO] tweaked toml for crates.io crate rattler_conda_version 0.2.0 written to /workspace/builds/worker-0-tc2/source/Cargo.toml
[INFO] validating manifest of crates.io crate rattler_conda_version 0.2.0 on toolchain 1.100.0-beta.1
[INFO] running `Command { std: CARGO_HOME="/workspace/cargo-home" RUSTUP_HOME="/workspace/rustup-home" "/workspace/cargo-home/bin/cargo" "+1.100.0-beta.1" "metadata" "--manifest-path" "Cargo.toml" "--no-deps", kill_on_drop: false }`
[INFO] crate crates.io crate rattler_conda_version 0.2.0 already has a lockfile, it will not be regenerated
[INFO] running `Command { std: CARGO_HOME="/workspace/cargo-home" RUSTUP_HOME="/workspace/rustup-home" "/workspace/cargo-home/bin/cargo" "+1.100.0-beta.1" "fetch" "--manifest-path" "Cargo.toml", kill_on_drop: false }`
[INFO] [stderr] warning: `package.homepage` is redundant with `package.repository`
[INFO] [stderr]   --> Cargo.toml:53:12
[INFO] [stderr]    |
[INFO] [stderr] 53 | homepage = "https://github.com/conda/rattler"
[INFO] [stderr]    |            ^^^^^^^^^^^^^^^^^^^^^^^^^^^^^^^^^^
[INFO] [stderr] ...
[INFO] [stderr] 57 | repository = "https://github.com/conda/rattler"
[INFO] [stderr]    |              ----------------------------------
[INFO] [stderr]    |
[INFO] [stderr]    = note: `cargo::redundant_homepage` is set to `warn` by default
[INFO] [stderr] help: consider removing `package.homepage`
[INFO] [stderr] warning: `rattler_conda_version` (manifest) generated 1 warning
[INFO] running `Command { std: "docker" "create" "-v" "/var/lib/crater-agent-workspace/builds/worker-0-tc2/source:/opt/rustwide/workdir:ro,Z" "-v" "/var/lib/crater-agent-workspace/builds/worker-0-tc2/target:/opt/rustwide/target:rw,Z" "-v" "/var/lib/crater-agent-workspace/cargo-home:/opt/rustwide/cargo-home:ro,Z" "-v" "/var/lib/crater-agent-workspace/rustup-home:/opt/rustwide/rustup-home:ro,Z" "-m" "1610612736" "--network" "none" "ghcr.io/rust-lang/crates-build-env/linux@sha256:77db811e55d90add9212f6832c23229e3de5f1c1f9905e8cb07319ea15df73ac" "sleep" "infinity", kill_on_drop: false }`
[INFO] [stdout] 4c63d2d80d2fd1c7f32e536820a540deed42fb183a67a86df8b70578c8504b4e
[INFO] running `Command { std: "docker" "start" "4c63d2d80d2fd1c7f32e536820a540deed42fb183a67a86df8b70578c8504b4e", kill_on_drop: false }`
[INFO] running `Command { std: "docker" "inspect" "4c63d2d80d2fd1c7f32e536820a540deed42fb183a67a86df8b70578c8504b4e", kill_on_drop: false }`
[INFO] running `Command { std: "docker" "exec" "-e" "SOURCE_DIR=/opt/rustwide/workdir" "-e" "CARGO_HOME=/opt/rustwide/cargo-home" "-e" "RUSTUP_HOME=/opt/rustwide/rustup-home" "-e" "CARGO_TARGET_DIR=/opt/rustwide/target" "-w" "/opt/rustwide/workdir" "--user" "0:0" "4c63d2d80d2fd1c7f32e536820a540deed42fb183a67a86df8b70578c8504b4e" "/opt/rustwide/cargo-home/bin/cargo" "+1.100.0-beta.1" "metadata" "--no-deps" "--format-version=1", kill_on_drop: false }`
[INFO] running `Command { std: "docker" "inspect" "4c63d2d80d2fd1c7f32e536820a540deed42fb183a67a86df8b70578c8504b4e", kill_on_drop: false }`
[INFO] running `Command { std: "docker" "exec" "-e" "SOURCE_DIR=/opt/rustwide/workdir" "-e" "CARGO_HOME=/opt/rustwide/cargo-home" "-e" "RUSTUP_HOME=/opt/rustwide/rustup-home" "-e" "CARGO_TARGET_DIR=/opt/rustwide/target" "-e" "CARGO_INCREMENTAL=0" "-e" "RUST_BACKTRACE=full" "-e" "RUSTFLAGS=--cap-lints=warn" "-e" "RUSTDOCFLAGS=--cap-lints=warn" "-w" "/opt/rustwide/workdir" "--user" "0:0" "4c63d2d80d2fd1c7f32e536820a540deed42fb183a67a86df8b70578c8504b4e" "/opt/rustwide/cargo-home/bin/cargo" "+1.100.0-beta.1" "build" "--frozen" "--message-format=json" "--release", kill_on_drop: false }`
[INFO] [stderr] warning: `package.homepage` is redundant with `package.repository`
[INFO] [stderr]   --> Cargo.toml:53:12
[INFO] [stderr]    |
[INFO] [stderr] 53 | homepage = "https://github.com/conda/rattler"
[INFO] [stderr]    |            ^^^^^^^^^^^^^^^^^^^^^^^^^^^^^^^^^^
[INFO] [stderr] ...
[INFO] [stderr] 57 | repository = "https://github.com/conda/rattler"
[INFO] [stderr]    |              ----------------------------------
[INFO] [stderr]    |
[INFO] [stderr]    = note: `cargo::redundant_homepage` is set to `warn` by default
[INFO] [stderr] help: consider removing `package.homepage`
[INFO] [stderr] warning: `rattler_conda_version` (manifest) generated 1 warning
[INFO] [stderr]    Compiling either v1.19.0
[INFO] [stderr]    Compiling nom v8.0.0
[INFO] [stderr]    Compiling smallvec v1.16.2
[INFO] [stderr]    Compiling itertools v0.15.0
[INFO] [stderr]    Compiling rattler_conda_version v0.2.0 (/opt/rustwide/workdir)
[INFO] [stderr]     Finished `release` profile [optimized] target(s) in 6.59s
[INFO] running `Command { std: "docker" "inspect" "4c63d2d80d2fd1c7f32e536820a540deed42fb183a67a86df8b70578c8504b4e", kill_on_drop: false }`
[INFO] running `Command { std: "docker" "exec" "-e" "SOURCE_DIR=/opt/rustwide/workdir" "-e" "CARGO_HOME=/opt/rustwide/cargo-home" "-e" "RUSTUP_HOME=/opt/rustwide/rustup-home" "-e" "CARGO_TARGET_DIR=/opt/rustwide/target" "-e" "CARGO_INCREMENTAL=0" "-e" "RUST_BACKTRACE=full" "-e" "RUSTFLAGS=--cap-lints=warn" "-e" "RUSTDOCFLAGS=--cap-lints=warn" "-w" "/opt/rustwide/workdir" "--user" "0:0" "4c63d2d80d2fd1c7f32e536820a540deed42fb183a67a86df8b70578c8504b4e" "/opt/rustwide/cargo-home/bin/cargo" "+1.100.0-beta.1" "test" "--frozen" "--no-run" "--message-format=json" "--release", kill_on_drop: false }`
[INFO] [stderr] warning: `package.homepage` is redundant with `package.repository`
[INFO] [stderr]   --> Cargo.toml:53:12
[INFO] [stderr]    |
[INFO] [stderr] 53 | homepage = "https://github.com/conda/rattler"
[INFO] [stderr]    |            ^^^^^^^^^^^^^^^^^^^^^^^^^^^^^^^^^^
[INFO] [stderr] ...
[INFO] [stderr] 57 | repository = "https://github.com/conda/rattler"
[INFO] [stderr]    |              ----------------------------------
[INFO] [stderr]    |
[INFO] [stderr]    = note: `cargo::redundant_homepage` is set to `warn` by default
[INFO] [stderr] help: consider removing `package.homepage`
[INFO] [stderr] warning: `rattler_conda_version` (manifest) generated 1 warning
[INFO] [stderr]    Compiling libc v0.2.190
[INFO] [stderr]    Compiling serde_derive v1.0.229
[INFO] [stderr]    Compiling indexmap v2.14.2
[INFO] [stderr]    Compiling futures-macro v0.3.34
[INFO] [stderr]    Compiling thiserror-impl v2.0.21
[INFO] [stderr]    Compiling syn v2.0.119
[INFO] [stderr]    Compiling cpufeatures v0.3.1
[INFO] [stderr]    Compiling similar v2.7.0
[INFO] [stderr]    Compiling assert_matches v1.5.0
[INFO] [stderr]    Compiling chacha20 v0.10.2
[INFO] [stderr]    Compiling futures-util v0.3.34
[INFO] [stderr]    Compiling thiserror v2.0.21
[INFO] [stderr]    Compiling toml_edit v0.25.15+spec-1.1.0
[INFO] [stderr]    Compiling proc-macro-crate v3.5.0
[INFO] [stderr]    Compiling getrandom v0.4.3
[INFO] [stderr]    Compiling console v0.16.6
[INFO] [stderr]    Compiling tempfile v3.27.0
[INFO] [stderr]    Compiling rand v0.10.3
[INFO] [stderr]    Compiling insta v1.49.0
[INFO] [stderr]    Compiling serde v1.0.229
[INFO] [stderr]    Compiling smallvec v1.16.2
[INFO] [stderr]    Compiling rattler_conda_version v0.2.0 (/opt/rustwide/workdir)
[INFO] [stderr]    Compiling rstest_macros v0.26.1
[INFO] [stderr]    Compiling rstest v0.26.1
[INFO] [stderr]     Finished `release` profile [optimized] target(s) in 28.32s
[INFO] running `Command { std: "docker" "inspect" "4c63d2d80d2fd1c7f32e536820a540deed42fb183a67a86df8b70578c8504b4e", kill_on_drop: false }`
[INFO] running `Command { std: "docker" "exec" "-e" "SOURCE_DIR=/opt/rustwide/workdir" "-e" "CARGO_HOME=/opt/rustwide/cargo-home" "-e" "RUSTUP_HOME=/opt/rustwide/rustup-home" "-e" "CARGO_TARGET_DIR=/opt/rustwide/target" "-e" "CARGO_INCREMENTAL=0" "-e" "RUST_BACKTRACE=full" "-e" "RUSTFLAGS=--cap-lints=warn" "-e" "RUSTDOCFLAGS=--cap-lints=warn" "-w" "/opt/rustwide/workdir" "--user" "0:0" "4c63d2d80d2fd1c7f32e536820a540deed42fb183a67a86df8b70578c8504b4e" "/opt/rustwide/cargo-home/bin/cargo" "+1.100.0-beta.1" "test" "--frozen" "--release", kill_on_drop: false }`
[INFO] [stderr] warning: `package.homepage` is redundant with `package.repository`
[INFO] [stderr]   --> Cargo.toml:53:12
[INFO] [stderr]    |
[INFO] [stderr] 53 | homepage = "https://github.com/conda/rattler"
[INFO] [stderr]    |            ^^^^^^^^^^^^^^^^^^^^^^^^^^^^^^^^^^
[INFO] [stderr] ...
[INFO] [stderr] 57 | repository = "https://github.com/conda/rattler"
[INFO] [stderr]    |              ----------------------------------
[INFO] [stderr]    |
[INFO] [stderr]    = note: `cargo::redundant_homepage` is set to `warn` by default
[INFO] [stderr] help: consider removing `package.homepage`
[INFO] [stderr] warning: `rattler_conda_version` (manifest) generated 1 warning
[INFO] [stderr]     Finished `release` profile [optimized] target(s) in 0.09s
[INFO] [stderr]      Running unittests src/lib.rs (/opt/rustwide/target/release/build/rattler_conda_version/a3c7a211a16eaa4b/out/rattler_conda_version-a3c7a211a16eaa4b)
[INFO] [stdout] 
[INFO] [stdout] running 121 tests
[INFO] [stdout] test version::bump::test::bump_last::case_3 ... ok
[INFO] [stdout] test version::bump::test::bump_last::case_1 ... ok
[INFO] [stdout] test version::bump::test::bump_major::case_2 ... ok
[INFO] [stdout] test version::bump::test::bump_major::case_3 ... ok
[INFO] [stdout] test version::bump::test::bump_major::case_7 ... ok
[INFO] [stdout] test version::bump::test::bump_minor::case_1 ... ok
[INFO] [stdout] test version::bump::test::bump_minor::case_5 ... ok
[INFO] [stdout] test version::bump::test::bump_minor::case_6 ... ok
[INFO] [stdout] test version::bump::test::bump_minor::case_4 ... ok
[INFO] [stdout] test version::bump::test::bump_major::case_1 ... ok
[INFO] [stdout] test version::bump::test::bump_last::case_2 ... ok
[INFO] [stdout] test version::bump::test::bump_major::case_4 ... ok
[INFO] [stdout] test version::bump::test::bump_minor::case_2 ... ok
[INFO] [stdout] test version::bump::test::bump_patch::case_2 ... ok
[INFO] [stdout] test version::bump::test::bump_major::case_6 ... ok
[INFO] [stdout] test version::bump::test::bump_major::case_5 ... ok
[INFO] [stdout] test version::bump::test::bump_patch::case_3 ... ok
[INFO] [stdout] test version::bump::test::bump_minor::case_3 ... ok
[INFO] [stdout] test version::bump::test::bump_patch::case_4 ... ok
[INFO] [stdout] test version::bump::test::bump_segment::case_2 ... ok
[INFO] [stdout] test version::bump::test::bump_patch::case_6 ... ok
[INFO] [stdout] test version::bump::test::bump_segment::case_3 ... ok
[INFO] [stdout] test version::bump::test::bump_patch::case_7 ... ok
[INFO] [stdout] test version::bump::test::bump_segment::case_1 ... ok
[INFO] [stdout] test version::bump::test::bump_segment::case_4 ... ok
[INFO] [stdout] test version::bump::test::bump_segment::case_6 ... ok
[INFO] [stdout] test version::bump::test::with_alpha::case_4 ... ok
[INFO] [stdout] test version::bump::test::bump_patch::case_1 ... ok
[INFO] [stdout] test version::flags::test::test_all_elements ... ok
[INFO] [stdout] test version::bump::test::bump_segment::case_5 ... ok
[INFO] [stdout] test version::bump::test::remove_local::case_5 ... ok
[INFO] [stdout] test version::flags::test::test_epoch ... ok
[INFO] [stdout] test version::flags::test::test_local_segment_idx ... ok
[INFO] [stdout] test version::bump::test::remove_local::case_3 ... ok
[INFO] [stdout] test version::parse::test::test_parse_star ... ok
[INFO] [stdout] test version::segment::test::test_segment_info ... ok
[INFO] [stdout] test version::bump::test::with_alpha::case_2 ... ok
[INFO] [stdout] test version::bump::test::with_alpha::case_3 ... ok
[INFO] [stdout] test version::test::as_major_minor ... ok
[INFO] [stdout] test version::test::canonical ... ok
[INFO] [stdout] test version::test::dev_is_only_special_for_exact_runs ... ok
[INFO] [stdout] test version::bump::test::bump_segment::case_8 ... ok
[INFO] [stdout] test version::bump::test::with_alpha::case_5 ... ok
[INFO] [stdout] test version::parse::test::test_parse_all ... FAILED
[INFO] [stdout] test version::bump::test::with_alpha::case_6 ... ok
[INFO] [stdout] test version::test::hash ... ok
[INFO] [stdout] test version::test::pop_segments ... ok
[INFO] [stdout] test version::test::size_of_version ... ok
[INFO] [stdout] test version::test::starts_with ... ok
[INFO] [stdout] test version::test::starts_with_differing_component_sizes ... ok
[INFO] [stdout] test version::test::starts_with_extra_components ... ok
[INFO] [stdout] test version::test::starts_with_letter_suffix ... ok
[INFO] [stdout] test version::test::extend_to_length::case_1 ... ok
[INFO] [stdout] test version::test::extend_to_length::case_4 ... ok
[INFO] [stdout] test version::test::extend_to_length::case_5 ... ok
[INFO] [stdout] test version::test::extend_to_length::case_2 ... ok
[INFO] [stdout] test version::test::strict_version_accessors ... ok
[INFO] [stdout] test version::test::extend_to_length::case_3 ... ok
[INFO] [stdout] test version::test::extend_to_length::case_6 ... ok
[INFO] [stdout] test version::test::openssl_convention ... ok
[INFO] [stdout] test version::test::strict_version_ord_contract ... ok
[INFO] [stdout] test version::test::strict_version_ord_with_genuine_differences ... ok
[INFO] [stdout] test version::test::strict_version_test ... ok
[INFO] [stdout] test version_spec::constraint::test::test_empty::strictness_1_Lenient ... ok
[INFO] [stdout] test version_spec::constraint::test::test_any ... ok
[INFO] [stdout] test version_spec::constraint::test::test_empty::strictness_2_Strict ... ok
[INFO] [stdout] test version::test::test_pep440 ... ok
[INFO] [stdout] test version::bump::test::bump_segment::case_9 ... ok
[INFO] [stdout] test version_spec::constraint::test::test_exact::strictness_1_Lenient ... ok
[INFO] [stdout] test version_spec::constraint::test::test_exact::strictness_2_Strict ... ok
[INFO] [stdout] test version_spec::constraint::test::test_glob_op_lenient ... ok
[INFO] [stdout] test version::bump::test::remove_local::case_1 ... ok
[INFO] [stdout] test version_spec::constraint::test::test_invalid_op::strictness_1_Lenient ... ok
[INFO] [stdout] test version_spec::constraint::test::test_invalid_op::strictness_2_Strict ... ok
[INFO] [stdout] test version_spec::constraint::test::test_op::strictness_2_Strict ... ok
[INFO] [stdout] test version_spec::constraint::test::test_op::strictness_1_Lenient ... ok
[INFO] [stdout] test version::bump::test::remove_local::case_2 ... ok
[INFO] [stdout] test version_spec::constraint::test::test_regex::strictness_1_Lenient ... ok
[INFO] [stdout] test version_spec::constraint::test::test_regex::strictness_2_Strict ... ok
[INFO] [stdout] test version_spec::constraint::test::test_starts_with::strictness_1_Lenient ... ok
[INFO] [stdout] test version_spec::parse::test::parse_any_constraint::strictness_2_Strict ... ok
[INFO] [stdout] test version_spec::constraint::test::test_starts_with::strictness_2_Strict ... ok
[INFO] [stdout] test version::bump::test::remove_local::case_4 ... ok
[INFO] [stdout] test version_spec::parse::test::parse_logical_constraint::strictness_2_Strict ... ok
[INFO] [stdout] test version_spec::parse::test::parse_any_constraint_lenient ... ok
[INFO] [stdout] test version_spec::parse::test::parse_logical_constraint::strictness_1_Lenient ... ok
[INFO] [stdout] test version::bump::test::with_alpha::case_1 ... ok
[INFO] [stdout] test version_spec::parse::test::parse_regex::strictness_2_Strict ... ok
[INFO] [stdout] test version_spec::parse::test::parse_regex_constraint::strictness_1_Lenient ... ok
[INFO] [stdout] test version_spec::parse::test::parse_regex_constraint::strictness_2_Strict ... ok
[INFO] [stdout] test version_spec::parse::test::pixi_issue_278 ... ok
[INFO] [stdout] test version::bump::test::bump_segment::case_7 ... ok
[INFO] [stdout] test version_spec::parse::test::test_looks_like_infinite_starts_with ... ok
[INFO] [stdout] test version_spec::tests::issue_1004 ... ok
[INFO] [stdout] test version_spec::parse::test::test_operator_parser ... ok
[INFO] [stdout] test version_spec::tests::issue_204 ... ok
[INFO] [stdout] test version::bump::test::bump_patch::case_5 ... ok
[INFO] [stdout] test version::test::valid_versions ... ok
[INFO] [stdout] test version_spec::parse::test::parse_logical_constraint_lenient ... ok
[INFO] [stdout] test version_spec::parse::test::parse_any_constraint::strictness_1_Lenient ... ok
[INFO] [stdout] test version_spec::tests::issue_225 ... ok
[INFO] [stdout] test version_spec::tests::issue_235 ... ok
[INFO] [stdout] test version_spec::tests::issue_685::case_1 ... ok
[INFO] [stdout] test version::test::with_segments ... ok
[INFO] [stdout] test version_spec::tests::issue_685::case_2 ... ok
[INFO] [stdout] test version_spec::parse::test::parse_regex::strictness_1_Lenient ... ok
[INFO] [stdout] test version_spec::tests::test_simple ... ok
[INFO] [stdout] test version_spec::tests::issue_722 ... ok
[INFO] [stdout] test version::test::strip_local ... ok
[INFO] [stdout] test version_spec::constraint::test::test_glob_op_strict ... ok
[INFO] [stdout] test version_spec::tests::issue_685::case_4 ... ok
[INFO] [stdout] test version_spec::tests::issue_bracket_printing ... ok
[INFO] [stdout] test version_spec::tests::issue_star_operator ... ok
[INFO] [stdout] test version_spec::tests::test_group ... ok
[INFO] [stdout] test version_spec::tests::test_group_flattening ... ok
[INFO] [stdout] test version_spec::tests::test_matches ... ok
[INFO] [stdout] test version_spec::tests::issue_685::case_3 ... ok
[INFO] [stdout] test version_spec::tests::issue_mkl_double ... ok
[INFO] [stdout] test version::test::test_component_total_order ... ok
[INFO] [stderr] error: test failed, to rerun pass `--lib`
[INFO] [stdout] test version_spec::parse::test::test_exact_strict ... ok
[INFO] [stdout] test version::parse::test::test_parse ... ok
[INFO] [stdout] 
[INFO] [stdout] failures:
[INFO] [stdout] 
[INFO] [stdout] ---- version::parse::test::test_parse_all stdout ----
[INFO] [stdout] 
[INFO] [stdout] thread 'version::parse::test::test_parse_all' (716) panicked at src/version/parse.rs:530:10:
[INFO] [stdout] called `Result::unwrap()` on an `Err` value: Os { code: 2, kind: NotFound, message: "No such file or directory" }
[INFO] [stdout] stack backtrace:
[INFO] [stdout]    0:     0x5a4245841f31 - <<std[617be2ca0a6fd877]::sys::backtrace::BacktraceLock>::print::DisplayBacktrace as core[a373ad73a504971]::fmt::Display>::fmt
[INFO] [stdout]    1:     0x5a424585902a - core[a373ad73a504971]::fmt::write
[INFO] [stdout]    2:     0x5a424584676c - <alloc[2e1b2a31b91974c5]::vec::Vec<u8> as core[a373ad73a504971]::io::write::Write>::write_fmt
[INFO] [stdout]    3:     0x5a424581b1f6 - std[617be2ca0a6fd877]::panicking::default_hook::{closure#0}
[INFO] [stdout]    4:     0x5a4245839069 - std[617be2ca0a6fd877]::panicking::default_hook
[INFO] [stdout]    5:     0x5a4245768c30 - test[aada8e7e76ba119b]::test_main_inner::{closure#0}
[INFO] [stdout]    6:     0x5a4245839222 - std[617be2ca0a6fd877]::panicking::panic_with_hook
[INFO] [stdout]    7:     0x5a424581b2a2 - std[617be2ca0a6fd877]::panicking::panic_handler::{closure#0}
[INFO] [stdout]    8:     0x5a4245813aa9 - std[617be2ca0a6fd877]::sys::backtrace::__rust_end_short_backtrace::<std[617be2ca0a6fd877]::panicking::panic_handler::{closure#0}, !>
[INFO] [stdout]    9:     0x5a424581bf4d - __rustc[ea4f61d10b84890b]::rust_begin_unwind
[INFO] [stdout]   10:     0x5a424585978c - core[a373ad73a504971]::panicking::panic_fmt
[INFO] [stdout]   11:     0x5a4245859562 - core[a373ad73a504971]::result::unwrap_failed
[INFO] [stdout]   12:     0x5a4245744316 - <rattler_conda_version[641bca41d42a032]::version::parse::test::test_parse_all::{closure#0} as core[a373ad73a504971]::ops::function::FnOnce<()>>::call_once
[INFO] [stdout]   13:     0x5a424575c07b - test[aada8e7e76ba119b]::__rust_begin_short_backtrace::<core[a373ad73a504971]::result::Result<(), alloc[2e1b2a31b91974c5]::string::String>, fn() -> core[a373ad73a504971]::result::Result<(), alloc[2e1b2a31b91974c5]::string::String>>
[INFO] [stdout]   14:     0x5a4245769255 - test[aada8e7e76ba119b]::run_test::{closure#0}
[INFO] [stdout]   15:     0x5a4245762b44 - std[617be2ca0a6fd877]::sys::backtrace::__rust_begin_short_backtrace::<test[aada8e7e76ba119b]::run_test::{closure#1}, ()>
[INFO] [stdout]   16:     0x5a424576c2e2 - <std[617be2ca0a6fd877]::thread::lifecycle::spawn_unchecked<test[aada8e7e76ba119b]::run_test::{closure#1}, ()>::{closure#1} as core[a373ad73a504971]::ops::function::FnOnce<()>>::call_once::{shim:vtable#0}
[INFO] [stdout]   17:     0x5a4245840f0f - <std[617be2ca0a6fd877]::sys::thread::unix::Thread>::new::thread_start
[INFO] [stdout]   18:     0x7ac0f55fcdfa - <unknown>
[INFO] [stdout]   19:     0x7ac0f56903d4 - clone
[INFO] [stdout]   20:                0x0 - <unknown>
[INFO] [stdout] 
[INFO] [stdout] 
[INFO] [stdout] failures:
[INFO] [stdout]     version::parse::test::test_parse_all
[INFO] [stdout] 
[INFO] [stdout] test result: FAILED. 120 passed; 1 failed; 0 ignored; 0 measured; 0 filtered out; finished in 0.06s
[INFO] [stdout] 
[INFO] running `Command { std: "docker" "inspect" "4c63d2d80d2fd1c7f32e536820a540deed42fb183a67a86df8b70578c8504b4e", kill_on_drop: false }`
[INFO] running `Command { std: "docker" "rm" "-f" "4c63d2d80d2fd1c7f32e536820a540deed42fb183a67a86df8b70578c8504b4e", kill_on_drop: false }`
[INFO] [stdout] 4c63d2d80d2fd1c7f32e536820a540deed42fb183a67a86df8b70578c8504b4e
