[INFO] fetching crate ratio-dsm 0.13.3...
[INFO] testing ratio-dsm-0.13.3 against 1.99.0-beta.8+cargoflags=--release for beta-release-1.100-2
[INFO] extracting crate ratio-dsm 0.13.3 into /workspace/builds/worker-1-tc1/source
[INFO] started tweaking crates.io crate ratio-dsm 0.13.3
[INFO] finished tweaking crates.io crate ratio-dsm 0.13.3
[INFO] tweaked toml for crates.io crate ratio-dsm 0.13.3 written to /workspace/builds/worker-1-tc1/source/Cargo.toml
[INFO] validating manifest of crates.io crate ratio-dsm 0.13.3 on toolchain 1.99.0-beta.8
[INFO] running `Command { std: CARGO_HOME="/workspace/cargo-home" RUSTUP_HOME="/workspace/rustup-home" "/workspace/cargo-home/bin/cargo" "+1.99.0-beta.8" "metadata" "--manifest-path" "Cargo.toml" "--no-deps", kill_on_drop: false }`
[INFO] crate crates.io crate ratio-dsm 0.13.3 already has a lockfile, it will not be regenerated
[INFO] running `Command { std: CARGO_HOME="/workspace/cargo-home" RUSTUP_HOME="/workspace/rustup-home" "/workspace/cargo-home/bin/cargo" "+1.99.0-beta.8" "fetch" "--manifest-path" "Cargo.toml", kill_on_drop: false }`
[INFO] [stderr]     Updating crates.io index
[INFO] [stderr]  Downloading crates ...
[INFO] [stderr]   Downloaded reactive_stores v0.4.2
[INFO] [stderr]   Downloaded or_poisoned v0.1.0
[INFO] [stderr]   Downloaded guardian v1.3.0
[INFO] [stderr]   Downloaded reactive_graph v0.2.13
[INFO] [stderr]   Downloaded enterpolation v0.3.0
[INFO] [stderr]   Downloaded reactive_stores_macro v0.4.1
[INFO] [stderr]   Downloaded ratio-matrix v0.7.3
[INFO] [stderr]   Downloaded topology-traits v0.1.2
[INFO] [stderr]   Downloaded ratio-color v0.7.3
[INFO] [stderr]   Downloaded any_spawner v0.3.0
[INFO] running `Command { std: "docker" "create" "-v" "/var/lib/crater-agent-workspace/builds/worker-1-tc1/source:/opt/rustwide/workdir:ro,Z" "-v" "/var/lib/crater-agent-workspace/builds/worker-1-tc1/target:/opt/rustwide/target:rw,Z" "-v" "/var/lib/crater-agent-workspace/cargo-home:/opt/rustwide/cargo-home:ro,Z" "-v" "/var/lib/crater-agent-workspace/rustup-home:/opt/rustwide/rustup-home:ro,Z" "-m" "1610612736" "--network" "none" "ghcr.io/rust-lang/crates-build-env/linux@sha256:77db811e55d90add9212f6832c23229e3de5f1c1f9905e8cb07319ea15df73ac" "sleep" "infinity", kill_on_drop: false }`
[INFO] [stdout] 194e6ab62b3a7b2724bbf37299b43f9459867141f87a8c8b3e0eaffc37618032
[INFO] running `Command { std: "docker" "start" "194e6ab62b3a7b2724bbf37299b43f9459867141f87a8c8b3e0eaffc37618032", kill_on_drop: false }`
[INFO] running `Command { std: "docker" "inspect" "194e6ab62b3a7b2724bbf37299b43f9459867141f87a8c8b3e0eaffc37618032", kill_on_drop: false }`
[INFO] running `Command { std: "docker" "exec" "-e" "SOURCE_DIR=/opt/rustwide/workdir" "-e" "CARGO_HOME=/opt/rustwide/cargo-home" "-e" "RUSTUP_HOME=/opt/rustwide/rustup-home" "-e" "CARGO_TARGET_DIR=/opt/rustwide/target" "-w" "/opt/rustwide/workdir" "--user" "0:0" "194e6ab62b3a7b2724bbf37299b43f9459867141f87a8c8b3e0eaffc37618032" "/opt/rustwide/cargo-home/bin/cargo" "+1.99.0-beta.8" "metadata" "--no-deps" "--format-version=1", kill_on_drop: false }`
[INFO] running `Command { std: "docker" "inspect" "194e6ab62b3a7b2724bbf37299b43f9459867141f87a8c8b3e0eaffc37618032", kill_on_drop: false }`
[INFO] running `Command { std: "docker" "exec" "-e" "SOURCE_DIR=/opt/rustwide/workdir" "-e" "CARGO_HOME=/opt/rustwide/cargo-home" "-e" "RUSTUP_HOME=/opt/rustwide/rustup-home" "-e" "CARGO_TARGET_DIR=/opt/rustwide/target" "-e" "CARGO_INCREMENTAL=0" "-e" "RUST_BACKTRACE=full" "-e" "RUSTFLAGS=--cap-lints=warn" "-e" "RUSTDOCFLAGS=--cap-lints=warn" "-w" "/opt/rustwide/workdir" "--user" "0:0" "194e6ab62b3a7b2724bbf37299b43f9459867141f87a8c8b3e0eaffc37618032" "/opt/rustwide/cargo-home/bin/cargo" "+1.99.0-beta.8" "build" "--frozen" "--message-format=json" "--release", kill_on_drop: false }`
[INFO] [stderr]    Compiling rand_core v0.6.4
[INFO] [stderr]    Compiling siphasher v1.0.2
[INFO] [stderr]    Compiling serde_json v1.0.149
[INFO] [stderr]    Compiling ref-cast v1.0.25
[INFO] [stderr]    Compiling memchr v2.8.0
[INFO] [stderr]    Compiling palette v0.7.6
[INFO] [stderr]    Compiling fast-srgb8 v1.0.0
[INFO] [stderr]    Compiling svg v0.18.0
[INFO] [stderr]    Compiling num-traits v0.2.19
[INFO] [stderr]    Compiling serde_derive v1.0.228
[INFO] [stderr]    Compiling serde_derive_internals v0.29.1
[INFO] [stderr]    Compiling ref-cast-impl v1.0.25
[INFO] [stderr]    Compiling snafu-derive v0.9.0
[INFO] [stderr]    Compiling palette_derive v0.7.6
[INFO] [stderr]    Compiling snafu-derive v0.8.9
[INFO] [stderr]    Compiling strum_macros v0.28.0
[INFO] [stderr]    Compiling rand v0.8.5
[INFO] [stderr]    Compiling phf_shared v0.11.3
[INFO] [stderr]    Compiling schemars_derive v1.2.1
[INFO] [stderr]    Compiling phf_generator v0.11.3
[INFO] [stderr]    Compiling phf_macros v0.11.3
[INFO] [stderr]    Compiling topology-traits v0.1.2
[INFO] [stderr]    Compiling approx v0.5.1
[INFO] [stderr]    Compiling snafu v0.9.0
[INFO] [stderr]    Compiling phf v0.11.3
[INFO] [stderr]    Compiling snafu v0.8.9
[INFO] [stderr]    Compiling strum v0.28.0
[INFO] [stderr]    Compiling serde v1.0.228
[INFO] [stderr]    Compiling enterpolation v0.3.0
[INFO] [stderr]    Compiling schemars v1.2.1
[INFO] [stderr]    Compiling ratio-matrix v0.7.3
[INFO] [stderr]    Compiling ratio-color v0.7.3
[INFO] [stderr]    Compiling ratio-dsm v0.13.3 (/opt/rustwide/workdir)
[INFO] [stderr]     Finished `release` profile [optimized] target(s) in 27.63s
[INFO] running `Command { std: "docker" "inspect" "194e6ab62b3a7b2724bbf37299b43f9459867141f87a8c8b3e0eaffc37618032", kill_on_drop: false }`
[INFO] running `Command { std: "docker" "exec" "-e" "SOURCE_DIR=/opt/rustwide/workdir" "-e" "CARGO_HOME=/opt/rustwide/cargo-home" "-e" "RUSTUP_HOME=/opt/rustwide/rustup-home" "-e" "CARGO_TARGET_DIR=/opt/rustwide/target" "-e" "CARGO_INCREMENTAL=0" "-e" "RUST_BACKTRACE=full" "-e" "RUSTFLAGS=--cap-lints=warn" "-e" "RUSTDOCFLAGS=--cap-lints=warn" "-w" "/opt/rustwide/workdir" "--user" "0:0" "194e6ab62b3a7b2724bbf37299b43f9459867141f87a8c8b3e0eaffc37618032" "/opt/rustwide/cargo-home/bin/cargo" "+1.99.0-beta.8" "test" "--frozen" "--no-run" "--message-format=json" "--release", kill_on_drop: false }`
[INFO] [stderr]    Compiling libc v0.2.183
[INFO] [stderr]    Compiling rand_core v0.10.0
[INFO] [stderr]    Compiling chacha20 v0.10.0
[INFO] [stderr]    Compiling getrandom v0.4.2
[INFO] [stderr]    Compiling rand v0.10.0
[INFO] [stderr]    Compiling ratio-dsm v0.13.3 (/opt/rustwide/workdir)
[INFO] [stderr]     Finished `release` profile [optimized] target(s) in 7.63s
[INFO] running `Command { std: "docker" "inspect" "194e6ab62b3a7b2724bbf37299b43f9459867141f87a8c8b3e0eaffc37618032", kill_on_drop: false }`
[INFO] running `Command { std: "docker" "exec" "-e" "SOURCE_DIR=/opt/rustwide/workdir" "-e" "CARGO_HOME=/opt/rustwide/cargo-home" "-e" "RUSTUP_HOME=/opt/rustwide/rustup-home" "-e" "CARGO_TARGET_DIR=/opt/rustwide/target" "-e" "CARGO_INCREMENTAL=0" "-e" "RUST_BACKTRACE=full" "-e" "RUSTFLAGS=--cap-lints=warn" "-e" "RUSTDOCFLAGS=--cap-lints=warn" "-w" "/opt/rustwide/workdir" "--user" "0:0" "194e6ab62b3a7b2724bbf37299b43f9459867141f87a8c8b3e0eaffc37618032" "/opt/rustwide/cargo-home/bin/cargo" "+1.99.0-beta.8" "test" "--frozen" "--release", kill_on_drop: false }`
[INFO] [stderr]     Finished `release` profile [optimized] target(s) in 0.08s
[INFO] [stderr]      Running unittests src/lib.rs (/opt/rustwide/target/release/deps/ratio_dsm-0f4997ba9da41be8)
[INFO] [stdout] 
[INFO] [stdout] running 7 tests
[INFO] [stdout] test dsm::tests::test_dsm ... FAILED
[INFO] [stdout] test splits::tests::test_splits ... FAILED
[INFO] [stdout] test grid::tests::test_grid ... FAILED
[INFO] [stdout] test pie::tests::test_piechart_component ... FAILED
[INFO] [stdout] test pie::tests::test_piechart_matrix_component ... FAILED
[INFO] [stderr] error: test failed, to rerun pass `--lib`
[INFO] [stdout] test pie::tests::test_piechart_fn ... FAILED
[INFO] [stdout] test dsm::tests::test_dsm_viewbox ... FAILED
[INFO] [stdout] 
[INFO] [stdout] failures:
[INFO] [stdout] 
[INFO] [stdout] ---- dsm::tests::test_dsm stdout ----
[INFO] [stdout] 
[INFO] [stdout] thread 'dsm::tests::test_dsm' (961) panicked at src/utils.rs:68:14:
[INFO] [stdout] write to target/debug/examples: Os { code: 30, kind: ReadOnlyFilesystem, message: "Read-only file system" }
[INFO] [stdout] stack backtrace:
[INFO] [stdout]    0:     0x625611ad26c1 - <<std[70759c8f55707aa4]::sys::backtrace::BacktraceLock>::print::DisplayBacktrace as core[df12db4294e9bfd3]::fmt::Display>::fmt
[INFO] [stdout]    1:     0x625611ae769a - core[df12db4294e9bfd3]::fmt::write
[INFO] [stdout]    2:     0x625611ad6b5c - <alloc[2182bb758b4b3781]::vec::Vec<u8> as core[df12db4294e9bfd3]::io::write::Write>::write_fmt
[INFO] [stdout]    3:     0x625611aae386 - std[70759c8f55707aa4]::panicking::default_hook::{closure#0}
[INFO] [stdout]    4:     0x625611acae29 - std[70759c8f55707aa4]::panicking::default_hook
[INFO] [stdout]    5:     0x625611a5c1b0 - test[9d35eded1c95d3be]::test_main_inner::<test[9d35eded1c95d3be]::test_main_static::{closure#0}>::{closure#0}
[INFO] [stdout]    6:     0x625611acafe2 - std[70759c8f55707aa4]::panicking::panic_with_hook
[INFO] [stdout]    7:     0x625611aae432 - std[70759c8f55707aa4]::panicking::panic_handler::{closure#0}
[INFO] [stdout]    8:     0x625611aa7099 - std[70759c8f55707aa4]::sys::backtrace::__rust_end_short_backtrace::<std[70759c8f55707aa4]::panicking::panic_handler::{closure#0}, !>
[INFO] [stdout]    9:     0x625611aaf02d - __rustc[8fa7c3cbc660c2b3]::rust_begin_unwind
[INFO] [stdout]   10:     0x625611ae7dcc - core[df12db4294e9bfd3]::panicking::panic_fmt
[INFO] [stdout]   11:     0x625611ae7ba2 - core[df12db4294e9bfd3]::result::unwrap_failed
[INFO] [stdout]   12:     0x625611a4d916 - ratio_dsm[1b4a11b1a9fb03b6]::utils::test::write_to_examples::<svg[44af87cbccbbc567]::node::element::SVG>
[INFO] [stdout]   13:     0x625611a2e469 - ratio_dsm[1b4a11b1a9fb03b6]::dsm::tests::test_dsm
[INFO] [stdout]   14:     0x625611a4bf29 - <ratio_dsm[1b4a11b1a9fb03b6]::dsm::tests::test_dsm::{closure#0} as core[df12db4294e9bfd3]::ops::function::FnOnce<()>>::call_once
[INFO] [stdout]   15:     0x625611a4f49b - test[9d35eded1c95d3be]::__rust_begin_short_backtrace::<core[df12db4294e9bfd3]::result::Result<(), alloc[2182bb758b4b3781]::string::String>, fn() -> core[df12db4294e9bfd3]::result::Result<(), alloc[2182bb758b4b3781]::string::String>>
[INFO] [stdout]   16:     0x625611a5cb05 - test[9d35eded1c95d3be]::run_test::{closure#0}
[INFO] [stdout]   17:     0x625611a563c4 - std[70759c8f55707aa4]::sys::backtrace::__rust_begin_short_backtrace::<test[9d35eded1c95d3be]::run_test::{closure#1}, ()>
[INFO] [stdout]   18:     0x625611a5fc62 - <std[70759c8f55707aa4]::thread::lifecycle::spawn_unchecked<test[9d35eded1c95d3be]::run_test::{closure#1}, ()>::{closure#1} as core[df12db4294e9bfd3]::ops::function::FnOnce<()>>::call_once::{shim:vtable#0}
[INFO] [stdout]   19:     0x625611ad1f99 - <std[70759c8f55707aa4]::sys::thread::unix::Thread>::new::thread_start
[INFO] [stdout]   20:     0x73b8c39dfdfa - <unknown>
[INFO] [stdout]   21:     0x73b8c3a733d4 - clone
[INFO] [stdout]   22:                0x0 - <unknown>
[INFO] [stdout] 
[INFO] [stdout] ---- splits::tests::test_splits stdout ----
[INFO] [stdout] 
[INFO] [stdout] thread 'splits::tests::test_splits' (967) panicked at src/utils.rs:68:14:
[INFO] [stdout] write to target/debug/examples: Os { code: 30, kind: ReadOnlyFilesystem, message: "Read-only file system" }
[INFO] [stdout] stack backtrace:
[INFO] [stdout]    0:     0x625611ad26c1 - <<std[70759c8f55707aa4]::sys::backtrace::BacktraceLock>::print::DisplayBacktrace as core[df12db4294e9bfd3]::fmt::Display>::fmt
[INFO] [stdout]    1:     0x625611ae769a - core[df12db4294e9bfd3]::fmt::write
[INFO] [stdout]    2:     0x625611ad6b5c - <alloc[2182bb758b4b3781]::vec::Vec<u8> as core[df12db4294e9bfd3]::io::write::Write>::write_fmt
[INFO] [stdout]    3:     0x625611aae386 - std[70759c8f55707aa4]::panicking::default_hook::{closure#0}
[INFO] [stdout]    4:     0x625611acae29 - std[70759c8f55707aa4]::panicking::default_hook
[INFO] [stdout]    5:     0x625611a5c1b0 - test[9d35eded1c95d3be]::test_main_inner::<test[9d35eded1c95d3be]::test_main_static::{closure#0}>::{closure#0}
[INFO] [stdout]    6:     0x625611acafe2 - std[70759c8f55707aa4]::panicking::panic_with_hook
[INFO] [stdout]    7:     0x625611aae432 - std[70759c8f55707aa4]::panicking::panic_handler::{closure#0}
[INFO] [stdout]    8:     0x625611aa7099 - std[70759c8f55707aa4]::sys::backtrace::__rust_end_short_backtrace::<std[70759c8f55707aa4]::panicking::panic_handler::{closure#0}, !>
[INFO] [stdout]    9:     0x625611aaf02d - __rustc[8fa7c3cbc660c2b3]::rust_begin_unwind
[INFO] [stdout]   10:     0x625611ae7dcc - core[df12db4294e9bfd3]::panicking::panic_fmt
[INFO] [stdout]   11:     0x625611ae7ba2 - core[df12db4294e9bfd3]::result::unwrap_failed
[INFO] [stdout]   12:     0x625611a4d916 - ratio_dsm[1b4a11b1a9fb03b6]::utils::test::write_to_examples::<svg[44af87cbccbbc567]::node::element::SVG>
[INFO] [stdout]   13:     0x625611a4c274 - <ratio_dsm[1b4a11b1a9fb03b6]::splits::tests::test_splits::{closure#0} as core[df12db4294e9bfd3]::ops::function::FnOnce<()>>::call_once
[INFO] [stdout]   14:     0x625611a4f49b - test[9d35eded1c95d3be]::__rust_begin_short_backtrace::<core[df12db4294e9bfd3]::result::Result<(), alloc[2182bb758b4b3781]::string::String>, fn() -> core[df12db4294e9bfd3]::result::Result<(), alloc[2182bb758b4b3781]::string::String>>
[INFO] [stdout]   15:     0x625611a5cb05 - test[9d35eded1c95d3be]::run_test::{closure#0}
[INFO] [stdout]   16:     0x625611a563c4 - std[70759c8f55707aa4]::sys::backtrace::__rust_begin_short_backtrace::<test[9d35eded1c95d3be]::run_test::{closure#1}, ()>
[INFO] [stdout]   17:     0x625611a5fc62 - <std[70759c8f55707aa4]::thread::lifecycle::spawn_unchecked<test[9d35eded1c95d3be]::run_test::{closure#1}, ()>::{closure#1} as core[df12db4294e9bfd3]::ops::function::FnOnce<()>>::call_once::{shim:vtable#0}
[INFO] [stdout]   18:     0x625611ad1f99 - <std[70759c8f55707aa4]::sys::thread::unix::Thread>::new::thread_start
[INFO] [stdout]   19:     0x73b8c39dfdfa - <unknown>
[INFO] [stdout]   20:     0x73b8c3a733d4 - clone
[INFO] [stdout]   21:                0x0 - <unknown>
[INFO] [stdout] 
[INFO] [stdout] ---- grid::tests::test_grid stdout ----
[INFO] [stdout] 
[INFO] [stdout] thread 'grid::tests::test_grid' (963) panicked at src/utils.rs:68:14:
[INFO] [stdout] write to target/debug/examples: Os { code: 30, kind: ReadOnlyFilesystem, message: "Read-only file system" }
[INFO] [stdout] stack backtrace:
[INFO] [stdout]    0:     0x625611ad26c1 - <<std[70759c8f55707aa4]::sys::backtrace::BacktraceLock>::print::DisplayBacktrace as core[df12db4294e9bfd3]::fmt::Display>::fmt
[INFO] [stdout]    1:     0x625611ae769a - core[df12db4294e9bfd3]::fmt::write
[INFO] [stdout]    2:     0x625611ad6b5c - <alloc[2182bb758b4b3781]::vec::Vec<u8> as core[df12db4294e9bfd3]::io::write::Write>::write_fmt
[INFO] [stdout]    3:     0x625611aae386 - std[70759c8f55707aa4]::panicking::default_hook::{closure#0}
[INFO] [stdout]    4:     0x625611acae29 - std[70759c8f55707aa4]::panicking::default_hook
[INFO] [stdout]    5:     0x625611a5c1b0 - test[9d35eded1c95d3be]::test_main_inner::<test[9d35eded1c95d3be]::test_main_static::{closure#0}>::{closure#0}
[INFO] [stdout]    6:     0x625611acafe2 - std[70759c8f55707aa4]::panicking::panic_with_hook
[INFO] [stdout]    7:     0x625611aae432 - std[70759c8f55707aa4]::panicking::panic_handler::{closure#0}
[INFO] [stdout]    8:     0x625611aa7099 - std[70759c8f55707aa4]::sys::backtrace::__rust_end_short_backtrace::<std[70759c8f55707aa4]::panicking::panic_handler::{closure#0}, !>
[INFO] [stdout]    9:     0x625611aaf02d - __rustc[8fa7c3cbc660c2b3]::rust_begin_unwind
[INFO] [stdout]   10:     0x625611ae7dcc - core[df12db4294e9bfd3]::panicking::panic_fmt
[INFO] [stdout]   11:     0x625611ae7ba2 - core[df12db4294e9bfd3]::result::unwrap_failed
[INFO] [stdout]   12:     0x625611a4d916 - ratio_dsm[1b4a11b1a9fb03b6]::utils::test::write_to_examples::<svg[44af87cbccbbc567]::node::element::SVG>
[INFO] [stdout]   13:     0x625611a4ea13 - ratio_dsm[1b4a11b1a9fb03b6]::grid::tests::test_grid
[INFO] [stdout]   14:     0x625611a4bfa9 - <ratio_dsm[1b4a11b1a9fb03b6]::grid::tests::test_grid::{closure#0} as core[df12db4294e9bfd3]::ops::function::FnOnce<()>>::call_once
[INFO] [stdout]   15:     0x625611a4f49b - test[9d35eded1c95d3be]::__rust_begin_short_backtrace::<core[df12db4294e9bfd3]::result::Result<(), alloc[2182bb758b4b3781]::string::String>, fn() -> core[df12db4294e9bfd3]::result::Result<(), alloc[2182bb758b4b3781]::string::String>>
[INFO] [stdout]   16:     0x625611a5cb05 - test[9d35eded1c95d3be]::run_test::{closure#0}
[INFO] [stdout]   17:     0x625611a563c4 - std[70759c8f55707aa4]::sys::backtrace::__rust_begin_short_backtrace::<test[9d35eded1c95d3be]::run_test::{closure#1}, ()>
[INFO] [stdout]   18:     0x625611a5fc62 - <std[70759c8f55707aa4]::thread::lifecycle::spawn_unchecked<test[9d35eded1c95d3be]::run_test::{closure#1}, ()>::{closure#1} as core[df12db4294e9bfd3]::ops::function::FnOnce<()>>::call_once::{shim:vtable#0}
[INFO] [stdout]   19:     0x625611ad1f99 - <std[70759c8f55707aa4]::sys::thread::unix::Thread>::new::thread_start
[INFO] [stdout]   20:     0x73b8c39dfdfa - <unknown>
[INFO] [stdout]   21:     0x73b8c3a733d4 - clone
[INFO] [stdout]   22:                0x0 - <unknown>
[INFO] [stdout] 
[INFO] [stdout] ---- pie::tests::test_piechart_component stdout ----
[INFO] [stdout] 
[INFO] [stdout] thread 'pie::tests::test_piechart_component' (964) panicked at src/utils.rs:68:14:
[INFO] [stdout] write to target/debug/examples: Os { code: 30, kind: ReadOnlyFilesystem, message: "Read-only file system" }
[INFO] [stdout] stack backtrace:
[INFO] [stdout]    0:     0x625611ad26c1 - <<std[70759c8f55707aa4]::sys::backtrace::BacktraceLock>::print::DisplayBacktrace as core[df12db4294e9bfd3]::fmt::Display>::fmt
[INFO] [stdout]    1:     0x625611ae769a - core[df12db4294e9bfd3]::fmt::write
[INFO] [stdout]    2:     0x625611ad6b5c - <alloc[2182bb758b4b3781]::vec::Vec<u8> as core[df12db4294e9bfd3]::io::write::Write>::write_fmt
[INFO] [stdout]    3:     0x625611aae386 - std[70759c8f55707aa4]::panicking::default_hook::{closure#0}
[INFO] [stdout]    4:     0x625611acae29 - std[70759c8f55707aa4]::panicking::default_hook
[INFO] [stdout]    5:     0x625611a5c1b0 - test[9d35eded1c95d3be]::test_main_inner::<test[9d35eded1c95d3be]::test_main_static::{closure#0}>::{closure#0}
[INFO] [stdout]    6:     0x625611acafe2 - std[70759c8f55707aa4]::panicking::panic_with_hook
[INFO] [stdout]    7:     0x625611aae432 - std[70759c8f55707aa4]::panicking::panic_handler::{closure#0}
[INFO] [stdout]    8:     0x625611aa7099 - std[70759c8f55707aa4]::sys::backtrace::__rust_end_short_backtrace::<std[70759c8f55707aa4]::panicking::panic_handler::{closure#0}, !>
[INFO] [stdout]    9:     0x625611aaf02d - __rustc[8fa7c3cbc660c2b3]::rust_begin_unwind
[INFO] [stdout]   10:     0x625611ae7dcc - core[df12db4294e9bfd3]::panicking::panic_fmt
[INFO] [stdout]   11:     0x625611ae7ba2 - core[df12db4294e9bfd3]::result::unwrap_failed
[INFO] [stdout]   12:     0x625611a4d916 - ratio_dsm[1b4a11b1a9fb03b6]::utils::test::write_to_examples::<svg[44af87cbccbbc567]::node::element::SVG>
[INFO] [stdout]   13:     0x625611a3fbd4 - ratio_dsm[1b4a11b1a9fb03b6]::pie::tests::test_piechart_component
[INFO] [stdout]   14:     0x625611a4bf69 - <ratio_dsm[1b4a11b1a9fb03b6]::pie::tests::test_piechart_component::{closure#0} as core[df12db4294e9bfd3]::ops::function::FnOnce<()>>::call_once
[INFO] [stdout]   15:     0x625611a4f49b - test[9d35eded1c95d3be]::__rust_begin_short_backtrace::<core[df12db4294e9bfd3]::result::Result<(), alloc[2182bb758b4b3781]::string::String>, fn() -> core[df12db4294e9bfd3]::result::Result<(), alloc[2182bb758b4b3781]::string::String>>
[INFO] [stdout]   16:     0x625611a5cb05 - test[9d35eded1c95d3be]::run_test::{closure#0}
[INFO] [stdout]   17:     0x625611a563c4 - std[70759c8f55707aa4]::sys::backtrace::__rust_begin_short_backtrace::<test[9d35eded1c95d3be]::run_test::{closure#1}, ()>
[INFO] [stdout]   18:     0x625611a5fc62 - <std[70759c8f55707aa4]::thread::lifecycle::spawn_unchecked<test[9d35eded1c95d3be]::run_test::{closure#1}, ()>::{closure#1} as core[df12db4294e9bfd3]::ops::function::FnOnce<()>>::call_once::{shim:vtable#0}
[INFO] [stdout]   19:     0x625611ad1f99 - <std[70759c8f55707aa4]::sys::thread::unix::Thread>::new::thread_start
[INFO] [stdout]   20:     0x73b8c39dfdfa - <unknown>
[INFO] [stdout]   21:     0x73b8c3a733d4 - clone
[INFO] [stdout]   22:                0x0 - <unknown>
[INFO] [stdout] 
[INFO] [stdout] ---- pie::tests::test_piechart_matrix_component stdout ----
[INFO] [stdout] 
[INFO] [stdout] thread 'pie::tests::test_piechart_matrix_component' (966) panicked at src/utils.rs:68:14:
[INFO] [stdout] write to target/debug/examples: Os { code: 30, kind: ReadOnlyFilesystem, message: "Read-only file system" }
[INFO] [stdout] stack backtrace:
[INFO] [stdout]    0:     0x625611ad26c1 - <<std[70759c8f55707aa4]::sys::backtrace::BacktraceLock>::print::DisplayBacktrace as core[df12db4294e9bfd3]::fmt::Display>::fmt
[INFO] [stdout]    1:     0x625611ae769a - core[df12db4294e9bfd3]::fmt::write
[INFO] [stdout]    2:     0x625611ad6b5c - <alloc[2182bb758b4b3781]::vec::Vec<u8> as core[df12db4294e9bfd3]::io::write::Write>::write_fmt
[INFO] [stdout]    3:     0x625611aae386 - std[70759c8f55707aa4]::panicking::default_hook::{closure#0}
[INFO] [stdout]    4:     0x625611acae29 - std[70759c8f55707aa4]::panicking::default_hook
[INFO] [stdout]    5:     0x625611a5c1b0 - test[9d35eded1c95d3be]::test_main_inner::<test[9d35eded1c95d3be]::test_main_static::{closure#0}>::{closure#0}
[INFO] [stdout]    6:     0x625611acafe2 - std[70759c8f55707aa4]::panicking::panic_with_hook
[INFO] [stdout]    7:     0x625611aae432 - std[70759c8f55707aa4]::panicking::panic_handler::{closure#0}
[INFO] [stdout]    8:     0x625611aa7099 - std[70759c8f55707aa4]::sys::backtrace::__rust_end_short_backtrace::<std[70759c8f55707aa4]::panicking::panic_handler::{closure#0}, !>
[INFO] [stdout]    9:     0x625611aaf02d - __rustc[8fa7c3cbc660c2b3]::rust_begin_unwind
[INFO] [stdout]   10:     0x625611ae7dcc - core[df12db4294e9bfd3]::panicking::panic_fmt
[INFO] [stdout]   11:     0x625611ae7ba2 - core[df12db4294e9bfd3]::result::unwrap_failed
[INFO] [stdout]   12:     0x625611a4d916 - ratio_dsm[1b4a11b1a9fb03b6]::utils::test::write_to_examples::<svg[44af87cbccbbc567]::node::element::SVG>
[INFO] [stdout]   13:     0x625611a40c9e - ratio_dsm[1b4a11b1a9fb03b6]::pie::tests::test_piechart_matrix_component
[INFO] [stdout]   14:     0x625611a4bf89 - <ratio_dsm[1b4a11b1a9fb03b6]::pie::tests::test_piechart_matrix_component::{closure#0} as core[df12db4294e9bfd3]::ops::function::FnOnce<()>>::call_once
[INFO] [stdout]   15:     0x625611a4f49b - test[9d35eded1c95d3be]::__rust_begin_short_backtrace::<core[df12db4294e9bfd3]::result::Result<(), alloc[2182bb758b4b3781]::string::String>, fn() -> core[df12db4294e9bfd3]::result::Result<(), alloc[2182bb758b4b3781]::string::String>>
[INFO] [stdout]   16:     0x625611a5cb05 - test[9d35eded1c95d3be]::run_test::{closure#0}
[INFO] [stdout]   17:     0x625611a563c4 - std[70759c8f55707aa4]::sys::backtrace::__rust_begin_short_backtrace::<test[9d35eded1c95d3be]::run_test::{closure#1}, ()>
[INFO] [stdout]   18:     0x625611a5fc62 - <std[70759c8f55707aa4]::thread::lifecycle::spawn_unchecked<test[9d35eded1c95d3be]::run_test::{closure#1}, ()>::{closure#1} as core[df12db4294e9bfd3]::ops::function::FnOnce<()>>::call_once::{shim:vtable#0}
[INFO] [stdout]   19:     0x625611ad1f99 - <std[70759c8f55707aa4]::sys::thread::unix::Thread>::new::thread_start
[INFO] [stdout]   20:     0x73b8c39dfdfa - <unknown>
[INFO] [stdout]   21:     0x73b8c3a733d4 - clone
[INFO] [stdout]   22:                0x0 - <unknown>
[INFO] [stdout] 
[INFO] [stdout] ---- pie::tests::test_piechart_fn stdout ----
[INFO] [stdout] 
[INFO] [stdout] thread 'pie::tests::test_piechart_fn' (965) panicked at src/utils.rs:68:14:
[INFO] [stdout] write to target/debug/examples: Os { code: 30, kind: ReadOnlyFilesystem, message: "Read-only file system" }
[INFO] [stdout] stack backtrace:
[INFO] [stdout]    0:     0x625611ad26c1 - <<std[70759c8f55707aa4]::sys::backtrace::BacktraceLock>::print::DisplayBacktrace as core[df12db4294e9bfd3]::fmt::Display>::fmt
[INFO] [stdout]    1:     0x625611ae769a - core[df12db4294e9bfd3]::fmt::write
[INFO] [stdout]    2:     0x625611ad6b5c - <alloc[2182bb758b4b3781]::vec::Vec<u8> as core[df12db4294e9bfd3]::io::write::Write>::write_fmt
[INFO] [stdout]    3:     0x625611aae386 - std[70759c8f55707aa4]::panicking::default_hook::{closure#0}
[INFO] [stdout]    4:     0x625611acae29 - std[70759c8f55707aa4]::panicking::default_hook
[INFO] [stdout]    5:     0x625611a5c1b0 - test[9d35eded1c95d3be]::test_main_inner::<test[9d35eded1c95d3be]::test_main_static::{closure#0}>::{closure#0}
[INFO] [stdout]    6:     0x625611acafe2 - std[70759c8f55707aa4]::panicking::panic_with_hook
[INFO] [stdout]    7:     0x625611aae432 - std[70759c8f55707aa4]::panicking::panic_handler::{closure#0}
[INFO] [stdout]    8:     0x625611aa7099 - std[70759c8f55707aa4]::sys::backtrace::__rust_end_short_backtrace::<std[70759c8f55707aa4]::panicking::panic_handler::{closure#0}, !>
[INFO] [stdout]    9:     0x625611aaf02d - __rustc[8fa7c3cbc660c2b3]::rust_begin_unwind
[INFO] [stdout]   10:     0x625611ae7dcc - core[df12db4294e9bfd3]::panicking::panic_fmt
[INFO] [stdout]   11:     0x625611ae7ba2 - core[df12db4294e9bfd3]::result::unwrap_failed
[INFO] [stdout]   12:     0x625611a4d916 - ratio_dsm[1b4a11b1a9fb03b6]::utils::test::write_to_examples::<svg[44af87cbccbbc567]::node::element::SVG>
[INFO] [stdout]   13:     0x625611a3e1f4 - ratio_dsm[1b4a11b1a9fb03b6]::pie::tests::test_piechart_fn
[INFO] [stdout]   14:     0x625611a4bf49 - <ratio_dsm[1b4a11b1a9fb03b6]::pie::tests::test_piechart_fn::{closure#0} as core[df12db4294e9bfd3]::ops::function::FnOnce<()>>::call_once
[INFO] [stdout]   15:     0x625611a4f49b - test[9d35eded1c95d3be]::__rust_begin_short_backtrace::<core[df12db4294e9bfd3]::result::Result<(), alloc[2182bb758b4b3781]::string::String>, fn() -> core[df12db4294e9bfd3]::result::Result<(), alloc[2182bb758b4b3781]::string::String>>
[INFO] [stdout]   16:     0x625611a5cb05 - test[9d35eded1c95d3be]::run_test::{closure#0}
[INFO] [stdout]   17:     0x625611a563c4 - std[70759c8f55707aa4]::sys::backtrace::__rust_begin_short_backtrace::<test[9d35eded1c95d3be]::run_test::{closure#1}, ()>
[INFO] [stdout]   18:     0x625611a5fc62 - <std[70759c8f55707aa4]::thread::lifecycle::spawn_unchecked<test[9d35eded1c95d3be]::run_test::{closure#1}, ()>::{closure#1} as core[df12db4294e9bfd3]::ops::function::FnOnce<()>>::call_once::{shim:vtable#0}
[INFO] [stdout]   19:     0x625611ad1f99 - <std[70759c8f55707aa4]::sys::thread::unix::Thread>::new::thread_start
[INFO] [stdout]   20:     0x73b8c39dfdfa - <unknown>
[INFO] [stdout]   21:     0x73b8c3a733d4 - clone
[INFO] [stdout]   22:                0x0 - <unknown>
[INFO] [stdout] 
[INFO] [stdout] ---- dsm::tests::test_dsm_viewbox stdout ----
[INFO] [stdout] 
[INFO] [stdout] thread 'dsm::tests::test_dsm_viewbox' (962) panicked at src/utils.rs:68:14:
[INFO] [stdout] write to target/debug/examples: Os { code: 30, kind: ReadOnlyFilesystem, message: "Read-only file system" }
[INFO] [stdout] stack backtrace:
[INFO] [stdout]    0:     0x625611ad26c1 - <<std[70759c8f55707aa4]::sys::backtrace::BacktraceLock>::print::DisplayBacktrace as core[df12db4294e9bfd3]::fmt::Display>::fmt
[INFO] [stdout]    1:     0x625611ae769a - core[df12db4294e9bfd3]::fmt::write
[INFO] [stdout]    2:     0x625611ad6b5c - <alloc[2182bb758b4b3781]::vec::Vec<u8> as core[df12db4294e9bfd3]::io::write::Write>::write_fmt
[INFO] [stdout]    3:     0x625611aae386 - std[70759c8f55707aa4]::panicking::default_hook::{closure#0}
[INFO] [stdout]    4:     0x625611acae29 - std[70759c8f55707aa4]::panicking::default_hook
[INFO] [stdout]    5:     0x625611a5c1b0 - test[9d35eded1c95d3be]::test_main_inner::<test[9d35eded1c95d3be]::test_main_static::{closure#0}>::{closure#0}
[INFO] [stdout]    6:     0x625611acafe2 - std[70759c8f55707aa4]::panicking::panic_with_hook
[INFO] [stdout]    7:     0x625611aae432 - std[70759c8f55707aa4]::panicking::panic_handler::{closure#0}
[INFO] [stdout]    8:     0x625611aa7099 - std[70759c8f55707aa4]::sys::backtrace::__rust_end_short_backtrace::<std[70759c8f55707aa4]::panicking::panic_handler::{closure#0}, !>
[INFO] [stdout]    9:     0x625611aaf02d - __rustc[8fa7c3cbc660c2b3]::rust_begin_unwind
[INFO] [stdout]   10:     0x625611ae7dcc - core[df12db4294e9bfd3]::panicking::panic_fmt
[INFO] [stdout]   11:     0x625611ae7ba2 - core[df12db4294e9bfd3]::result::unwrap_failed
[INFO] [stdout]   12:     0x625611a4d916 - ratio_dsm[1b4a11b1a9fb03b6]::utils::test::write_to_examples::<svg[44af87cbccbbc567]::node::element::SVG>
[INFO] [stdout]   13:     0x625611a2e11d - ratio_dsm[1b4a11b1a9fb03b6]::dsm::tests::test_dsm_viewbox
[INFO] [stdout]   14:     0x625611a4bf09 - <ratio_dsm[1b4a11b1a9fb03b6]::dsm::tests::test_dsm_viewbox::{closure#0} as core[df12db4294e9bfd3]::ops::function::FnOnce<()>>::call_once
[INFO] [stdout]   15:     0x625611a4f49b - test[9d35eded1c95d3be]::__rust_begin_short_backtrace::<core[df12db4294e9bfd3]::result::Result<(), alloc[2182bb758b4b3781]::string::String>, fn() -> core[df12db4294e9bfd3]::result::Result<(), alloc[2182bb758b4b3781]::string::String>>
[INFO] [stdout]   16:     0x625611a5cb05 - test[9d35eded1c95d3be]::run_test::{closure#0}
[INFO] [stdout]   17:     0x625611a563c4 - std[70759c8f55707aa4]::sys::backtrace::__rust_begin_short_backtrace::<test[9d35eded1c95d3be]::run_test::{closure#1}, ()>
[INFO] [stdout]   18:     0x625611a5fc62 - <std[70759c8f55707aa4]::thread::lifecycle::spawn_unchecked<test[9d35eded1c95d3be]::run_test::{closure#1}, ()>::{closure#1} as core[df12db4294e9bfd3]::ops::function::FnOnce<()>>::call_once::{shim:vtable#0}
[INFO] [stdout]   19:     0x625611ad1f99 - <std[70759c8f55707aa4]::sys::thread::unix::Thread>::new::thread_start
[INFO] [stdout]   20:     0x73b8c39dfdfa - <unknown>
[INFO] [stdout]   21:     0x73b8c3a733d4 - clone
[INFO] [stdout]   22:                0x0 - <unknown>
[INFO] [stdout] 
[INFO] [stdout] 
[INFO] [stdout] failures:
[INFO] [stdout]     dsm::tests::test_dsm
[INFO] [stdout]     dsm::tests::test_dsm_viewbox
[INFO] [stdout]     grid::tests::test_grid
[INFO] [stdout]     pie::tests::test_piechart_component
[INFO] [stdout]     pie::tests::test_piechart_fn
[INFO] [stdout]     pie::tests::test_piechart_matrix_component
[INFO] [stdout]     splits::tests::test_splits
[INFO] [stdout] 
[INFO] [stdout] test result: FAILED. 0 passed; 7 failed; 0 ignored; 0 measured; 0 filtered out; finished in 0.01s
[INFO] [stdout] 
[INFO] running `Command { std: "docker" "inspect" "194e6ab62b3a7b2724bbf37299b43f9459867141f87a8c8b3e0eaffc37618032", kill_on_drop: false }`
[INFO] running `Command { std: "docker" "rm" "-f" "194e6ab62b3a7b2724bbf37299b43f9459867141f87a8c8b3e0eaffc37618032", kill_on_drop: false }`
[INFO] [stdout] 194e6ab62b3a7b2724bbf37299b43f9459867141f87a8c8b3e0eaffc37618032
