[INFO] fetching crate ratify-protocol 1.0.0-alpha.20...
[INFO] testing ratify-protocol-1.0.0-alpha.20 against 1.99.0-beta.8+cargoflags=--release for beta-release-1.100-2
[INFO] extracting crate ratify-protocol 1.0.0-alpha.20 into /workspace/builds/worker-2-tc1/source
[INFO] started tweaking crates.io crate ratify-protocol 1.0.0-alpha.20
[INFO] removed 0 missing tests
[INFO] finished tweaking crates.io crate ratify-protocol 1.0.0-alpha.20
[INFO] tweaked toml for crates.io crate ratify-protocol 1.0.0-alpha.20 written to /workspace/builds/worker-2-tc1/source/Cargo.toml
[INFO] validating manifest of crates.io crate ratify-protocol 1.0.0-alpha.20 on toolchain 1.99.0-beta.8
[INFO] running `Command { std: CARGO_HOME="/workspace/cargo-home" RUSTUP_HOME="/workspace/rustup-home" "/workspace/cargo-home/bin/cargo" "+1.99.0-beta.8" "metadata" "--manifest-path" "Cargo.toml" "--no-deps", kill_on_drop: false }`
[INFO] crate crates.io crate ratify-protocol 1.0.0-alpha.20 already has a lockfile, it will not be regenerated
[INFO] running `Command { std: CARGO_HOME="/workspace/cargo-home" RUSTUP_HOME="/workspace/rustup-home" "/workspace/cargo-home/bin/cargo" "+1.99.0-beta.8" "fetch" "--manifest-path" "Cargo.toml", kill_on_drop: false }`
[INFO] [stderr]     Updating crates.io index
[INFO] [stderr]  Downloading crates ...
[INFO] [stderr]   Downloaded zeroize_derive v1.4.3
[INFO] [stderr]   Downloaded chrono-tz-build v0.3.0
[INFO] [stderr]   Downloaded parse-zoneinfo v0.3.1
[INFO] [stderr]   Downloaded chrono-tz v0.9.0
[INFO] [stderr]   Downloaded libc v0.2.185
[INFO] [stderr]   Downloaded fips204 v0.4.6
[INFO] running `Command { std: "docker" "create" "-v" "/var/lib/crater-agent-workspace/builds/worker-2-tc1/source:/opt/rustwide/workdir:ro,Z" "-v" "/var/lib/crater-agent-workspace/builds/worker-2-tc1/target:/opt/rustwide/target:rw,Z" "-v" "/var/lib/crater-agent-workspace/cargo-home:/opt/rustwide/cargo-home:ro,Z" "-v" "/var/lib/crater-agent-workspace/rustup-home:/opt/rustwide/rustup-home:ro,Z" "-m" "1610612736" "--network" "none" "ghcr.io/rust-lang/crates-build-env/linux@sha256:77db811e55d90add9212f6832c23229e3de5f1c1f9905e8cb07319ea15df73ac" "sleep" "infinity", kill_on_drop: false }`
[INFO] [stdout] c2ca4df5d8f7350603ea07b614034e2f13714fe5a3e0f229b86f74f6fe085c29
[INFO] running `Command { std: "docker" "start" "c2ca4df5d8f7350603ea07b614034e2f13714fe5a3e0f229b86f74f6fe085c29", kill_on_drop: false }`
[INFO] running `Command { std: "docker" "inspect" "c2ca4df5d8f7350603ea07b614034e2f13714fe5a3e0f229b86f74f6fe085c29", kill_on_drop: false }`
[INFO] running `Command { std: "docker" "exec" "-e" "SOURCE_DIR=/opt/rustwide/workdir" "-e" "CARGO_HOME=/opt/rustwide/cargo-home" "-e" "RUSTUP_HOME=/opt/rustwide/rustup-home" "-e" "CARGO_TARGET_DIR=/opt/rustwide/target" "-w" "/opt/rustwide/workdir" "--user" "0:0" "c2ca4df5d8f7350603ea07b614034e2f13714fe5a3e0f229b86f74f6fe085c29" "/opt/rustwide/cargo-home/bin/cargo" "+1.99.0-beta.8" "metadata" "--no-deps" "--format-version=1", kill_on_drop: false }`
[INFO] running `Command { std: "docker" "inspect" "c2ca4df5d8f7350603ea07b614034e2f13714fe5a3e0f229b86f74f6fe085c29", kill_on_drop: false }`
[INFO] running `Command { std: "docker" "exec" "-e" "SOURCE_DIR=/opt/rustwide/workdir" "-e" "CARGO_HOME=/opt/rustwide/cargo-home" "-e" "RUSTUP_HOME=/opt/rustwide/rustup-home" "-e" "CARGO_TARGET_DIR=/opt/rustwide/target" "-e" "CARGO_INCREMENTAL=0" "-e" "RUST_BACKTRACE=full" "-e" "RUSTFLAGS=--cap-lints=warn" "-e" "RUSTDOCFLAGS=--cap-lints=warn" "-w" "/opt/rustwide/workdir" "--user" "0:0" "c2ca4df5d8f7350603ea07b614034e2f13714fe5a3e0f229b86f74f6fe085c29" "/opt/rustwide/cargo-home/bin/cargo" "+1.99.0-beta.8" "build" "--frozen" "--message-format=json" "--release", kill_on_drop: false }`
[INFO] [stderr]    Compiling proc-macro2 v1.0.106
[INFO] [stderr]    Compiling quote v1.0.45
[INFO] [stderr]    Compiling typenum v1.20.0
[INFO] [stderr]    Compiling siphasher v1.0.2
[INFO] [stderr]    Compiling regex-syntax v0.8.10
[INFO] [stderr]    Compiling rand_core v0.6.4
[INFO] [stderr]    Compiling libc v0.2.185
[INFO] [stderr]    Compiling semver v1.0.28
[INFO] [stderr]    Compiling autocfg v1.5.0
[INFO] [stderr]    Compiling serde_core v1.0.228
[INFO] [stderr]    Compiling zmij v1.0.21
[INFO] [stderr]    Compiling serde_json v1.0.149
[INFO] [stderr]    Compiling signature v2.2.0
[INFO] [stderr]    Compiling keccak v0.1.6
[INFO] [stderr]    Compiling serde v1.0.228
[INFO] [stderr]    Compiling phf_shared v0.11.3
[INFO] [stderr]    Compiling rand v0.8.6
[INFO] [stderr]    Compiling ed25519 v2.2.3
[INFO] [stderr]    Compiling memchr v2.8.0
[INFO] [stderr]    Compiling phf v0.11.3
[INFO] [stderr]    Compiling hex v0.4.3
[INFO] [stderr]    Compiling base64 v0.22.1
[INFO] [stderr]    Compiling rustc_version v0.4.1
[INFO] [stderr]    Compiling num-traits v0.2.19
[INFO] [stderr]    Compiling curve25519-dalek v4.1.3
[INFO] [stderr]    Compiling generic-array v0.14.7
[INFO] [stderr]    Compiling phf_generator v0.11.3
[INFO] [stderr]    Compiling phf_codegen v0.11.3
[INFO] [stderr]    Compiling chrono v0.4.44
[INFO] [stderr]    Compiling syn v2.0.117
[INFO] [stderr]    Compiling block-buffer v0.10.4
[INFO] [stderr]    Compiling crypto-common v0.1.7
[INFO] [stderr]    Compiling regex-automata v0.4.14
[INFO] [stderr]    Compiling digest v0.10.7
[INFO] [stderr]    Compiling sha2 v0.10.9
[INFO] [stderr]    Compiling sha3 v0.10.9
[INFO] [stderr]    Compiling hmac v0.12.1
[INFO] [stderr]    Compiling getrandom v0.2.17
[INFO] [stderr]    Compiling regex v1.12.3
[INFO] [stderr]    Compiling parse-zoneinfo v0.3.1
[INFO] [stderr]    Compiling chrono-tz-build v0.3.0
[INFO] [stderr]    Compiling chrono-tz v0.9.0
[INFO] [stderr]    Compiling zeroize_derive v1.4.3
[INFO] [stderr]    Compiling curve25519-dalek-derive v0.1.1
[INFO] [stderr]    Compiling serde_derive v1.0.228
[INFO] [stderr]    Compiling zeroize v1.8.2
[INFO] [stderr]    Compiling fips204 v0.4.6
[INFO] [stderr]    Compiling ed25519-dalek v2.2.0
[INFO] [stderr]    Compiling ratify-protocol v1.0.0-alpha.20 (/opt/rustwide/workdir)
[INFO] [stderr]     Finished `release` profile [optimized] target(s) in 32.13s
[INFO] running `Command { std: "docker" "inspect" "c2ca4df5d8f7350603ea07b614034e2f13714fe5a3e0f229b86f74f6fe085c29", kill_on_drop: false }`
[INFO] running `Command { std: "docker" "exec" "-e" "SOURCE_DIR=/opt/rustwide/workdir" "-e" "CARGO_HOME=/opt/rustwide/cargo-home" "-e" "RUSTUP_HOME=/opt/rustwide/rustup-home" "-e" "CARGO_TARGET_DIR=/opt/rustwide/target" "-e" "CARGO_INCREMENTAL=0" "-e" "RUST_BACKTRACE=full" "-e" "RUSTFLAGS=--cap-lints=warn" "-e" "RUSTDOCFLAGS=--cap-lints=warn" "-w" "/opt/rustwide/workdir" "--user" "0:0" "c2ca4df5d8f7350603ea07b614034e2f13714fe5a3e0f229b86f74f6fe085c29" "/opt/rustwide/cargo-home/bin/cargo" "+1.99.0-beta.8" "test" "--frozen" "--no-run" "--message-format=json" "--release", kill_on_drop: false }`
[INFO] [stderr]    Compiling ratify-protocol v1.0.0-alpha.20 (/opt/rustwide/workdir)
[INFO] [stderr]     Finished `release` profile [optimized] target(s) in 14.88s
[INFO] running `Command { std: "docker" "inspect" "c2ca4df5d8f7350603ea07b614034e2f13714fe5a3e0f229b86f74f6fe085c29", kill_on_drop: false }`
[INFO] running `Command { std: "docker" "exec" "-e" "SOURCE_DIR=/opt/rustwide/workdir" "-e" "CARGO_HOME=/opt/rustwide/cargo-home" "-e" "RUSTUP_HOME=/opt/rustwide/rustup-home" "-e" "CARGO_TARGET_DIR=/opt/rustwide/target" "-e" "CARGO_INCREMENTAL=0" "-e" "RUST_BACKTRACE=full" "-e" "RUSTFLAGS=--cap-lints=warn" "-e" "RUSTDOCFLAGS=--cap-lints=warn" "-w" "/opt/rustwide/workdir" "--user" "0:0" "c2ca4df5d8f7350603ea07b614034e2f13714fe5a3e0f229b86f74f6fe085c29" "/opt/rustwide/cargo-home/bin/cargo" "+1.99.0-beta.8" "test" "--frozen" "--release", kill_on_drop: false }`
[INFO] [stderr]     Finished `release` profile [optimized] target(s) in 0.09s
[INFO] [stderr]      Running unittests src/lib.rs (/opt/rustwide/target/release/deps/ratify_protocol-e68b573397d873be)
[INFO] [stdout] 
[INFO] [stdout] running 0 tests
[INFO] [stdout] 
[INFO] [stdout] test result: ok. 0 passed; 0 failed; 0 ignored; 0 measured; 0 filtered out; finished in 0.00s
[INFO] [stdout] 
[INFO] [stderr]      Running tests/challenge_store.rs (/opt/rustwide/target/release/deps/challenge_store-04a39f97c96e9d2c)
[INFO] [stdout] 
[INFO] [stdout] running 19 tests
[INFO] [stdout] test capacity_cap ... ok
[INFO] [stdout] test expiry ... ok
[INFO] [stdout] test consume_frees_capacity_immediately ... ok
[INFO] [stdout] test double_consume_fails ... ok
[INFO] [stdout] test issue_then_consume ... ok
[INFO] [stdout] test constructor_rejects_zero_capacity - should panic ... ok
[INFO] [stdout] test wrong_session_context_does_not_consume ... ok
[INFO] [stdout] test wrong_session_context_does_not_free_capacity ... ok
[INFO] [stdout] test issue_validates_inputs ... ok
[INFO] [stdout] test verify_with_store_replay_is_rejected ... ok
[INFO] [stdout] test never_issued_challenge ... ok
[INFO] [stdout] test verify_with_store_policy_denied_still_consumes ... ok
[INFO] [stdout] test verify_with_store_bad_signature_does_not_consume ... ok
[INFO] [stdout] test concurrent_consume_is_atomic ... ok
[INFO] [stdout] test verify_with_store_unknown_challenge_rejected_before_crypto ... ok
[INFO] [stdout] test verify_with_store_scope_denied_still_consumes ... ok
[INFO] [stdout] test verify_with_store_policy_error_still_consumes ... ok
[INFO] [stdout] test verify_with_store_constraint_denied_still_consumes ... ok
[INFO] [stdout] test verify_normalizes_custom_store_errors ... ok
[INFO] [stderr]      Running tests/conformance.rs (/opt/rustwide/target/release/deps/conformance-841bd15febb032d1)
[INFO] [stdout] 
[INFO] [stdout] test result: ok. 19 passed; 0 failed; 0 ignored; 0 measured; 0 filtered out; finished in 0.05s
[INFO] [stdout] 
[INFO] [stdout] 
[INFO] [stdout] running 2 tests
[INFO] [stdout] test hybrid_keypair_from_seeds_matches_go_reference ... ok
[INFO] [stdout] test run_all_fixtures ... FAILED
[INFO] [stdout] 
[INFO] [stdout] failures:
[INFO] [stdout] 
[INFO] [stdout] ---- run_all_fixtures stdout ----
[INFO] [stdout] 
[INFO] [stdout] thread 'run_all_fixtures' (1534) panicked at tests/conformance.rs:621:29:
[INFO] [stdout] read fixture dir "/opt/testvectors/v1": No such file or directory (os error 2)
[INFO] [stdout] stack backtrace:
[INFO] [stdout]    0:     0x5f874a2158d1 - <<std[70759c8f55707aa4]::sys::backtrace::BacktraceLock>::print::DisplayBacktrace as core[df12db4294e9bfd3]::fmt::Display>::fmt
[INFO] [stdout]    1:     0x5f874a22a7ca - core[df12db4294e9bfd3]::fmt::write
[INFO] [stdout]    2:     0x5f874a21a03c - <alloc[2182bb758b4b3781]::vec::Vec<u8> as core[df12db4294e9bfd3]::io::write::Write>::write_fmt
[INFO] [stdout]    3:     0x5f874a1f1176 - std[70759c8f55707aa4]::panicking::default_hook::{closure#0}
[INFO] [stdout]    4:     0x5f874a20dab9 - std[70759c8f55707aa4]::panicking::default_hook
[INFO] [stdout]    5:     0x5f874a1430b0 - test[9d35eded1c95d3be]::test_main_inner::<test[9d35eded1c95d3be]::test_main_static::{closure#0}>::{closure#0}
[INFO] [stdout]    6:     0x5f874a20dc72 - std[70759c8f55707aa4]::panicking::panic_with_hook
[INFO] [stdout]    7:     0x5f874a1f1222 - std[70759c8f55707aa4]::panicking::panic_handler::{closure#0}
[INFO] [stdout]    8:     0x5f874a1e9d79 - std[70759c8f55707aa4]::sys::backtrace::__rust_end_short_backtrace::<std[70759c8f55707aa4]::panicking::panic_handler::{closure#0}, !>
[INFO] [stdout]    9:     0x5f874a1f1e1d - __rustc[8fa7c3cbc660c2b3]::rust_begin_unwind
[INFO] [stdout]   10:     0x5f874a22aefc - core[df12db4294e9bfd3]::panicking::panic_fmt
[INFO] [stdout]   11:     0x5f874a1208ba - conformance[ceeb01d541bafd5f]::run_all_fixtures::{closure#0}
[INFO] [stdout]   12:     0x5f874a124e4b - conformance[ceeb01d541bafd5f]::run_all_fixtures
[INFO] [stdout]   13:     0x5f874a125ce9 - <conformance[ceeb01d541bafd5f]::run_all_fixtures::{closure#0} as core[df12db4294e9bfd3]::ops::function::FnOnce<()>>::call_once
[INFO] [stdout]   14:     0x5f874a13639b - test[9d35eded1c95d3be]::__rust_begin_short_backtrace::<core[df12db4294e9bfd3]::result::Result<(), alloc[2182bb758b4b3781]::string::String>, fn() -> core[df12db4294e9bfd3]::result::Result<(), alloc[2182bb758b4b3781]::string::String>>
[INFO] [stdout]   15:     0x5f874a143a05 - test[9d35eded1c95d3be]::run_test::{closure#0}
[INFO] [stdout]   16:     0x5f874a13d2c4 - std[70759c8f55707aa4]::sys::backtrace::__rust_begin_short_backtrace::<test[9d35eded1c95d3be]::run_test::{closure#1}, ()>
[INFO] [stdout]   17:     0x5f874a146b62 - <std[70759c8f55707aa4]::thread::lifecycle::spawn_unchecked<test[9d35eded1c95d3be]::run_test::{closure#1}, ()>::{closure#1} as core[df12db4294e9bfd3]::ops::function::FnOnce<()>>::call_once::{shim:vtable#0}
[INFO] [stdout]   18:     0x5f874a214e39 - <std[70759c8f55707aa4]::sys::thread::unix::Thread>::new::thread_start
[INFO] [stdout]   19:     0x789d66bbfdfa - <unknown>
[INFO] [stdout]   20:     0x789d66c533d4 - clone
[INFO] [stdout]   21:                0x0 - <unknown>
[INFO] [stdout] 
[INFO] [stdout] 
[INFO] [stdout] failures:
[INFO] [stdout]     run_all_fixtures
[INFO] [stdout] 
[INFO] [stdout] test result: FAILED. 1 passed; 1 failed; 0 ignored; 0 measured; 0 filtered out; finished in 0.03s
[INFO] [stdout] 
[INFO] [stderr] error: test failed, to rerun pass `--test conformance`
[INFO] running `Command { std: "docker" "inspect" "c2ca4df5d8f7350603ea07b614034e2f13714fe5a3e0f229b86f74f6fe085c29", kill_on_drop: false }`
[INFO] running `Command { std: "docker" "rm" "-f" "c2ca4df5d8f7350603ea07b614034e2f13714fe5a3e0f229b86f74f6fe085c29", kill_on_drop: false }`
[INFO] [stdout] c2ca4df5d8f7350603ea07b614034e2f13714fe5a3e0f229b86f74f6fe085c29
