[INFO] fetching crate ratify-c 1.0.0-alpha.20...
[INFO] testing ratify-c-1.0.0-alpha.20 against 1.99.0-beta.8+cargoflags=--release for beta-release-1.100-2
[INFO] extracting crate ratify-c 1.0.0-alpha.20 into /workspace/builds/worker-5-tc1/source
[INFO] started tweaking crates.io crate ratify-c 1.0.0-alpha.20
[INFO] removed 0 missing tests
[INFO] finished tweaking crates.io crate ratify-c 1.0.0-alpha.20
[INFO] tweaked toml for crates.io crate ratify-c 1.0.0-alpha.20 written to /workspace/builds/worker-5-tc1/source/Cargo.toml
[INFO] validating manifest of crates.io crate ratify-c 1.0.0-alpha.20 on toolchain 1.99.0-beta.8
[INFO] running `Command { std: CARGO_HOME="/workspace/cargo-home" RUSTUP_HOME="/workspace/rustup-home" "/workspace/cargo-home/bin/cargo" "+1.99.0-beta.8" "metadata" "--manifest-path" "Cargo.toml" "--no-deps", kill_on_drop: false }`
[INFO] crate crates.io crate ratify-c 1.0.0-alpha.20 already has a lockfile, it will not be regenerated
[INFO] running `Command { std: CARGO_HOME="/workspace/cargo-home" RUSTUP_HOME="/workspace/rustup-home" "/workspace/cargo-home/bin/cargo" "+1.99.0-beta.8" "fetch" "--manifest-path" "Cargo.toml", kill_on_drop: false }`
[INFO] [stderr]     Updating crates.io index
[INFO] [stderr]  Downloading crates ...
[INFO] [stderr]   Downloaded cbindgen v0.27.0
[INFO] [stderr]   Downloaded ratify-protocol v1.0.0-alpha.20
[INFO] [stderr]   Downloaded fips204 v0.4.6
[INFO] running `Command { std: "docker" "create" "-v" "/var/lib/crater-agent-workspace/builds/worker-5-tc1/source:/opt/rustwide/workdir:ro,Z" "-v" "/var/lib/crater-agent-workspace/builds/worker-5-tc1/target:/opt/rustwide/target:rw,Z" "-v" "/var/lib/crater-agent-workspace/cargo-home:/opt/rustwide/cargo-home:ro,Z" "-v" "/var/lib/crater-agent-workspace/rustup-home:/opt/rustwide/rustup-home:ro,Z" "-m" "1610612736" "--network" "none" "ghcr.io/rust-lang/crates-build-env/linux@sha256:77db811e55d90add9212f6832c23229e3de5f1c1f9905e8cb07319ea15df73ac" "sleep" "infinity", kill_on_drop: false }`
[INFO] [stdout] 2d5f26ebdf93d504489615fc5b2b5f5d1012fd6c9d31b268d944d3c1a90f8453
[INFO] running `Command { std: "docker" "start" "2d5f26ebdf93d504489615fc5b2b5f5d1012fd6c9d31b268d944d3c1a90f8453", kill_on_drop: false }`
[INFO] running `Command { std: "docker" "inspect" "2d5f26ebdf93d504489615fc5b2b5f5d1012fd6c9d31b268d944d3c1a90f8453", kill_on_drop: false }`
[INFO] running `Command { std: "docker" "exec" "-e" "SOURCE_DIR=/opt/rustwide/workdir" "-e" "CARGO_HOME=/opt/rustwide/cargo-home" "-e" "RUSTUP_HOME=/opt/rustwide/rustup-home" "-e" "CARGO_TARGET_DIR=/opt/rustwide/target" "-w" "/opt/rustwide/workdir" "--user" "0:0" "2d5f26ebdf93d504489615fc5b2b5f5d1012fd6c9d31b268d944d3c1a90f8453" "/opt/rustwide/cargo-home/bin/cargo" "+1.99.0-beta.8" "metadata" "--no-deps" "--format-version=1", kill_on_drop: false }`
[INFO] running `Command { std: "docker" "inspect" "2d5f26ebdf93d504489615fc5b2b5f5d1012fd6c9d31b268d944d3c1a90f8453", kill_on_drop: false }`
[INFO] running `Command { std: "docker" "exec" "-e" "SOURCE_DIR=/opt/rustwide/workdir" "-e" "CARGO_HOME=/opt/rustwide/cargo-home" "-e" "RUSTUP_HOME=/opt/rustwide/rustup-home" "-e" "CARGO_TARGET_DIR=/opt/rustwide/target" "-e" "CARGO_INCREMENTAL=0" "-e" "RUST_BACKTRACE=full" "-e" "RUSTFLAGS=--cap-lints=warn" "-e" "RUSTDOCFLAGS=--cap-lints=warn" "-w" "/opt/rustwide/workdir" "--user" "0:0" "2d5f26ebdf93d504489615fc5b2b5f5d1012fd6c9d31b268d944d3c1a90f8453" "/opt/rustwide/cargo-home/bin/cargo" "+1.99.0-beta.8" "build" "--frozen" "--message-format=json" "--release", kill_on_drop: false }`
[INFO] [stderr]    Compiling proc-macro2 v1.0.106
[INFO] [stderr]    Compiling quote v1.0.45
[INFO] [stderr]    Compiling unicode-ident v1.0.24
[INFO] [stderr]    Compiling serde_core v1.0.228
[INFO] [stderr]    Compiling libc v0.2.186
[INFO] [stderr]    Compiling version_check v0.9.5
[INFO] [stderr]    Compiling serde v1.0.228
[INFO] [stderr]    Compiling typenum v1.20.0
[INFO] [stderr]    Compiling zmij v1.0.21
[INFO] [stderr]    Compiling siphasher v1.0.3
[INFO] [stderr]    Compiling regex-syntax v0.8.10
[INFO] [stderr]    Compiling subtle v2.6.1
[INFO] [stderr]    Compiling rand_core v0.6.4
[INFO] [stderr]    Compiling generic-array v0.14.7
[INFO] [stderr]    Compiling phf_shared v0.11.3
[INFO] [stderr]    Compiling serde_json v1.0.149
[INFO] [stderr]    Compiling rand v0.8.6
[INFO] [stderr]    Compiling utf8parse v0.2.2
[INFO] [stderr]    Compiling cfg-if v1.0.4
[INFO] [stderr]    Compiling anstyle-parse v1.0.0
[INFO] [stderr]    Compiling hashbrown v0.17.1
[INFO] [stderr]    Compiling anstyle v1.0.14
[INFO] [stderr]    Compiling autocfg v1.5.0
[INFO] [stderr]    Compiling equivalent v1.0.2
[INFO] [stderr]    Compiling is_terminal_polyfill v1.70.2
[INFO] [stderr]    Compiling colorchoice v1.0.5
[INFO] [stderr]    Compiling syn v2.0.117
[INFO] [stderr]    Compiling phf_generator v0.11.3
[INFO] [stderr]    Compiling anstyle-query v1.1.5
[INFO] [stderr]    Compiling semver v1.0.28
[INFO] [stderr]    Compiling rustix v1.1.4
[INFO] [stderr]    Compiling getrandom v0.4.2
[INFO] [stderr]    Compiling phf_codegen v0.11.3
[INFO] [stderr]    Compiling rustc_version v0.4.1
[INFO] [stderr]    Compiling anstream v1.0.0
[INFO] [stderr]    Compiling indexmap v2.14.0
[INFO] [stderr]    Compiling num-traits v0.2.19
[INFO] [stderr]    Compiling phf v0.11.3
[INFO] [stderr]    Compiling block-buffer v0.10.4
[INFO] [stderr]    Compiling crypto-common v0.1.7
[INFO] [stderr]    Compiling regex-automata v0.4.14
[INFO] [stderr]    Compiling digest v0.10.7
[INFO] [stderr]    Compiling strsim v0.11.1
[INFO] [stderr]    Compiling winnow v0.7.15
[INFO] [stderr]    Compiling linux-raw-sys v0.12.1
[INFO] [stderr]    Compiling bitflags v2.11.1
[INFO] [stderr]    Compiling clap_lex v1.1.0
[INFO] [stderr]    Compiling cpufeatures v0.2.17
[INFO] [stderr]    Compiling toml_write v0.1.2
[INFO] [stderr]    Compiling getrandom v0.2.17
[INFO] [stderr]    Compiling clap_builder v4.6.0
[INFO] [stderr]    Compiling curve25519-dalek v4.1.3
[INFO] [stderr]    Compiling cbindgen v0.27.0
[INFO] [stderr]    Compiling memchr v2.8.0
[INFO] [stderr]    Compiling itoa v1.0.18
[INFO] [stderr]    Compiling fastrand v2.4.1
[INFO] [stderr]    Compiling once_cell v1.21.4
[INFO] [stderr]    Compiling regex v1.12.3
[INFO] [stderr]    Compiling sha2 v0.10.9
[INFO] [stderr]    Compiling keccak v0.1.6
[INFO] [stderr]    Compiling parse-zoneinfo v0.3.1
[INFO] [stderr]    Compiling clap v4.6.1
[INFO] [stderr]    Compiling tempfile v3.27.0
[INFO] [stderr]    Compiling log v0.4.29
[INFO] [stderr]    Compiling heck v0.4.1
[INFO] [stderr]    Compiling signature v2.2.0
[INFO] [stderr]    Compiling sha3 v0.10.9
[INFO] [stderr]    Compiling ed25519 v2.2.3
[INFO] [stderr]    Compiling chrono-tz-build v0.3.0
[INFO] [stderr]    Compiling chrono v0.4.44
[INFO] [stderr]    Compiling hmac v0.12.1
[INFO] [stderr]    Compiling chrono-tz v0.9.0
[INFO] [stderr]    Compiling hex v0.4.3
[INFO] [stderr]    Compiling base64 v0.22.1
[INFO] [stderr]    Compiling serde_derive v1.0.228
[INFO] [stderr]    Compiling zeroize_derive v1.4.3
[INFO] [stderr]    Compiling curve25519-dalek-derive v0.1.1
[INFO] [stderr]    Compiling zeroize v1.8.2
[INFO] [stderr]    Compiling fips204 v0.4.6
[INFO] [stderr]    Compiling ed25519-dalek v2.2.0
[INFO] [stderr]    Compiling toml_datetime v0.6.11
[INFO] [stderr]    Compiling serde_spanned v0.6.9
[INFO] [stderr]    Compiling ratify-protocol v1.0.0-alpha.20
[INFO] [stderr]    Compiling toml_edit v0.22.27
[INFO] [stderr]    Compiling toml v0.8.23
[INFO] [stderr]    Compiling ratify-c v1.0.0-alpha.20 (/opt/rustwide/workdir)
[INFO] [stderr]     Finished `release` profile [optimized] target(s) in 1m 24s
[INFO] running `Command { std: "docker" "inspect" "2d5f26ebdf93d504489615fc5b2b5f5d1012fd6c9d31b268d944d3c1a90f8453", kill_on_drop: false }`
[INFO] running `Command { std: "docker" "exec" "-e" "SOURCE_DIR=/opt/rustwide/workdir" "-e" "CARGO_HOME=/opt/rustwide/cargo-home" "-e" "RUSTUP_HOME=/opt/rustwide/rustup-home" "-e" "CARGO_TARGET_DIR=/opt/rustwide/target" "-e" "CARGO_INCREMENTAL=0" "-e" "RUST_BACKTRACE=full" "-e" "RUSTFLAGS=--cap-lints=warn" "-e" "RUSTDOCFLAGS=--cap-lints=warn" "-w" "/opt/rustwide/workdir" "--user" "0:0" "2d5f26ebdf93d504489615fc5b2b5f5d1012fd6c9d31b268d944d3c1a90f8453" "/opt/rustwide/cargo-home/bin/cargo" "+1.99.0-beta.8" "test" "--frozen" "--no-run" "--message-format=json" "--release", kill_on_drop: false }`
[INFO] [stderr]    Compiling typenum v1.20.0
[INFO] [stderr]    Compiling subtle v2.6.1
[INFO] [stderr]    Compiling cfg-if v1.0.4
[INFO] [stderr]    Compiling libc v0.2.186
[INFO] [stderr]    Compiling cpufeatures v0.2.17
[INFO] [stderr]    Compiling zeroize v1.8.2
[INFO] [stderr]    Compiling siphasher v1.0.3
[INFO] [stderr]    Compiling serde_core v1.0.228
[INFO] [stderr]    Compiling num-traits v0.2.19
[INFO] [stderr]    Compiling keccak v0.1.6
[INFO] [stderr]    Compiling signature v2.2.0
[INFO] [stderr]    Compiling zmij v1.0.21
[INFO] [stderr]    Compiling phf_shared v0.11.3
[INFO] [stderr]    Compiling ed25519 v2.2.3
[INFO] [stderr]    Compiling itoa v1.0.18
[INFO] [stderr]    Compiling phf v0.11.3
[INFO] [stderr]    Compiling memchr v2.8.0
[INFO] [stderr]    Compiling hex v0.4.3
[INFO] [stderr]    Compiling base64 v0.22.1
[INFO] [stderr]    Compiling chrono v0.4.44
[INFO] [stderr]    Compiling generic-array v0.14.7
[INFO] [stderr]    Compiling getrandom v0.2.17
[INFO] [stderr]    Compiling rand_core v0.6.4
[INFO] [stderr]    Compiling chrono-tz v0.9.0
[INFO] [stderr]    Compiling block-buffer v0.10.4
[INFO] [stderr]    Compiling crypto-common v0.1.7
[INFO] [stderr]    Compiling digest v0.10.7
[INFO] [stderr]    Compiling sha2 v0.10.9
[INFO] [stderr]    Compiling sha3 v0.10.9
[INFO] [stderr]    Compiling curve25519-dalek v4.1.3
[INFO] [stderr]    Compiling hmac v0.12.1
[INFO] [stderr]    Compiling fips204 v0.4.6
[INFO] [stderr]    Compiling serde_json v1.0.149
[INFO] [stderr]    Compiling serde v1.0.228
[INFO] [stderr]    Compiling ed25519-dalek v2.2.0
[INFO] [stderr]    Compiling ratify-protocol v1.0.0-alpha.20
[INFO] [stderr]    Compiling ratify-c v1.0.0-alpha.20 (/opt/rustwide/workdir)
[INFO] [stderr]     Finished `release` profile [optimized] target(s) in 1m 59s
[INFO] running `Command { std: "docker" "inspect" "2d5f26ebdf93d504489615fc5b2b5f5d1012fd6c9d31b268d944d3c1a90f8453", kill_on_drop: false }`
[INFO] running `Command { std: "docker" "exec" "-e" "SOURCE_DIR=/opt/rustwide/workdir" "-e" "CARGO_HOME=/opt/rustwide/cargo-home" "-e" "RUSTUP_HOME=/opt/rustwide/rustup-home" "-e" "CARGO_TARGET_DIR=/opt/rustwide/target" "-e" "CARGO_INCREMENTAL=0" "-e" "RUST_BACKTRACE=full" "-e" "RUSTFLAGS=--cap-lints=warn" "-e" "RUSTDOCFLAGS=--cap-lints=warn" "-w" "/opt/rustwide/workdir" "--user" "0:0" "2d5f26ebdf93d504489615fc5b2b5f5d1012fd6c9d31b268d944d3c1a90f8453" "/opt/rustwide/cargo-home/bin/cargo" "+1.99.0-beta.8" "test" "--frozen" "--release", kill_on_drop: false }`
[INFO] [stderr]     Finished `release` profile [optimized] target(s) in 0.18s
[INFO] [stderr]      Running unittests src/lib.rs (/opt/rustwide/target/release/deps/ratify_c-a9863da5c34042b1)
[INFO] [stdout] 
[INFO] [stdout] running 0 tests
[INFO] [stdout] 
[INFO] [stdout] test result: ok. 0 passed; 0 failed; 0 ignored; 0 measured; 0 filtered out; finished in 0.00s
[INFO] [stdout] 
[INFO] [stderr]      Running tests/advanced.rs (/opt/rustwide/target/release/deps/advanced-cc4a209008b72952)
[INFO] [stdout] 
[INFO] [stdout] running 33 tests
[INFO] [stdout] test all_free_functions_tolerate_null ... ok
[INFO] [stdout] test challenge_store_consume_frees_capacity ... ok
[INFO] [stdout] test challenge_store_issue_validates_inputs ... ok
[INFO] [stdout] test challenge_store_new_rejects_zero_capacity ... ok
[INFO] [stdout] test challenge_store_semantics ... ok
[INFO] [stdout] test key_rotation_null_old_root_returns_error ... ok
[INFO] [stdout] test operation_context_input_validation ... ok
[INFO] [stdout] test operation_context_rejects_invalid_utf8 ... ok
[INFO] [stdout] test operation_context_known_answers ... ok
[INFO] [stdout] test policy_verdict_issue_verify_roundtrip ... ok
[INFO] [stdout] test scope_has_present_and_absent ... ok
[INFO] [stdout] test scope_is_sensitive ... ok
[INFO] [stdout] test policy_verdict_context_hash_null_ctx_returns_error ... ok
[INFO] [stdout] test scopes_expand_wildcard ... ok
[INFO] [stdout] test scope_vocabulary_matches_go_reference_shape ... ok
[INFO] [stdout] test scopes_intersect_basic ... ok
[INFO] [stdout] test scopes_validate_valid_and_invalid ... ok
[INFO] [stdout] test revocation_list_issue_verify_contains ... ok
[INFO] [stdout] test revocation_push_issue_verify_roundtrip ... ok
[INFO] [stdout] test key_rotation_issue_verify_roundtrip ... ok
[INFO] [stdout] test session_token_issue_and_verify ... ok
[INFO] [stdout] test receipt_from_json_rejects_malformed_wire ... ok
[INFO] [stdout] test receipt_issue_verify_roundtrip ... ok
[INFO] [stdout] test session_token_null_bundle_returns_error ... ok
[INFO] [stdout] test streamed_turn_opts_session_expectation_unmet ... ok
[INFO] [stdout] test streamed_turn_opts_single_use_replay_rejected ... ok
[INFO] [stdout] test bundle_hash_and_chain_hash_are_32_bytes ... ok
[INFO] [stdout] test witness_entry_issue_verify_chain ... ok
[INFO] [stdout] test verify_with_challenge_store_scope_denied_still_consumes ... ok
[INFO] [stdout] test verify_with_challenge_store_replay_is_rejected ... ok
[INFO] [stdout] test streamed_turn_opts_scope_denial_still_consumes ... ok
[INFO] [stdout] test streamed_turn_opts_scope_allowed_and_denied ... ok
[INFO] [stdout] test transaction_receipt_sign_and_verify ... ok
[INFO] [stdout] 
[INFO] [stdout] test result: ok. 33 passed; 0 failed; 0 ignored; 0 measured; 0 filtered out; finished in 0.23s
[INFO] [stdout] 
[INFO] [stderr]      Running tests/api.rs (/opt/rustwide/target/release/deps/api-cb1452f5e04a37da)
[INFO] [stdout] 
[INFO] [stdout] running 49 tests
[INFO] [stdout] test agent_generate_null_out_returns_error ... ok
[INFO] [stdout] test challenge_generate_produces_32_bytes ... ok
[INFO] [stdout] test agent_id_is_32_hex_chars ... ok
[INFO] [stdout] test challenge_generate_null_buf_returns_error ... ok
[INFO] [stdout] test challenge_generate_wrong_len_returns_bad_argument ... ok
[INFO] [stdout] test agent_generate_produces_unique_ids ... ok
[INFO] [stdout] test agent_generate_null_type_returns_error ... ok
[INFO] [stdout] test delegation_issue_malformed_scopes_returns_error ... ok
[INFO] [stdout] test agent_generate_null_name_returns_error ... ok
[INFO] [stdout] test delegation_issue_null_issuer_returns_error ... ok
[INFO] [stdout] test agent_generate_succeeds ... ok
[INFO] [stdout] test from_seeds_rejects_wrong_seed_lengths ... ok
[INFO] [stdout] test free_functions_tolerate_null ... ok
[INFO] [stdout] test delegation_cert_to_json_contains_expected_fields ... ok
[INFO] [stdout] test generate_hybrid_keypair_returns_seeds_that_reproduce_it ... ok
[INFO] [stdout] test human_root_from_seeds_is_deterministic_and_matches_derive_id ... ok
[INFO] [stdout] test challenge_sign_and_verify_round_trip_with_bindings ... ok
[INFO] [stdout] test delegation_issue_zero_expiry_signs_sentinel ... ok
[INFO] [stdout] test delegation_cert_to_json_bounds_integer_fields ... ok
[INFO] [stdout] test expired_cert_gives_expired_status ... ok
[INFO] [stdout] test delegation_issue_succeeds ... ok
[INFO] [stdout] test human_root_from_seeds_matches_the_canonical_vector ... ok
[INFO] [stdout] test human_root_generate_null_out_returns_error ... ok
[INFO] [stdout] test human_root_generate_succeeds ... ok
[INFO] [stdout] test human_root_to_json_null_handle_returns_null ... ok
[INFO] [stdout] test no_expiry_sentinel_value_and_predicate ... ok
[INFO] [stdout] test human_root_id_is_32_hex_chars ... ok
[INFO] [stdout] test human_root_two_generates_produce_different_ids ... ok
[INFO] [stdout] test proof_bundle_create_malformed_cert_json_returns_error ... ok
[INFO] [stdout] test human_root_to_json_is_valid_json ... ok
[INFO] [stdout] test negative_wire_corpus_is_never_accepted ... FAILED
[INFO] [stdout] test proof_bundle_create_null_challenge_returns_error ... ok
[INFO] [stdout] test revocation_callback_error_fails_closed ... ok
[INFO] [stdout] test two_challenges_are_different ... ok
[INFO] [stdout] test revocation_callback_revoked_fails_verification ... ok
[INFO] [stdout] test revocation_callback_not_revoked_passes ... ok
[INFO] [stdout] test revocation_callback_receives_cert_id ... ok
[INFO] [stdout] test verify_bundle_malformed_json_returns_error ... ok
[INFO] [stdout] test verify_bundle_null_bundle_json_returns_error ... ok
[INFO] [stdout] test round_trip_wrong_scope_rejects ... ok
[INFO] [stdout] test verify_bundle_empty_json_returns_error ... ok
[INFO] [stdout] test round_trip_meeting_attend_verifies ... ok
[INFO] [stdout] test round_trip_physical_enter_verifies ... ok
[INFO] [stdout] test verify_result_null_handle_safe ... ok
[INFO] [stdout] test version_is_nonempty ... ok
[INFO] [stdout] test proof_bundle_create_succeeds ... ok
[INFO] [stdout] test verify_bundle_opts_null_opts_behaves_like_simple_verify ... ok
[INFO] [stdout] test verifier_context_with_location_is_safe ... ok
[INFO] [stdout] test verifier_context_null_skips_constraint_evaluation ... ok
[INFO] [stdout] 
[INFO] [stdout] failures:
[INFO] [stdout] 
[INFO] [stdout] ---- negative_wire_corpus_is_never_accepted stdout ----
[INFO] [stdout] 
[INFO] [stdout] thread 'negative_wire_corpus_is_never_accepted' (1814) panicked at tests/api.rs:1091:46:
[INFO] [stdout] read corpus: Os { code: 2, kind: NotFound, message: "No such file or directory" }
[INFO] [stdout] stack backtrace:
[INFO] [stdout]    0:     0x5aac47f97cb7 - <unknown>
[INFO] [stdout]    1:     0x5aac47f40334 - <unknown>
[INFO] [stdout]    2:     0x5aac47f9727b - <unknown>
[INFO] [stdout]    3:     0x5aac47f96e79 - <unknown>
[INFO] [stdout]    4:     0x5aac47f96afa - <unknown>
[INFO] [stdout]    5:     0x5aac47f96633 - <unknown>
[INFO] [stdout]    6:     0x5aac47fbc781 - <unknown>
[INFO] [stdout]    7:     0x5aac47fbc739 - <unknown>
[INFO] [stdout]    8:     0x5aac47fbcc3c - <unknown>
[INFO] [stdout]    9:     0x5aac47f401cb - <unknown>
[INFO] [stdout]   10:     0x5aac47f432c1 - <unknown>
[INFO] [stdout]   11:     0x5aac47f3abbd - <unknown>
[INFO] [stdout]   12:     0x5aac47fd2b5b - <unknown>
[INFO] [stdout]   13:     0x5aac47fce4b2 - <unknown>
[INFO] [stdout]   14:     0x5aac47fcdf5c - <unknown>
[INFO] [stdout]   15:     0x5aac47fe94ec - <unknown>
[INFO] [stdout]   16:     0x5aac47fbdd0a - <unknown>
[INFO] [stdout]   17:     0x757037cacdfa - <unknown>
[INFO] [stdout]   18:     0x757037d403d4 - clone
[INFO] [stdout]   19:                0x0 - <unknown>
[INFO] [stdout] 
[INFO] [stdout] 
[INFO] [stdout] failures:
[INFO] [stdout]     negative_wire_corpus_is_never_accepted
[INFO] [stdout] 
[INFO] [stdout] test result: FAILED. 48 passed; 1 failed; 0 ignored; 0 measured; 0 filtered out; finished in 0.20s
[INFO] [stdout] 
[INFO] [stderr] error: test failed, to rerun pass `--test api`
[INFO] running `Command { std: "docker" "inspect" "2d5f26ebdf93d504489615fc5b2b5f5d1012fd6c9d31b268d944d3c1a90f8453", kill_on_drop: false }`
[INFO] running `Command { std: "docker" "rm" "-f" "2d5f26ebdf93d504489615fc5b2b5f5d1012fd6c9d31b268d944d3c1a90f8453", kill_on_drop: false }`
[INFO] [stdout] 2d5f26ebdf93d504489615fc5b2b5f5d1012fd6c9d31b268d944d3c1a90f8453
