[INFO] fetching crate ratcn-textbox 0.1.0...
[INFO] testing ratcn-textbox-0.1.0 against 1.100.0-beta.1+cargoflags=--release for beta-release-1.100-2
[INFO] extracting crate ratcn-textbox 0.1.0 into /workspace/builds/worker-4-tc2/source
[INFO] started tweaking crates.io crate ratcn-textbox 0.1.0
[INFO] removed 0 missing examples
[INFO] finished tweaking crates.io crate ratcn-textbox 0.1.0
[INFO] tweaked toml for crates.io crate ratcn-textbox 0.1.0 written to /workspace/builds/worker-4-tc2/source/Cargo.toml
[INFO] validating manifest of crates.io crate ratcn-textbox 0.1.0 on toolchain 1.100.0-beta.1
[INFO] running `Command { std: CARGO_HOME="/workspace/cargo-home" RUSTUP_HOME="/workspace/rustup-home" "/workspace/cargo-home/bin/cargo" "+1.100.0-beta.1" "metadata" "--manifest-path" "Cargo.toml" "--no-deps", kill_on_drop: false }`
[INFO] crate crates.io crate ratcn-textbox 0.1.0 already has a lockfile, it will not be regenerated
[INFO] running `Command { std: CARGO_HOME="/workspace/cargo-home" RUSTUP_HOME="/workspace/rustup-home" "/workspace/cargo-home/bin/cargo" "+1.100.0-beta.1" "fetch" "--manifest-path" "Cargo.toml", kill_on_drop: false }`
[INFO] running `Command { std: "docker" "create" "-v" "/var/lib/crater-agent-workspace/builds/worker-4-tc2/source:/opt/rustwide/workdir:ro,Z" "-v" "/var/lib/crater-agent-workspace/builds/worker-4-tc2/target:/opt/rustwide/target:rw,Z" "-v" "/var/lib/crater-agent-workspace/cargo-home:/opt/rustwide/cargo-home:ro,Z" "-v" "/var/lib/crater-agent-workspace/rustup-home:/opt/rustwide/rustup-home:ro,Z" "-m" "1610612736" "--network" "none" "ghcr.io/rust-lang/crates-build-env/linux@sha256:77db811e55d90add9212f6832c23229e3de5f1c1f9905e8cb07319ea15df73ac" "sleep" "infinity", kill_on_drop: false }`
[INFO] [stdout] a29de76c5a42bc39ba0e21f963e69843d4bf9e0b1a06897028567bf7231bff77
[INFO] running `Command { std: "docker" "start" "a29de76c5a42bc39ba0e21f963e69843d4bf9e0b1a06897028567bf7231bff77", kill_on_drop: false }`
[INFO] running `Command { std: "docker" "inspect" "a29de76c5a42bc39ba0e21f963e69843d4bf9e0b1a06897028567bf7231bff77", kill_on_drop: false }`
[INFO] running `Command { std: "docker" "exec" "-e" "SOURCE_DIR=/opt/rustwide/workdir" "-e" "CARGO_HOME=/opt/rustwide/cargo-home" "-e" "RUSTUP_HOME=/opt/rustwide/rustup-home" "-e" "CARGO_TARGET_DIR=/opt/rustwide/target" "-w" "/opt/rustwide/workdir" "--user" "0:0" "a29de76c5a42bc39ba0e21f963e69843d4bf9e0b1a06897028567bf7231bff77" "/opt/rustwide/cargo-home/bin/cargo" "+1.100.0-beta.1" "metadata" "--no-deps" "--format-version=1", kill_on_drop: false }`
[INFO] running `Command { std: "docker" "inspect" "a29de76c5a42bc39ba0e21f963e69843d4bf9e0b1a06897028567bf7231bff77", kill_on_drop: false }`
[INFO] running `Command { std: "docker" "exec" "-e" "SOURCE_DIR=/opt/rustwide/workdir" "-e" "CARGO_HOME=/opt/rustwide/cargo-home" "-e" "RUSTUP_HOME=/opt/rustwide/rustup-home" "-e" "CARGO_TARGET_DIR=/opt/rustwide/target" "-e" "CARGO_INCREMENTAL=0" "-e" "RUST_BACKTRACE=full" "-e" "RUSTFLAGS=--cap-lints=warn" "-e" "RUSTDOCFLAGS=--cap-lints=warn" "-w" "/opt/rustwide/workdir" "--user" "0:0" "a29de76c5a42bc39ba0e21f963e69843d4bf9e0b1a06897028567bf7231bff77" "/opt/rustwide/cargo-home/bin/cargo" "+1.100.0-beta.1" "build" "--frozen" "--message-format=json" "--release", kill_on_drop: false }`
[INFO] [stderr]    Compiling thiserror v2.0.20
[INFO] [stderr]    Compiling itertools v0.14.0
[INFO] [stderr]    Compiling hashbrown v0.16.1
[INFO] [stderr]    Compiling syn v2.0.119
[INFO] [stderr]    Compiling castaway v0.2.4
[INFO] [stderr]    Compiling signal-hook v0.3.18
[INFO] [stderr]    Compiling unicode-segmentation v1.13.3
[INFO] [stderr]    Compiling instability v0.3.13
[INFO] [stderr]    Compiling compact_str v0.9.1
[INFO] [stderr]    Compiling smallvec v1.16.0
[INFO] [stderr]    Compiling indoc v2.0.7
[INFO] [stderr]    Compiling rustix v1.1.4
[INFO] [stderr]    Compiling parking_lot_core v0.9.12
[INFO] [stderr]    Compiling mio v1.2.3
[INFO] [stderr]    Compiling litrs v1.0.0
[INFO] [stderr]    Compiling num_threads v0.1.7
[INFO] [stderr]    Compiling kasuari v0.4.12
[INFO] [stderr]    Compiling signal-hook-mio v0.2.5
[INFO] [stderr]    Compiling time v0.3.55
[INFO] [stderr]    Compiling document-features v0.2.12
[INFO] [stderr]    Compiling parking_lot v0.12.5
[INFO] [stderr]    Compiling line-clipping v0.3.8
[INFO] [stderr]    Compiling unicode-truncate v2.0.1
[INFO] [stderr]    Compiling strum_macros v0.28.0
[INFO] [stderr]    Compiling derive_more-impl v2.1.1
[INFO] [stderr]    Compiling derive_more v2.1.1
[INFO] [stderr]    Compiling crossterm v0.29.0
[INFO] [stderr]    Compiling strum v0.28.0
[INFO] [stderr]    Compiling ratatui-core v0.1.2
[INFO] [stderr]    Compiling ratatui-widgets v0.3.2
[INFO] [stderr]    Compiling ratatui-crossterm v0.1.2
[INFO] [stderr]    Compiling ratatui-macros v0.7.2
[INFO] [stderr]    Compiling ratatui v0.30.2
[INFO] [stderr]    Compiling ratcn v0.0.3
[INFO] [stderr]    Compiling ratcn-textbox v0.1.0 (/opt/rustwide/workdir)
[INFO] [stderr]     Finished `release` profile [optimized] target(s) in 38.31s
[INFO] running `Command { std: "docker" "inspect" "a29de76c5a42bc39ba0e21f963e69843d4bf9e0b1a06897028567bf7231bff77", kill_on_drop: false }`
[INFO] running `Command { std: "docker" "exec" "-e" "SOURCE_DIR=/opt/rustwide/workdir" "-e" "CARGO_HOME=/opt/rustwide/cargo-home" "-e" "RUSTUP_HOME=/opt/rustwide/rustup-home" "-e" "CARGO_TARGET_DIR=/opt/rustwide/target" "-e" "CARGO_INCREMENTAL=0" "-e" "RUST_BACKTRACE=full" "-e" "RUSTFLAGS=--cap-lints=warn" "-e" "RUSTDOCFLAGS=--cap-lints=warn" "-w" "/opt/rustwide/workdir" "--user" "0:0" "a29de76c5a42bc39ba0e21f963e69843d4bf9e0b1a06897028567bf7231bff77" "/opt/rustwide/cargo-home/bin/cargo" "+1.100.0-beta.1" "test" "--frozen" "--no-run" "--message-format=json" "--release", kill_on_drop: false }`
[INFO] [stderr]    Compiling ratcn-textbox v0.1.0 (/opt/rustwide/workdir)
[INFO] [stdout] warning: unused variable: `input_component`
[INFO] [stdout]   --> examples/simple.rs:15:9
[INFO] [stdout]    |
[INFO] [stdout] 15 |     let input_component = TextInput::new(|s: &AppState| s.input.as_str())
[INFO] [stdout]    |         ^^^^^^^^^^^^^^^ help: if this is intentional, prefix it with an underscore: `_input_component`
[INFO] [stdout]    |
[INFO] [stdout]    = note: `#[warn(unused_variables)]` (part of `#[warn(unused)]`) on by default
[INFO] [stdout] 
[INFO] [stdout] 
[INFO] [stdout] warning: field `0` is never read
[INFO] [stdout]   --> examples/simple.rs:11:26
[INFO] [stdout]    |
[INFO] [stdout] 11 | enum AppMsg { InsertChar(char), Backspace }
[INFO] [stdout]    |               ---------- ^^^^
[INFO] [stdout]    |               |
[INFO] [stdout]    |               field in this variant
[INFO] [stdout]    |
[INFO] [stdout]    = note: `#[warn(dead_code)]` (part of `#[warn(unused)]`) on by default
[INFO] [stdout] help: consider changing the field to be of unit type to suppress this warning while preserving the field numbering, or remove the field
[INFO] [stdout]    |
[INFO] [stdout] 11 - enum AppMsg { InsertChar(char), Backspace }
[INFO] [stdout] 11 + enum AppMsg { InsertChar(()), Backspace }
[INFO] [stdout]    |
[INFO] [stdout] 
[INFO] [stdout] 
[INFO] [stderr]     Finished `release` profile [optimized] target(s) in 0.47s
[INFO] running `Command { std: "docker" "inspect" "a29de76c5a42bc39ba0e21f963e69843d4bf9e0b1a06897028567bf7231bff77", kill_on_drop: false }`
[INFO] running `Command { std: "docker" "exec" "-e" "SOURCE_DIR=/opt/rustwide/workdir" "-e" "CARGO_HOME=/opt/rustwide/cargo-home" "-e" "RUSTUP_HOME=/opt/rustwide/rustup-home" "-e" "CARGO_TARGET_DIR=/opt/rustwide/target" "-e" "CARGO_INCREMENTAL=0" "-e" "RUST_BACKTRACE=full" "-e" "RUSTFLAGS=--cap-lints=warn" "-e" "RUSTDOCFLAGS=--cap-lints=warn" "-w" "/opt/rustwide/workdir" "--user" "0:0" "a29de76c5a42bc39ba0e21f963e69843d4bf9e0b1a06897028567bf7231bff77" "/opt/rustwide/cargo-home/bin/cargo" "+1.100.0-beta.1" "test" "--frozen" "--release", kill_on_drop: false }`
[INFO] [stderr] warning: unused variable: `input_component`
[INFO] [stderr]   --> examples/simple.rs:15:9
[INFO] [stderr]    |
[INFO] [stderr] 15 |     let input_component = TextInput::new(|s: &AppState| s.input.as_str())
[INFO] [stderr]    |         ^^^^^^^^^^^^^^^ help: if this is intentional, prefix it with an underscore: `_input_component`
[INFO] [stderr]    |
[INFO] [stderr]    = note: `#[warn(unused_variables)]` (part of `#[warn(unused)]`) on by default
[INFO] [stderr] 
[INFO] [stderr] warning: field `0` is never read
[INFO] [stderr]   --> examples/simple.rs:11:26
[INFO] [stderr]    |
[INFO] [stderr] 11 | enum AppMsg { InsertChar(char), Backspace }
[INFO] [stderr]    |               ---------- ^^^^
[INFO] [stderr]    |               |
[INFO] [stderr]    |               field in this variant
[INFO] [stderr]    |
[INFO] [stderr]    = note: `#[warn(dead_code)]` (part of `#[warn(unused)]`) on by default
[INFO] [stderr] help: consider changing the field to be of unit type to suppress this warning while preserving the field numbering, or remove the field
[INFO] [stderr]    |
[INFO] [stderr] 11 - enum AppMsg { InsertChar(char), Backspace }
[INFO] [stderr] 11 + enum AppMsg { InsertChar(()), Backspace }
[INFO] [stderr]    |
[INFO] [stderr] 
[INFO] [stderr] warning: `ratcn-textbox` (example "simple") generated 2 warnings (run `cargo fix --example "simple" -p ratcn-textbox` to apply 1 suggestion)
[INFO] [stderr]     Finished `release` profile [optimized] target(s) in 0.22s
[INFO] [stderr]      Running unittests src/lib.rs (/opt/rustwide/target/release/build/ratcn-textbox/1389e5afcfea80db/out/ratcn_textbox-1389e5afcfea80db)
[INFO] [stderr]    Doc-tests ratcn_textbox
[INFO] [stdout] 
[INFO] [stdout] running 0 tests
[INFO] [stdout] 
[INFO] [stdout] test result: ok. 0 passed; 0 failed; 0 ignored; 0 measured; 0 filtered out; finished in 0.00s
[INFO] [stdout] 
[INFO] [stdout] 
[INFO] [stdout] running 2 tests
[INFO] [stderr] error: doctest failed, to rerun pass `--doc`
[INFO] [stdout] test src/textinput.rs - textinput (line 17) ... FAILED
[INFO] [stdout] test src/lib.rs - (line 11) ... FAILED
[INFO] [stdout] 
[INFO] [stdout] failures:
[INFO] [stdout] 
[INFO] [stdout] ---- src/textinput.rs - textinput (line 17) stdout ----
[INFO] [stdout] error[E0432]: unresolved import `ratcb_textbox`
[INFO] [stdout]   --> src/textinput.rs:18:5
[INFO] [stdout]    |
[INFO] [stdout] 18 | use ratcb_textbox::TextInput;
[INFO] [stdout]    |     ^^^^^^^^^^^^^ use of unresolved module or unlinked crate `ratcb_textbox`
[INFO] [stdout]    |
[INFO] [stdout] help: there is a crate or module with a similar name
[INFO] [stdout]    |
[INFO] [stdout] 18 - use ratcb_textbox::TextInput;
[INFO] [stdout] 18 + use ratcn_textbox::TextInput;
[INFO] [stdout]    |
[INFO] [stdout] 
[INFO] [stdout] error: aborting due to 1 previous error
[INFO] [stdout] 
[INFO] [stdout] For more information about this error, try `rustc --explain E0432`.
[INFO] [stdout] Couldn't compile the test.
[INFO] [stdout] ---- src/lib.rs - (line 11) stdout ----
[INFO] [stdout] error[E0432]: unresolved import `ratcb_textbox`
[INFO] [stdout]   --> src/lib.rs:12:5
[INFO] [stdout]    |
[INFO] [stdout] 12 | use ratcb_textbox::TextInput;
[INFO] [stdout]    |     ^^^^^^^^^^^^^ use of unresolved module or unlinked crate `ratcb_textbox`
[INFO] [stdout]    |
[INFO] [stdout] help: there is a crate or module with a similar name
[INFO] [stdout]    |
[INFO] [stdout] 12 - use ratcb_textbox::TextInput;
[INFO] [stdout] 12 + use ratcn_textbox::TextInput;
[INFO] [stdout]    |
[INFO] [stdout] 
[INFO] [stdout] error: aborting due to 1 previous error
[INFO] [stdout] 
[INFO] [stdout] For more information about this error, try `rustc --explain E0432`.
[INFO] [stdout] Couldn't compile the test.
[INFO] [stdout] 
[INFO] [stdout] failures:
[INFO] [stdout]     src/lib.rs - (line 11)
[INFO] [stdout]     src/textinput.rs - textinput (line 17)
[INFO] [stdout] 
[INFO] [stdout] test result: FAILED. 0 passed; 2 failed; 0 ignored; 0 measured; 0 filtered out; finished in 0.14s
[INFO] [stdout] 
[INFO] [stdout] all doctests ran in 0.19s; merged doctests compilation took 0.05s
[INFO] running `Command { std: "docker" "inspect" "a29de76c5a42bc39ba0e21f963e69843d4bf9e0b1a06897028567bf7231bff77", kill_on_drop: false }`
[INFO] running `Command { std: "docker" "rm" "-f" "a29de76c5a42bc39ba0e21f963e69843d4bf9e0b1a06897028567bf7231bff77", kill_on_drop: false }`
[INFO] [stdout] a29de76c5a42bc39ba0e21f963e69843d4bf9e0b1a06897028567bf7231bff77
