[INFO] fetching crate ratatui-image 12.0.0-rc.2...
[INFO] testing ratatui-image-12.0.0-rc.2 against 1.100.0-beta.1+cargoflags=--release for beta-release-1.100-2
[INFO] extracting crate ratatui-image 12.0.0-rc.2 into /workspace/builds/worker-2-tc2/source
[INFO] started tweaking crates.io crate ratatui-image 12.0.0-rc.2
[INFO] removed 0 missing examples
[INFO] finished tweaking crates.io crate ratatui-image 12.0.0-rc.2
[INFO] tweaked toml for crates.io crate ratatui-image 12.0.0-rc.2 written to /workspace/builds/worker-2-tc2/source/Cargo.toml
[INFO] validating manifest of crates.io crate ratatui-image 12.0.0-rc.2 on toolchain 1.100.0-beta.1
[INFO] running `Command { std: CARGO_HOME="/workspace/cargo-home" RUSTUP_HOME="/workspace/rustup-home" "/workspace/cargo-home/bin/cargo" "+1.100.0-beta.1" "metadata" "--manifest-path" "Cargo.toml" "--no-deps", kill_on_drop: false }`
[INFO] crate crates.io crate ratatui-image 12.0.0-rc.2 already has a lockfile, it will not be regenerated
[INFO] running `Command { std: CARGO_HOME="/workspace/cargo-home" RUSTUP_HOME="/workspace/rustup-home" "/workspace/cargo-home/bin/cargo" "+1.100.0-beta.1" "fetch" "--manifest-path" "Cargo.toml", kill_on_drop: false }`
[INFO] [stderr] warning: `package.homepage` is redundant with `package.repository`
[INFO] [stderr]    --> Cargo.toml:122:12
[INFO] [stderr]     |
[INFO] [stderr] 122 | homepage = "https://github.com/ratatui/ratatui-image"
[INFO] [stderr]     |            ^^^^^^^^^^^^^^^^^^^^^^^^^^^^^^^^^^^^^^^^^^
[INFO] [stderr] ...
[INFO] [stderr] 127 | repository = "https://github.com/ratatui/ratatui-image"
[INFO] [stderr]     |              ------------------------------------------
[INFO] [stderr]     |
[INFO] [stderr]     = note: `cargo::redundant_homepage` is set to `warn` by default
[INFO] [stderr] help: consider removing `package.homepage`
[INFO] [stderr] warning: `ratatui-image` (manifest) generated 1 warning
[INFO] running `Command { std: "docker" "create" "-v" "/var/lib/crater-agent-workspace/builds/worker-2-tc2/source:/opt/rustwide/workdir:ro,Z" "-v" "/var/lib/crater-agent-workspace/builds/worker-2-tc2/target:/opt/rustwide/target:rw,Z" "-v" "/var/lib/crater-agent-workspace/cargo-home:/opt/rustwide/cargo-home:ro,Z" "-v" "/var/lib/crater-agent-workspace/rustup-home:/opt/rustwide/rustup-home:ro,Z" "-m" "1610612736" "--network" "none" "ghcr.io/rust-lang/crates-build-env/linux@sha256:77db811e55d90add9212f6832c23229e3de5f1c1f9905e8cb07319ea15df73ac" "sleep" "infinity", kill_on_drop: false }`
[INFO] [stdout] db69240c881798fc0030c45b1db9212cf90994e725f89c0a147acadfed747cd1
[INFO] running `Command { std: "docker" "start" "db69240c881798fc0030c45b1db9212cf90994e725f89c0a147acadfed747cd1", kill_on_drop: false }`
[INFO] running `Command { std: "docker" "inspect" "db69240c881798fc0030c45b1db9212cf90994e725f89c0a147acadfed747cd1", kill_on_drop: false }`
[INFO] running `Command { std: "docker" "exec" "-e" "SOURCE_DIR=/opt/rustwide/workdir" "-e" "CARGO_HOME=/opt/rustwide/cargo-home" "-e" "RUSTUP_HOME=/opt/rustwide/rustup-home" "-e" "CARGO_TARGET_DIR=/opt/rustwide/target" "-w" "/opt/rustwide/workdir" "--user" "0:0" "db69240c881798fc0030c45b1db9212cf90994e725f89c0a147acadfed747cd1" "/opt/rustwide/cargo-home/bin/cargo" "+1.100.0-beta.1" "metadata" "--no-deps" "--format-version=1", kill_on_drop: false }`
[INFO] running `Command { std: "docker" "inspect" "db69240c881798fc0030c45b1db9212cf90994e725f89c0a147acadfed747cd1", kill_on_drop: false }`
[INFO] running `Command { std: "docker" "exec" "-e" "SOURCE_DIR=/opt/rustwide/workdir" "-e" "CARGO_HOME=/opt/rustwide/cargo-home" "-e" "RUSTUP_HOME=/opt/rustwide/rustup-home" "-e" "CARGO_TARGET_DIR=/opt/rustwide/target" "-e" "CARGO_INCREMENTAL=0" "-e" "RUST_BACKTRACE=full" "-e" "RUSTFLAGS=--cap-lints=warn" "-e" "RUSTDOCFLAGS=--cap-lints=warn" "-w" "/opt/rustwide/workdir" "--user" "0:0" "db69240c881798fc0030c45b1db9212cf90994e725f89c0a147acadfed747cd1" "/opt/rustwide/cargo-home/bin/cargo" "+1.100.0-beta.1" "build" "--frozen" "--message-format=json" "--release", kill_on_drop: false }`
[INFO] [stderr] warning: `package.homepage` is redundant with `package.repository`
[INFO] [stderr]    --> Cargo.toml:122:12
[INFO] [stderr]     |
[INFO] [stderr] 122 | homepage = "https://github.com/ratatui/ratatui-image"
[INFO] [stderr]     |            ^^^^^^^^^^^^^^^^^^^^^^^^^^^^^^^^^^^^^^^^^^
[INFO] [stderr] ...
[INFO] [stderr] 127 | repository = "https://github.com/ratatui/ratatui-image"
[INFO] [stderr]     |              ------------------------------------------
[INFO] [stderr]     |
[INFO] [stderr]     = note: `cargo::redundant_homepage` is set to `warn` by default
[INFO] [stderr] help: consider removing `package.homepage`
[INFO] [stderr] warning: `ratatui-image` (manifest) generated 1 warning
[INFO] [stderr]    Compiling bitflags v2.12.1
[INFO] [stderr]    Compiling zerocopy v0.8.31
[INFO] [stderr]    Compiling memchr v2.7.6
[INFO] [stderr]    Compiling syn v2.0.111
[INFO] [stderr]    Compiling num-integer v0.1.46
[INFO] [stderr]    Compiling flate2 v1.1.5
[INFO] [stderr]    Compiling simd_helpers v0.1.0
[INFO] [stderr]    Compiling signal-hook-registry v1.4.7
[INFO] [stderr]    Compiling itertools v0.13.0
[INFO] [stderr]    Compiling instability v0.3.10
[INFO] [stderr]    Compiling rustix v1.1.2
[INFO] [stderr]    Compiling zune-core v0.4.12
[INFO] [stderr]    Compiling compact_str v0.9.0
[INFO] [stderr]    Compiling lru v0.18.0
[INFO] [stderr]    Compiling parking_lot_core v0.9.12
[INFO] [stderr]    Compiling pxfm v0.1.27
[INFO] [stderr]    Compiling zune-jpeg v0.4.21
[INFO] [stderr]    Compiling signal-hook v0.3.18
[INFO] [stderr]    Compiling mio v1.1.1
[INFO] [stderr]    Compiling avif-serialize v0.8.6
[INFO] [stderr]    Compiling zune-inflate v0.2.54
[INFO] [stderr]    Compiling lebe v0.5.3
[INFO] [stderr]    Compiling num-bigint v0.4.6
[INFO] [stderr]    Compiling color_quant v1.1.0
[INFO] [stderr]    Compiling bit_field v0.10.3
[INFO] [stderr]    Compiling palette v0.7.6
[INFO] [stderr]    Compiling rgb v0.8.52
[INFO] [stderr]    Compiling zune-core v0.5.0
[INFO] [stderr]    Compiling by_address v1.2.1
[INFO] [stderr]    Compiling gif v0.14.1
[INFO] [stderr]    Compiling image-webp v0.2.4
[INFO] [stderr]    Compiling zune-jpeg v0.5.7
[INFO] [stderr]    Compiling signal-hook-mio v0.2.5
[INFO] [stderr]    Compiling core2 v0.4.0
[INFO] [stderr]    Compiling nom v8.0.0
[INFO] [stderr]    Compiling bitstream-io v4.9.0
[INFO] [stderr]    Compiling png v0.18.0
[INFO] [stderr]    Compiling parking_lot v0.12.5
[INFO] [stderr]    Compiling fast-srgb8 v1.0.0
[INFO] [stderr]    Compiling bitvec v1.0.1
[INFO] [stderr]    Compiling rand v0.9.2
[INFO] [stderr]    Compiling unicode-truncate v2.0.0
[INFO] [stderr]    Compiling rand_xoshiro v0.7.0
[INFO] [stderr]    Compiling num-rational v0.4.2
[INFO] [stderr]    Compiling line-clipping v0.3.5
[INFO] [stderr]    Compiling ordered-float v5.1.0
[INFO] [stderr]    Compiling rustix v0.38.44
[INFO] [stderr]    Compiling ratatui-image v12.0.0-rc.2 (/opt/rustwide/workdir)
[INFO] [stderr]    Compiling darling_core v0.20.11
[INFO] [stderr]    Compiling moxcms v0.7.11
[INFO] [stderr]    Compiling thiserror-impl v2.0.17
[INFO] [stderr]    Compiling equator-macro v0.4.2
[INFO] [stderr]    Compiling zerocopy-derive v0.8.31
[INFO] [stderr]    Compiling bytemuck_derive v1.10.2
[INFO] [stderr]    Compiling arg_enum_proc_macro v0.3.4
[INFO] [stderr]    Compiling profiling-procmacros v1.0.17
[INFO] [stderr]    Compiling num-derive v0.4.2
[INFO] [stderr]    Compiling fax_derive v0.2.0
[INFO] [stderr]    Compiling strum_macros v0.28.0
[INFO] [stderr]    Compiling derive_more-impl v2.1.0
[INFO] [stderr]    Compiling profiling v1.0.17
[INFO] [stderr]    Compiling ref-cast-impl v1.0.25
[INFO] [stderr]    Compiling equator v0.4.2
[INFO] [stderr]    Compiling derive_more v2.1.0
[INFO] [stderr]    Compiling palette_derive v0.7.6
[INFO] [stderr]    Compiling crossterm v0.29.0
[INFO] [stderr]    Compiling fax v0.2.6
[INFO] [stderr]    Compiling ref-cast v1.0.25
[INFO] [stderr]    Compiling aligned-vec v0.6.4
[INFO] [stderr]    Compiling thiserror-impl v1.0.69
[INFO] [stderr]    Compiling v_frame v0.3.9
[INFO] [stderr]    Compiling bytemuck v1.24.0
[INFO] [stderr]    Compiling thiserror v2.0.17
[INFO] [stderr]    Compiling av-scenechange v0.14.1
[INFO] [stderr]    Compiling av1-grain v0.2.5
[INFO] [stderr]    Compiling kasuari v0.4.11
[INFO] [stderr]    Compiling qoi v0.4.1
[INFO] [stderr]    Compiling safe_arch v0.9.3
[INFO] [stderr]    Compiling strum v0.28.0
[INFO] [stderr]    Compiling rav1e v0.8.1
[INFO] [stderr]    Compiling ratatui-core v0.1.1
[INFO] [stderr]    Compiling wide v0.8.3
[INFO] [stderr]    Compiling thiserror v1.0.69
[INFO] [stderr]    Compiling half v2.7.1
[INFO] [stderr]    Compiling darling_macro v0.20.11
[INFO] [stderr]    Compiling ppv-lite86 v0.2.21
[INFO] [stderr]    Compiling darling v0.20.11
[INFO] [stderr]    Compiling tiff v0.10.3
[INFO] [stderr]    Compiling exr v1.74.0
[INFO] [stderr]    Compiling rand_chacha v0.3.1
[INFO] [stderr]    Compiling ratatui-widgets v0.3.1
[INFO] [stderr]    Compiling ratatui-crossterm v0.1.1
[INFO] [stderr]    Compiling rand v0.8.5
[INFO] [stderr]    Compiling ratatui v0.30.1
[INFO] [stderr]    Compiling ravif v0.12.0
[INFO] [stderr]    Compiling image v0.25.9
[INFO] [stderr]    Compiling quantette v0.5.1
[INFO] [stderr]    Compiling icy_sixel v0.5.0
[INFO] [stderr]     Finished `release` profile [optimized] target(s) in 2m 00s
[INFO] running `Command { std: "docker" "inspect" "db69240c881798fc0030c45b1db9212cf90994e725f89c0a147acadfed747cd1", kill_on_drop: false }`
[INFO] running `Command { std: "docker" "exec" "-e" "SOURCE_DIR=/opt/rustwide/workdir" "-e" "CARGO_HOME=/opt/rustwide/cargo-home" "-e" "RUSTUP_HOME=/opt/rustwide/rustup-home" "-e" "CARGO_TARGET_DIR=/opt/rustwide/target" "-e" "CARGO_INCREMENTAL=0" "-e" "RUST_BACKTRACE=full" "-e" "RUSTFLAGS=--cap-lints=warn" "-e" "RUSTDOCFLAGS=--cap-lints=warn" "-w" "/opt/rustwide/workdir" "--user" "0:0" "db69240c881798fc0030c45b1db9212cf90994e725f89c0a147acadfed747cd1" "/opt/rustwide/cargo-home/bin/cargo" "+1.100.0-beta.1" "test" "--frozen" "--no-run" "--message-format=json" "--release", kill_on_drop: false }`
[INFO] [stderr] warning: `package.homepage` is redundant with `package.repository`
[INFO] [stderr]    --> Cargo.toml:122:12
[INFO] [stderr]     |
[INFO] [stderr] 122 | homepage = "https://github.com/ratatui/ratatui-image"
[INFO] [stderr]     |            ^^^^^^^^^^^^^^^^^^^^^^^^^^^^^^^^^^^^^^^^^^
[INFO] [stderr] ...
[INFO] [stderr] 127 | repository = "https://github.com/ratatui/ratatui-image"
[INFO] [stderr]     |              ------------------------------------------
[INFO] [stderr]     |
[INFO] [stderr]     = note: `cargo::redundant_homepage` is set to `warn` by default
[INFO] [stderr] help: consider removing `package.homepage`
[INFO] [stderr] warning: `ratatui-image` (manifest) generated 1 warning
[INFO] [stderr]    Compiling futures-core v0.3.31
[INFO] [stderr]    Compiling nom v8.0.0
[INFO] [stderr]    Compiling core2 v0.4.0
[INFO] [stderr]    Compiling bitstream-io v4.9.0
[INFO] [stderr]    Compiling tracing-core v0.1.35
[INFO] [stderr]    Compiling serde_derive v1.0.228
[INFO] [stderr]    Compiling owo-colors v4.2.3
[INFO] [stderr]    Compiling futures-macro v0.3.31
[INFO] [stderr]    Compiling regex-syntax v0.8.8
[INFO] [stderr]    Compiling eyre v0.6.12
[INFO] [stderr]    Compiling color-spantrace v0.3.0
[INFO] [stderr]    Compiling ciborium-ll v0.2.2
[INFO] [stderr]    Compiling clap_builder v4.6.0
[INFO] [stderr]    Compiling serde_json v1.0.149
[INFO] [stderr]    Compiling object v0.37.3
[INFO] [stderr]    Compiling itertools v0.10.5
[INFO] [stderr]    Compiling rustc-demangle v0.1.26
[INFO] [stderr]    Compiling crossterm v0.29.0
[INFO] [stderr]    Compiling futures-channel v0.3.31
[INFO] [stderr]    Compiling indenter v0.3.4
[INFO] [stderr]    Compiling plotters v0.3.7
[INFO] [stderr]    Compiling console v0.15.11
[INFO] [stderr]    Compiling tracing v0.1.43
[INFO] [stderr]    Compiling tracing-subscriber v0.3.22
[INFO] [stderr]    Compiling ratatui-crossterm v0.1.1
[INFO] [stderr]    Compiling futures-util v0.3.31
[INFO] [stderr]    Compiling ratatui v0.30.1
[INFO] [stderr]    Compiling tokio-macros v2.6.0
[INFO] [stderr]    Compiling is-terminal v0.4.17
[INFO] [stderr]    Compiling insta v1.44.3
[INFO] [stderr]    Compiling tokio v1.48.0
[INFO] [stderr]    Compiling regex-automata v0.4.13
[INFO] [stderr]    Compiling tracing-error v0.2.1
[INFO] [stderr]    Compiling clap v4.6.0
[INFO] [stderr]    Compiling criterion-plot v0.5.0
[INFO] [stderr]    Compiling serde v1.0.228
[INFO] [stderr]    Compiling av1-grain v0.2.5
[INFO] [stderr]    Compiling ciborium v0.2.2
[INFO] [stderr]    Compiling tinytemplate v1.2.1
[INFO] [stderr]    Compiling rav1e v0.8.1
[INFO] [stderr]    Compiling regex v1.12.2
[INFO] [stderr]    Compiling backtrace v0.3.76
[INFO] [stderr]    Compiling futures-executor v0.3.31
[INFO] [stderr]    Compiling criterion v0.5.1
[INFO] [stderr]    Compiling futures v0.3.31
[INFO] [stderr]    Compiling color-eyre v0.6.5
[INFO] [stderr]    Compiling ravif v0.12.0
[INFO] [stderr]    Compiling image v0.25.9
[INFO] [stderr]    Compiling quantette v0.5.1
[INFO] [stderr]    Compiling icy_sixel v0.5.0
[INFO] [stderr]    Compiling ratatui-image v12.0.0-rc.2 (/opt/rustwide/workdir)
[INFO] [stderr]     Finished `release` profile [optimized] target(s) in 2m 13s
[INFO] running `Command { std: "docker" "inspect" "db69240c881798fc0030c45b1db9212cf90994e725f89c0a147acadfed747cd1", kill_on_drop: false }`
[INFO] running `Command { std: "docker" "exec" "-e" "SOURCE_DIR=/opt/rustwide/workdir" "-e" "CARGO_HOME=/opt/rustwide/cargo-home" "-e" "RUSTUP_HOME=/opt/rustwide/rustup-home" "-e" "CARGO_TARGET_DIR=/opt/rustwide/target" "-e" "CARGO_INCREMENTAL=0" "-e" "RUST_BACKTRACE=full" "-e" "RUSTFLAGS=--cap-lints=warn" "-e" "RUSTDOCFLAGS=--cap-lints=warn" "-w" "/opt/rustwide/workdir" "--user" "0:0" "db69240c881798fc0030c45b1db9212cf90994e725f89c0a147acadfed747cd1" "/opt/rustwide/cargo-home/bin/cargo" "+1.100.0-beta.1" "test" "--frozen" "--release", kill_on_drop: false }`
[INFO] [stderr] warning: `package.homepage` is redundant with `package.repository`
[INFO] [stderr]    --> Cargo.toml:122:12
[INFO] [stderr]     |
[INFO] [stderr] 122 | homepage = "https://github.com/ratatui/ratatui-image"
[INFO] [stderr]     |            ^^^^^^^^^^^^^^^^^^^^^^^^^^^^^^^^^^^^^^^^^^
[INFO] [stderr] ...
[INFO] [stderr] 127 | repository = "https://github.com/ratatui/ratatui-image"
[INFO] [stderr]     |              ------------------------------------------
[INFO] [stderr]     |
[INFO] [stderr]     = note: `cargo::redundant_homepage` is set to `warn` by default
[INFO] [stderr] help: consider removing `package.homepage`
[INFO] [stderr] warning: `ratatui-image` (manifest) generated 1 warning
[INFO] [stderr]     Finished `release` profile [optimized] target(s) in 0.49s
[INFO] [stderr]      Running unittests src/lib.rs (/opt/rustwide/target/release/build/ratatui-image/f4bb60125f37657f/out/ratatui_image-f4bb60125f37657f)
[INFO] [stdout] 
[INFO] [stdout] running 38 tests
[INFO] [stdout] test picker::cap_parser::tests::test_parse_all ... ok
[INFO] [stdout] test picker::cap_parser::tests::test_parse_compression_refused ... ok
[INFO] [stdout] test picker::cap_parser::tests::test_parse_compression_response ... ok
[INFO] [stdout] test picker::cap_parser::tests::test_parse_only_garbage ... ok
[INFO] [stdout] test picker::cap_parser::tests::test_parse_inner_garbage ... ok
[INFO] [stdout] test picker::cap_parser::tests::test_parse_shared_memory_response ... ok
[INFO] [stdout] test picker::tests::test_interpret_parser_responses_text_sizing_protocol_incomplete ... ok
[INFO] [stdout] test picker::tests::test_shm_probe_round_trips ... ok
[INFO] [stdout] test picker::tests::test_cycle_protocol ... ok
[INFO] [stdout] test picker::tests::test_tmux_detected_reflects_is_tmux ... ok
[INFO] [stdout] test picker::cap_parser::tests::test_query_omits_shared_memory_probe_by_default ... ok
[INFO] [stdout] test picker::cap_parser::tests::test_parse_shared_memory_refused ... ok
[INFO] [stdout] test picker::tests::test_from_query_stdio_no_hang ... ok
[INFO] [stdout] test protocol::kitty::tests::consecutive_shm_transmits_of_the_same_id_use_different_objects ... ok
[INFO] [stdout] test protocol::kitty::tests::the_id_rides_in_the_foreground_colour ... ok
[INFO] [stdout] test picker::cap_parser::tests::test_query_omits_compression_probe_by_default ... ok
[INFO] [stdout] test protocol::kitty::tests::the_transmission_is_emitted_once ... ok
[INFO] [stdout] test picker::cap_parser::tests::test_query_shared_memory_probe_writes_a_real_object_for_cleanup ... ok
[INFO] [stdout] test picker::tests::test_interpret_parser_responses_text_sizing_protocol ... ok
[INFO] [stdout] test picker::cap_parser::tests::test_query_carries_a_compressed_probe_when_opted_in ... ok
[INFO] [stdout] test protocol::halfblocks::tests::render_image ... FAILED
[INFO] [stdout] test protocol::kitty::tests::transmit_without_compression_is_the_raw_image ... ok
[INFO] [stdout] test protocol::kitty::tests::transmit_with_compression_inflates_back_to_the_raw_image ... ok
[INFO] [stdout] test sliced::sixel_slice::tests::test_sixel_slice_bands ... ok
[INFO] [stdout] test protocol::kitty::tests::skip_line_count_offsets_the_row_diacritic ... ok
[INFO] [stdout] test tests::needs_resize_crop ... ok
[INFO] [stdout] test protocol::kitty::tests::transmit_gives_the_size_in_cells ... ok
[INFO] [stdout] test tests::needs_resize_fit ... ok
[INFO] [stdout] test sliced::tests::test_skip_and_drop ... ok
[INFO] [stdout] test sliced::tests::test_slice_rows_basic ... ok
[INFO] [stdout] test sliced::sixel_slice::tests::test_tmux_escapes_doubled ... FAILED
[INFO] [stdout] test sliced::tests::test_slice_rows_font_height ... ok
[INFO] [stdout] test protocol::kitty::tests::only_the_first_cell_of_a_row_states_a_position ... ok
[INFO] [stdout] test sliced::sixel_slice::tests::test_bands_from_image ... FAILED
[INFO] [stdout] test sliced::sixel_slice::tests::test_idempotence ... FAILED
[INFO] [stdout] test protocol::halfblocks::tests::renders_every_cell_of_a_grid_larger_than_u16_max ... ok
[INFO] [stdout] test protocol::kitty::tests::positions_past_the_diacritic_table_are_left_undrawn ... ok
[INFO] [stdout] test picker::cap_parser::tests::test_parse_preceding_garbage ... ok
[INFO] [stdout] 
[INFO] [stdout] failures:
[INFO] [stdout] 
[INFO] [stdout] ---- protocol::halfblocks::tests::render_image stdout ----
[INFO] [stdout] 
[INFO] [stdout] thread 'protocol::halfblocks::tests::render_image' (3380) panicked at src/protocol/halfblocks.rs:225:22:
[INFO] [stdout] called `Result::unwrap()` on an `Err` value: Os { code: 2, kind: NotFound, message: "No such file or directory" }
[INFO] [stdout] stack backtrace:
[INFO] [stdout]    0:     0x621bef9aecb1 - <<std[617be2ca0a6fd877]::sys::backtrace::BacktraceLock>::print::DisplayBacktrace as core[a373ad73a504971]::fmt::Display>::fmt
[INFO] [stdout]    1:     0x621bef9c6caa - core[a373ad73a504971]::fmt::write
[INFO] [stdout]    2:     0x621bef9b362c - <alloc[2e1b2a31b91974c5]::vec::Vec<u8> as core[a373ad73a504971]::io::write::Write>::write_fmt
[INFO] [stdout]    3:     0x621bef9883f6 - std[617be2ca0a6fd877]::panicking::default_hook::{closure#0}
[INFO] [stdout]    4:     0x621bef9a6319 - std[617be2ca0a6fd877]::panicking::default_hook
[INFO] [stdout]    5:     0x621bef7cd0c0 - test[aada8e7e76ba119b]::test_main_inner::{closure#0}
[INFO] [stdout]    6:     0x621bef9a6642 - std[617be2ca0a6fd877]::panicking::panic_with_hook
[INFO] [stdout]    7:     0x621bef9884a2 - std[617be2ca0a6fd877]::panicking::panic_handler::{closure#0}
[INFO] [stdout]    8:     0x621bef980c29 - std[617be2ca0a6fd877]::sys::backtrace::__rust_end_short_backtrace::<std[617be2ca0a6fd877]::panicking::panic_handler::{closure#0}, !>
[INFO] [stdout]    9:     0x621bef9891cd - __rustc[ea4f61d10b84890b]::rust_begin_unwind
[INFO] [stdout]   10:     0x621bef9c740c - core[a373ad73a504971]::panicking::panic_fmt
[INFO] [stdout]   11:     0x621bef9c71e2 - core[a373ad73a504971]::result::unwrap_failed
[INFO] [stdout]   12:     0x621bef7acde9 - <ratatui_core[57f249cf0ef0946]::terminal::Terminal<ratatui_core[57f249cf0ef0946]::backend::test::TestBackend>>::try_draw::<<ratatui_core[57f249cf0ef0946]::terminal::Terminal<ratatui_core[57f249cf0ef0946]::backend::test::TestBackend>>::draw<ratatui_image[185e04c84321c447]::protocol::halfblocks::tests::render_image::{closure#0}>::{closure#0}, !>
[INFO] [stdout]   13:     0x621bef782290 - <ratatui_image[185e04c84321c447]::protocol::halfblocks::tests::render_image::{closure#0} as core[a373ad73a504971]::ops::function::FnOnce<()>>::call_once
[INFO] [stdout]   14:     0x621bef7c050b - test[aada8e7e76ba119b]::__rust_begin_short_backtrace::<core[a373ad73a504971]::result::Result<(), alloc[2e1b2a31b91974c5]::string::String>, fn() -> core[a373ad73a504971]::result::Result<(), alloc[2e1b2a31b91974c5]::string::String>>
[INFO] [stdout]   15:     0x621bef7cd6e5 - test[aada8e7e76ba119b]::run_test::{closure#0}
[INFO] [stdout]   16:     0x621bef7c6fd4 - std[617be2ca0a6fd877]::sys::backtrace::__rust_begin_short_backtrace::<test[aada8e7e76ba119b]::run_test::{closure#1}, ()>
[INFO] [stdout]   17:     0x621bef7d0772 - <std[617be2ca0a6fd877]::thread::lifecycle::spawn_unchecked<test[aada8e7e76ba119b]::run_test::{closure#1}, ()>::{closure#1} as core[a373ad73a504971]::ops::function::FnOnce<()>>::call_once::{shim:vtable#0}
[INFO] [stdout]   18:     0x621bef9adc7f - <std[617be2ca0a6fd877]::sys::thread::unix::Thread>::new::thread_start
[INFO] [stdout]   19:     0x75ea04eb2dfa - <unknown>
[INFO] [stdout]   20:     0x75ea04f463d4 - clone
[INFO] [stdout]   21:                0x0 - <unknown>
[INFO] [stdout] 
[INFO] [stdout] ---- sliced::sixel_slice::tests::test_tmux_escapes_doubled stdout ----
[INFO] [stdout] 
[INFO] [stdout] thread 'sliced::sixel_slice::tests::test_tmux_escapes_doubled' (3394) panicked at src/sliced.rs:590:18:
[INFO] [stdout] called `Result::unwrap()` on an `Err` value: Os { code: 2, kind: NotFound, message: "No such file or directory" }
[INFO] [stdout] stack backtrace:
[INFO] [stdout]    0:     0x621bef9aecb1 - <<std[617be2ca0a6fd877]::sys::backtrace::BacktraceLock>::print::DisplayBacktrace as core[a373ad73a504971]::fmt::Display>::fmt
[INFO] [stdout]    1:     0x621bef9c6caa - core[a373ad73a504971]::fmt::write
[INFO] [stdout]    2:     0x621bef9b362c - <alloc[2e1b2a31b91974c5]::vec::Vec<u8> as core[a373ad73a504971]::io::write::Write>::write_fmt
[INFO] [stdout]    3:     0x621bef9883f6 - std[617be2ca0a6fd877]::panicking::default_hook::{closure#0}
[INFO] [stdout]    4:     0x621bef9a6319 - std[617be2ca0a6fd877]::panicking::default_hook
[INFO] [stdout]    5:     0x621bef7cd0c0 - test[aada8e7e76ba119b]::test_main_inner::{closure#0}
[INFO] [stdout]    6:     0x621bef9a6642 - std[617be2ca0a6fd877]::panicking::panic_with_hook
[INFO] [stdout]    7:     0x621bef9884a2 - std[617be2ca0a6fd877]::panicking::panic_handler::{closure#0}
[INFO] [stdout]    8:     0x621bef980c29 - std[617be2ca0a6fd877]::sys::backtrace::__rust_end_short_backtrace::<std[617be2ca0a6fd877]::panicking::panic_handler::{closure#0}, !>
[INFO] [stdout]    9:     0x621bef9891cd - __rustc[ea4f61d10b84890b]::rust_begin_unwind
[INFO] [stdout]   10:     0x621bef9c740c - core[a373ad73a504971]::panicking::panic_fmt
[INFO] [stdout]   11:     0x621bef9c71e2 - core[a373ad73a504971]::result::unwrap_failed
[INFO] [stdout]   12:     0x621bef78200b - <ratatui_image[185e04c84321c447]::sliced::sixel_slice::tests::test_tmux_escapes_doubled::{closure#0} as core[a373ad73a504971]::ops::function::FnOnce<()>>::call_once
[INFO] [stdout]   13:     0x621bef7c050b - test[aada8e7e76ba119b]::__rust_begin_short_backtrace::<core[a373ad73a504971]::result::Result<(), alloc[2e1b2a31b91974c5]::string::String>, fn() -> core[a373ad73a504971]::result::Result<(), alloc[2e1b2a31b91974c5]::string::String>>
[INFO] [stdout]   14:     0x621bef7cd6e5 - test[aada8e7e76ba119b]::run_test::{closure#0}
[INFO] [stdout]   15:     0x621bef7c6fd4 - std[617be2ca0a6fd877]::sys::backtrace::__rust_begin_short_backtrace::<test[aada8e7e76ba119b]::run_test::{closure#1}, ()>
[INFO] [stdout]   16:     0x621bef7d0772 - <std[617be2ca0a6fd877]::thread::lifecycle::spawn_unchecked<test[aada8e7e76ba119b]::run_test::{closure#1}, ()>::{closure#1} as core[a373ad73a504971]::ops::function::FnOnce<()>>::call_once::{shim:vtable#0}
[INFO] [stdout]   17:     0x621bef9adc7f - <std[617be2ca0a6fd877]::sys::thread::unix::Thread>::new::thread_start
[INFO] [stdout]   18:     0x75ea04eb2dfa - <unknown>
[INFO] [stdout]   19:     0x75ea04f463d4 - clone
[INFO] [stdout]   20:                0x0 - <unknown>
[INFO] [stdout] 
[INFO] [stdout] ---- sliced::sixel_slice::tests::test_bands_from_image stdout ----
[INFO] [stdout] 
[INFO] [stdout] thread 'sliced::sixel_slice::tests::test_bands_from_image' (3391) panicked at src/sliced.rs:615:18:
[INFO] [stdout] called `Result::unwrap()` on an `Err` value: Os { code: 2, kind: NotFound, message: "No such file or directory" }
[INFO] [stdout] stack backtrace:
[INFO] [stdout]    0:     0x621bef9aecb1 - <<std[617be2ca0a6fd877]::sys::backtrace::BacktraceLock>::print::DisplayBacktrace as core[a373ad73a504971]::fmt::Display>::fmt
[INFO] [stdout]    1:     0x621bef9c6caa - core[a373ad73a504971]::fmt::write
[INFO] [stdout]    2:     0x621bef9b362c - <alloc[2e1b2a31b91974c5]::vec::Vec<u8> as core[a373ad73a504971]::io::write::Write>::write_fmt
[INFO] [stdout]    3:     0x621bef9883f6 - std[617be2ca0a6fd877]::panicking::default_hook::{closure#0}
[INFO] [stdout]    4:     0x621bef9a6319 - std[617be2ca0a6fd877]::panicking::default_hook
[INFO] [stdout]    5:     0x621bef7cd0c0 - test[aada8e7e76ba119b]::test_main_inner::{closure#0}
[INFO] [stdout]    6:     0x621bef9a6642 - std[617be2ca0a6fd877]::panicking::panic_with_hook
[INFO] [stdout]    7:     0x621bef9884a2 - std[617be2ca0a6fd877]::panicking::panic_handler::{closure#0}
[INFO] [stdout]    8:     0x621bef980c29 - std[617be2ca0a6fd877]::sys::backtrace::__rust_end_short_backtrace::<std[617be2ca0a6fd877]::panicking::panic_handler::{closure#0}, !>
[INFO] [stdout]    9:     0x621bef9891cd - __rustc[ea4f61d10b84890b]::rust_begin_unwind
[INFO] [stdout]   10:     0x621bef9c740c - core[a373ad73a504971]::panicking::panic_fmt
[INFO] [stdout]   11:     0x621bef9c71e2 - core[a373ad73a504971]::result::unwrap_failed
[INFO] [stdout]   12:     0x621bef7814a8 - <ratatui_image[185e04c84321c447]::sliced::sixel_slice::tests::test_bands_from_image::{closure#0} as core[a373ad73a504971]::ops::function::FnOnce<()>>::call_once
[INFO] [stdout]   13:     0x621bef7c050b - test[aada8e7e76ba119b]::__rust_begin_short_backtrace::<core[a373ad73a504971]::result::Result<(), alloc[2e1b2a31b91974c5]::string::String>, fn() -> core[a373ad73a504971]::result::Result<(), alloc[2e1b2a31b91974c5]::string::String>>
[INFO] [stdout]   14:     0x621bef7cd6e5 - test[aada8e7e76ba119b]::run_test::{closure#0}
[INFO] [stdout]   15:     0x621bef7c6fd4 - std[617be2ca0a6fd877]::sys::backtrace::__rust_begin_short_backtrace::<test[aada8e7e76ba119b]::run_test::{closure#1}, ()>
[INFO] [stdout]   16:     0x621bef7d0772 - <std[617be2ca0a6fd877]::thread::lifecycle::spawn_unchecked<test[aada8e7e76ba119b]::run_test::{closure#1}, ()>::{closure#1} as core[a373ad73a504971]::ops::function::FnOnce<()>>::call_once::{shim:vtable#0}
[INFO] [stdout]   17:     0x621bef9adc7f - <std[617be2ca0a6fd877]::sys::thread::unix::Thread>::new::thread_start
[INFO] [stdout]   18:     0x75ea04eb2dfa - <unknown>
[INFO] [stdout]   19:     0x75ea04f463d4 - clone
[INFO] [stdout]   20:                0x0 - <unknown>
[INFO] [stdout] 
[INFO] [stdout] ---- sliced::sixel_slice::tests::test_idempotence stdout ----
[INFO] [stdout] 
[INFO] [stdout] thread 'sliced::sixel_slice::tests::test_idempotence' (3392) panicked at src/sliced.rs:551:59:
[INFO] [stdout] called `Result::unwrap()` on an `Err` value: Os { code: 2, kind: NotFound, message: "No such file or directory" }
[INFO] [stdout] stack backtrace:
[INFO] [stdout]    0:     0x621bef9aecb1 - <<std[617be2ca0a6fd877]::sys::backtrace::BacktraceLock>::print::DisplayBacktrace as core[a373ad73a504971]::fmt::Display>::fmt
[INFO] [stdout]    1:     0x621bef9c6caa - core[a373ad73a504971]::fmt::write
[INFO] [stdout]    2:     0x621bef9b362c - <alloc[2e1b2a31b91974c5]::vec::Vec<u8> as core[a373ad73a504971]::io::write::Write>::write_fmt
[INFO] [stdout]    3:     0x621bef9883f6 - std[617be2ca0a6fd877]::panicking::default_hook::{closure#0}
[INFO] [stdout]    4:     0x621bef9a6319 - std[617be2ca0a6fd877]::panicking::default_hook
[INFO] [stdout]    5:     0x621bef7cd0c0 - test[aada8e7e76ba119b]::test_main_inner::{closure#0}
[INFO] [stdout]    6:     0x621bef9a6642 - std[617be2ca0a6fd877]::panicking::panic_with_hook
[INFO] [stdout]    7:     0x621bef9884a2 - std[617be2ca0a6fd877]::panicking::panic_handler::{closure#0}
[INFO] [stdout]    8:     0x621bef980c29 - std[617be2ca0a6fd877]::sys::backtrace::__rust_end_short_backtrace::<std[617be2ca0a6fd877]::panicking::panic_handler::{closure#0}, !>
[INFO] [stdout]    9:     0x621bef9891cd - __rustc[ea4f61d10b84890b]::rust_begin_unwind
[INFO] [stdout]   10:     0x621bef9c740c - core[a373ad73a504971]::panicking::panic_fmt
[INFO] [stdout]   11:     0x621bef9c71e2 - core[a373ad73a504971]::result::unwrap_failed
[INFO] [stdout]   12:     0x621bef77c908 - <&mut core[a373ad73a504971]::array::drain::Drain<&str, <core[a373ad73a504971]::ops::try_trait::NeverShortCircuit<(&str, ratatui_image[185e04c84321c447]::sliced::sixel_slice::SlicedSixel)>>::wrap_mut_1<&str, ratatui_image[185e04c84321c447]::sliced::sixel_slice::tests::test_idempotence::{closure#0}>::{closure#0}> as core[a373ad73a504971]::ops::function::FnMut<(usize,)>>::call_mut
[INFO] [stdout]   13:     0x621bef75bda9 - <[&str; 3usize]>::try_map::<core[a373ad73a504971]::ops::try_trait::NeverShortCircuit<(&str, ratatui_image[185e04c84321c447]::sliced::sixel_slice::SlicedSixel)>, <core[a373ad73a504971]::ops::try_trait::NeverShortCircuit<(&str, ratatui_image[185e04c84321c447]::sliced::sixel_slice::SlicedSixel)>>::wrap_mut_1<&str, ratatui_image[185e04c84321c447]::sliced::sixel_slice::tests::test_idempotence::{closure#0}>::{closure#0}>
[INFO] [stdout]   14:     0x621bef780509 - <ratatui_image[185e04c84321c447]::sliced::sixel_slice::tests::test_idempotence::{closure#0} as core[a373ad73a504971]::ops::function::FnOnce<()>>::call_once
[INFO] [stdout]   15:     0x621bef7c050b - test[aada8e7e76ba119b]::__rust_begin_short_backtrace::<core[a373ad73a504971]::result::Result<(), alloc[2e1b2a31b91974c5]::string::String>, fn() -> core[a373ad73a504971]::result::Result<(), alloc[2e1b2a31b91974c5]::string::String>>
[INFO] [stdout]   16:     0x621bef7cd6e5 - test[aada8e7e76ba119b]::run_test::{closure#0}
[INFO] [stdout]   17:     0x621bef7c6fd4 - std[617be2ca0a6fd877]::sys::backtrace::__rust_begin_short_backtrace::<test[aada8e7e76ba119b]::run_test::{closure#1}, ()>
[INFO] [stdout]   18:     0x621bef7d0772 - <std[617be2ca0a6fd877]::thread::lifecycle::spawn_unchecked<test[aada8e7e76ba119b]::run_test::{closure#1}, ()>::{closure#1} as core[a373ad73a504971]::ops::function::FnOnce<()>>::call_once::{shim:vtable#0}
[INFO] [stdout]   19:     0x621bef9adc7f - <std[617be2ca0a6fd877]::sys::thread::unix::Thread>::new::thread_start
[INFO] [stdout]   20:     0x75ea04eb2dfa - <unknown>
[INFO] [stdout]   21:     0x75ea04f463d4 - clone
[INFO] [stdout]   22:                0x0 - <unknown>
[INFO] [stdout] 
[INFO] [stdout] 
[INFO] [stdout] failures:
[INFO] [stdout]     protocol::halfblocks::tests::render_image
[INFO] [stdout]     sliced::sixel_slice::tests::test_bands_from_image
[INFO] [stdout]     sliced::sixel_slice::tests::test_idempotence
[INFO] [stdout]     sliced::sixel_slice::tests::test_tmux_escapes_doubled
[INFO] [stdout] 
[INFO] [stdout] test result: FAILED. 34 passed; 4 failed; 0 ignored; 0 measured; 0 filtered out; finished in 0.06s
[INFO] [stdout] 
[INFO] [stderr] error: test failed, to rerun pass `--lib`
[INFO] running `Command { std: "docker" "inspect" "db69240c881798fc0030c45b1db9212cf90994e725f89c0a147acadfed747cd1", kill_on_drop: false }`
[INFO] running `Command { std: "docker" "rm" "-f" "db69240c881798fc0030c45b1db9212cf90994e725f89c0a147acadfed747cd1", kill_on_drop: false }`
[INFO] [stdout] db69240c881798fc0030c45b1db9212cf90994e725f89c0a147acadfed747cd1
