[INFO] fetching crate ratatui-finder 0.5.0...
[INFO] testing ratatui-finder-0.5.0 against 1.99.0-beta.8+cargoflags=--release for beta-release-1.100-2
[INFO] extracting crate ratatui-finder 0.5.0 into /workspace/builds/worker-4-tc1/source
[INFO] started tweaking crates.io crate ratatui-finder 0.5.0
[INFO] removed 0 missing examples
[INFO] finished tweaking crates.io crate ratatui-finder 0.5.0
[INFO] tweaked toml for crates.io crate ratatui-finder 0.5.0 written to /workspace/builds/worker-4-tc1/source/Cargo.toml
[INFO] validating manifest of crates.io crate ratatui-finder 0.5.0 on toolchain 1.99.0-beta.8
[INFO] running `Command { std: CARGO_HOME="/workspace/cargo-home" RUSTUP_HOME="/workspace/rustup-home" "/workspace/cargo-home/bin/cargo" "+1.99.0-beta.8" "metadata" "--manifest-path" "Cargo.toml" "--no-deps", kill_on_drop: false }`
[INFO] crate crates.io crate ratatui-finder 0.5.0 already has a lockfile, it will not be regenerated
[INFO] running `Command { std: CARGO_HOME="/workspace/cargo-home" RUSTUP_HOME="/workspace/rustup-home" "/workspace/cargo-home/bin/cargo" "+1.99.0-beta.8" "fetch" "--manifest-path" "Cargo.toml", kill_on_drop: false }`
[INFO] [stderr]  Downloading crates ...
[INFO] [stderr]   Downloaded anyhow v1.0.103
[INFO] [stderr]   Downloaded compact_str v0.8.2
[INFO] running `Command { std: "docker" "create" "-v" "/var/lib/crater-agent-workspace/builds/worker-4-tc1/source:/opt/rustwide/workdir:ro,Z" "-v" "/var/lib/crater-agent-workspace/builds/worker-4-tc1/target:/opt/rustwide/target:rw,Z" "-v" "/var/lib/crater-agent-workspace/cargo-home:/opt/rustwide/cargo-home:ro,Z" "-v" "/var/lib/crater-agent-workspace/rustup-home:/opt/rustwide/rustup-home:ro,Z" "-m" "1610612736" "--network" "none" "ghcr.io/rust-lang/crates-build-env/linux@sha256:77db811e55d90add9212f6832c23229e3de5f1c1f9905e8cb07319ea15df73ac" "sleep" "infinity", kill_on_drop: false }`
[INFO] [stdout] 75592941f3b579fb4b4b06fa6b87268cf7155ffee5aa3be07d75d9a4413e1af4
[INFO] running `Command { std: "docker" "start" "75592941f3b579fb4b4b06fa6b87268cf7155ffee5aa3be07d75d9a4413e1af4", kill_on_drop: false }`
[INFO] running `Command { std: "docker" "inspect" "75592941f3b579fb4b4b06fa6b87268cf7155ffee5aa3be07d75d9a4413e1af4", kill_on_drop: false }`
[INFO] running `Command { std: "docker" "exec" "-e" "SOURCE_DIR=/opt/rustwide/workdir" "-e" "CARGO_HOME=/opt/rustwide/cargo-home" "-e" "RUSTUP_HOME=/opt/rustwide/rustup-home" "-e" "CARGO_TARGET_DIR=/opt/rustwide/target" "-w" "/opt/rustwide/workdir" "--user" "0:0" "75592941f3b579fb4b4b06fa6b87268cf7155ffee5aa3be07d75d9a4413e1af4" "/opt/rustwide/cargo-home/bin/cargo" "+1.99.0-beta.8" "metadata" "--no-deps" "--format-version=1", kill_on_drop: false }`
[INFO] running `Command { std: "docker" "inspect" "75592941f3b579fb4b4b06fa6b87268cf7155ffee5aa3be07d75d9a4413e1af4", kill_on_drop: false }`
[INFO] running `Command { std: "docker" "exec" "-e" "SOURCE_DIR=/opt/rustwide/workdir" "-e" "CARGO_HOME=/opt/rustwide/cargo-home" "-e" "RUSTUP_HOME=/opt/rustwide/rustup-home" "-e" "CARGO_TARGET_DIR=/opt/rustwide/target" "-e" "CARGO_INCREMENTAL=0" "-e" "RUST_BACKTRACE=full" "-e" "RUSTFLAGS=--cap-lints=warn" "-e" "RUSTDOCFLAGS=--cap-lints=warn" "-w" "/opt/rustwide/workdir" "--user" "0:0" "75592941f3b579fb4b4b06fa6b87268cf7155ffee5aa3be07d75d9a4413e1af4" "/opt/rustwide/cargo-home/bin/cargo" "+1.99.0-beta.8" "build" "--frozen" "--message-format=json" "--release", kill_on_drop: false }`
[INFO] [stderr]    Compiling smallvec v1.15.2
[INFO] [stderr]    Compiling log v0.4.33
[INFO] [stderr]    Compiling paste v1.0.15
[INFO] [stderr]    Compiling bitflags v2.13.0
[INFO] [stderr]    Compiling either v1.16.0
[INFO] [stderr]    Compiling instability v0.3.12
[INFO] [stderr]    Compiling indoc v2.0.7
[INFO] [stderr]    Compiling unicode-width v0.1.14
[INFO] [stderr]    Compiling anyhow v1.0.103
[INFO] [stderr]    Compiling lru v0.12.5
[INFO] [stderr]    Compiling darling_core v0.23.0
[INFO] [stderr]    Compiling strum_macros v0.26.4
[INFO] [stderr]    Compiling compact_str v0.8.2
[INFO] [stderr]    Compiling signal-hook v0.3.18
[INFO] [stderr]    Compiling mio v1.2.2
[INFO] [stderr]    Compiling itertools v0.13.0
[INFO] [stderr]    Compiling rustix v0.38.44
[INFO] [stderr]    Compiling parking_lot_core v0.9.12
[INFO] [stderr]    Compiling signal-hook-mio v0.2.5
[INFO] [stderr]    Compiling parking_lot v0.12.5
[INFO] [stderr]    Compiling crossterm v0.28.1
[INFO] [stderr]    Compiling strum v0.26.3
[INFO] [stderr]    Compiling darling_macro v0.23.0
[INFO] [stderr]    Compiling unicode-truncate v1.1.0
[INFO] [stderr]    Compiling darling v0.23.0
[INFO] [stderr]    Compiling ratatui v0.29.0
[INFO] [stderr]    Compiling ratatui-finder v0.5.0 (/opt/rustwide/workdir)
[INFO] [stderr]     Finished `release` profile [optimized] target(s) in 15.41s
[INFO] running `Command { std: "docker" "inspect" "75592941f3b579fb4b4b06fa6b87268cf7155ffee5aa3be07d75d9a4413e1af4", kill_on_drop: false }`
[INFO] running `Command { std: "docker" "exec" "-e" "SOURCE_DIR=/opt/rustwide/workdir" "-e" "CARGO_HOME=/opt/rustwide/cargo-home" "-e" "RUSTUP_HOME=/opt/rustwide/rustup-home" "-e" "CARGO_TARGET_DIR=/opt/rustwide/target" "-e" "CARGO_INCREMENTAL=0" "-e" "RUST_BACKTRACE=full" "-e" "RUSTFLAGS=--cap-lints=warn" "-e" "RUSTDOCFLAGS=--cap-lints=warn" "-w" "/opt/rustwide/workdir" "--user" "0:0" "75592941f3b579fb4b4b06fa6b87268cf7155ffee5aa3be07d75d9a4413e1af4" "/opt/rustwide/cargo-home/bin/cargo" "+1.99.0-beta.8" "test" "--frozen" "--no-run" "--message-format=json" "--release", kill_on_drop: false }`
[INFO] [stderr]    Compiling getrandom v0.4.3
[INFO] [stderr]    Compiling rustix v1.1.4
[INFO] [stderr]    Compiling tempfile v3.27.0
[INFO] [stderr]    Compiling ratatui-finder v0.5.0 (/opt/rustwide/workdir)
[INFO] [stderr]     Finished `release` profile [optimized] target(s) in 5.57s
[INFO] running `Command { std: "docker" "inspect" "75592941f3b579fb4b4b06fa6b87268cf7155ffee5aa3be07d75d9a4413e1af4", kill_on_drop: false }`
[INFO] running `Command { std: "docker" "exec" "-e" "SOURCE_DIR=/opt/rustwide/workdir" "-e" "CARGO_HOME=/opt/rustwide/cargo-home" "-e" "RUSTUP_HOME=/opt/rustwide/rustup-home" "-e" "CARGO_TARGET_DIR=/opt/rustwide/target" "-e" "CARGO_INCREMENTAL=0" "-e" "RUST_BACKTRACE=full" "-e" "RUSTFLAGS=--cap-lints=warn" "-e" "RUSTDOCFLAGS=--cap-lints=warn" "-w" "/opt/rustwide/workdir" "--user" "0:0" "75592941f3b579fb4b4b06fa6b87268cf7155ffee5aa3be07d75d9a4413e1af4" "/opt/rustwide/cargo-home/bin/cargo" "+1.99.0-beta.8" "test" "--frozen" "--release", kill_on_drop: false }`
[INFO] [stderr]     Finished `release` profile [optimized] target(s) in 0.07s
[INFO] [stderr]      Running unittests src/lib.rs (/opt/rustwide/target/release/deps/ratatui_finder-e0a99a92583aba47)
[INFO] [stdout] 
[INFO] [stdout] running 35 tests
[INFO] [stdout] test fs::tests::test_basename ... ok
[INFO] [stdout] test matcher::tests::test_case_insensitive ... ok
[INFO] [stdout] test matcher::tests::test_sort_by_quality ... ok
[INFO] [stdout] test fs::tests::test_parent ... FAILED
[INFO] [stdout] test matcher::tests::test_first_char_filter ... ok
[INFO] [stdout] test matcher::tests::test_prefix_match ... ok
[INFO] [stdout] test fs::tests::test_is_root ... ok
[INFO] [stdout] test matcher::tests::test_empty_query ... ok
[INFO] [stdout] test matcher::tests::test_star_anywhere ... ok
[INFO] [stdout] test fs::tests::test_contract ... ok
[INFO] [stdout] test fs::tests::test_list_sorts_dirs_first ... ok
[INFO] [stdout] test fs::tests::test_expand_tilde ... ok
[INFO] [stdout] test matcher::tests::test_fuzzy_match_positions ... ok
[INFO] [stdout] test matcher::tests::test_fuzzy_no_match ... ok
[INFO] [stdout] test matcher::tests::test_match_positions_in_result ... ok
[INFO] [stdout] test matcher::tests::test_star_wildcard ... ok
[INFO] [stdout] test tests::test_ctrl_w ... ok
[INFO] [stdout] test tests::test_go_up_dir ... ok
[INFO] [stdout] test tests::test_cursor_movement ... ok
[INFO] [stdout] test tests::test_ctrl_u ... ok
[INFO] [stdout] test tests::test_custom_keys_override_defaults ... ok
[INFO] [stdout] test tests::test_handle_key_backspace ... ok
[INFO] [stdout] test tests::test_go_up_dir_clears_at_root ... ok
[INFO] [stdout] test tests::test_listing_mode_on_slash_ending ... ok
[INFO] [stdout] test tests::test_handle_key_delete ... ok
[INFO] [stdout] test tests::test_enter_on_empty_items ... ok
[INFO] [stdout] test tests::test_auto_listing_on_directory ... ok
[INFO] [stdout] test tests::test_move_selection ... ok
[INFO] [stdout] test tests::test_handle_key_char_input ... ok
[INFO] [stdout] test tests::test_handle_key_ctrl_c ... ok
[INFO] [stdout] test tests::test_handle_key_esc ... ok
[INFO] [stdout] test tests::test_ctrl_a_and_ctrl_e ... ok
[INFO] [stdout] test tests::test_new_finder_state ... ok
[INFO] [stdout] test tests::test_style_colors_are_set ... ok
[INFO] [stderr] error: test failed, to rerun pass `--lib`
[INFO] [stdout] test tests::test_tab_complete ... ok
[INFO] [stdout] 
[INFO] [stdout] failures:
[INFO] [stdout] 
[INFO] [stdout] ---- fs::tests::test_parent stdout ----
[INFO] [stdout] 
[INFO] [stdout] thread 'fs::tests::test_parent' (771) panicked at src/fs.rs:145:9:
[INFO] [stdout] assertion `left == right` failed
[INFO] [stdout]   left: "/"
[INFO] [stdout]  right: "//"
[INFO] [stdout] stack backtrace:
[INFO] [stdout]    0:     0x561e5ca3fde1 - <<std[70759c8f55707aa4]::sys::backtrace::BacktraceLock>::print::DisplayBacktrace as core[df12db4294e9bfd3]::fmt::Display>::fmt
[INFO] [stdout]    1:     0x561e5ca54fba - core[df12db4294e9bfd3]::fmt::write
[INFO] [stdout]    2:     0x561e5ca4456c - <alloc[2182bb758b4b3781]::vec::Vec<u8> as core[df12db4294e9bfd3]::io::write::Write>::write_fmt
[INFO] [stdout]    3:     0x561e5ca1a846 - std[70759c8f55707aa4]::panicking::default_hook::{closure#0}
[INFO] [stdout]    4:     0x561e5ca37a39 - std[70759c8f55707aa4]::panicking::default_hook
[INFO] [stdout]    5:     0x561e5c9d2bb0 - test[9d35eded1c95d3be]::test_main_inner::<test[9d35eded1c95d3be]::test_main_static::{closure#0}>::{closure#0}
[INFO] [stdout]    6:     0x561e5ca37bf2 - std[70759c8f55707aa4]::panicking::panic_with_hook
[INFO] [stdout]    7:     0x561e5ca1a8f2 - std[70759c8f55707aa4]::panicking::panic_handler::{closure#0}
[INFO] [stdout]    8:     0x561e5ca134b9 - std[70759c8f55707aa4]::sys::backtrace::__rust_end_short_backtrace::<std[70759c8f55707aa4]::panicking::panic_handler::{closure#0}, !>
[INFO] [stdout]    9:     0x561e5ca1b4ed - __rustc[8fa7c3cbc660c2b3]::rust_begin_unwind
[INFO] [stdout]   10:     0x561e5ca556ec - core[df12db4294e9bfd3]::panicking::panic_fmt
[INFO] [stdout]   11:     0x561e5ca55603 - core[df12db4294e9bfd3]::panicking::assert_failed_inner
[INFO] [stdout]   12:     0x561e5c9c0416 - core[df12db4294e9bfd3]::panicking::assert_failed::<alloc[2182bb758b4b3781]::string::String, alloc[2182bb758b4b3781]::string::String>
[INFO] [stdout]   13:     0x561e5c9bf175 - ratatui_finder[1cfbf4e35c9a6b99]::fs::tests::test_parent
[INFO] [stdout]   14:     0x561e5c9b2189 - <ratatui_finder[1cfbf4e35c9a6b99]::fs::tests::test_parent::{closure#0} as core[df12db4294e9bfd3]::ops::function::FnOnce<()>>::call_once
[INFO] [stdout]   15:     0x561e5c9c5e9b - test[9d35eded1c95d3be]::__rust_begin_short_backtrace::<core[df12db4294e9bfd3]::result::Result<(), alloc[2182bb758b4b3781]::string::String>, fn() -> core[df12db4294e9bfd3]::result::Result<(), alloc[2182bb758b4b3781]::string::String>>
[INFO] [stdout]   16:     0x561e5c9d3505 - test[9d35eded1c95d3be]::run_test::{closure#0}
[INFO] [stdout]   17:     0x561e5c9ccdc4 - std[70759c8f55707aa4]::sys::backtrace::__rust_begin_short_backtrace::<test[9d35eded1c95d3be]::run_test::{closure#1}, ()>
[INFO] [stdout]   18:     0x561e5c9d6662 - <std[70759c8f55707aa4]::thread::lifecycle::spawn_unchecked<test[9d35eded1c95d3be]::run_test::{closure#1}, ()>::{closure#1} as core[df12db4294e9bfd3]::ops::function::FnOnce<()>>::call_once::{shim:vtable#0}
[INFO] [stdout]   19:     0x561e5ca3f4c9 - <std[70759c8f55707aa4]::sys::thread::unix::Thread>::new::thread_start
[INFO] [stdout]   20:     0x7924a6876dfa - <unknown>
[INFO] [stdout]   21:     0x7924a690a3d4 - clone
[INFO] [stdout]   22:                0x0 - <unknown>
[INFO] [stdout] 
[INFO] [stdout] 
[INFO] [stdout] failures:
[INFO] [stdout]     fs::tests::test_parent
[INFO] [stdout] 
[INFO] [stdout] test result: FAILED. 34 passed; 1 failed; 0 ignored; 0 measured; 0 filtered out; finished in 0.01s
[INFO] [stdout] 
[INFO] running `Command { std: "docker" "inspect" "75592941f3b579fb4b4b06fa6b87268cf7155ffee5aa3be07d75d9a4413e1af4", kill_on_drop: false }`
[INFO] running `Command { std: "docker" "rm" "-f" "75592941f3b579fb4b4b06fa6b87268cf7155ffee5aa3be07d75d9a4413e1af4", kill_on_drop: false }`
[INFO] [stdout] 75592941f3b579fb4b4b06fa6b87268cf7155ffee5aa3be07d75d9a4413e1af4
