[INFO] fetching crate rat_embed_lang 0.1.1...
[INFO] testing rat_embed_lang-0.1.1 against 1.100.0-beta.1+cargoflags=--release for beta-release-1.100-2
[INFO] extracting crate rat_embed_lang 0.1.1 into /workspace/builds/worker-2-tc2/source
[INFO] started tweaking crates.io crate rat_embed_lang 0.1.1
[INFO] removed 0 missing examples
[INFO] finished tweaking crates.io crate rat_embed_lang 0.1.1
[INFO] tweaked toml for crates.io crate rat_embed_lang 0.1.1 written to /workspace/builds/worker-2-tc2/source/Cargo.toml
[INFO] validating manifest of crates.io crate rat_embed_lang 0.1.1 on toolchain 1.100.0-beta.1
[INFO] running `Command { std: CARGO_HOME="/workspace/cargo-home" RUSTUP_HOME="/workspace/rustup-home" "/workspace/cargo-home/bin/cargo" "+1.100.0-beta.1" "metadata" "--manifest-path" "Cargo.toml" "--no-deps", kill_on_drop: false }`
[INFO] crate crates.io crate rat_embed_lang 0.1.1 already has a lockfile, it will not be regenerated
[INFO] running `Command { std: CARGO_HOME="/workspace/cargo-home" RUSTUP_HOME="/workspace/rustup-home" "/workspace/cargo-home/bin/cargo" "+1.100.0-beta.1" "fetch" "--manifest-path" "Cargo.toml", kill_on_drop: false }`
[INFO] [stderr] warning: `package.homepage` is redundant with `package.repository`
[INFO] [stderr]   --> Cargo.toml:33:12
[INFO] [stderr]    |
[INFO] [stderr] 33 | homepage = "https://github.com/0ldm0s/rat_embed_lang"
[INFO] [stderr]    |            ^^^^^^^^^^^^^^^^^^^^^^^^^^^^^^^^^^^^^^^^^^
[INFO] [stderr] ...
[INFO] [stderr] 38 | repository = "https://github.com/0ldm0s/rat_embed_lang"
[INFO] [stderr]    |              ------------------------------------------
[INFO] [stderr]    |
[INFO] [stderr]    = note: `cargo::redundant_homepage` is set to `warn` by default
[INFO] [stderr] help: consider removing `package.homepage`
[INFO] [stderr] warning: `rat_embed_lang` (manifest) generated 1 warning
[INFO] running `Command { std: "docker" "create" "-v" "/var/lib/crater-agent-workspace/builds/worker-2-tc2/source:/opt/rustwide/workdir:ro,Z" "-v" "/var/lib/crater-agent-workspace/builds/worker-2-tc2/target:/opt/rustwide/target:rw,Z" "-v" "/var/lib/crater-agent-workspace/cargo-home:/opt/rustwide/cargo-home:ro,Z" "-v" "/var/lib/crater-agent-workspace/rustup-home:/opt/rustwide/rustup-home:ro,Z" "-m" "1610612736" "--network" "none" "ghcr.io/rust-lang/crates-build-env/linux@sha256:77db811e55d90add9212f6832c23229e3de5f1c1f9905e8cb07319ea15df73ac" "sleep" "infinity", kill_on_drop: false }`
[INFO] [stdout] 91fa1ee8ddeea49eafa845a9e20d300ac6eb3784354765e0dde82bcc36b97e9f
[INFO] running `Command { std: "docker" "start" "91fa1ee8ddeea49eafa845a9e20d300ac6eb3784354765e0dde82bcc36b97e9f", kill_on_drop: false }`
[INFO] running `Command { std: "docker" "inspect" "91fa1ee8ddeea49eafa845a9e20d300ac6eb3784354765e0dde82bcc36b97e9f", kill_on_drop: false }`
[INFO] running `Command { std: "docker" "exec" "-e" "SOURCE_DIR=/opt/rustwide/workdir" "-e" "CARGO_HOME=/opt/rustwide/cargo-home" "-e" "RUSTUP_HOME=/opt/rustwide/rustup-home" "-e" "CARGO_TARGET_DIR=/opt/rustwide/target" "-w" "/opt/rustwide/workdir" "--user" "0:0" "91fa1ee8ddeea49eafa845a9e20d300ac6eb3784354765e0dde82bcc36b97e9f" "/opt/rustwide/cargo-home/bin/cargo" "+1.100.0-beta.1" "metadata" "--no-deps" "--format-version=1", kill_on_drop: false }`
[INFO] running `Command { std: "docker" "inspect" "91fa1ee8ddeea49eafa845a9e20d300ac6eb3784354765e0dde82bcc36b97e9f", kill_on_drop: false }`
[INFO] running `Command { std: "docker" "exec" "-e" "SOURCE_DIR=/opt/rustwide/workdir" "-e" "CARGO_HOME=/opt/rustwide/cargo-home" "-e" "RUSTUP_HOME=/opt/rustwide/rustup-home" "-e" "CARGO_TARGET_DIR=/opt/rustwide/target" "-e" "CARGO_INCREMENTAL=0" "-e" "RUST_BACKTRACE=full" "-e" "RUSTFLAGS=--cap-lints=warn" "-e" "RUSTDOCFLAGS=--cap-lints=warn" "-w" "/opt/rustwide/workdir" "--user" "0:0" "91fa1ee8ddeea49eafa845a9e20d300ac6eb3784354765e0dde82bcc36b97e9f" "/opt/rustwide/cargo-home/bin/cargo" "+1.100.0-beta.1" "build" "--frozen" "--message-format=json" "--release", kill_on_drop: false }`
[INFO] [stderr] warning: `package.homepage` is redundant with `package.repository`
[INFO] [stderr]   --> Cargo.toml:33:12
[INFO] [stderr]    |
[INFO] [stderr] 33 | homepage = "https://github.com/0ldm0s/rat_embed_lang"
[INFO] [stderr]    |            ^^^^^^^^^^^^^^^^^^^^^^^^^^^^^^^^^^^^^^^^^^
[INFO] [stderr] ...
[INFO] [stderr] 38 | repository = "https://github.com/0ldm0s/rat_embed_lang"
[INFO] [stderr]    |              ------------------------------------------
[INFO] [stderr]    |
[INFO] [stderr]    = note: `cargo::redundant_homepage` is set to `warn` by default
[INFO] [stderr] help: consider removing `package.homepage`
[INFO] [stderr] warning: `rat_embed_lang` (manifest) generated 1 warning
[INFO] [stderr]    Compiling rat_embed_lang v0.1.1 (/opt/rustwide/workdir)
[INFO] [stdout] warning: unused import: `Arc`
[INFO] [stdout]  --> src/i18n.rs:4:17
[INFO] [stdout]   |
[INFO] [stdout] 4 | use std::sync::{Arc, RwLock};
[INFO] [stdout]   |                 ^^^
[INFO] [stdout]   |
[INFO] [stdout]   = note: `#[warn(unused_imports)]` (part of `#[warn(unused)]`) on by default
[INFO] [stdout] 
[INFO] [stdout] 
[INFO] [stderr]     Finished `release` profile [optimized] target(s) in 0.98s
[INFO] running `Command { std: "docker" "inspect" "91fa1ee8ddeea49eafa845a9e20d300ac6eb3784354765e0dde82bcc36b97e9f", kill_on_drop: false }`
[INFO] running `Command { std: "docker" "exec" "-e" "SOURCE_DIR=/opt/rustwide/workdir" "-e" "CARGO_HOME=/opt/rustwide/cargo-home" "-e" "RUSTUP_HOME=/opt/rustwide/rustup-home" "-e" "CARGO_TARGET_DIR=/opt/rustwide/target" "-e" "CARGO_INCREMENTAL=0" "-e" "RUST_BACKTRACE=full" "-e" "RUSTFLAGS=--cap-lints=warn" "-e" "RUSTDOCFLAGS=--cap-lints=warn" "-w" "/opt/rustwide/workdir" "--user" "0:0" "91fa1ee8ddeea49eafa845a9e20d300ac6eb3784354765e0dde82bcc36b97e9f" "/opt/rustwide/cargo-home/bin/cargo" "+1.100.0-beta.1" "test" "--frozen" "--no-run" "--message-format=json" "--release", kill_on_drop: false }`
[INFO] [stderr] warning: `package.homepage` is redundant with `package.repository`
[INFO] [stderr]   --> Cargo.toml:33:12
[INFO] [stderr]    |
[INFO] [stderr] 33 | homepage = "https://github.com/0ldm0s/rat_embed_lang"
[INFO] [stderr]    |            ^^^^^^^^^^^^^^^^^^^^^^^^^^^^^^^^^^^^^^^^^^
[INFO] [stderr] ...
[INFO] [stderr] 38 | repository = "https://github.com/0ldm0s/rat_embed_lang"
[INFO] [stderr]    |              ------------------------------------------
[INFO] [stderr]    |
[INFO] [stderr]    = note: `cargo::redundant_homepage` is set to `warn` by default
[INFO] [stderr] help: consider removing `package.homepage`
[INFO] [stderr] warning: `rat_embed_lang` (manifest) generated 1 warning
[INFO] [stderr]    Compiling rat_embed_lang v0.1.1 (/opt/rustwide/workdir)
[INFO] [stdout] warning: unused import: `Arc`
[INFO] [stdout]  --> src/i18n.rs:4:17
[INFO] [stdout]   |
[INFO] [stdout] 4 | use std::sync::{Arc, RwLock};
[INFO] [stdout]   |                 ^^^
[INFO] [stdout]   |
[INFO] [stdout]   = note: `#[warn(unused_imports)]` (part of `#[warn(unused)]`) on by default
[INFO] [stdout] 
[INFO] [stdout] 
[INFO] [stdout] warning: unused import: `Arc`
[INFO] [stdout]  --> src/i18n.rs:4:17
[INFO] [stdout]   |
[INFO] [stdout] 4 | use std::sync::{Arc, RwLock};
[INFO] [stdout]   |                 ^^^
[INFO] [stdout]   |
[INFO] [stdout]   = note: `#[warn(unused_imports)]` (part of `#[warn(unused)]`) on by default
[INFO] [stdout] 
[INFO] [stdout] 
[INFO] [stderr]     Finished `release` profile [optimized] target(s) in 1.16s
[INFO] running `Command { std: "docker" "inspect" "91fa1ee8ddeea49eafa845a9e20d300ac6eb3784354765e0dde82bcc36b97e9f", kill_on_drop: false }`
[INFO] running `Command { std: "docker" "exec" "-e" "SOURCE_DIR=/opt/rustwide/workdir" "-e" "CARGO_HOME=/opt/rustwide/cargo-home" "-e" "RUSTUP_HOME=/opt/rustwide/rustup-home" "-e" "CARGO_TARGET_DIR=/opt/rustwide/target" "-e" "CARGO_INCREMENTAL=0" "-e" "RUST_BACKTRACE=full" "-e" "RUSTFLAGS=--cap-lints=warn" "-e" "RUSTDOCFLAGS=--cap-lints=warn" "-w" "/opt/rustwide/workdir" "--user" "0:0" "91fa1ee8ddeea49eafa845a9e20d300ac6eb3784354765e0dde82bcc36b97e9f" "/opt/rustwide/cargo-home/bin/cargo" "+1.100.0-beta.1" "test" "--frozen" "--release", kill_on_drop: false }`
[INFO] [stderr] warning: `package.homepage` is redundant with `package.repository`
[INFO] [stderr]   --> Cargo.toml:33:12
[INFO] [stderr]    |
[INFO] [stderr] 33 | homepage = "https://github.com/0ldm0s/rat_embed_lang"
[INFO] [stderr]    |            ^^^^^^^^^^^^^^^^^^^^^^^^^^^^^^^^^^^^^^^^^^
[INFO] [stderr] ...
[INFO] [stderr] 38 | repository = "https://github.com/0ldm0s/rat_embed_lang"
[INFO] [stderr]    |              ------------------------------------------
[INFO] [stderr]    |
[INFO] [stderr]    = note: `cargo::redundant_homepage` is set to `warn` by default
[INFO] [stderr] help: consider removing `package.homepage`
[INFO] [stderr] warning: `rat_embed_lang` (manifest) generated 1 warning
[INFO] [stderr] warning: unused import: `Arc`
[INFO] [stderr]  --> src/i18n.rs:4:17
[INFO] [stderr]   |
[INFO] [stderr] 4 | use std::sync::{Arc, RwLock};
[INFO] [stderr]   |                 ^^^
[INFO] [stderr]   |
[INFO] [stderr]   = note: `#[warn(unused_imports)]` (part of `#[warn(unused)]`) on by default
[INFO] [stderr] 
[INFO] [stderr] warning: `rat_embed_lang` (lib) generated 1 warning (run `cargo fix --lib -p rat_embed_lang` to apply 1 suggestion)
[INFO] [stderr] warning: `rat_embed_lang` (lib test) generated 1 warning (1 duplicate)
[INFO] [stderr]     Finished `release` profile [optimized] target(s) in 0.04s
[INFO] [stderr]      Running unittests src/lib.rs (/opt/rustwide/target/release/build/rat_embed_lang/20c665165fb0bc24/out/rat_embed_lang-20c665165fb0bc24)
[INFO] [stdout] 
[INFO] [stdout] running 2 tests
[INFO] [stderr]    Doc-tests rat_embed_lang
[INFO] [stdout] test language::tests::test_get_language_from_env ... ok
[INFO] [stdout] test language::tests::test_normalize_language_code ... ok
[INFO] [stdout] 
[INFO] [stdout] test result: ok. 2 passed; 0 failed; 0 ignored; 0 measured; 0 filtered out; finished in 0.00s
[INFO] [stdout] 
[INFO] [stdout] 
[INFO] [stdout] running 1 test
[INFO] [stderr] error: doctest failed, to rerun pass `--doc`
[INFO] [stdout] test src/lib.rs - (line 4) ... FAILED
[INFO] [stdout] 
[INFO] [stdout] failures:
[INFO] [stdout] 
[INFO] [stdout] ---- src/lib.rs - (line 4) stdout ----
[INFO] [stdout] error[E0432]: unresolved import `i18n_embed`
[INFO] [stdout]  --> src/lib.rs:6:5
[INFO] [stdout]   |
[INFO] [stdout] 6 | use i18n_embed::{set_language, register_translations, t};
[INFO] [stdout]   |     ^^^^^^^^^^ use of unresolved module or unlinked crate `i18n_embed`
[INFO] [stdout]   |
[INFO] [stdout]   = help: if you wanted to use a crate named `i18n_embed`, use `cargo add i18n_embed` to add it to your `Cargo.toml`
[INFO] [stdout] 
[INFO] [stdout] error: aborting due to 1 previous error
[INFO] [stdout] 
[INFO] [stdout] For more information about this error, try `rustc --explain E0432`.
[INFO] [stdout] Couldn't compile the test.
[INFO] [stdout] 
[INFO] [stdout] failures:
[INFO] [stdout]     src/lib.rs - (line 4)
[INFO] [stdout] 
[INFO] [stdout] test result: FAILED. 0 passed; 1 failed; 0 ignored; 0 measured; 0 filtered out; finished in 0.07s
[INFO] [stdout] 
[INFO] [stdout] all doctests ran in 0.13s; merged doctests compilation took 0.06s
[INFO] running `Command { std: "docker" "inspect" "91fa1ee8ddeea49eafa845a9e20d300ac6eb3784354765e0dde82bcc36b97e9f", kill_on_drop: false }`
[INFO] running `Command { std: "docker" "rm" "-f" "91fa1ee8ddeea49eafa845a9e20d300ac6eb3784354765e0dde82bcc36b97e9f", kill_on_drop: false }`
[INFO] [stdout] 91fa1ee8ddeea49eafa845a9e20d300ac6eb3784354765e0dde82bcc36b97e9f
