[INFO] fetching crate rassa-raster 0.7.1...
[INFO] testing rassa-raster-0.7.1 against 1.99.0-beta.8+cargoflags=--release for beta-release-1.100-2
[INFO] extracting crate rassa-raster 0.7.1 into /workspace/builds/worker-2-tc1/source
[INFO] started tweaking crates.io crate rassa-raster 0.7.1
[INFO] finished tweaking crates.io crate rassa-raster 0.7.1
[INFO] tweaked toml for crates.io crate rassa-raster 0.7.1 written to /workspace/builds/worker-2-tc1/source/Cargo.toml
[INFO] validating manifest of crates.io crate rassa-raster 0.7.1 on toolchain 1.99.0-beta.8
[INFO] running `Command { std: CARGO_HOME="/workspace/cargo-home" RUSTUP_HOME="/workspace/rustup-home" "/workspace/cargo-home/bin/cargo" "+1.99.0-beta.8" "metadata" "--manifest-path" "Cargo.toml" "--no-deps", kill_on_drop: false }`
[INFO] crate crates.io crate rassa-raster 0.7.1 already has a lockfile, it will not be regenerated
[INFO] running `Command { std: CARGO_HOME="/workspace/cargo-home" RUSTUP_HOME="/workspace/rustup-home" "/workspace/cargo-home/bin/cargo" "+1.99.0-beta.8" "fetch" "--manifest-path" "Cargo.toml", kill_on_drop: false }`
[INFO] [stderr]     Updating crates.io index
[INFO] [stderr]  Downloading crates ...
[INFO] [stderr]   Downloaded resvg v0.48.1
[INFO] [stderr]   Downloaded winreg v0.56.0
[INFO] [stderr]   Downloaded rassa-core v0.7.1
[INFO] [stderr]   Downloaded bytemuck_derive v1.12.0
[INFO] [stderr]   Downloaded rassa-shape v0.7.1
[INFO] [stderr]   Downloaded rassa-fonts v0.7.1
[INFO] [stderr]   Downloaded font-types v0.12.3
[INFO] [stderr]   Downloaded foreign-types-macros v0.2.4
[INFO] [stderr]   Downloaded rassa-unicode v0.7.1
[INFO] [stderr]   Downloaded core-text v22.0.0
[INFO] [stderr]   Downloaded core-graphics v0.25.0
[INFO] [stderr]   Downloaded usvg v0.48.1
[INFO] [stderr]   Downloaded freetype-rs v0.38.0
[INFO] [stderr]   Downloaded fontdue v0.9.4
[INFO] [stderr]   Downloaded freetype-sys v0.23.0
[INFO] running `Command { std: "docker" "create" "-v" "/var/lib/crater-agent-workspace/builds/worker-2-tc1/source:/opt/rustwide/workdir:ro,Z" "-v" "/var/lib/crater-agent-workspace/builds/worker-2-tc1/target:/opt/rustwide/target:rw,Z" "-v" "/var/lib/crater-agent-workspace/cargo-home:/opt/rustwide/cargo-home:ro,Z" "-v" "/var/lib/crater-agent-workspace/rustup-home:/opt/rustwide/rustup-home:ro,Z" "-m" "1610612736" "--network" "none" "ghcr.io/rust-lang/crates-build-env/linux@sha256:77db811e55d90add9212f6832c23229e3de5f1c1f9905e8cb07319ea15df73ac" "sleep" "infinity", kill_on_drop: false }`
[INFO] [stdout] b3c3779ee3061cb8e8386e3792a66942cf860510ad58b5146cf6f48f871a089c
[INFO] running `Command { std: "docker" "start" "b3c3779ee3061cb8e8386e3792a66942cf860510ad58b5146cf6f48f871a089c", kill_on_drop: false }`
[INFO] running `Command { std: "docker" "inspect" "b3c3779ee3061cb8e8386e3792a66942cf860510ad58b5146cf6f48f871a089c", kill_on_drop: false }`
[INFO] running `Command { std: "docker" "exec" "-e" "SOURCE_DIR=/opt/rustwide/workdir" "-e" "CARGO_HOME=/opt/rustwide/cargo-home" "-e" "RUSTUP_HOME=/opt/rustwide/rustup-home" "-e" "CARGO_TARGET_DIR=/opt/rustwide/target" "-w" "/opt/rustwide/workdir" "--user" "0:0" "b3c3779ee3061cb8e8386e3792a66942cf860510ad58b5146cf6f48f871a089c" "/opt/rustwide/cargo-home/bin/cargo" "+1.99.0-beta.8" "metadata" "--no-deps" "--format-version=1", kill_on_drop: false }`
[INFO] running `Command { std: "docker" "inspect" "b3c3779ee3061cb8e8386e3792a66942cf860510ad58b5146cf6f48f871a089c", kill_on_drop: false }`
[INFO] running `Command { std: "docker" "exec" "-e" "SOURCE_DIR=/opt/rustwide/workdir" "-e" "CARGO_HOME=/opt/rustwide/cargo-home" "-e" "RUSTUP_HOME=/opt/rustwide/rustup-home" "-e" "CARGO_TARGET_DIR=/opt/rustwide/target" "-e" "CARGO_INCREMENTAL=0" "-e" "RUST_BACKTRACE=full" "-e" "RUSTFLAGS=--cap-lints=warn" "-e" "RUSTDOCFLAGS=--cap-lints=warn" "-w" "/opt/rustwide/workdir" "--user" "0:0" "b3c3779ee3061cb8e8386e3792a66942cf860510ad58b5146cf6f48f871a089c" "/opt/rustwide/cargo-home/bin/cargo" "+1.99.0-beta.8" "build" "--frozen" "--message-format=json" "--release", kill_on_drop: false }`
[INFO] [stderr]    Compiling syn v3.0.3
[INFO] [stderr]    Compiling find-msvc-tools v0.1.10
[INFO] [stderr]    Compiling simd-adler32 v0.3.10
[INFO] [stderr]    Compiling slotmap v1.1.1
[INFO] [stderr]    Compiling float-cmp v0.9.0
[INFO] [stderr]    Compiling polycool v0.4.0
[INFO] [stderr]    Compiling roxmltree v0.20.0
[INFO] [stderr]    Compiling tinyvec v1.12.0
[INFO] [stderr]    Compiling strict-num v0.1.1
[INFO] [stderr]    Compiling cc v1.4.2
[INFO] [stderr]    Compiling miniz_oxide v0.8.9
[INFO] [stderr]    Compiling kurbo v0.13.1
[INFO] [stderr]    Compiling fontconfig-parser v0.5.8
[INFO] [stderr]    Compiling flate2 v1.1.9
[INFO] [stderr]    Compiling fdeflate v0.3.7
[INFO] [stderr]    Compiling ttf-parser v0.25.1
[INFO] [stderr]    Compiling libz-sys v1.1.29
[INFO] [stderr]    Compiling freetype-sys v0.23.0
[INFO] [stderr]    Compiling memmap2 v0.9.11
[INFO] [stderr]    Compiling roxmltree v0.21.1
[INFO] [stderr]    Compiling svgtypes v0.16.1
[INFO] [stderr]    Compiling fontdb v0.24.0
[INFO] [stderr]    Compiling png v0.18.1
[INFO] [stderr]    Compiling simplecss v0.2.2
[INFO] [stderr]    Compiling yeslogic-fontconfig-sys v6.0.1
[INFO] [stderr]    Compiling rassa-core v0.7.1
[INFO] [stderr]    Compiling pico-args v0.5.0
[INFO] [stderr]    Compiling data-url v0.3.2
[INFO] [stderr]    Compiling imagesize v0.15.0
[INFO] [stderr]    Compiling rassa-unicode v0.7.1
[INFO] [stderr]    Compiling bytemuck_derive v1.12.0
[INFO] [stderr]    Compiling foreign-types-macros v0.2.4
[INFO] [stderr]    Compiling hashbrown v0.15.5
[INFO] [stderr]    Compiling rassa-fonts v0.7.1
[INFO] [stderr]    Compiling dlib v0.5.3
[INFO] [stderr]    Compiling foreign-types-shared v0.3.1
[INFO] [stderr]    Compiling foreign-types v0.5.0
[INFO] [stderr]    Compiling fontdue v0.9.4
[INFO] [stderr]    Compiling freetype-rs v0.38.0
[INFO] [stderr]    Compiling bytemuck v1.25.2
[INFO] [stderr]    Compiling font-types v0.12.3
[INFO] [stderr]    Compiling tiny-skia-path v0.12.0
[INFO] [stderr]    Compiling rgb v0.8.53
[INFO] [stderr]    Compiling read-fonts v0.41.0
[INFO] [stderr]    Compiling tiny-skia v0.12.0
[INFO] [stderr]    Compiling usvg v0.48.1
[INFO] [stderr]    Compiling resvg v0.48.1
[INFO] [stderr]    Compiling harfrust v0.12.0
[INFO] [stderr]    Compiling rassa-shape v0.7.1
[INFO] [stderr]    Compiling rassa-raster v0.7.1 (/opt/rustwide/workdir)
[INFO] [stderr]     Finished `release` profile [optimized] target(s) in 2m 05s
[INFO] running `Command { std: "docker" "inspect" "b3c3779ee3061cb8e8386e3792a66942cf860510ad58b5146cf6f48f871a089c", kill_on_drop: false }`
[INFO] running `Command { std: "docker" "exec" "-e" "SOURCE_DIR=/opt/rustwide/workdir" "-e" "CARGO_HOME=/opt/rustwide/cargo-home" "-e" "RUSTUP_HOME=/opt/rustwide/rustup-home" "-e" "CARGO_TARGET_DIR=/opt/rustwide/target" "-e" "CARGO_INCREMENTAL=0" "-e" "RUST_BACKTRACE=full" "-e" "RUSTFLAGS=--cap-lints=warn" "-e" "RUSTDOCFLAGS=--cap-lints=warn" "-w" "/opt/rustwide/workdir" "--user" "0:0" "b3c3779ee3061cb8e8386e3792a66942cf860510ad58b5146cf6f48f871a089c" "/opt/rustwide/cargo-home/bin/cargo" "+1.99.0-beta.8" "test" "--frozen" "--no-run" "--message-format=json" "--release", kill_on_drop: false }`
[INFO] [stderr]    Compiling rassa-raster v0.7.1 (/opt/rustwide/workdir)
[INFO] [stderr]     Finished `release` profile [optimized] target(s) in 6.31s
[INFO] running `Command { std: "docker" "inspect" "b3c3779ee3061cb8e8386e3792a66942cf860510ad58b5146cf6f48f871a089c", kill_on_drop: false }`
[INFO] running `Command { std: "docker" "exec" "-e" "SOURCE_DIR=/opt/rustwide/workdir" "-e" "CARGO_HOME=/opt/rustwide/cargo-home" "-e" "RUSTUP_HOME=/opt/rustwide/rustup-home" "-e" "CARGO_TARGET_DIR=/opt/rustwide/target" "-e" "CARGO_INCREMENTAL=0" "-e" "RUST_BACKTRACE=full" "-e" "RUSTFLAGS=--cap-lints=warn" "-e" "RUSTDOCFLAGS=--cap-lints=warn" "-w" "/opt/rustwide/workdir" "--user" "0:0" "b3c3779ee3061cb8e8386e3792a66942cf860510ad58b5146cf6f48f871a089c" "/opt/rustwide/cargo-home/bin/cargo" "+1.99.0-beta.8" "test" "--frozen" "--release", kill_on_drop: false }`
[INFO] [stderr]     Finished `release` profile [optimized] target(s) in 0.07s
[INFO] [stderr]      Running unittests src/lib.rs (/opt/rustwide/target/release/deps/rassa_raster-5dd01893cc517954)
[INFO] [stdout] 
[INFO] [stdout] running 27 tests
[INFO] [stdout] test tests::analytic_rasterizer_fills_integer_aligned_rectangle_exactly ... ok
[INFO] [stdout] test tests::analytic_rasterizer_preserves_fractional_rectangle_coverage ... ok
[INFO] [stdout] test tests::fallback_rasterize_keeps_placeholder_path ... ok
[INFO] [stdout] test tests::blur_softens_bitmap_values ... ok
[INFO] [stdout] test tests::entering_cache_scope_applies_stricter_limits_immediately ... ok
[INFO] [stdout] test tests::glyph_cache_evicts_least_recently_used_entry_at_glyph_limit ... ok
[INFO] [stdout] test tests::glyph_cache_limits_are_isolated_by_renderer_namespace ... ok
[INFO] [stdout] test tests::cached_bitmap_reapplies_contextual_shaped_positions ... FAILED
[INFO] [stdout] test tests::glyph_cache_accounts_bitmap_bytes_and_rejects_oversized_entries ... ok
[INFO] [stdout] test tests::hinting_modes_map_to_expected_freetype_flags ... ok
[INFO] [stdout] test tests::glyph_cache_separates_distinct_font_sources_with_identical_metadata ... FAILED
[INFO] [stdout] test tests::harfrust_context_dependent_advance_survives_raster_cache ... FAILED
[INFO] [stdout] test tests::nominal_positioning_keeps_backend_metrics ... ok
[INFO] [stdout] test tests::outline_expansion_grows_bitmap_bounds ... ok
[INFO] [stdout] test tests::positioned_identity_rejects_hinted_rasterization ... ok
[INFO] [stdout] test crossfont::ft::tests::renders_ot_svg_glyphs_from_font_bytes ... ok
[INFO] [stdout] test tests::precomputed_outline_kernel_matches_reference_randomized ... ok
[INFO] [stdout] test tests::raster_crate_does_not_vendor_libass_c_sources ... ok
[INFO] [stdout] test tests::shaped_positioning_overrides_backend_metrics ... ok
[INFO] [stdout] test tests::positioned_identity_q8_motion_reuses_integer_translated_cache_entries ... FAILED
[INFO] [stdout] test tests::vector_bitmap_expansion_rejects_hostile_dimensions_without_panicking ... ok
[INFO] [stdout] test crossfont::ft::fc::tests::font_match ... ok
[INFO] [stdout] test crossfont::ft::fc::tests::font_sort ... ok
[INFO] [stdout] test crossfont::ft::fc::tests::font_sort_with_glyph ... ok
[INFO] [stdout] test tests::rasterize_run_reuses_global_glyph_cache ... ok
[INFO] [stdout] test tests::freetype_italic_rasterization_applies_synthetic_slant ... ok
[INFO] [stdout] test tests::rasterize_run_renders_system_font_bitmaps ... ok
[INFO] [stdout] 
[INFO] [stdout] failures:
[INFO] [stdout] 
[INFO] [stdout] ---- tests::cached_bitmap_reapplies_contextual_shaped_positions stdout ----
[INFO] [stdout] 
[INFO] [stdout] thread 'tests::cached_bitmap_reapplies_contextual_shaped_positions' (1052) panicked at src/lib.rs:2674:14:
[INFO] [stdout] first shaped context should rasterize: RassaError { message: "failed to load font '/opt/rustwide/workdir/../rassa-test/fixtures/libass/compare/test/font2.otf': CannotOpenResource" }
[INFO] [stdout] stack backtrace:
[INFO] [stdout]    0:     0x622305af88a1 - <<std[70759c8f55707aa4]::sys::backtrace::BacktraceLock>::print::DisplayBacktrace as core[df12db4294e9bfd3]::fmt::Display>::fmt
[INFO] [stdout]    1:     0x622305b0f5fa - core[df12db4294e9bfd3]::fmt::write
[INFO] [stdout]    2:     0x622305afd02c - <alloc[2182bb758b4b3781]::vec::Vec<u8> as core[df12db4294e9bfd3]::io::write::Write>::write_fmt
[INFO] [stdout]    3:     0x622305ad3896 - std[70759c8f55707aa4]::panicking::default_hook::{closure#0}
[INFO] [stdout]    4:     0x622305af0619 - std[70759c8f55707aa4]::panicking::default_hook
[INFO] [stdout]    5:     0x6223058e9e60 - test[9d35eded1c95d3be]::test_main_inner::<test[9d35eded1c95d3be]::test_main_static::{closure#0}>::{closure#0}
[INFO] [stdout]    6:     0x622305af07d2 - std[70759c8f55707aa4]::panicking::panic_with_hook
[INFO] [stdout]    7:     0x622305ad3942 - std[70759c8f55707aa4]::panicking::panic_handler::{closure#0}
[INFO] [stdout]    8:     0x622305acc499 - std[70759c8f55707aa4]::sys::backtrace::__rust_end_short_backtrace::<std[70759c8f55707aa4]::panicking::panic_handler::{closure#0}, !>
[INFO] [stdout]    9:     0x622305ad453d - __rustc[8fa7c3cbc660c2b3]::rust_begin_unwind
[INFO] [stdout]   10:     0x622305b0fd2c - core[df12db4294e9bfd3]::panicking::panic_fmt
[INFO] [stdout]   11:     0x622305b0fb02 - core[df12db4294e9bfd3]::result::unwrap_failed
[INFO] [stdout]   12:     0x6223058bfdb8 - rassa_raster[b7d74e0dff869d5e]::tests::cached_bitmap_reapplies_contextual_shaped_positions
[INFO] [stdout]   13:     0x6223058bcdb9 - <rassa_raster[b7d74e0dff869d5e]::tests::cached_bitmap_reapplies_contextual_shaped_positions::{closure#0} as core[df12db4294e9bfd3]::ops::function::FnOnce<()>>::call_once
[INFO] [stdout]   14:     0x6223058dd14b - test[9d35eded1c95d3be]::__rust_begin_short_backtrace::<core[df12db4294e9bfd3]::result::Result<(), alloc[2182bb758b4b3781]::string::String>, fn() -> core[df12db4294e9bfd3]::result::Result<(), alloc[2182bb758b4b3781]::string::String>>
[INFO] [stdout]   15:     0x6223058ea7b5 - test[9d35eded1c95d3be]::run_test::{closure#0}
[INFO] [stdout]   16:     0x6223058e4074 - std[70759c8f55707aa4]::sys::backtrace::__rust_begin_short_backtrace::<test[9d35eded1c95d3be]::run_test::{closure#1}, ()>
[INFO] [stdout]   17:     0x6223058ed912 - <std[70759c8f55707aa4]::thread::lifecycle::spawn_unchecked<test[9d35eded1c95d3be]::run_test::{closure#1}, ()>::{closure#1} as core[df12db4294e9bfd3]::ops::function::FnOnce<()>>::call_once::{shim:vtable#0}
[INFO] [stdout]   18:     0x622305af7ae9 - <std[70759c8f55707aa4]::sys::thread::unix::Thread>::new::thread_start
[INFO] [stdout]   19:     0x76fc03bcfdfa - <unknown>
[INFO] [stdout]   20:     0x76fc03c633d4 - clone
[INFO] [stdout]   21:                0x0 - <unknown>
[INFO] [stdout] 
[INFO] [stdout] ---- tests::glyph_cache_separates_distinct_font_sources_with_identical_metadata stdout ----
[INFO] [stdout] 
[INFO] [stdout] thread 'tests::glyph_cache_separates_distinct_font_sources_with_identical_metadata' (1060) panicked at src/lib.rs:2609:14:
[INFO] [stdout] first attached font should rasterize: RassaError { message: "failed to load font '/opt/rustwide/workdir/../rassa-test/fixtures/libass/compare/test/font1.ttf': CannotOpenResource" }
[INFO] [stdout] stack backtrace:
[INFO] [stdout]    0:     0x622305af88a1 - <<std[70759c8f55707aa4]::sys::backtrace::BacktraceLock>::print::DisplayBacktrace as core[df12db4294e9bfd3]::fmt::Display>::fmt
[INFO] [stdout]    1:     0x622305b0f5fa - core[df12db4294e9bfd3]::fmt::write
[INFO] [stdout]    2:     0x622305afd02c - <alloc[2182bb758b4b3781]::vec::Vec<u8> as core[df12db4294e9bfd3]::io::write::Write>::write_fmt
[INFO] [stdout]    3:     0x622305ad3896 - std[70759c8f55707aa4]::panicking::default_hook::{closure#0}
[INFO] [stdout]    4:     0x622305af0619 - std[70759c8f55707aa4]::panicking::default_hook
[INFO] [stdout]    5:     0x6223058e9e60 - test[9d35eded1c95d3be]::test_main_inner::<test[9d35eded1c95d3be]::test_main_static::{closure#0}>::{closure#0}
[INFO] [stdout]    6:     0x622305af07d2 - std[70759c8f55707aa4]::panicking::panic_with_hook
[INFO] [stdout]    7:     0x622305ad3942 - std[70759c8f55707aa4]::panicking::panic_handler::{closure#0}
[INFO] [stdout]    8:     0x622305acc499 - std[70759c8f55707aa4]::sys::backtrace::__rust_end_short_backtrace::<std[70759c8f55707aa4]::panicking::panic_handler::{closure#0}, !>
[INFO] [stdout]    9:     0x622305ad453d - __rustc[8fa7c3cbc660c2b3]::rust_begin_unwind
[INFO] [stdout]   10:     0x622305b0fd2c - core[df12db4294e9bfd3]::panicking::panic_fmt
[INFO] [stdout]   11:     0x622305b0fb02 - core[df12db4294e9bfd3]::result::unwrap_failed
[INFO] [stdout]   12:     0x6223058c586e - rassa_raster[b7d74e0dff869d5e]::tests::glyph_cache_separates_distinct_font_sources_with_identical_metadata
[INFO] [stdout]   13:     0x6223058bcef9 - <rassa_raster[b7d74e0dff869d5e]::tests::glyph_cache_separates_distinct_font_sources_with_identical_metadata::{closure#0} as core[df12db4294e9bfd3]::ops::function::FnOnce<()>>::call_once
[INFO] [stdout]   14:     0x6223058dd14b - test[9d35eded1c95d3be]::__rust_begin_short_backtrace::<core[df12db4294e9bfd3]::result::Result<(), alloc[2182bb758b4b3781]::string::String>, fn() -> core[df12db4294e9bfd3]::result::Result<(), alloc[2182bb758b4b3781]::string::String>>
[INFO] [stdout]   15:     0x6223058ea7b5 - test[9d35eded1c95d3be]::run_test::{closure#0}
[INFO] [stdout]   16:     0x6223058e4074 - std[70759c8f55707aa4]::sys::backtrace::__rust_begin_short_backtrace::<test[9d35eded1c95d3be]::run_test::{closure#1}, ()>
[INFO] [stdout]   17:     0x6223058ed912 - <std[70759c8f55707aa4]::thread::lifecycle::spawn_unchecked<test[9d35eded1c95d3be]::run_test::{closure#1}, ()>::{closure#1} as core[df12db4294e9bfd3]::ops::function::FnOnce<()>>::call_once::{shim:vtable#0}
[INFO] [stdout]   18:     0x622305af7ae9 - <std[70759c8f55707aa4]::sys::thread::unix::Thread>::new::thread_start
[INFO] [stdout]   19:     0x76fc03bcfdfa - <unknown>
[INFO] [stdout]   20:     0x76fc03c633d4 - clone
[INFO] [stdout]   21:                0x0 - <unknown>
[INFO] [stdout] 
[INFO] [stdout] ---- tests::harfrust_context_dependent_advance_survives_raster_cache stdout ----
[INFO] [stdout] 
[INFO] [stdout] thread 'tests::harfrust_context_dependent_advance_survives_raster_cache' (1061) panicked at src/lib.rs:2754:9:
[INFO] [stdout] assertion `left == right` failed
[INFO] [stdout]   left: Nominal
[INFO] [stdout]  right: Shaped
[INFO] [stdout] stack backtrace:
[INFO] [stdout]    0:     0x622305af88a1 - <<std[70759c8f55707aa4]::sys::backtrace::BacktraceLock>::print::DisplayBacktrace as core[df12db4294e9bfd3]::fmt::Display>::fmt
[INFO] [stdout]    1:     0x622305b0f5fa - core[df12db4294e9bfd3]::fmt::write
[INFO] [stdout]    2:     0x622305afd02c - <alloc[2182bb758b4b3781]::vec::Vec<u8> as core[df12db4294e9bfd3]::io::write::Write>::write_fmt
[INFO] [stdout]    3:     0x622305ad3896 - std[70759c8f55707aa4]::panicking::default_hook::{closure#0}
[INFO] [stdout]    4:     0x622305af0619 - std[70759c8f55707aa4]::panicking::default_hook
[INFO] [stdout]    5:     0x6223058e9e60 - test[9d35eded1c95d3be]::test_main_inner::<test[9d35eded1c95d3be]::test_main_static::{closure#0}>::{closure#0}
[INFO] [stdout]    6:     0x622305af07d2 - std[70759c8f55707aa4]::panicking::panic_with_hook
[INFO] [stdout]    7:     0x622305ad3942 - std[70759c8f55707aa4]::panicking::panic_handler::{closure#0}
[INFO] [stdout]    8:     0x622305acc499 - std[70759c8f55707aa4]::sys::backtrace::__rust_end_short_backtrace::<std[70759c8f55707aa4]::panicking::panic_handler::{closure#0}, !>
[INFO] [stdout]    9:     0x622305ad453d - __rustc[8fa7c3cbc660c2b3]::rust_begin_unwind
[INFO] [stderr] error: test failed, to rerun pass `--lib`
[INFO] [stdout]   10:     0x622305b0fd2c - core[df12db4294e9bfd3]::panicking::panic_fmt
[INFO] [stdout]   11:     0x622305b0fc43 - core[df12db4294e9bfd3]::panicking::assert_failed_inner
[INFO] [stdout]   12:     0x6223058dc450 - core[df12db4294e9bfd3]::panicking::assert_failed::<rassa_shape[1cb364ba894c558d]::GlyphPositioning, rassa_shape[1cb364ba894c558d]::GlyphPositioning>
[INFO] [stdout]   13:     0x6223058c3100 - rassa_raster[b7d74e0dff869d5e]::tests::harfrust_context_dependent_advance_survives_raster_cache
[INFO] [stdout]   14:     0x6223058bce59 - <rassa_raster[b7d74e0dff869d5e]::tests::harfrust_context_dependent_advance_survives_raster_cache::{closure#0} as core[df12db4294e9bfd3]::ops::function::FnOnce<()>>::call_once
[INFO] [stdout]   15:     0x6223058dd14b - test[9d35eded1c95d3be]::__rust_begin_short_backtrace::<core[df12db4294e9bfd3]::result::Result<(), alloc[2182bb758b4b3781]::string::String>, fn() -> core[df12db4294e9bfd3]::result::Result<(), alloc[2182bb758b4b3781]::string::String>>
[INFO] [stdout]   16:     0x6223058ea7b5 - test[9d35eded1c95d3be]::run_test::{closure#0}
[INFO] [stdout]   17:     0x6223058e4074 - std[70759c8f55707aa4]::sys::backtrace::__rust_begin_short_backtrace::<test[9d35eded1c95d3be]::run_test::{closure#1}, ()>
[INFO] [stdout]   18:     0x6223058ed912 - <std[70759c8f55707aa4]::thread::lifecycle::spawn_unchecked<test[9d35eded1c95d3be]::run_test::{closure#1}, ()>::{closure#1} as core[df12db4294e9bfd3]::ops::function::FnOnce<()>>::call_once::{shim:vtable#0}
[INFO] [stdout]   19:     0x622305af7ae9 - <std[70759c8f55707aa4]::sys::thread::unix::Thread>::new::thread_start
[INFO] [stdout]   20:     0x76fc03bcfdfa - <unknown>
[INFO] [stdout]   21:     0x76fc03c633d4 - clone
[INFO] [stdout]   22:                0x0 - <unknown>
[INFO] [stdout] 
[INFO] [stdout] ---- tests::positioned_identity_q8_motion_reuses_integer_translated_cache_entries stdout ----
[INFO] [stdout] 
[INFO] [stdout] thread 'tests::positioned_identity_q8_motion_reuses_integer_translated_cache_entries' (1065) panicked at src/lib.rs:2524:18:
[INFO] [stdout] positioned outline rasterization should succeed: RassaError { message: "failed to load font '/opt/rustwide/workdir/../rassa-test/fixtures/libass/compare/test/font2.otf': CannotOpenResource" }
[INFO] [stdout] stack backtrace:
[INFO] [stdout]    0:     0x622305af88a1 - <<std[70759c8f55707aa4]::sys::backtrace::BacktraceLock>::print::DisplayBacktrace as core[df12db4294e9bfd3]::fmt::Display>::fmt
[INFO] [stdout]    1:     0x622305b0f5fa - core[df12db4294e9bfd3]::fmt::write
[INFO] [stdout]    2:     0x622305afd02c - <alloc[2182bb758b4b3781]::vec::Vec<u8> as core[df12db4294e9bfd3]::io::write::Write>::write_fmt
[INFO] [stdout]    3:     0x622305ad3896 - std[70759c8f55707aa4]::panicking::default_hook::{closure#0}
[INFO] [stdout]    4:     0x622305af0619 - std[70759c8f55707aa4]::panicking::default_hook
[INFO] [stdout]    5:     0x6223058e9e60 - test[9d35eded1c95d3be]::test_main_inner::<test[9d35eded1c95d3be]::test_main_static::{closure#0}>::{closure#0}
[INFO] [stdout]    6:     0x622305af07d2 - std[70759c8f55707aa4]::panicking::panic_with_hook
[INFO] [stdout]    7:     0x622305ad3942 - std[70759c8f55707aa4]::panicking::panic_handler::{closure#0}
[INFO] [stdout]    8:     0x622305acc499 - std[70759c8f55707aa4]::sys::backtrace::__rust_end_short_backtrace::<std[70759c8f55707aa4]::panicking::panic_handler::{closure#0}, !>
[INFO] [stdout]    9:     0x622305ad453d - __rustc[8fa7c3cbc660c2b3]::rust_begin_unwind
[INFO] [stdout]   10:     0x622305b0fd2c - core[df12db4294e9bfd3]::panicking::panic_fmt
[INFO] [stdout]   11:     0x622305b0fb02 - core[df12db4294e9bfd3]::result::unwrap_failed
[INFO] [stdout]   12:     0x6223058c6f35 - rassa_raster[b7d74e0dff869d5e]::tests::positioned_identity_q8_motion_reuses_integer_translated_cache_entries
[INFO] [stdout]   13:     0x6223058bcf39 - <rassa_raster[b7d74e0dff869d5e]::tests::positioned_identity_q8_motion_reuses_integer_translated_cache_entries::{closure#0} as core[df12db4294e9bfd3]::ops::function::FnOnce<()>>::call_once
[INFO] [stdout]   14:     0x6223058dd14b - test[9d35eded1c95d3be]::__rust_begin_short_backtrace::<core[df12db4294e9bfd3]::result::Result<(), alloc[2182bb758b4b3781]::string::String>, fn() -> core[df12db4294e9bfd3]::result::Result<(), alloc[2182bb758b4b3781]::string::String>>
[INFO] [stdout]   15:     0x6223058ea7b5 - test[9d35eded1c95d3be]::run_test::{closure#0}
[INFO] [stdout]   16:     0x6223058e4074 - std[70759c8f55707aa4]::sys::backtrace::__rust_begin_short_backtrace::<test[9d35eded1c95d3be]::run_test::{closure#1}, ()>
[INFO] [stdout]   17:     0x6223058ed912 - <std[70759c8f55707aa4]::thread::lifecycle::spawn_unchecked<test[9d35eded1c95d3be]::run_test::{closure#1}, ()>::{closure#1} as core[df12db4294e9bfd3]::ops::function::FnOnce<()>>::call_once::{shim:vtable#0}
[INFO] [stdout]   18:     0x622305af7ae9 - <std[70759c8f55707aa4]::sys::thread::unix::Thread>::new::thread_start
[INFO] [stdout]   19:     0x76fc03bcfdfa - <unknown>
[INFO] [stdout]   20:     0x76fc03c633d4 - clone
[INFO] [stdout]   21:                0x0 - <unknown>
[INFO] [stdout] 
[INFO] [stdout] 
[INFO] [stdout] failures:
[INFO] [stdout]     tests::cached_bitmap_reapplies_contextual_shaped_positions
[INFO] [stdout]     tests::glyph_cache_separates_distinct_font_sources_with_identical_metadata
[INFO] [stdout]     tests::harfrust_context_dependent_advance_survives_raster_cache
[INFO] [stdout]     tests::positioned_identity_q8_motion_reuses_integer_translated_cache_entries
[INFO] [stdout] 
[INFO] [stdout] test result: FAILED. 23 passed; 4 failed; 0 ignored; 0 measured; 0 filtered out; finished in 0.59s
[INFO] [stdout] 
[INFO] running `Command { std: "docker" "inspect" "b3c3779ee3061cb8e8386e3792a66942cf860510ad58b5146cf6f48f871a089c", kill_on_drop: false }`
[INFO] running `Command { std: "docker" "rm" "-f" "b3c3779ee3061cb8e8386e3792a66942cf860510ad58b5146cf6f48f871a089c", kill_on_drop: false }`
[INFO] [stdout] b3c3779ee3061cb8e8386e3792a66942cf860510ad58b5146cf6f48f871a089c
