[INFO] fetching crate rassa-layout 0.7.1...
[INFO] testing rassa-layout-0.7.1 against 1.99.0-beta.8+cargoflags=--release for beta-release-1.100-2
[INFO] extracting crate rassa-layout 0.7.1 into /workspace/builds/worker-1-tc1/source
[INFO] started tweaking crates.io crate rassa-layout 0.7.1
[INFO] finished tweaking crates.io crate rassa-layout 0.7.1
[INFO] tweaked toml for crates.io crate rassa-layout 0.7.1 written to /workspace/builds/worker-1-tc1/source/Cargo.toml
[INFO] validating manifest of crates.io crate rassa-layout 0.7.1 on toolchain 1.99.0-beta.8
[INFO] running `Command { std: CARGO_HOME="/workspace/cargo-home" RUSTUP_HOME="/workspace/rustup-home" "/workspace/cargo-home/bin/cargo" "+1.99.0-beta.8" "metadata" "--manifest-path" "Cargo.toml" "--no-deps", kill_on_drop: false }`
[INFO] crate crates.io crate rassa-layout 0.7.1 already has a lockfile, it will not be regenerated
[INFO] running `Command { std: CARGO_HOME="/workspace/cargo-home" RUSTUP_HOME="/workspace/rustup-home" "/workspace/cargo-home/bin/cargo" "+1.99.0-beta.8" "fetch" "--manifest-path" "Cargo.toml", kill_on_drop: false }`
[INFO] [stderr]     Updating crates.io index
[INFO] [stderr]  Downloading crates ...
[INFO] [stderr]   Downloaded rassa-core v0.7.1
[INFO] [stderr]   Downloaded rassa-unicode v0.7.1
[INFO] [stderr]   Downloaded wio v0.2.2
[INFO] [stderr]   Downloaded fontdb v0.24.0
[INFO] [stderr]   Downloaded yeslogic-fontconfig-sys v6.0.1
[INFO] [stderr]   Downloaded rassa-fonts v0.7.1
[INFO] [stderr]   Downloaded rassa-shape v0.7.1
[INFO] [stderr]   Downloaded dwrote v0.11.5
[INFO] [stderr]   Downloaded font-types v0.12.3
[INFO] [stderr]   Downloaded core-text v22.0.0
[INFO] [stderr]   Downloaded iconv-native v0.1.0
[INFO] [stderr]   Downloaded imagesize v0.15.0
[INFO] [stderr]   Downloaded winreg v0.56.0
[INFO] [stderr]   Downloaded core-graphics v0.25.0
[INFO] [stderr]   Downloaded rassa-parse v0.7.1
[INFO] [stderr]   Downloaded rassa-raster v0.7.1
[INFO] [stderr]   Downloaded resvg v0.48.1
[INFO] [stderr]   Downloaded freetype-rs v0.38.0
[INFO] [stderr]   Downloaded usvg v0.48.1
[INFO] [stderr]   Downloaded harfrust v0.12.0
[INFO] [stderr]   Downloaded read-fonts v0.41.0
[INFO] [stderr]   Downloaded freetype-sys v0.23.0
[INFO] running `Command { std: "docker" "create" "-v" "/var/lib/crater-agent-workspace/builds/worker-1-tc1/source:/opt/rustwide/workdir:ro,Z" "-v" "/var/lib/crater-agent-workspace/builds/worker-1-tc1/target:/opt/rustwide/target:rw,Z" "-v" "/var/lib/crater-agent-workspace/cargo-home:/opt/rustwide/cargo-home:ro,Z" "-v" "/var/lib/crater-agent-workspace/rustup-home:/opt/rustwide/rustup-home:ro,Z" "-m" "1610612736" "--network" "none" "ghcr.io/rust-lang/crates-build-env/linux@sha256:77db811e55d90add9212f6832c23229e3de5f1c1f9905e8cb07319ea15df73ac" "sleep" "infinity", kill_on_drop: false }`
[INFO] [stdout] c16e75110c6c6fa3b234151314392a455d6c4de22d42a716a87021a679a56144
[INFO] running `Command { std: "docker" "start" "c16e75110c6c6fa3b234151314392a455d6c4de22d42a716a87021a679a56144", kill_on_drop: false }`
[INFO] running `Command { std: "docker" "inspect" "c16e75110c6c6fa3b234151314392a455d6c4de22d42a716a87021a679a56144", kill_on_drop: false }`
[INFO] running `Command { std: "docker" "exec" "-e" "SOURCE_DIR=/opt/rustwide/workdir" "-e" "CARGO_HOME=/opt/rustwide/cargo-home" "-e" "RUSTUP_HOME=/opt/rustwide/rustup-home" "-e" "CARGO_TARGET_DIR=/opt/rustwide/target" "-w" "/opt/rustwide/workdir" "--user" "0:0" "c16e75110c6c6fa3b234151314392a455d6c4de22d42a716a87021a679a56144" "/opt/rustwide/cargo-home/bin/cargo" "+1.99.0-beta.8" "metadata" "--no-deps" "--format-version=1", kill_on_drop: false }`
[INFO] running `Command { std: "docker" "inspect" "c16e75110c6c6fa3b234151314392a455d6c4de22d42a716a87021a679a56144", kill_on_drop: false }`
[INFO] running `Command { std: "docker" "exec" "-e" "SOURCE_DIR=/opt/rustwide/workdir" "-e" "CARGO_HOME=/opt/rustwide/cargo-home" "-e" "RUSTUP_HOME=/opt/rustwide/rustup-home" "-e" "CARGO_TARGET_DIR=/opt/rustwide/target" "-e" "CARGO_INCREMENTAL=0" "-e" "RUST_BACKTRACE=full" "-e" "RUSTFLAGS=--cap-lints=warn" "-e" "RUSTDOCFLAGS=--cap-lints=warn" "-w" "/opt/rustwide/workdir" "--user" "0:0" "c16e75110c6c6fa3b234151314392a455d6c4de22d42a716a87021a679a56144" "/opt/rustwide/cargo-home/bin/cargo" "+1.99.0-beta.8" "build" "--frozen" "--message-format=json" "--release", kill_on_drop: false }`
[INFO] [stderr]    Compiling bytemuck_derive v1.12.0
[INFO] [stderr]    Compiling find-msvc-tools v0.1.10
[INFO] [stderr]    Compiling log v0.4.33
[INFO] [stderr]    Compiling arrayvec v0.7.8
[INFO] [stderr]    Compiling float-cmp v0.9.0
[INFO] [stderr]    Compiling slotmap v1.1.1
[INFO] [stderr]    Compiling roxmltree v0.20.0
[INFO] [stderr]    Compiling fdeflate v0.3.7
[INFO] [stderr]    Compiling tinyvec v1.12.0
[INFO] [stderr]    Compiling rassa-core v0.7.1
[INFO] [stderr]    Compiling roxmltree v0.21.1
[INFO] [stderr]    Compiling yeslogic-fontconfig-sys v6.0.1
[INFO] [stderr]    Compiling core_maths v0.1.1
[INFO] [stderr]    Compiling flate2 v1.1.9
[INFO] [stderr]    Compiling memmap2 v0.9.11
[INFO] [stderr]    Compiling data-url v0.3.2
[INFO] [stderr]    Compiling cc v1.4.2
[INFO] [stderr]    Compiling strict-num v0.1.1
[INFO] [stderr]    Compiling ttf-parser v0.25.1
[INFO] [stderr]    Compiling imagesize v0.15.0
[INFO] [stderr]    Compiling unicode-linebreak v0.1.5
[INFO] [stderr]    Compiling simplecss v0.2.2
[INFO] [stderr]    Compiling unicode-bidi v0.3.18
[INFO] [stderr]    Compiling pico-args v0.5.0
[INFO] [stderr]    Compiling polycool v0.4.0
[INFO] [stderr]    Compiling iconv-native v0.1.0
[INFO] [stderr]    Compiling png v0.18.1
[INFO] [stderr]    Compiling foreign-types-macros v0.2.4
[INFO] [stderr]    Compiling foreign-types-shared v0.3.1
[INFO] [stderr]    Compiling kurbo v0.13.1
[INFO] [stderr]    Compiling fontconfig-parser v0.5.8
[INFO] [stderr]    Compiling rassa-unicode v0.7.1
[INFO] [stderr]    Compiling widestring v1.2.1
[INFO] [stderr]    Compiling foreign-types v0.5.0
[INFO] [stderr]    Compiling bytemuck v1.25.2
[INFO] [stderr]    Compiling fontdb v0.24.0
[INFO] [stderr]    Compiling font-types v0.12.3
[INFO] [stderr]    Compiling tiny-skia-path v0.12.0
[INFO] [stderr]    Compiling rgb v0.8.53
[INFO] [stderr]    Compiling libz-sys v1.1.29
[INFO] [stderr]    Compiling freetype-sys v0.23.0
[INFO] [stderr]    Compiling read-fonts v0.41.0
[INFO] [stderr]    Compiling svgtypes v0.16.1
[INFO] [stderr]    Compiling tiny-skia v0.12.0
[INFO] [stderr]    Compiling freetype-rs v0.38.0
[INFO] [stderr]    Compiling rassa-parse v0.7.1
[INFO] [stderr]    Compiling usvg v0.48.1
[INFO] [stderr]    Compiling rassa-fonts v0.7.1
[INFO] [stderr]    Compiling fontdue v0.9.4
[INFO] [stderr]    Compiling resvg v0.48.1
[INFO] [stderr]    Compiling harfrust v0.12.0
[INFO] [stderr]    Compiling rassa-shape v0.7.1
[INFO] [stderr]    Compiling rassa-raster v0.7.1
[INFO] [stderr]    Compiling rassa-layout v0.7.1 (/opt/rustwide/workdir)
[INFO] [stderr]     Finished `release` profile [optimized] target(s) in 1m 05s
[INFO] running `Command { std: "docker" "inspect" "c16e75110c6c6fa3b234151314392a455d6c4de22d42a716a87021a679a56144", kill_on_drop: false }`
[INFO] running `Command { std: "docker" "exec" "-e" "SOURCE_DIR=/opt/rustwide/workdir" "-e" "CARGO_HOME=/opt/rustwide/cargo-home" "-e" "RUSTUP_HOME=/opt/rustwide/rustup-home" "-e" "CARGO_TARGET_DIR=/opt/rustwide/target" "-e" "CARGO_INCREMENTAL=0" "-e" "RUST_BACKTRACE=full" "-e" "RUSTFLAGS=--cap-lints=warn" "-e" "RUSTDOCFLAGS=--cap-lints=warn" "-w" "/opt/rustwide/workdir" "--user" "0:0" "c16e75110c6c6fa3b234151314392a455d6c4de22d42a716a87021a679a56144" "/opt/rustwide/cargo-home/bin/cargo" "+1.99.0-beta.8" "test" "--frozen" "--no-run" "--message-format=json" "--release", kill_on_drop: false }`
[INFO] [stderr]    Compiling rassa-layout v0.7.1 (/opt/rustwide/workdir)
[INFO] [stderr]     Finished `release` profile [optimized] target(s) in 5.47s
[INFO] running `Command { std: "docker" "inspect" "c16e75110c6c6fa3b234151314392a455d6c4de22d42a716a87021a679a56144", kill_on_drop: false }`
[INFO] running `Command { std: "docker" "exec" "-e" "SOURCE_DIR=/opt/rustwide/workdir" "-e" "CARGO_HOME=/opt/rustwide/cargo-home" "-e" "RUSTUP_HOME=/opt/rustwide/rustup-home" "-e" "CARGO_TARGET_DIR=/opt/rustwide/target" "-e" "CARGO_INCREMENTAL=0" "-e" "RUST_BACKTRACE=full" "-e" "RUSTFLAGS=--cap-lints=warn" "-e" "RUSTDOCFLAGS=--cap-lints=warn" "-w" "/opt/rustwide/workdir" "--user" "0:0" "c16e75110c6c6fa3b234151314392a455d6c4de22d42a716a87021a679a56144" "/opt/rustwide/cargo-home/bin/cargo" "+1.99.0-beta.8" "test" "--frozen" "--release", kill_on_drop: false }`
[INFO] [stderr]     Finished `release` profile [optimized] target(s) in 0.08s
[INFO] [stderr]      Running unittests src/lib.rs (/opt/rustwide/target/release/deps/rassa_layout-2689671591149482)
[INFO] [stdout] 
[INFO] [stdout] running 49 tests
[INFO] [stdout] test tests::auto_justify_uses_effective_alignment_override ... ok
[INFO] [stdout] test tests::all_space_line_keeps_metric_runs_but_has_zero_placement_width ... ok
[INFO] [stdout] test tests::banner_effect_forces_no_wrap_like_libass ... ok
[INFO] [stdout] test tests::banner_effect_makes_lowercase_n_break_before_q_override_like_libass ... ok
[INFO] [stdout] test tests::banner_effect_q_override_controls_lowercase_n_like_libass ... ok
[INFO] [stdout] test tests::encoding_minus_one_implicitly_enables_whole_text_layout ... ok
[INFO] [stdout] test tests::layout_carries_decimal_rectangular_clip_metadata ... ok
[INFO] [stdout] test tests::layout_carries_drawing_runs ... ok
[INFO] [stdout] test tests::layout_carries_clip_metadata ... ok
[INFO] [stdout] test tests::layout_carries_combined_rect_and_vector_clip_metadata ... ok
[INFO] [stdout] test tests::coverage_selected_collection_face_survives_layout_and_shaping ... FAILED
[INFO] [stdout] test tests::layout_carries_fade_metadata ... ok
[INFO] [stdout] test tests::layout_carries_move_metadata ... ok
[INFO] [stdout] test tests::layout_carries_missing_override_metadata ... ok
[INFO] [stdout] test tests::layout_carries_full_fade_metadata ... ok
[INFO] [stdout] test tests::layout_carries_karaoke_metadata ... ok
[INFO] [stdout] test tests::layout_splits_drawing_runs_at_override_blocks_like_libass ... ok
[INFO] [stdout] test tests::layout_applies_font_override_runs ... ok
[INFO] [stdout] test tests::layout_drawing_width_ignores_invalid_spline_extension_points ... ok
[INFO] [stdout] test tests::layout_drawing_width_does_not_split_unicode_whitespace_like_libass ... ok
[INFO] [stdout] test tests::layout_carries_transform_metadata ... ok
[INFO] [stdout] test tests::layout_carries_vector_clip_metadata ... ok
[INFO] [stdout] test tests::layout_q2_disables_automatic_wrapping ... ok
[INFO] [stdout] test tests::layout_splits_lines_on_mandatory_breaks ... ok
[INFO] [stdout] test tests::layout_trims_nonbreaking_newline_spaces_but_preserves_nbsp ... ok
[INFO] [stdout] test tests::layout_uses_style_font_and_event_margins ... ok
[INFO] [stdout] test tests::layout_trims_line_edge_ascii_whitespace_across_style_runs ... ok
[INFO] [stdout] test tests::layout_wrap_trims_only_libass_ascii_spaces ... ok
[INFO] [stdout] test tests::layout_wraps_large_drawing_scale_base_like_libass ... ok
[INFO] [stdout] test tests::layout_wraps_long_text_at_unicode_line_breaks ... ok
[INFO] [stdout] test tests::vertical_font_advances_only_override_eligible_source_clusters ... ok
[INFO] [stdout] test tests::layout_wraps_cjk_using_unicode_line_break_opportunities ... ok
[INFO] [stdout] test tests::layout_uses_decimal_drawing_control_bounds_for_width ... ok
[INFO] [stdout] test tests::vertical_font_marker_is_not_part_of_the_selected_family_name ... ok
[INFO] [stdout] test tests::layout_wraps_exact_positioned_text_against_margins_not_anchor_space ... ok
[INFO] [stdout] test tests::wrap_keeps_each_ligature_cluster_atomic_without_freezing_the_run ... ok
[INFO] [stdout] test tests::whole_text_layout_reorders_mixed_bidi_across_override_runs ... ok
[INFO] [stdout] test tests::layout_wraps_against_default_script_resolution ... ok
[INFO] [stdout] test tests::layout_wraps_positioned_center_text_against_margins_not_anchor_space ... ok
[INFO] [stdout] test tests::layout_accepts_explicit_shaping_mode ... ok
[INFO] [stdout] test tests::layout_wrap_keeps_thai_lower_vowel_with_base_glyph ... ok
[INFO] [stdout] test tests::layout_splits_cjk_text_to_covered_fallback_font_run ... ok
[INFO] [stdout] test tests::positioned_width_accounts_for_italic_overhang_and_negative_bearing ... ok
[INFO] [stdout] test tests::explicit_hard_break_lines_are_not_auto_wrapped_again ... ok
[INFO] [stdout] test tests::script_info_kerning_controls_complex_layout_advances ... ok
[INFO] [stdout] test tests::vertical_font_names_use_font_size_advances_like_libass ... ok
[INFO] [stdout] test tests::override_italic_resolves_italic_font_style ... ok
[INFO] [stdout] test tests::fallback_partition_never_splits_unicode_text_clusters ... ok
[INFO] [stdout] test tests::renderer_wrap_scales_measure_glyphs_spacing_and_margin_width_independently ... ok
[INFO] [stdout] 
[INFO] [stdout] failures:
[INFO] [stdout] 
[INFO] [stdout] ---- tests::coverage_selected_collection_face_survives_layout_and_shaping stdout ----
[INFO] [stdout] 
[INFO] [stdout] thread 'tests::coverage_selected_collection_face_survives_layout_and_shaping' (1179) panicked at src/lib.rs:1544:59:
[INFO] [stdout] first font fixture should read: Os { code: 2, kind: NotFound, message: "No such file or directory" }
[INFO] [stdout] stack backtrace:
[INFO] [stdout]    0:     0x648d28831c01 - <<std[70759c8f55707aa4]::sys::backtrace::BacktraceLock>::print::DisplayBacktrace as core[df12db4294e9bfd3]::fmt::Display>::fmt
[INFO] [stdout]    1:     0x648d288499aa - core[df12db4294e9bfd3]::fmt::write
[INFO] [stdout]    2:     0x648d2883638c - <alloc[2182bb758b4b3781]::vec::Vec<u8> as core[df12db4294e9bfd3]::io::write::Write>::write_fmt
[INFO] [stdout]    3:     0x648d2880c816 - std[70759c8f55707aa4]::panicking::default_hook::{closure#0}
[INFO] [stdout]    4:     0x648d288296a9 - std[70759c8f55707aa4]::panicking::default_hook
[INFO] [stdout]    5:     0x648d285df820 - test[9d35eded1c95d3be]::test_main_inner::<test[9d35eded1c95d3be]::test_main_static::{closure#0}>::{closure#0}
[INFO] [stdout]    6:     0x648d28829862 - std[70759c8f55707aa4]::panicking::panic_with_hook
[INFO] [stdout]    7:     0x648d2880c8c2 - std[70759c8f55707aa4]::panicking::panic_handler::{closure#0}
[INFO] [stdout]    8:     0x648d28805369 - std[70759c8f55707aa4]::sys::backtrace::__rust_end_short_backtrace::<std[70759c8f55707aa4]::panicking::panic_handler::{closure#0}, !>
[INFO] [stdout]    9:     0x648d2880d4bd - __rustc[8fa7c3cbc660c2b3]::rust_begin_unwind
[INFO] [stdout]   10:     0x648d2884a0dc - core[df12db4294e9bfd3]::panicking::panic_fmt
[INFO] [stdout]   11:     0x648d28849eb2 - core[df12db4294e9bfd3]::result::unwrap_failed
[INFO] [stdout]   12:     0x648d285bf53c - rassa_layout[4a2eaca8958d3492]::tests::coverage_selected_collection_face_survives_layout_and_shaping
[INFO] [stdout]   13:     0x648d285b3f79 - <rassa_layout[4a2eaca8958d3492]::tests::coverage_selected_collection_face_survives_layout_and_shaping::{closure#0} as core[df12db4294e9bfd3]::ops::function::FnOnce<()>>::call_once
[INFO] [stdout]   14:     0x648d285d2b0b - test[9d35eded1c95d3be]::__rust_begin_short_backtrace::<core[df12db4294e9bfd3]::result::Result<(), alloc[2182bb758b4b3781]::string::String>, fn() -> core[df12db4294e9bfd3]::result::Result<(), alloc[2182bb758b4b3781]::string::String>>
[INFO] [stdout]   15:     0x648d285e0175 - test[9d35eded1c95d3be]::run_test::{closure#0}
[INFO] [stdout]   16:     0x648d285d9a34 - std[70759c8f55707aa4]::sys::backtrace::__rust_begin_short_backtrace::<test[9d35eded1c95d3be]::run_test::{closure#1}, ()>
[INFO] [stdout]   17:     0x648d285e32d2 - <std[70759c8f55707aa4]::thread::lifecycle::spawn_unchecked<test[9d35eded1c95d3be]::run_test::{closure#1}, ()>::{closure#1} as core[df12db4294e9bfd3]::ops::function::FnOnce<()>>::call_once::{shim:vtable#0}
[INFO] [stdout]   18:     0x648d28830c59 - <std[70759c8f55707aa4]::sys::thread::unix::Thread>::new::thread_start
[INFO] [stdout]   19:     0x7282576dddfa - <unknown>
[INFO] [stdout]   20:     0x7282577713d4 - clone
[INFO] [stdout]   21:                0x0 - <unknown>
[INFO] [stdout] 
[INFO] [stdout] 
[INFO] [stdout] failures:
[INFO] [stdout]     tests::coverage_selected_collection_face_survives_layout_and_shaping
[INFO] [stdout] 
[INFO] [stdout] test result: FAILED. 48 passed; 1 failed; 0 ignored; 0 measured; 0 filtered out; finished in 1.53s
[INFO] [stdout] 
[INFO] [stderr] error: test failed, to rerun pass `--lib`
[INFO] running `Command { std: "docker" "inspect" "c16e75110c6c6fa3b234151314392a455d6c4de22d42a716a87021a679a56144", kill_on_drop: false }`
[INFO] running `Command { std: "docker" "rm" "-f" "c16e75110c6c6fa3b234151314392a455d6c4de22d42a716a87021a679a56144", kill_on_drop: false }`
[INFO] [stdout] c16e75110c6c6fa3b234151314392a455d6c4de22d42a716a87021a679a56144
