[INFO] fetching crate rassa-fonts 0.7.1...
[INFO] testing rassa-fonts-0.7.1 against 1.100.0-beta.1+cargoflags=--release for beta-release-1.100-2
[INFO] extracting crate rassa-fonts 0.7.1 into /workspace/builds/worker-3-tc2/source
[INFO] started tweaking crates.io crate rassa-fonts 0.7.1
[INFO] finished tweaking crates.io crate rassa-fonts 0.7.1
[INFO] tweaked toml for crates.io crate rassa-fonts 0.7.1 written to /workspace/builds/worker-3-tc2/source/Cargo.toml
[INFO] validating manifest of crates.io crate rassa-fonts 0.7.1 on toolchain 1.100.0-beta.1
[INFO] running `Command { std: CARGO_HOME="/workspace/cargo-home" RUSTUP_HOME="/workspace/rustup-home" "/workspace/cargo-home/bin/cargo" "+1.100.0-beta.1" "metadata" "--manifest-path" "Cargo.toml" "--no-deps", kill_on_drop: false }`
[INFO] crate crates.io crate rassa-fonts 0.7.1 already has a lockfile, it will not be regenerated
[INFO] running `Command { std: CARGO_HOME="/workspace/cargo-home" RUSTUP_HOME="/workspace/rustup-home" "/workspace/cargo-home/bin/cargo" "+1.100.0-beta.1" "fetch" "--manifest-path" "Cargo.toml", kill_on_drop: false }`
[INFO] running `Command { std: "docker" "create" "-v" "/var/lib/crater-agent-workspace/builds/worker-3-tc2/source:/opt/rustwide/workdir:ro,Z" "-v" "/var/lib/crater-agent-workspace/builds/worker-3-tc2/target:/opt/rustwide/target:rw,Z" "-v" "/var/lib/crater-agent-workspace/cargo-home:/opt/rustwide/cargo-home:ro,Z" "-v" "/var/lib/crater-agent-workspace/rustup-home:/opt/rustwide/rustup-home:ro,Z" "-m" "1610612736" "--network" "none" "ghcr.io/rust-lang/crates-build-env/linux@sha256:77db811e55d90add9212f6832c23229e3de5f1c1f9905e8cb07319ea15df73ac" "sleep" "infinity", kill_on_drop: false }`
[INFO] [stdout] ff65e32147c25982139d20d53dca4e64a67eb9cefbcd0b3c3a3c50052243c2a9
[INFO] running `Command { std: "docker" "start" "ff65e32147c25982139d20d53dca4e64a67eb9cefbcd0b3c3a3c50052243c2a9", kill_on_drop: false }`
[INFO] running `Command { std: "docker" "inspect" "ff65e32147c25982139d20d53dca4e64a67eb9cefbcd0b3c3a3c50052243c2a9", kill_on_drop: false }`
[INFO] running `Command { std: "docker" "exec" "-e" "SOURCE_DIR=/opt/rustwide/workdir" "-e" "CARGO_HOME=/opt/rustwide/cargo-home" "-e" "RUSTUP_HOME=/opt/rustwide/rustup-home" "-e" "CARGO_TARGET_DIR=/opt/rustwide/target" "-w" "/opt/rustwide/workdir" "--user" "0:0" "ff65e32147c25982139d20d53dca4e64a67eb9cefbcd0b3c3a3c50052243c2a9" "/opt/rustwide/cargo-home/bin/cargo" "+1.100.0-beta.1" "metadata" "--no-deps" "--format-version=1", kill_on_drop: false }`
[INFO] running `Command { std: "docker" "inspect" "ff65e32147c25982139d20d53dca4e64a67eb9cefbcd0b3c3a3c50052243c2a9", kill_on_drop: false }`
[INFO] running `Command { std: "docker" "exec" "-e" "SOURCE_DIR=/opt/rustwide/workdir" "-e" "CARGO_HOME=/opt/rustwide/cargo-home" "-e" "RUSTUP_HOME=/opt/rustwide/rustup-home" "-e" "CARGO_TARGET_DIR=/opt/rustwide/target" "-e" "CARGO_INCREMENTAL=0" "-e" "RUST_BACKTRACE=full" "-e" "RUSTFLAGS=--cap-lints=warn" "-e" "RUSTDOCFLAGS=--cap-lints=warn" "-w" "/opt/rustwide/workdir" "--user" "0:0" "ff65e32147c25982139d20d53dca4e64a67eb9cefbcd0b3c3a3c50052243c2a9" "/opt/rustwide/cargo-home/bin/cargo" "+1.100.0-beta.1" "build" "--frozen" "--message-format=json" "--release", kill_on_drop: false }`
[INFO] [stderr]    Compiling ttf-parser v0.25.1
[INFO] [stderr]    Compiling fontdb v0.24.0
[INFO] [stderr]    Compiling rassa-fonts v0.7.1 (/opt/rustwide/workdir)
[INFO] [stderr]     Finished `release` profile [optimized] target(s) in 6.55s
[INFO] running `Command { std: "docker" "inspect" "ff65e32147c25982139d20d53dca4e64a67eb9cefbcd0b3c3a3c50052243c2a9", kill_on_drop: false }`
[INFO] running `Command { std: "docker" "exec" "-e" "SOURCE_DIR=/opt/rustwide/workdir" "-e" "CARGO_HOME=/opt/rustwide/cargo-home" "-e" "RUSTUP_HOME=/opt/rustwide/rustup-home" "-e" "CARGO_TARGET_DIR=/opt/rustwide/target" "-e" "CARGO_INCREMENTAL=0" "-e" "RUST_BACKTRACE=full" "-e" "RUSTFLAGS=--cap-lints=warn" "-e" "RUSTDOCFLAGS=--cap-lints=warn" "-w" "/opt/rustwide/workdir" "--user" "0:0" "ff65e32147c25982139d20d53dca4e64a67eb9cefbcd0b3c3a3c50052243c2a9" "/opt/rustwide/cargo-home/bin/cargo" "+1.100.0-beta.1" "test" "--frozen" "--no-run" "--message-format=json" "--release", kill_on_drop: false }`
[INFO] [stderr]    Compiling rassa-fonts v0.7.1 (/opt/rustwide/workdir)
[INFO] [stderr]     Finished `release` profile [optimized] target(s) in 3.30s
[INFO] running `Command { std: "docker" "inspect" "ff65e32147c25982139d20d53dca4e64a67eb9cefbcd0b3c3a3c50052243c2a9", kill_on_drop: false }`
[INFO] running `Command { std: "docker" "exec" "-e" "SOURCE_DIR=/opt/rustwide/workdir" "-e" "CARGO_HOME=/opt/rustwide/cargo-home" "-e" "RUSTUP_HOME=/opt/rustwide/rustup-home" "-e" "CARGO_TARGET_DIR=/opt/rustwide/target" "-e" "CARGO_INCREMENTAL=0" "-e" "RUST_BACKTRACE=full" "-e" "RUSTFLAGS=--cap-lints=warn" "-e" "RUSTDOCFLAGS=--cap-lints=warn" "-w" "/opt/rustwide/workdir" "--user" "0:0" "ff65e32147c25982139d20d53dca4e64a67eb9cefbcd0b3c3a3c50052243c2a9" "/opt/rustwide/cargo-home/bin/cargo" "+1.100.0-beta.1" "test" "--frozen" "--release", kill_on_drop: false }`
[INFO] [stderr]     Finished `release` profile [optimized] target(s) in 0.03s
[INFO] [stderr]      Running unittests src/lib.rs (/opt/rustwide/target/release/build/rassa-fonts/64c6028304936e56/out/rassa_fonts-64c6028304936e56)
[INFO] [stdout] 
[INFO] [stdout] running 37 tests
[INFO] [stdout] test legacy_charmap::tests::symbol_and_arabic_charset_maps_match_libass_generated_data ... ok
[INFO] [stdout] test legacy_charmap::tests::official_traditional_arabic_fixture_resolves_unicode_to_real_glyph ... ok
[INFO] [stdout] test tests::attached_provider_uses_legacy_family_instead_of_typographic_family ... FAILED
[INFO] [stdout] test tests::directory_provider_decodes_legacy_windows_family_names_as_utf16be ... ok
[INFO] [stdout] test fontconfig_pattern_requests_weight_and_slant_for_bold_italic ... ok
[INFO] [stdout] test tests::attached_provider_selects_collection_face_with_required_glyphs ... FAILED
[INFO] [stdout] test legacy_charmap::tests::official_big5_hkscs_fixture_resolves_unicode_to_real_glyph ... ok
[INFO] [stdout] test tests::attached_provider_indexes_every_face_in_font_collection ... FAILED
[INFO] [stdout] test tests::directory_provider_uses_legacy_family_instead_of_typographic_family ... FAILED
[INFO] [stdout] test tests::directory_provider_resolves_full_and_postscript_names_like_libass ... FAILED
[INFO] [stdout] test legacy_charmap::tests::libass_multibyte_encodings_pack_exact_legacy_codes ... ok
[INFO] [stdout] test tests::full_and_postscript_fallback_respects_outline_type_like_libass ... ok
[INFO] [stdout] test fontconfig_pattern_preserves_numeric_weight ... ok
[INFO] [stdout] test legacy_charmap::tests::official_shift_jis_fixture_resolves_unicode_to_real_glyph ... ok
[INFO] [stdout] test tests::default_font_file_provider_falls_back_to_configured_path ... ok
[INFO] [stdout] test legacy_charmap::tests::official_simplified_arabic_fixture_resolves_unicode_to_real_glyph ... ok
[INFO] [stdout] test tests::local_family_matching_preserves_spaces_and_non_ascii_case ... ok
[INFO] [stdout] test tests::local_font_selection_does_not_match_attachment_filename ... FAILED
[INFO] [stdout] test tests::local_font_selection_honors_provider_order_for_full_name_score_zero ... ok
[INFO] [stdout] test legacy_charmap::tests::font_support_accepts_all_official_nonunicode_regression_text ... ok
[INFO] [stdout] test tests::wrapper_cache_keys_follow_cacheable_child_invalidation ... ok
[INFO] [stdout] test tests::instance_keys_distinguish_live_providers_and_forward_through_wrappers ... ok
[INFO] [stdout] test tests::null_provider_returns_unresolved_match ... ok
[INFO] [stdout] test tests::provider_cache_keys_are_collision_free_and_clone_stable ... ok
[INFO] [stdout] test tests::windows_family_names_exclude_other_platform_aliases ... FAILED
[INFO] [stdout] test tests::wrappers_do_not_cache_an_uncacheable_child ... ok
[INFO] [stdout] test tests::fontconfig_provider_resolves_system_font ... ok
[INFO] [stdout] test tests::fontconfig_provider_applies_fontconfig_substitutions_for_generic_families ... ok
[INFO] [stdout] test tests::fontconfig_provider_scopes_queries_to_custom_config ... ok
[INFO] [stdout] test tests::directory_provider_indexes_only_usable_non_hidden_fonts ... ok
[INFO] [stdout] test tests::fontconfig_provider_uses_arial_default_for_missing_specific_family_like_libass ... ok
[INFO] [stdout] test tests::fontconfig_provider_caches_identical_resolve_queries ... ok
[INFO] [stdout] test tests::fontconfig_provider_does_not_synthesize_weight_for_real_bold_face ... ok
[INFO] [stdout] test tests::fontconfig_provider_respects_requested_weight_style ... ok
[INFO] [stdout] test tests::fontconfig_can_resolve_cjk_font_for_character_coverage ... ok
[INFO] [stdout] test tests::merged_provider_falls_back_to_secondary ... ok
[INFO] [stdout] test tests::attached_font_provider_resolves_materialized_attachment ... ok
[INFO] [stdout] 
[INFO] [stdout] failures:
[INFO] [stdout] 
[INFO] [stdout] ---- tests::attached_provider_uses_legacy_family_instead_of_typographic_family stdout ----
[INFO] [stdout] 
[INFO] [stdout] thread 'tests::attached_provider_uses_legacy_family_instead_of_typographic_family' (241) panicked at src/lib.rs:1842:39:
[INFO] [stdout] Aileron fixture should be readable: Os { code: 2, kind: NotFound, message: "No such file or directory" }
[INFO] [stdout] stack backtrace:
[INFO] [stdout]    0:     0x5fc6d938d991 - <<std[617be2ca0a6fd877]::sys::backtrace::BacktraceLock>::print::DisplayBacktrace as core[a373ad73a504971]::fmt::Display>::fmt
[INFO] [stdout]    1:     0x5fc6d93a3ada - core[a373ad73a504971]::fmt::write
[INFO] [stdout]    2:     0x5fc6d939208c - <alloc[2e1b2a31b91974c5]::vec::Vec<u8> as core[a373ad73a504971]::io::write::Write>::write_fmt
[INFO] [stdout]    3:     0x5fc6d9366676 - std[617be2ca0a6fd877]::panicking::default_hook::{closure#0}
[INFO] [stdout]    4:     0x5fc6d9384179 - std[617be2ca0a6fd877]::panicking::default_hook
[INFO] [stdout]    5:     0x5fc6d92de090 - test[aada8e7e76ba119b]::test_main_inner::{closure#0}
[INFO] [stdout]    6:     0x5fc6d9384332 - std[617be2ca0a6fd877]::panicking::panic_with_hook
[INFO] [stdout]    7:     0x5fc6d9366722 - std[617be2ca0a6fd877]::panicking::panic_handler::{closure#0}
[INFO] [stdout]    8:     0x5fc6d935f0e9 - std[617be2ca0a6fd877]::sys::backtrace::__rust_end_short_backtrace::<std[617be2ca0a6fd877]::panicking::panic_handler::{closure#0}, !>
[INFO] [stdout]    9:     0x5fc6d936732d - __rustc[ea4f61d10b84890b]::rust_begin_unwind
[INFO] [stdout]   10:     0x5fc6d93a420c - core[a373ad73a504971]::panicking::panic_fmt
[INFO] [stdout]   11:     0x5fc6d93a3fe2 - core[a373ad73a504971]::result::unwrap_failed
[INFO] [stdout]   12:     0x5fc6d92bead6 - rassa_fonts[8946c7f77f90fff2]::tests::font_with_distinct_typographic_and_legacy_families
[INFO] [stdout]   13:     0x5fc6d92c6023 - <rassa_fonts[8946c7f77f90fff2]::tests::attached_provider_uses_legacy_family_instead_of_typographic_family::{closure#0} as core[a373ad73a504971]::ops::function::FnOnce<()>>::call_once
[INFO] [stdout]   14:     0x5fc6d92d14db - test[aada8e7e76ba119b]::__rust_begin_short_backtrace::<core[a373ad73a504971]::result::Result<(), alloc[2e1b2a31b91974c5]::string::String>, fn() -> core[a373ad73a504971]::result::Result<(), alloc[2e1b2a31b91974c5]::string::String>>
[INFO] [stdout]   15:     0x5fc6d92de6b5 - test[aada8e7e76ba119b]::run_test::{closure#0}
[INFO] [stdout]   16:     0x5fc6d92d7fa4 - std[617be2ca0a6fd877]::sys::backtrace::__rust_begin_short_backtrace::<test[aada8e7e76ba119b]::run_test::{closure#1}, ()>
[INFO] [stdout]   17:     0x5fc6d92e1742 - <std[617be2ca0a6fd877]::thread::lifecycle::spawn_unchecked<test[aada8e7e76ba119b]::run_test::{closure#1}, ()>::{closure#1} as core[a373ad73a504971]::ops::function::FnOnce<()>>::call_once::{shim:vtable#0}
[INFO] [stdout]   18:     0x5fc6d938c8df - <std[617be2ca0a6fd877]::sys::thread::unix::Thread>::new::thread_start
[INFO] [stdout]   19:     0x7b1b48b29dfa - <unknown>
[INFO] [stdout]   20:     0x7b1b48bbd3d4 - clone
[INFO] [stdout]   21:                0x0 - <unknown>
[INFO] [stdout] 
[INFO] [stdout] ---- tests::attached_provider_selects_collection_face_with_required_glyphs stdout ----
[INFO] [stdout] 
[INFO] [stdout] thread 'tests::attached_provider_selects_collection_face_with_required_glyphs' (240) panicked at src/lib.rs:1903:62:
[INFO] [stdout] TTF fixture should read: Os { code: 2, kind: NotFound, message: "No such file or directory" }
[INFO] [stdout] stack backtrace:
[INFO] [stdout]    0:     0x5fc6d938d991 - <<std[617be2ca0a6fd877]::sys::backtrace::BacktraceLock>::print::DisplayBacktrace as core[a373ad73a504971]::fmt::Display>::fmt
[INFO] [stdout]    1:     0x5fc6d93a3ada - core[a373ad73a504971]::fmt::write
[INFO] [stdout]    2:     0x5fc6d939208c - <alloc[2e1b2a31b91974c5]::vec::Vec<u8> as core[a373ad73a504971]::io::write::Write>::write_fmt
[INFO] [stdout]    3:     0x5fc6d9366676 - std[617be2ca0a6fd877]::panicking::default_hook::{closure#0}
[INFO] [stdout]    4:     0x5fc6d9384179 - std[617be2ca0a6fd877]::panicking::default_hook
[INFO] [stdout]    5:     0x5fc6d92de090 - test[aada8e7e76ba119b]::test_main_inner::{closure#0}
[INFO] [stdout]    6:     0x5fc6d9384332 - std[617be2ca0a6fd877]::panicking::panic_with_hook
[INFO] [stdout]    7:     0x5fc6d9366722 - std[617be2ca0a6fd877]::panicking::panic_handler::{closure#0}
[INFO] [stdout]    8:     0x5fc6d935f0e9 - std[617be2ca0a6fd877]::sys::backtrace::__rust_end_short_backtrace::<std[617be2ca0a6fd877]::panicking::panic_handler::{closure#0}, !>
[INFO] [stdout]    9:     0x5fc6d936732d - __rustc[ea4f61d10b84890b]::rust_begin_unwind
[INFO] [stdout]   10:     0x5fc6d93a420c - core[a373ad73a504971]::panicking::panic_fmt
[INFO] [stdout]   11:     0x5fc6d93a3fe2 - core[a373ad73a504971]::result::unwrap_failed
[INFO] [stdout]   12:     0x5fc6d92bde5d - rassa_fonts[8946c7f77f90fff2]::tests::two_face_collection
[INFO] [stdout]   13:     0x5fc6d92c443e - <rassa_fonts[8946c7f77f90fff2]::tests::attached_provider_selects_collection_face_with_required_glyphs::{closure#0} as core[a373ad73a504971]::ops::function::FnOnce<()>>::call_once
[INFO] [stdout]   14:     0x5fc6d92d14db - test[aada8e7e76ba119b]::__rust_begin_short_backtrace::<core[a373ad73a504971]::result::Result<(), alloc[2e1b2a31b91974c5]::string::String>, fn() -> core[a373ad73a504971]::result::Result<(), alloc[2e1b2a31b91974c5]::string::String>>
[INFO] [stdout]   15:     0x5fc6d92de6b5 - test[aada8e7e76ba119b]::run_test::{closure#0}
[INFO] [stdout]   16:     0x5fc6d92d7fa4 - std[617be2ca0a6fd877]::sys::backtrace::__rust_begin_short_backtrace::<test[aada8e7e76ba119b]::run_test::{closure#1}, ()>
[INFO] [stdout]   17:     0x5fc6d92e1742 - <std[617be2ca0a6fd877]::thread::lifecycle::spawn_unchecked<test[aada8e7e76ba119b]::run_test::{closure#1}, ()>::{closure#1} as core[a373ad73a504971]::ops::function::FnOnce<()>>::call_once::{shim:vtable#0}
[INFO] [stdout]   18:     0x5fc6d938c8df - <std[617be2ca0a6fd877]::sys::thread::unix::Thread>::new::thread_start
[INFO] [stdout]   19:     0x7b1b48b29dfa - <unknown>
[INFO] [stdout]   20:     0x7b1b48bbd3d4 - clone
[INFO] [stdout]   21:                0x0 - <unknown>
[INFO] [stdout] 
[INFO] [stdout] ---- tests::attached_provider_indexes_every_face_in_font_collection stdout ----
[INFO] [stdout] 
[INFO] [stdout] thread 'tests::attached_provider_indexes_every_face_in_font_collection' (239) panicked at src/lib.rs:1903:62:
[INFO] [stdout] TTF fixture should read: Os { code: 2, kind: NotFound, message: "No such file or directory" }
[INFO] [stdout] stack backtrace:
[INFO] [stdout]    0:     0x5fc6d938d991 - <<std[617be2ca0a6fd877]::sys::backtrace::BacktraceLock>::print::DisplayBacktrace as core[a373ad73a504971]::fmt::Display>::fmt
[INFO] [stdout]    1:     0x5fc6d93a3ada - core[a373ad73a504971]::fmt::write
[INFO] [stdout]    2:     0x5fc6d939208c - <alloc[2e1b2a31b91974c5]::vec::Vec<u8> as core[a373ad73a504971]::io::write::Write>::write_fmt
[INFO] [stdout]    3:     0x5fc6d9366676 - std[617be2ca0a6fd877]::panicking::default_hook::{closure#0}
[INFO] [stdout]    4:     0x5fc6d9384179 - std[617be2ca0a6fd877]::panicking::default_hook
[INFO] [stdout]    5:     0x5fc6d92de090 - test[aada8e7e76ba119b]::test_main_inner::{closure#0}
[INFO] [stdout]    6:     0x5fc6d9384332 - std[617be2ca0a6fd877]::panicking::panic_with_hook
[INFO] [stdout]    7:     0x5fc6d9366722 - std[617be2ca0a6fd877]::panicking::panic_handler::{closure#0}
[INFO] [stdout]    8:     0x5fc6d935f0e9 - std[617be2ca0a6fd877]::sys::backtrace::__rust_end_short_backtrace::<std[617be2ca0a6fd877]::panicking::panic_handler::{closure#0}, !>
[INFO] [stdout]    9:     0x5fc6d936732d - __rustc[ea4f61d10b84890b]::rust_begin_unwind
[INFO] [stdout]   10:     0x5fc6d93a420c - core[a373ad73a504971]::panicking::panic_fmt
[INFO] [stdout]   11:     0x5fc6d93a3fe2 - core[a373ad73a504971]::result::unwrap_failed
[INFO] [stdout]   12:     0x5fc6d92bde5d - rassa_fonts[8946c7f77f90fff2]::tests::two_face_collection
[INFO] [stdout]   13:     0x5fc6d92c2869 - <rassa_fonts[8946c7f77f90fff2]::tests::attached_provider_indexes_every_face_in_font_collection::{closure#0} as core[a373ad73a504971]::ops::function::FnOnce<()>>::call_once
[INFO] [stdout]   14:     0x5fc6d92d14db - test[aada8e7e76ba119b]::__rust_begin_short_backtrace::<core[a373ad73a504971]::result::Result<(), alloc[2e1b2a31b91974c5]::string::String>, fn() -> core[a373ad73a504971]::result::Result<(), alloc[2e1b2a31b91974c5]::string::String>>
[INFO] [stdout]   15:     0x5fc6d92de6b5 - test[aada8e7e76ba119b]::run_test::{closure#0}
[INFO] [stdout]   16:     0x5fc6d92d7fa4 - std[617be2ca0a6fd877]::sys::backtrace::__rust_begin_short_backtrace::<test[aada8e7e76ba119b]::run_test::{closure#1}, ()>
[INFO] [stdout]   17:     0x5fc6d92e1742 - <std[617be2ca0a6fd877]::thread::lifecycle::spawn_unchecked<test[aada8e7e76ba119b]::run_test::{closure#1}, ()>::{closure#1} as core[a373ad73a504971]::ops::function::FnOnce<()>>::call_once::{shim:vtable#0}
[INFO] [stdout]   18:     0x5fc6d938c8df - <std[617be2ca0a6fd877]::sys::thread::unix::Thread>::new::thread_start
[INFO] [stdout]   19:     0x7b1b48b29dfa - <unknown>
[INFO] [stdout]   20:     0x7b1b48bbd3d4 - clone
[INFO] [stdout]   21:                0x0 - <unknown>
[INFO] [stdout] 
[INFO] [stdout] ---- tests::directory_provider_uses_legacy_family_instead_of_typographic_family stdout ----
[INFO] [stdout] 
[INFO] [stdout] thread 'tests::directory_provider_uses_legacy_family_instead_of_typographic_family' (246) panicked at src/lib.rs:1842:39:
[INFO] [stdout] Aileron fixture should be readable: Os { code: 2, kind: NotFound, message: "No such file or directory" }
[INFO] [stdout] stack backtrace:
[INFO] [stdout]    0:     0x5fc6d938d991 - <<std[617be2ca0a6fd877]::sys::backtrace::BacktraceLock>::print::DisplayBacktrace as core[a373ad73a504971]::fmt::Display>::fmt
[INFO] [stdout]    1:     0x5fc6d93a3ada - core[a373ad73a504971]::fmt::write
[INFO] [stdout]    2:     0x5fc6d939208c - <alloc[2e1b2a31b91974c5]::vec::Vec<u8> as core[a373ad73a504971]::io::write::Write>::write_fmt
[INFO] [stdout]    3:     0x5fc6d9366676 - std[617be2ca0a6fd877]::panicking::default_hook::{closure#0}
[INFO] [stdout]    4:     0x5fc6d9384179 - std[617be2ca0a6fd877]::panicking::default_hook
[INFO] [stdout]    5:     0x5fc6d92de090 - test[aada8e7e76ba119b]::test_main_inner::{closure#0}
[INFO] [stdout]    6:     0x5fc6d9384332 - std[617be2ca0a6fd877]::panicking::panic_with_hook
[INFO] [stdout]    7:     0x5fc6d9366722 - std[617be2ca0a6fd877]::panicking::panic_handler::{closure#0}
[INFO] [stdout]    8:     0x5fc6d935f0e9 - std[617be2ca0a6fd877]::sys::backtrace::__rust_end_short_backtrace::<std[617be2ca0a6fd877]::panicking::panic_handler::{closure#0}, !>
[INFO] [stdout]    9:     0x5fc6d936732d - __rustc[ea4f61d10b84890b]::rust_begin_unwind
[INFO] [stdout]   10:     0x5fc6d93a420c - core[a373ad73a504971]::panicking::panic_fmt
[INFO] [stdout]   11:     0x5fc6d93a3fe2 - core[a373ad73a504971]::result::unwrap_failed
[INFO] [stdout]   12:     0x5fc6d92bead6 - rassa_fonts[8946c7f77f90fff2]::tests::font_with_distinct_typographic_and_legacy_families
[INFO] [stdout]   13:     0x5fc6d92c6595 - <rassa_fonts[8946c7f77f90fff2]::tests::directory_provider_uses_legacy_family_instead_of_typographic_family::{closure#0} as core[a373ad73a504971]::ops::function::FnOnce<()>>::call_once
[INFO] [stdout]   14:     0x5fc6d92d14db - test[aada8e7e76ba119b]::__rust_begin_short_backtrace::<core[a373ad73a504971]::result::Result<(), alloc[2e1b2a31b91974c5]::string::String>, fn() -> core[a373ad73a504971]::result::Result<(), alloc[2e1b2a31b91974c5]::string::String>>
[INFO] [stdout]   15:     0x5fc6d92de6b5 - test[aada8e7e76ba119b]::run_test::{closure#0}
[INFO] [stdout]   16:     0x5fc6d92d7fa4 - std[617be2ca0a6fd877]::sys::backtrace::__rust_begin_short_backtrace::<test[aada8e7e76ba119b]::run_test::{closure#1}, ()>
[INFO] [stdout]   17:     0x5fc6d92e1742 - <std[617be2ca0a6fd877]::thread::lifecycle::spawn_unchecked<test[aada8e7e76ba119b]::run_test::{closure#1}, ()>::{closure#1} as core[a373ad73a504971]::ops::function::FnOnce<()>>::call_once::{shim:vtable#0}
[INFO] [stdout]   18:     0x5fc6d938c8df - <std[617be2ca0a6fd877]::sys::thread::unix::Thread>::new::thread_start
[INFO] [stdout]   19:     0x7b1b48b29dfa - <unknown>
[INFO] [stdout]   20:     0x7b1b48bbd3d4 - clone
[INFO] [stdout]   21:                0x0 - <unknown>
[INFO] [stdout] 
[INFO] [stdout] ---- tests::directory_provider_resolves_full_and_postscript_names_like_libass stdout ----
[INFO] [stdout] 
[INFO] [stdout] thread 'tests::directory_provider_resolves_full_and_postscript_names_like_libass' (245) panicked at src/lib.rs:2362:61:
[INFO] [stdout] TrueType fixture should copy: Os { code: 2, kind: NotFound, message: "No such file or directory" }
[INFO] [stdout] stack backtrace:
[INFO] [stdout]    0:     0x5fc6d938d991 - <<std[617be2ca0a6fd877]::sys::backtrace::BacktraceLock>::print::DisplayBacktrace as core[a373ad73a504971]::fmt::Display>::fmt
[INFO] [stdout]    1:     0x5fc6d93a3ada - core[a373ad73a504971]::fmt::write
[INFO] [stdout]    2:     0x5fc6d939208c - <alloc[2e1b2a31b91974c5]::vec::Vec<u8> as core[a373ad73a504971]::io::write::Write>::write_fmt
[INFO] [stdout]    3:     0x5fc6d9366676 - std[617be2ca0a6fd877]::panicking::default_hook::{closure#0}
[INFO] [stdout]    4:     0x5fc6d9384179 - std[617be2ca0a6fd877]::panicking::default_hook
[INFO] [stdout]    5:     0x5fc6d92de090 - test[aada8e7e76ba119b]::test_main_inner::{closure#0}
[INFO] [stdout]    6:     0x5fc6d9384332 - std[617be2ca0a6fd877]::panicking::panic_with_hook
[INFO] [stdout]    7:     0x5fc6d9366722 - std[617be2ca0a6fd877]::panicking::panic_handler::{closure#0}
[INFO] [stdout]    8:     0x5fc6d935f0e9 - std[617be2ca0a6fd877]::sys::backtrace::__rust_end_short_backtrace::<std[617be2ca0a6fd877]::panicking::panic_handler::{closure#0}, !>
[INFO] [stdout]    9:     0x5fc6d936732d - __rustc[ea4f61d10b84890b]::rust_begin_unwind
[INFO] [stdout]   10:     0x5fc6d93a420c - core[a373ad73a504971]::panicking::panic_fmt
[INFO] [stdout]   11:     0x5fc6d93a3fe2 - core[a373ad73a504971]::result::unwrap_failed
[INFO] [stdout]   12:     0x5fc6d92c55df - <rassa_fonts[8946c7f77f90fff2]::tests::directory_provider_resolves_full_and_postscript_names_like_libass::{closure#0} as core[a373ad73a504971]::ops::function::FnOnce<()>>::call_once
[INFO] [stdout]   13:     0x5fc6d92d14db - test[aada8e7e76ba119b]::__rust_begin_short_backtrace::<core[a373ad73a504971]::result::Result<(), alloc[2e1b2a31b91974c5]::string::String>, fn() -> core[a373ad73a504971]::result::Result<(), alloc[2e1b2a31b91974c5]::string::String>>
[INFO] [stdout]   14:     0x5fc6d92de6b5 - test[aada8e7e76ba119b]::run_test::{closure#0}
[INFO] [stdout]   15:     0x5fc6d92d7fa4 - std[617be2ca0a6fd877]::sys::backtrace::__rust_begin_short_backtrace::<test[aada8e7e76ba119b]::run_test::{closure#1}, ()>
[INFO] [stdout]   16:     0x5fc6d92e1742 - <std[617be2ca0a6fd877]::thread::lifecycle::spawn_unchecked<test[aada8e7e76ba119b]::run_test::{closure#1}, ()>::{closure#1} as core[a373ad73a504971]::ops::function::FnOnce<()>>::call_once::{shim:vtable#0}
[INFO] [stdout]   17:     0x5fc6d938c8df - <std[617be2ca0a6fd877]::sys::thread::unix::Thread>::new::thread_start
[INFO] [stdout]   18:     0x7b1b48b29dfa - <unknown>
[INFO] [stdout]   19:     0x7b1b48bbd3d4 - clone
[INFO] [stdout]   20:                0x0 - <unknown>
[INFO] [stdout] 
[INFO] [stdout] ---- tests::local_font_selection_does_not_match_attachment_filename stdout ----
[INFO] [stdout] 
[INFO] [stdout] thread 'tests::local_font_selection_does_not_match_attachment_filename' (266) panicked at src/lib.rs:2275:18:
[INFO] [stdout] font fixture should read: Os { code: 2, kind: NotFound, message: "No such file or directory" }
[INFO] [stdout] stack backtrace:
[INFO] [stdout]    0:     0x5fc6d938d991 - <<std[617be2ca0a6fd877]::sys::backtrace::BacktraceLock>::print::DisplayBacktrace as core[a373ad73a504971]::fmt::Display>::fmt
[INFO] [stdout]    1:     0x5fc6d93a3ada - core[a373ad73a504971]::fmt::write
[INFO] [stdout]    2:     0x5fc6d939208c - <alloc[2e1b2a31b91974c5]::vec::Vec<u8> as core[a373ad73a504971]::io::write::Write>::write_fmt
[INFO] [stdout]    3:     0x5fc6d9366676 - std[617be2ca0a6fd877]::panicking::default_hook::{closure#0}
[INFO] [stdout]    4:     0x5fc6d9384179 - std[617be2ca0a6fd877]::panicking::default_hook
[INFO] [stdout]    5:     0x5fc6d92de090 - test[aada8e7e76ba119b]::test_main_inner::{closure#0}
[INFO] [stdout]    6:     0x5fc6d9384332 - std[617be2ca0a6fd877]::panicking::panic_with_hook
[INFO] [stdout]    7:     0x5fc6d9366722 - std[617be2ca0a6fd877]::panicking::panic_handler::{closure#0}
[INFO] [stdout]    8:     0x5fc6d935f0e9 - std[617be2ca0a6fd877]::sys::backtrace::__rust_end_short_backtrace::<std[617be2ca0a6fd877]::panicking::panic_handler::{closure#0}, !>
[INFO] [stdout]    9:     0x5fc6d936732d - __rustc[ea4f61d10b84890b]::rust_begin_unwind
[INFO] [stdout]   10:     0x5fc6d93a420c - core[a373ad73a504971]::panicking::panic_fmt
[INFO] [stdout]   11:     0x5fc6d93a3fe2 - core[a373ad73a504971]::result::unwrap_failed
[INFO] [stdout]   12:     0x5fc6d92c37a6 - <rassa_fonts[8946c7f77f90fff2]::tests::local_font_selection_does_not_match_attachment_filename::{closure#0} as core[a373ad73a504971]::ops::function::FnOnce<()>>::call_once
[INFO] [stdout]   13:     0x5fc6d92d14db - test[aada8e7e76ba119b]::__rust_begin_short_backtrace::<core[a373ad73a504971]::result::Result<(), alloc[2e1b2a31b91974c5]::string::String>, fn() -> core[a373ad73a504971]::result::Result<(), alloc[2e1b2a31b91974c5]::string::String>>
[INFO] [stdout]   14:     0x5fc6d92de6b5 - test[aada8e7e76ba119b]::run_test::{closure#0}
[INFO] [stdout]   15:     0x5fc6d92d7fa4 - std[617be2ca0a6fd877]::sys::backtrace::__rust_begin_short_backtrace::<test[aada8e7e76ba119b]::run_test::{closure#1}, ()>
[INFO] [stdout]   16:     0x5fc6d92e1742 - <std[617be2ca0a6fd877]::thread::lifecycle::spawn_unchecked<test[aada8e7e76ba119b]::run_test::{closure#1}, ()>::{closure#1} as core[a373ad73a504971]::ops::function::FnOnce<()>>::call_once::{shim:vtable#0}
[INFO] [stdout]   17:     0x5fc6d938c8df - <std[617be2ca0a6fd877]::sys::thread::unix::Thread>::new::thread_start
[INFO] [stdout]   18:     0x7b1b48b29dfa - <unknown>
[INFO] [stdout]   19:     0x7b1b48bbd3d4 - clone
[INFO] [stdout]   20:                0x0 - <unknown>
[INFO] [stdout] 
[INFO] [stdout] ---- tests::windows_family_names_exclude_other_platform_aliases stdout ----
[INFO] [stdout] 
[INFO] [stdout] thread 'tests::windows_family_names_exclude_other_platform_aliases' (273) panicked at src/lib.rs:1878:39:
[INFO] [stdout] Aileron fixture should be readable: Os { code: 2, kind: NotFound, message: "No such file or directory" }
[INFO] [stdout] stack backtrace:
[INFO] [stdout]    0:     0x5fc6d938d991 - <<std[617be2ca0a6fd877]::sys::backtrace::BacktraceLock>::print::DisplayBacktrace as core[a373ad73a504971]::fmt::Display>::fmt
[INFO] [stdout]    1:     0x5fc6d93a3ada - core[a373ad73a504971]::fmt::write
[INFO] [stdout]    2:     0x5fc6d939208c - <alloc[2e1b2a31b91974c5]::vec::Vec<u8> as core[a373ad73a504971]::io::write::Write>::write_fmt
[INFO] [stdout]    3:     0x5fc6d9366676 - std[617be2ca0a6fd877]::panicking::default_hook::{closure#0}
[INFO] [stdout]    4:     0x5fc6d9384179 - std[617be2ca0a6fd877]::panicking::default_hook
[INFO] [stdout]    5:     0x5fc6d92de090 - test[aada8e7e76ba119b]::test_main_inner::{closure#0}
[INFO] [stdout]    6:     0x5fc6d9384332 - std[617be2ca0a6fd877]::panicking::panic_with_hook
[INFO] [stdout]    7:     0x5fc6d9366722 - std[617be2ca0a6fd877]::panicking::panic_handler::{closure#0}
[INFO] [stdout]    8:     0x5fc6d935f0e9 - std[617be2ca0a6fd877]::sys::backtrace::__rust_end_short_backtrace::<std[617be2ca0a6fd877]::panicking::panic_handler::{closure#0}, !>
[INFO] [stdout]    9:     0x5fc6d936732d - __rustc[ea4f61d10b84890b]::rust_begin_unwind
[INFO] [stdout]   10:     0x5fc6d93a420c - core[a373ad73a504971]::panicking::panic_fmt
[INFO] [stdout]   11:     0x5fc6d93a3fe2 - core[a373ad73a504971]::result::unwrap_failed
[INFO] [stdout]   12:     0x5fc6d92c1531 - <rassa_fonts[8946c7f77f90fff2]::tests::windows_family_names_exclude_other_platform_aliases::{closure#0} as core[a373ad73a504971]::ops::function::FnOnce<()>>::call_once
[INFO] [stdout]   13:     0x5fc6d92d14db - test[aada8e7e76ba119b]::__rust_begin_short_backtrace::<core[a373ad73a504971]::result::Result<(), alloc[2e1b2a31b91974c5]::string::String>, fn() -> core[a373ad73a504971]::result::Result<(), alloc[2e1b2a31b91974c5]::string::String>>
[INFO] [stdout]   14:     0x5fc6d92de6b5 - test[aada8e7e76ba119b]::run_test::{closure#0}
[INFO] [stdout]   15:     0x5fc6d92d7fa4 - std[617be2ca0a6fd877]::sys::backtrace::__rust_begin_short_backtrace::<test[aada8e7e76ba119b]::run_test::{closure#1}, ()>
[INFO] [stdout]   16:     0x5fc6d92e1742 - <std[617be2ca0a6fd877]::thread::lifecycle::spawn_unchecked<test[aada8e7e76ba119b]::run_test::{closure#1}, ()>::{closure#1} as core[a373ad73a504971]::ops::function::FnOnce<()>>::call_once::{shim:vtable#0}
[INFO] [stdout]   17:     0x5fc6d938c8df - <std[617be2ca0a6fd877]::sys::thread::unix::Thread>::new::thread_start
[INFO] [stdout]   18:     0x7b1b48b29dfa - <unknown>
[INFO] [stdout]   19:     0x7b1b48bbd3d4 - clone
[INFO] [stdout]   20:                0x0 - <unknown>
[INFO] [stdout] 
[INFO] [stdout] 
[INFO] [stdout] failures:
[INFO] [stdout]     tests::attached_provider_indexes_every_face_in_font_collection
[INFO] [stdout]     tests::attached_provider_selects_collection_face_with_required_glyphs
[INFO] [stdout]     tests::attached_provider_uses_legacy_family_instead_of_typographic_family
[INFO] [stdout]     tests::directory_provider_resolves_full_and_postscript_names_like_libass
[INFO] [stdout]     tests::directory_provider_uses_legacy_family_instead_of_typographic_family
[INFO] [stdout]     tests::local_font_selection_does_not_match_attachment_filename
[INFO] [stdout]     tests::windows_family_names_exclude_other_platform_aliases
[INFO] [stdout] 
[INFO] [stdout] test result: FAILED. 30 passed; 7 failed; 0 ignored; 0 measured; 0 filtered out; finished in 1.05s
[INFO] [stdout] 
[INFO] [stderr] error: test failed, to rerun pass `--lib`
[INFO] running `Command { std: "docker" "inspect" "ff65e32147c25982139d20d53dca4e64a67eb9cefbcd0b3c3a3c50052243c2a9", kill_on_drop: false }`
[INFO] running `Command { std: "docker" "rm" "-f" "ff65e32147c25982139d20d53dca4e64a67eb9cefbcd0b3c3a3c50052243c2a9", kill_on_drop: false }`
[INFO] [stdout] ff65e32147c25982139d20d53dca4e64a67eb9cefbcd0b3c3a3c50052243c2a9
