[INFO] fetching crate rargs 0.3.0...
[INFO] testing rargs-0.3.0 against 1.100.0-beta.1+cargoflags=--release for beta-release-1.100-2
[INFO] extracting crate rargs 0.3.0 into /workspace/builds/worker-6-tc2/source
[INFO] started tweaking crates.io crate rargs 0.3.0
[INFO] finished tweaking crates.io crate rargs 0.3.0
[INFO] tweaked toml for crates.io crate rargs 0.3.0 written to /workspace/builds/worker-6-tc2/source/Cargo.toml
[INFO] validating manifest of crates.io crate rargs 0.3.0 on toolchain 1.100.0-beta.1
[INFO] running `Command { std: CARGO_HOME="/workspace/cargo-home" RUSTUP_HOME="/workspace/rustup-home" "/workspace/cargo-home/bin/cargo" "+1.100.0-beta.1" "metadata" "--manifest-path" "Cargo.toml" "--no-deps", kill_on_drop: false }`
[INFO] crate crates.io crate rargs 0.3.0 already has a lockfile, it will not be regenerated
[INFO] running `Command { std: CARGO_HOME="/workspace/cargo-home" RUSTUP_HOME="/workspace/rustup-home" "/workspace/cargo-home/bin/cargo" "+1.100.0-beta.1" "fetch" "--manifest-path" "Cargo.toml", kill_on_drop: false }`
[INFO] [stderr] warning: `package.homepage` is redundant with `package.repository`
[INFO] [stderr]   --> Cargo.toml:24:12
[INFO] [stderr]    |
[INFO] [stderr] 24 | homepage = "https://github.com/lotabout/rargs"
[INFO] [stderr]    |            ^^^^^^^^^^^^^^^^^^^^^^^^^^^^^^^^^^^
[INFO] [stderr] ...
[INFO] [stderr] 29 | repository = "https://github.com/lotabout/rargs"
[INFO] [stderr]    |              -----------------------------------
[INFO] [stderr]    |
[INFO] [stderr]    = note: `cargo::redundant_homepage` is set to `warn` by default
[INFO] [stderr] help: consider removing `package.homepage`
[INFO] [stderr] warning: `rargs` (manifest) generated 1 warning
[INFO] running `Command { std: "docker" "create" "-v" "/var/lib/crater-agent-workspace/builds/worker-6-tc2/source:/opt/rustwide/workdir:ro,Z" "-v" "/var/lib/crater-agent-workspace/builds/worker-6-tc2/target:/opt/rustwide/target:rw,Z" "-v" "/var/lib/crater-agent-workspace/cargo-home:/opt/rustwide/cargo-home:ro,Z" "-v" "/var/lib/crater-agent-workspace/rustup-home:/opt/rustwide/rustup-home:ro,Z" "-m" "1610612736" "--network" "none" "ghcr.io/rust-lang/crates-build-env/linux@sha256:77db811e55d90add9212f6832c23229e3de5f1c1f9905e8cb07319ea15df73ac" "sleep" "infinity", kill_on_drop: false }`
[INFO] [stdout] af1b5b7320b738156c5a1abb264bb664525dd0b6f31797b44c5786602eb8ff9e
[INFO] running `Command { std: "docker" "start" "af1b5b7320b738156c5a1abb264bb664525dd0b6f31797b44c5786602eb8ff9e", kill_on_drop: false }`
[INFO] running `Command { std: "docker" "inspect" "af1b5b7320b738156c5a1abb264bb664525dd0b6f31797b44c5786602eb8ff9e", kill_on_drop: false }`
[INFO] running `Command { std: "docker" "exec" "-e" "SOURCE_DIR=/opt/rustwide/workdir" "-e" "CARGO_HOME=/opt/rustwide/cargo-home" "-e" "RUSTUP_HOME=/opt/rustwide/rustup-home" "-e" "CARGO_TARGET_DIR=/opt/rustwide/target" "-w" "/opt/rustwide/workdir" "--user" "0:0" "af1b5b7320b738156c5a1abb264bb664525dd0b6f31797b44c5786602eb8ff9e" "/opt/rustwide/cargo-home/bin/cargo" "+1.100.0-beta.1" "metadata" "--no-deps" "--format-version=1", kill_on_drop: false }`
[INFO] running `Command { std: "docker" "inspect" "af1b5b7320b738156c5a1abb264bb664525dd0b6f31797b44c5786602eb8ff9e", kill_on_drop: false }`
[INFO] running `Command { std: "docker" "exec" "-e" "SOURCE_DIR=/opt/rustwide/workdir" "-e" "CARGO_HOME=/opt/rustwide/cargo-home" "-e" "RUSTUP_HOME=/opt/rustwide/rustup-home" "-e" "CARGO_TARGET_DIR=/opt/rustwide/target" "-e" "CARGO_INCREMENTAL=0" "-e" "RUST_BACKTRACE=full" "-e" "RUSTFLAGS=--cap-lints=warn" "-e" "RUSTDOCFLAGS=--cap-lints=warn" "-w" "/opt/rustwide/workdir" "--user" "0:0" "af1b5b7320b738156c5a1abb264bb664525dd0b6f31797b44c5786602eb8ff9e" "/opt/rustwide/cargo-home/bin/cargo" "+1.100.0-beta.1" "build" "--frozen" "--message-format=json" "--release", kill_on_drop: false }`
[INFO] [stderr] warning: `package.homepage` is redundant with `package.repository`
[INFO] [stderr]   --> Cargo.toml:24:12
[INFO] [stderr]    |
[INFO] [stderr] 24 | homepage = "https://github.com/lotabout/rargs"
[INFO] [stderr]    |            ^^^^^^^^^^^^^^^^^^^^^^^^^^^^^^^^^^^
[INFO] [stderr] ...
[INFO] [stderr] 29 | repository = "https://github.com/lotabout/rargs"
[INFO] [stderr]    |              -----------------------------------
[INFO] [stderr]    |
[INFO] [stderr]    = note: `cargo::redundant_homepage` is set to `warn` by default
[INFO] [stderr] help: consider removing `package.homepage`
[INFO] [stderr] warning: `rargs` (manifest) generated 1 warning
[INFO] [stderr]    Compiling proc-macro2 v1.0.12
[INFO] [stderr]    Compiling version_check v0.9.1
[INFO] [stderr]    Compiling unicode-xid v0.2.0
[INFO] [stderr]    Compiling libc v0.2.69
[INFO] [stderr]    Compiling syn v1.0.18
[INFO] [stderr]    Compiling memchr v2.3.3
[INFO] [stderr]    Compiling unicode-segmentation v1.6.0
[INFO] [stderr]    Compiling unicode-width v0.1.4
[INFO] [stderr]    Compiling bitflags v1.0.1
[INFO] [stderr]    Compiling ansi_term v0.11.0
[INFO] [stderr]    Compiling vec_map v0.8.0
[INFO] [stderr]    Compiling regex-syntax v0.6.17
[INFO] [stderr]    Compiling thread_local v1.0.1
[INFO] [stderr]    Compiling textwrap v0.11.0
[INFO] [stderr]    Compiling proc-macro-error-attr v1.0.2
[INFO] [stderr]    Compiling proc-macro-error v1.0.2
[INFO] [stderr]    Compiling aho-corasick v0.7.10
[INFO] [stderr]    Compiling heck v0.3.1
[INFO] [stderr]    Compiling quote v1.0.4
[INFO] [stderr]    Compiling atty v0.2.8
[INFO] [stderr]    Compiling num_cpus v1.13.0
[INFO] [stderr]    Compiling clap v2.33.0
[INFO] [stderr]    Compiling threadpool v1.8.0
[INFO] [stderr]    Compiling regex v1.3.7
[INFO] [stderr]    Compiling syn-mid v0.5.0
[INFO] [stderr]    Compiling structopt-derive v0.4.7
[INFO] [stderr]    Compiling structopt v0.3.14
[INFO] [stderr]    Compiling rargs v0.3.0 (/opt/rustwide/workdir)
[INFO] [stderr]     Finished `release` profile [optimized] target(s) in 18.35s
[INFO] running `Command { std: "docker" "inspect" "af1b5b7320b738156c5a1abb264bb664525dd0b6f31797b44c5786602eb8ff9e", kill_on_drop: false }`
[INFO] running `Command { std: "docker" "exec" "-e" "SOURCE_DIR=/opt/rustwide/workdir" "-e" "CARGO_HOME=/opt/rustwide/cargo-home" "-e" "RUSTUP_HOME=/opt/rustwide/rustup-home" "-e" "CARGO_TARGET_DIR=/opt/rustwide/target" "-e" "CARGO_INCREMENTAL=0" "-e" "RUST_BACKTRACE=full" "-e" "RUSTFLAGS=--cap-lints=warn" "-e" "RUSTDOCFLAGS=--cap-lints=warn" "-w" "/opt/rustwide/workdir" "--user" "0:0" "af1b5b7320b738156c5a1abb264bb664525dd0b6f31797b44c5786602eb8ff9e" "/opt/rustwide/cargo-home/bin/cargo" "+1.100.0-beta.1" "test" "--frozen" "--no-run" "--message-format=json" "--release", kill_on_drop: false }`
[INFO] [stderr] warning: `package.homepage` is redundant with `package.repository`
[INFO] [stderr]   --> Cargo.toml:24:12
[INFO] [stderr]    |
[INFO] [stderr] 24 | homepage = "https://github.com/lotabout/rargs"
[INFO] [stderr]    |            ^^^^^^^^^^^^^^^^^^^^^^^^^^^^^^^^^^^
[INFO] [stderr] ...
[INFO] [stderr] 29 | repository = "https://github.com/lotabout/rargs"
[INFO] [stderr]    |              -----------------------------------
[INFO] [stderr]    |
[INFO] [stderr]    = note: `cargo::redundant_homepage` is set to `warn` by default
[INFO] [stderr] help: consider removing `package.homepage`
[INFO] [stderr] warning: `rargs` (manifest) generated 1 warning
[INFO] [stderr]    Compiling cc v1.0.9
[INFO] [stderr]    Compiling synstructure v0.12.3
[INFO] [stderr]    Compiling cfg-if v0.1.2
[INFO] [stderr]    Compiling rustc-demangle v0.1.7
[INFO] [stderr]    Compiling num-traits v0.2.2
[INFO] [stderr]    Compiling lazy_static v0.2.11
[INFO] [stderr]    Compiling itoa v0.4.1
[INFO] [stderr]    Compiling dtoa v0.4.2
[INFO] [stderr]    Compiling serde v1.0.37
[INFO] [stderr]    Compiling difference v2.0.0
[INFO] [stderr]    Compiling environment v0.1.1
[INFO] [stderr]    Compiling colored v1.6.0
[INFO] [stderr]    Compiling backtrace-sys v0.1.16
[INFO] [stderr]    Compiling failure_derive v0.1.8
[INFO] [stderr]    Compiling serde_json v1.0.13
[INFO] [stderr]    Compiling backtrace v0.3.5
[INFO] [stderr]    Compiling failure v0.1.8
[INFO] [stderr]    Compiling assert_cli v0.6.3
[INFO] [stderr]    Compiling rargs v0.3.0 (/opt/rustwide/workdir)
[INFO] [stderr]     Finished `release` profile [optimized] target(s) in 17.12s
[INFO] running `Command { std: "docker" "inspect" "af1b5b7320b738156c5a1abb264bb664525dd0b6f31797b44c5786602eb8ff9e", kill_on_drop: false }`
[INFO] running `Command { std: "docker" "exec" "-e" "SOURCE_DIR=/opt/rustwide/workdir" "-e" "CARGO_HOME=/opt/rustwide/cargo-home" "-e" "RUSTUP_HOME=/opt/rustwide/rustup-home" "-e" "CARGO_TARGET_DIR=/opt/rustwide/target" "-e" "CARGO_INCREMENTAL=0" "-e" "RUST_BACKTRACE=full" "-e" "RUSTFLAGS=--cap-lints=warn" "-e" "RUSTDOCFLAGS=--cap-lints=warn" "-w" "/opt/rustwide/workdir" "--user" "0:0" "af1b5b7320b738156c5a1abb264bb664525dd0b6f31797b44c5786602eb8ff9e" "/opt/rustwide/cargo-home/bin/cargo" "+1.100.0-beta.1" "test" "--frozen" "--release", kill_on_drop: false }`
[INFO] [stderr] warning: `package.homepage` is redundant with `package.repository`
[INFO] [stderr]   --> Cargo.toml:24:12
[INFO] [stderr]    |
[INFO] [stderr] 24 | homepage = "https://github.com/lotabout/rargs"
[INFO] [stderr]    |            ^^^^^^^^^^^^^^^^^^^^^^^^^^^^^^^^^^^
[INFO] [stderr] ...
[INFO] [stderr] 29 | repository = "https://github.com/lotabout/rargs"
[INFO] [stderr]    |              -----------------------------------
[INFO] [stderr]    |
[INFO] [stderr]    = note: `cargo::redundant_homepage` is set to `warn` by default
[INFO] [stderr] help: consider removing `package.homepage`
[INFO] [stderr] warning: `rargs` (manifest) generated 1 warning
[INFO] [stderr]     Finished `release` profile [optimized] target(s) in 0.06s
[INFO] [stderr]      Running unittests src/main.rs (/opt/rustwide/target/release/build/rargs/0aa41019914bef4b/out/rargs-0aa41019914bef4b)
[INFO] [stdout] 
[INFO] [stderr]      Running tests/lib.rs (/opt/rustwide/target/release/build/rargs/4be6fceacd34f177/out/lib-4be6fceacd34f177)
[INFO] [stdout] running 0 tests
[INFO] [stdout] 
[INFO] [stdout] test result: ok. 0 passed; 0 failed; 0 ignored; 0 measured; 0 filtered out; finished in 0.00s
[INFO] [stdout] 
[INFO] [stdout] 
[INFO] [stdout] running 15 tests
[INFO] [stdout] test test_read0_long ... FAILED
[INFO] [stdout] test regex_should_match ... FAILED
[INFO] [stdout] test test_line_num_should_work ... FAILED
[INFO] [stdout] test test_delimiter ... FAILED
[INFO] [stdout] test test_start_num_should_be_working ... FAILED
[INFO] [stdout] test test_regex_group_name_should_match ... FAILED
[INFO] [stdout] test test_range_both ... FAILED
[INFO] [stdout] test test_range_left_inf ... FAILED
[INFO] [stdout] test test_global_field_separator ... FAILED
[INFO] [stdout] test test_no_read0 ... ok
[INFO] [stdout] test test_negtive_regex_group_should_work ... FAILED
[INFO] [stdout] test test_field_separator ... FAILED
[INFO] [stdout] test test_default_delimiter ... FAILED
[INFO] [stdout] test test_read0_short ... FAILED
[INFO] [stdout] test test_range_right_inf ... FAILED
[INFO] [stderr] error: test failed, to rerun pass `--test lib`
[INFO] [stdout] 
[INFO] [stdout] failures:
[INFO] [stdout] 
[INFO] [stdout] ---- test_read0_long stdout ----
[INFO] [stdout] 
[INFO] [stdout] thread 'test_read0_long' (3126) panicked at /opt/rustwide/cargo-home/registry/src/index.crates.io-1949cf8c6b5b557f/assert_cli-0.6.3/src/assert.rs:441:13:
[INFO] [stdout] Assertion failed for `./target/release/rargs --read0 echo {}`
[INFO] [stdout] with: No such file or directory (os error 2)
[INFO] [stdout] stack backtrace:
[INFO] [stdout]    0:     0x63d0a1f84fd1 - <<std[617be2ca0a6fd877]::sys::backtrace::BacktraceLock>::print::DisplayBacktrace as core[a373ad73a504971]::fmt::Display>::fmt
[INFO] [stdout]    1:     0x63d0a1f994aa - core[a373ad73a504971]::fmt::write
[INFO] [stdout]    2:     0x63d0a1f8939c - <alloc[2e1b2a31b91974c5]::vec::Vec<u8> as core[a373ad73a504971]::io::write::Write>::write_fmt
[INFO] [stdout]    3:     0x63d0a1f60d16 - std[617be2ca0a6fd877]::panicking::default_hook::{closure#0}
[INFO] [stdout]    4:     0x63d0a1f7d669 - std[617be2ca0a6fd877]::panicking::default_hook
[INFO] [stdout]    5:     0x63d0a1eff050 - test[aada8e7e76ba119b]::test_main_inner::{closure#0}
[INFO] [stdout]    6:     0x63d0a1f7d822 - std[617be2ca0a6fd877]::panicking::panic_with_hook
[INFO] [stdout]    7:     0x63d0a1f37d82 - std[617be2ca0a6fd877]::panicking::begin_panic::<alloc[2e1b2a31b91974c5]::string::String>::{closure#0}
[INFO] [stdout]    8:     0x63d0a1f37abe - std[617be2ca0a6fd877]::sys::backtrace::__rust_end_short_backtrace::<std[617be2ca0a6fd877]::panicking::begin_panic<alloc[2e1b2a31b91974c5]::string::String>::{closure#0}, !>
[INFO] [stdout]    9:     0x63d0a1f37810 - std[617be2ca0a6fd877]::panicking::begin_panic::<alloc[2e1b2a31b91974c5]::string::String>
[INFO] [stdout]   10:     0x63d0a1f3b3ed - <assert_cli[1b9c249118854403]::assert::Assert>::unwrap
[INFO] [stdout]   11:     0x63d0a1ef0b3b - <lib[e5fa40b689fcd435]::test_read0_long::{closure#0} as core[a373ad73a504971]::ops::function::FnOnce<()>>::call_once
[INFO] [stdout]   12:     0x63d0a1ef249b - test[aada8e7e76ba119b]::__rust_begin_short_backtrace::<core[a373ad73a504971]::result::Result<(), alloc[2e1b2a31b91974c5]::string::String>, fn() -> core[a373ad73a504971]::result::Result<(), alloc[2e1b2a31b91974c5]::string::String>>
[INFO] [stdout]   13:     0x63d0a1eff675 - test[aada8e7e76ba119b]::run_test::{closure#0}
[INFO] [stdout]   14:     0x63d0a1ef8f64 - std[617be2ca0a6fd877]::sys::backtrace::__rust_begin_short_backtrace::<test[aada8e7e76ba119b]::run_test::{closure#1}, ()>
[INFO] [stdout]   15:     0x63d0a1f02702 - <std[617be2ca0a6fd877]::thread::lifecycle::spawn_unchecked<test[aada8e7e76ba119b]::run_test::{closure#1}, ()>::{closure#1} as core[a373ad73a504971]::ops::function::FnOnce<()>>::call_once::{shim:vtable#0}
[INFO] [stdout]   16:     0x63d0a1f8482f - <std[617be2ca0a6fd877]::sys::thread::unix::Thread>::new::thread_start
[INFO] [stdout]   17:     0x76269f66edfa - <unknown>
[INFO] [stdout]   18:     0x76269f7023d4 - clone
[INFO] [stdout]   19:                0x0 - <unknown>
[INFO] [stdout] 
[INFO] [stdout] ---- regex_should_match stdout ----
[INFO] [stdout] 
[INFO] [stdout] thread 'regex_should_match' (3115) panicked at /opt/rustwide/cargo-home/registry/src/index.crates.io-1949cf8c6b5b557f/assert_cli-0.6.3/src/assert.rs:441:13:
[INFO] [stdout] Assertion failed for `./target/release/rargs -p ^(?P<year>\d{4})-(\d{2})-(\d{2})$ echo {1} {2} {3}`
[INFO] [stdout] with: No such file or directory (os error 2)
[INFO] [stdout] stack backtrace:
[INFO] [stdout]    0:     0x63d0a1f84fd1 - <<std[617be2ca0a6fd877]::sys::backtrace::BacktraceLock>::print::DisplayBacktrace as core[a373ad73a504971]::fmt::Display>::fmt
[INFO] [stdout]    1:     0x63d0a1f994aa - core[a373ad73a504971]::fmt::write
[INFO] [stdout]    2:     0x63d0a1f8939c - <alloc[2e1b2a31b91974c5]::vec::Vec<u8> as core[a373ad73a504971]::io::write::Write>::write_fmt
[INFO] [stdout]    3:     0x63d0a1f60d16 - std[617be2ca0a6fd877]::panicking::default_hook::{closure#0}
[INFO] [stdout]    4:     0x63d0a1f7d669 - std[617be2ca0a6fd877]::panicking::default_hook
[INFO] [stdout]    5:     0x63d0a1eff050 - test[aada8e7e76ba119b]::test_main_inner::{closure#0}
[INFO] [stdout]    6:     0x63d0a1f7d822 - std[617be2ca0a6fd877]::panicking::panic_with_hook
[INFO] [stdout]    7:     0x63d0a1f37d82 - std[617be2ca0a6fd877]::panicking::begin_panic::<alloc[2e1b2a31b91974c5]::string::String>::{closure#0}
[INFO] [stdout]    8:     0x63d0a1f37abe - std[617be2ca0a6fd877]::sys::backtrace::__rust_end_short_backtrace::<std[617be2ca0a6fd877]::panicking::begin_panic<alloc[2e1b2a31b91974c5]::string::String>::{closure#0}, !>
[INFO] [stdout]    9:     0x63d0a1f37810 - std[617be2ca0a6fd877]::panicking::begin_panic::<alloc[2e1b2a31b91974c5]::string::String>
[INFO] [stdout]   10:     0x63d0a1f3b3ed - <assert_cli[1b9c249118854403]::assert::Assert>::unwrap
[INFO] [stdout]   11:     0x63d0a1ef0e10 - <lib[e5fa40b689fcd435]::regex_should_match::{closure#0} as core[a373ad73a504971]::ops::function::FnOnce<()>>::call_once
[INFO] [stdout]   12:     0x63d0a1ef249b - test[aada8e7e76ba119b]::__rust_begin_short_backtrace::<core[a373ad73a504971]::result::Result<(), alloc[2e1b2a31b91974c5]::string::String>, fn() -> core[a373ad73a504971]::result::Result<(), alloc[2e1b2a31b91974c5]::string::String>>
[INFO] [stdout]   13:     0x63d0a1eff675 - test[aada8e7e76ba119b]::run_test::{closure#0}
[INFO] [stdout]   14:     0x63d0a1ef8f64 - std[617be2ca0a6fd877]::sys::backtrace::__rust_begin_short_backtrace::<test[aada8e7e76ba119b]::run_test::{closure#1}, ()>
[INFO] [stdout]   15:     0x63d0a1f02702 - <std[617be2ca0a6fd877]::thread::lifecycle::spawn_unchecked<test[aada8e7e76ba119b]::run_test::{closure#1}, ()>::{closure#1} as core[a373ad73a504971]::ops::function::FnOnce<()>>::call_once::{shim:vtable#0}
[INFO] [stdout]   16:     0x63d0a1f8482f - <std[617be2ca0a6fd877]::sys::thread::unix::Thread>::new::thread_start
[INFO] [stdout]   17:     0x76269f66edfa - <unknown>
[INFO] [stdout]   18:     0x76269f7023d4 - clone
[INFO] [stdout]   19:                0x0 - <unknown>
[INFO] [stdout] 
[INFO] [stdout] ---- test_line_num_should_work stdout ----
[INFO] [stdout] 
[INFO] [stdout] thread 'test_line_num_should_work' (3120) panicked at /opt/rustwide/cargo-home/registry/src/index.crates.io-1949cf8c6b5b557f/assert_cli-0.6.3/src/assert.rs:441:13:
[INFO] [stdout] Assertion failed for `./target/release/rargs echo {LN} {}`
[INFO] [stdout] with: No such file or directory (os error 2)
[INFO] [stdout] stack backtrace:
[INFO] [stdout]    0:     0x63d0a1f84fd1 - <<std[617be2ca0a6fd877]::sys::backtrace::BacktraceLock>::print::DisplayBacktrace as core[a373ad73a504971]::fmt::Display>::fmt
[INFO] [stdout]    1:     0x63d0a1f994aa - core[a373ad73a504971]::fmt::write
[INFO] [stdout]    2:     0x63d0a1f8939c - <alloc[2e1b2a31b91974c5]::vec::Vec<u8> as core[a373ad73a504971]::io::write::Write>::write_fmt
[INFO] [stdout]    3:     0x63d0a1f60d16 - std[617be2ca0a6fd877]::panicking::default_hook::{closure#0}
[INFO] [stdout]    4:     0x63d0a1f7d669 - std[617be2ca0a6fd877]::panicking::default_hook
[INFO] [stdout]    5:     0x63d0a1eff050 - test[aada8e7e76ba119b]::test_main_inner::{closure#0}
[INFO] [stdout]    6:     0x63d0a1f7d822 - std[617be2ca0a6fd877]::panicking::panic_with_hook
[INFO] [stdout]    7:     0x63d0a1f37d82 - std[617be2ca0a6fd877]::panicking::begin_panic::<alloc[2e1b2a31b91974c5]::string::String>::{closure#0}
[INFO] [stdout]    8:     0x63d0a1f37abe - std[617be2ca0a6fd877]::sys::backtrace::__rust_end_short_backtrace::<std[617be2ca0a6fd877]::panicking::begin_panic<alloc[2e1b2a31b91974c5]::string::String>::{closure#0}, !>
[INFO] [stdout]    9:     0x63d0a1f37810 - std[617be2ca0a6fd877]::panicking::begin_panic::<alloc[2e1b2a31b91974c5]::string::String>
[INFO] [stdout]   10:     0x63d0a1f3b3ed - <assert_cli[1b9c249118854403]::assert::Assert>::unwrap
[INFO] [stdout]   11:     0x63d0a1ef1b4d - <lib[e5fa40b689fcd435]::test_line_num_should_work::{closure#0} as core[a373ad73a504971]::ops::function::FnOnce<()>>::call_once
[INFO] [stdout]   12:     0x63d0a1ef249b - test[aada8e7e76ba119b]::__rust_begin_short_backtrace::<core[a373ad73a504971]::result::Result<(), alloc[2e1b2a31b91974c5]::string::String>, fn() -> core[a373ad73a504971]::result::Result<(), alloc[2e1b2a31b91974c5]::string::String>>
[INFO] [stdout]   13:     0x63d0a1eff675 - test[aada8e7e76ba119b]::run_test::{closure#0}
[INFO] [stdout]   14:     0x63d0a1ef8f64 - std[617be2ca0a6fd877]::sys::backtrace::__rust_begin_short_backtrace::<test[aada8e7e76ba119b]::run_test::{closure#1}, ()>
[INFO] [stdout]   15:     0x63d0a1f02702 - <std[617be2ca0a6fd877]::thread::lifecycle::spawn_unchecked<test[aada8e7e76ba119b]::run_test::{closure#1}, ()>::{closure#1} as core[a373ad73a504971]::ops::function::FnOnce<()>>::call_once::{shim:vtable#0}
[INFO] [stdout]   16:     0x63d0a1f8482f - <std[617be2ca0a6fd877]::sys::thread::unix::Thread>::new::thread_start
[INFO] [stdout]   17:     0x76269f66edfa - <unknown>
[INFO] [stdout]   18:     0x76269f7023d4 - clone
[INFO] [stdout]   19:                0x0 - <unknown>
[INFO] [stdout] 
[INFO] [stdout] ---- test_delimiter stdout ----
[INFO] [stdout] 
[INFO] [stdout] thread 'test_delimiter' (3117) panicked at /opt/rustwide/cargo-home/registry/src/index.crates.io-1949cf8c6b5b557f/assert_cli-0.6.3/src/assert.rs:441:13:
[INFO] [stdout] Assertion failed for `./target/release/rargs -d , echo X{1},{2},{3},{4}X`
[INFO] [stdout] with: No such file or directory (os error 2)
[INFO] [stdout] stack backtrace:
[INFO] [stdout]    0:     0x63d0a1f84fd1 - <<std[617be2ca0a6fd877]::sys::backtrace::BacktraceLock>::print::DisplayBacktrace as core[a373ad73a504971]::fmt::Display>::fmt
[INFO] [stdout]    1:     0x63d0a1f994aa - core[a373ad73a504971]::fmt::write
[INFO] [stdout]    2:     0x63d0a1f8939c - <alloc[2e1b2a31b91974c5]::vec::Vec<u8> as core[a373ad73a504971]::io::write::Write>::write_fmt
[INFO] [stdout]    3:     0x63d0a1f60d16 - std[617be2ca0a6fd877]::panicking::default_hook::{closure#0}
[INFO] [stdout]    4:     0x63d0a1f7d669 - std[617be2ca0a6fd877]::panicking::default_hook
[INFO] [stdout]    5:     0x63d0a1eff050 - test[aada8e7e76ba119b]::test_main_inner::{closure#0}
[INFO] [stdout]    6:     0x63d0a1f7d822 - std[617be2ca0a6fd877]::panicking::panic_with_hook
[INFO] [stdout]    7:     0x63d0a1f37d82 - std[617be2ca0a6fd877]::panicking::begin_panic::<alloc[2e1b2a31b91974c5]::string::String>::{closure#0}
[INFO] [stdout]    8:     0x63d0a1f37abe - std[617be2ca0a6fd877]::sys::backtrace::__rust_end_short_backtrace::<std[617be2ca0a6fd877]::panicking::begin_panic<alloc[2e1b2a31b91974c5]::string::String>::{closure#0}, !>
[INFO] [stdout]    9:     0x63d0a1f37810 - std[617be2ca0a6fd877]::panicking::begin_panic::<alloc[2e1b2a31b91974c5]::string::String>
[INFO] [stdout]   10:     0x63d0a1f3b3ed - <assert_cli[1b9c249118854403]::assert::Assert>::unwrap
[INFO] [stdout]   11:     0x63d0a1ef04c0 - <lib[e5fa40b689fcd435]::test_delimiter::{closure#0} as core[a373ad73a504971]::ops::function::FnOnce<()>>::call_once
[INFO] [stdout]   12:     0x63d0a1ef249b - test[aada8e7e76ba119b]::__rust_begin_short_backtrace::<core[a373ad73a504971]::result::Result<(), alloc[2e1b2a31b91974c5]::string::String>, fn() -> core[a373ad73a504971]::result::Result<(), alloc[2e1b2a31b91974c5]::string::String>>
[INFO] [stdout]   13:     0x63d0a1eff675 - test[aada8e7e76ba119b]::run_test::{closure#0}
[INFO] [stdout]   14:     0x63d0a1ef8f64 - std[617be2ca0a6fd877]::sys::backtrace::__rust_begin_short_backtrace::<test[aada8e7e76ba119b]::run_test::{closure#1}, ()>
[INFO] [stdout]   15:     0x63d0a1f02702 - <std[617be2ca0a6fd877]::thread::lifecycle::spawn_unchecked<test[aada8e7e76ba119b]::run_test::{closure#1}, ()>::{closure#1} as core[a373ad73a504971]::ops::function::FnOnce<()>>::call_once::{shim:vtable#0}
[INFO] [stdout]   16:     0x63d0a1f8482f - <std[617be2ca0a6fd877]::sys::thread::unix::Thread>::new::thread_start
[INFO] [stdout]   17:     0x76269f66edfa - <unknown>
[INFO] [stdout]   18:     0x76269f7023d4 - clone
[INFO] [stdout]   19:                0x0 - <unknown>
[INFO] [stdout] 
[INFO] [stdout] ---- test_start_num_should_be_working stdout ----
[INFO] [stdout] 
[INFO] [stdout] thread 'test_start_num_should_be_working' (3129) panicked at /opt/rustwide/cargo-home/registry/src/index.crates.io-1949cf8c6b5b557f/assert_cli-0.6.3/src/assert.rs:441:13:
[INFO] [stdout] Assertion failed for `./target/release/rargs -n 10 echo {LN} {}`
[INFO] [stdout] with: No such file or directory (os error 2)
[INFO] [stdout] stack backtrace:
[INFO] [stdout]    0:     0x63d0a1f84fd1 - <<std[617be2ca0a6fd877]::sys::backtrace::BacktraceLock>::print::DisplayBacktrace as core[a373ad73a504971]::fmt::Display>::fmt
[INFO] [stdout]    1:     0x63d0a1f994aa - core[a373ad73a504971]::fmt::write
[INFO] [stdout]    2:     0x63d0a1f8939c - <alloc[2e1b2a31b91974c5]::vec::Vec<u8> as core[a373ad73a504971]::io::write::Write>::write_fmt
[INFO] [stdout]    3:     0x63d0a1f60d16 - std[617be2ca0a6fd877]::panicking::default_hook::{closure#0}
[INFO] [stdout]    4:     0x63d0a1f7d669 - std[617be2ca0a6fd877]::panicking::default_hook
[INFO] [stdout]    5:     0x63d0a1eff050 - test[aada8e7e76ba119b]::test_main_inner::{closure#0}
[INFO] [stdout]    6:     0x63d0a1f7d822 - std[617be2ca0a6fd877]::panicking::panic_with_hook
[INFO] [stdout]    7:     0x63d0a1f37d82 - std[617be2ca0a6fd877]::panicking::begin_panic::<alloc[2e1b2a31b91974c5]::string::String>::{closure#0}
[INFO] [stdout]    8:     0x63d0a1f37abe - std[617be2ca0a6fd877]::sys::backtrace::__rust_end_short_backtrace::<std[617be2ca0a6fd877]::panicking::begin_panic<alloc[2e1b2a31b91974c5]::string::String>::{closure#0}, !>
[INFO] [stdout]    9:     0x63d0a1f37810 - std[617be2ca0a6fd877]::panicking::begin_panic::<alloc[2e1b2a31b91974c5]::string::String>
[INFO] [stdout]   10:     0x63d0a1f3b3ed - <assert_cli[1b9c249118854403]::assert::Assert>::unwrap
[INFO] [stdout]   11:     0x63d0a1ef2100 - <lib[e5fa40b689fcd435]::test_start_num_should_be_working::{closure#0} as core[a373ad73a504971]::ops::function::FnOnce<()>>::call_once
[INFO] [stdout]   12:     0x63d0a1ef249b - test[aada8e7e76ba119b]::__rust_begin_short_backtrace::<core[a373ad73a504971]::result::Result<(), alloc[2e1b2a31b91974c5]::string::String>, fn() -> core[a373ad73a504971]::result::Result<(), alloc[2e1b2a31b91974c5]::string::String>>
[INFO] [stdout]   13:     0x63d0a1eff675 - test[aada8e7e76ba119b]::run_test::{closure#0}
[INFO] [stdout]   14:     0x63d0a1ef8f64 - std[617be2ca0a6fd877]::sys::backtrace::__rust_begin_short_backtrace::<test[aada8e7e76ba119b]::run_test::{closure#1}, ()>
[INFO] [stdout]   15:     0x63d0a1f02702 - <std[617be2ca0a6fd877]::thread::lifecycle::spawn_unchecked<test[aada8e7e76ba119b]::run_test::{closure#1}, ()>::{closure#1} as core[a373ad73a504971]::ops::function::FnOnce<()>>::call_once::{shim:vtable#0}
[INFO] [stdout]   16:     0x63d0a1f8482f - <std[617be2ca0a6fd877]::sys::thread::unix::Thread>::new::thread_start
[INFO] [stdout]   17:     0x76269f66edfa - <unknown>
[INFO] [stdout]   18:     0x76269f7023d4 - clone
[INFO] [stdout]   19:                0x0 - <unknown>
[INFO] [stdout] 
[INFO] [stdout] ---- test_regex_group_name_should_match stdout ----
[INFO] [stdout] 
[INFO] [stdout] thread 'test_regex_group_name_should_match' (3128) panicked at /opt/rustwide/cargo-home/registry/src/index.crates.io-1949cf8c6b5b557f/assert_cli-0.6.3/src/assert.rs:441:13:
[INFO] [stdout] Assertion failed for `./target/release/rargs -p ^(?P<year>\d{4})-(\d{2})-(\d{2})$ echo {year} {2} {3}`
[INFO] [stdout] with: No such file or directory (os error 2)
[INFO] [stdout] stack backtrace:
[INFO] [stdout]    0:     0x63d0a1f84fd1 - <<std[617be2ca0a6fd877]::sys::backtrace::BacktraceLock>::print::DisplayBacktrace as core[a373ad73a504971]::fmt::Display>::fmt
[INFO] [stdout]    1:     0x63d0a1f994aa - core[a373ad73a504971]::fmt::write
[INFO] [stdout]    2:     0x63d0a1f8939c - <alloc[2e1b2a31b91974c5]::vec::Vec<u8> as core[a373ad73a504971]::io::write::Write>::write_fmt
[INFO] [stdout]    3:     0x63d0a1f60d16 - std[617be2ca0a6fd877]::panicking::default_hook::{closure#0}
[INFO] [stdout]    4:     0x63d0a1f7d669 - std[617be2ca0a6fd877]::panicking::default_hook
[INFO] [stdout]    5:     0x63d0a1eff050 - test[aada8e7e76ba119b]::test_main_inner::{closure#0}
[INFO] [stdout]    6:     0x63d0a1f7d822 - std[617be2ca0a6fd877]::panicking::panic_with_hook
[INFO] [stdout]    7:     0x63d0a1f37d82 - std[617be2ca0a6fd877]::panicking::begin_panic::<alloc[2e1b2a31b91974c5]::string::String>::{closure#0}
[INFO] [stdout]    8:     0x63d0a1f37abe - std[617be2ca0a6fd877]::sys::backtrace::__rust_end_short_backtrace::<std[617be2ca0a6fd877]::panicking::begin_panic<alloc[2e1b2a31b91974c5]::string::String>::{closure#0}, !>
[INFO] [stdout]    9:     0x63d0a1f37810 - std[617be2ca0a6fd877]::panicking::begin_panic::<alloc[2e1b2a31b91974c5]::string::String>
[INFO] [stdout]   10:     0x63d0a1f3b3ed - <assert_cli[1b9c249118854403]::assert::Assert>::unwrap
[INFO] [stdout]   11:     0x63d0a1ef2280 - <lib[e5fa40b689fcd435]::test_regex_group_name_should_match::{closure#0} as core[a373ad73a504971]::ops::function::FnOnce<()>>::call_once
[INFO] [stdout]   12:     0x63d0a1ef249b - test[aada8e7e76ba119b]::__rust_begin_short_backtrace::<core[a373ad73a504971]::result::Result<(), alloc[2e1b2a31b91974c5]::string::String>, fn() -> core[a373ad73a504971]::result::Result<(), alloc[2e1b2a31b91974c5]::string::String>>
[INFO] [stdout]   13:     0x63d0a1eff675 - test[aada8e7e76ba119b]::run_test::{closure#0}
[INFO] [stdout]   14:     0x63d0a1ef8f64 - std[617be2ca0a6fd877]::sys::backtrace::__rust_begin_short_backtrace::<test[aada8e7e76ba119b]::run_test::{closure#1}, ()>
[INFO] [stdout]   15:     0x63d0a1f02702 - <std[617be2ca0a6fd877]::thread::lifecycle::spawn_unchecked<test[aada8e7e76ba119b]::run_test::{closure#1}, ()>::{closure#1} as core[a373ad73a504971]::ops::function::FnOnce<()>>::call_once::{shim:vtable#0}
[INFO] [stdout]   16:     0x63d0a1f8482f - <std[617be2ca0a6fd877]::sys::thread::unix::Thread>::new::thread_start
[INFO] [stdout]   17:     0x76269f66edfa - <unknown>
[INFO] [stdout]   18:     0x76269f7023d4 - clone
[INFO] [stdout]   19:                0x0 - <unknown>
[INFO] [stdout] 
[INFO] [stdout] ---- test_range_both stdout ----
[INFO] [stdout] 
[INFO] [stdout] thread 'test_range_both' (3123) panicked at /opt/rustwide/cargo-home/registry/src/index.crates.io-1949cf8c6b5b557f/assert_cli-0.6.3/src/assert.rs:441:13:
[INFO] [stdout] Assertion failed for `./target/release/rargs -d , echo X{3..3}X`
[INFO] [stdout] with: No such file or directory (os error 2)
[INFO] [stdout] stack backtrace:
[INFO] [stdout]    0:     0x63d0a1f84fd1 - <<std[617be2ca0a6fd877]::sys::backtrace::BacktraceLock>::print::DisplayBacktrace as core[a373ad73a504971]::fmt::Display>::fmt
[INFO] [stdout]    1:     0x63d0a1f994aa - core[a373ad73a504971]::fmt::write
[INFO] [stdout]    2:     0x63d0a1f8939c - <alloc[2e1b2a31b91974c5]::vec::Vec<u8> as core[a373ad73a504971]::io::write::Write>::write_fmt
[INFO] [stdout]    3:     0x63d0a1f60d16 - std[617be2ca0a6fd877]::panicking::default_hook::{closure#0}
[INFO] [stdout]    4:     0x63d0a1f7d669 - std[617be2ca0a6fd877]::panicking::default_hook
[INFO] [stdout]    5:     0x63d0a1eff050 - test[aada8e7e76ba119b]::test_main_inner::{closure#0}
[INFO] [stdout]    6:     0x63d0a1f7d822 - std[617be2ca0a6fd877]::panicking::panic_with_hook
[INFO] [stdout]    7:     0x63d0a1f37d82 - std[617be2ca0a6fd877]::panicking::begin_panic::<alloc[2e1b2a31b91974c5]::string::String>::{closure#0}
[INFO] [stdout]    8:     0x63d0a1f37abe - std[617be2ca0a6fd877]::sys::backtrace::__rust_end_short_backtrace::<std[617be2ca0a6fd877]::panicking::begin_panic<alloc[2e1b2a31b91974c5]::string::String>::{closure#0}, !>
[INFO] [stdout]    9:     0x63d0a1f37810 - std[617be2ca0a6fd877]::panicking::begin_panic::<alloc[2e1b2a31b91974c5]::string::String>
[INFO] [stdout]   10:     0x63d0a1f3b3ed - <assert_cli[1b9c249118854403]::assert::Assert>::unwrap
[INFO] [stdout]   11:     0x63d0a1ef064c - <lib[e5fa40b689fcd435]::test_range_both::{closure#0} as core[a373ad73a504971]::ops::function::FnOnce<()>>::call_once
[INFO] [stdout]   12:     0x63d0a1ef249b - test[aada8e7e76ba119b]::__rust_begin_short_backtrace::<core[a373ad73a504971]::result::Result<(), alloc[2e1b2a31b91974c5]::string::String>, fn() -> core[a373ad73a504971]::result::Result<(), alloc[2e1b2a31b91974c5]::string::String>>
[INFO] [stdout]   13:     0x63d0a1eff675 - test[aada8e7e76ba119b]::run_test::{closure#0}
[INFO] [stdout]   14:     0x63d0a1ef8f64 - std[617be2ca0a6fd877]::sys::backtrace::__rust_begin_short_backtrace::<test[aada8e7e76ba119b]::run_test::{closure#1}, ()>
[INFO] [stdout]   15:     0x63d0a1f02702 - <std[617be2ca0a6fd877]::thread::lifecycle::spawn_unchecked<test[aada8e7e76ba119b]::run_test::{closure#1}, ()>::{closure#1} as core[a373ad73a504971]::ops::function::FnOnce<()>>::call_once::{shim:vtable#0}
[INFO] [stdout]   16:     0x63d0a1f8482f - <std[617be2ca0a6fd877]::sys::thread::unix::Thread>::new::thread_start
[INFO] [stdout]   17:     0x76269f66edfa - <unknown>
[INFO] [stdout]   18:     0x76269f7023d4 - clone
[INFO] [stdout]   19:                0x0 - <unknown>
[INFO] [stdout] 
[INFO] [stdout] ---- test_range_left_inf stdout ----
[INFO] [stdout] 
[INFO] [stdout] thread 'test_range_left_inf' (3124) panicked at /opt/rustwide/cargo-home/registry/src/index.crates.io-1949cf8c6b5b557f/assert_cli-0.6.3/src/assert.rs:441:13:
[INFO] [stdout] Assertion failed for `./target/release/rargs -d , echo X{..3}X`
[INFO] [stdout] with: No such file or directory (os error 2)
[INFO] [stdout] stack backtrace:
[INFO] [stdout]    0:     0x63d0a1f84fd1 - <<std[617be2ca0a6fd877]::sys::backtrace::BacktraceLock>::print::DisplayBacktrace as core[a373ad73a504971]::fmt::Display>::fmt
[INFO] [stdout]    1:     0x63d0a1f994aa - core[a373ad73a504971]::fmt::write
[INFO] [stdout]    2:     0x63d0a1f8939c - <alloc[2e1b2a31b91974c5]::vec::Vec<u8> as core[a373ad73a504971]::io::write::Write>::write_fmt
[INFO] [stdout]    3:     0x63d0a1f60d16 - std[617be2ca0a6fd877]::panicking::default_hook::{closure#0}
[INFO] [stdout]    4:     0x63d0a1f7d669 - std[617be2ca0a6fd877]::panicking::default_hook
[INFO] [stdout]    5:     0x63d0a1eff050 - test[aada8e7e76ba119b]::test_main_inner::{closure#0}
[INFO] [stdout]    6:     0x63d0a1f7d822 - std[617be2ca0a6fd877]::panicking::panic_with_hook
[INFO] [stdout]    7:     0x63d0a1f37d82 - std[617be2ca0a6fd877]::panicking::begin_panic::<alloc[2e1b2a31b91974c5]::string::String>::{closure#0}
[INFO] [stdout]    8:     0x63d0a1f37abe - std[617be2ca0a6fd877]::sys::backtrace::__rust_end_short_backtrace::<std[617be2ca0a6fd877]::panicking::begin_panic<alloc[2e1b2a31b91974c5]::string::String>::{closure#0}, !>
[INFO] [stdout]    9:     0x63d0a1f37810 - std[617be2ca0a6fd877]::panicking::begin_panic::<alloc[2e1b2a31b91974c5]::string::String>
[INFO] [stdout]   10:     0x63d0a1f3b3ed - <assert_cli[1b9c249118854403]::assert::Assert>::unwrap
[INFO] [stdout]   11:     0x63d0a1ef0f97 - <lib[e5fa40b689fcd435]::test_range_left_inf::{closure#0} as core[a373ad73a504971]::ops::function::FnOnce<()>>::call_once
[INFO] [stdout]   12:     0x63d0a1ef249b - test[aada8e7e76ba119b]::__rust_begin_short_backtrace::<core[a373ad73a504971]::result::Result<(), alloc[2e1b2a31b91974c5]::string::String>, fn() -> core[a373ad73a504971]::result::Result<(), alloc[2e1b2a31b91974c5]::string::String>>
[INFO] [stdout]   13:     0x63d0a1eff675 - test[aada8e7e76ba119b]::run_test::{closure#0}
[INFO] [stdout]   14:     0x63d0a1ef8f64 - std[617be2ca0a6fd877]::sys::backtrace::__rust_begin_short_backtrace::<test[aada8e7e76ba119b]::run_test::{closure#1}, ()>
[INFO] [stdout]   15:     0x63d0a1f02702 - <std[617be2ca0a6fd877]::thread::lifecycle::spawn_unchecked<test[aada8e7e76ba119b]::run_test::{closure#1}, ()>::{closure#1} as core[a373ad73a504971]::ops::function::FnOnce<()>>::call_once::{shim:vtable#0}
[INFO] [stdout]   16:     0x63d0a1f8482f - <std[617be2ca0a6fd877]::sys::thread::unix::Thread>::new::thread_start
[INFO] [stdout]   17:     0x76269f66edfa - <unknown>
[INFO] [stdout]   18:     0x76269f7023d4 - clone
[INFO] [stdout]   19:                0x0 - <unknown>
[INFO] [stdout] 
[INFO] [stdout] ---- test_global_field_separator stdout ----
[INFO] [stdout] 
[INFO] [stdout] thread 'test_global_field_separator' (3119) panicked at /opt/rustwide/cargo-home/registry/src/index.crates.io-1949cf8c6b5b557f/assert_cli-0.6.3/src/assert.rs:441:13:
[INFO] [stdout] Assertion failed for `./target/release/rargs -d , -s / echo X{3..4}X`
[INFO] [stdout] with: No such file or directory (os error 2)
[INFO] [stdout] stack backtrace:
[INFO] [stdout]    0:     0x63d0a1f84fd1 - <<std[617be2ca0a6fd877]::sys::backtrace::BacktraceLock>::print::DisplayBacktrace as core[a373ad73a504971]::fmt::Display>::fmt
[INFO] [stdout]    1:     0x63d0a1f994aa - core[a373ad73a504971]::fmt::write
[INFO] [stdout]    2:     0x63d0a1f8939c - <alloc[2e1b2a31b91974c5]::vec::Vec<u8> as core[a373ad73a504971]::io::write::Write>::write_fmt
[INFO] [stdout]    3:     0x63d0a1f60d16 - std[617be2ca0a6fd877]::panicking::default_hook::{closure#0}
[INFO] [stdout]    4:     0x63d0a1f7d669 - std[617be2ca0a6fd877]::panicking::default_hook
[INFO] [stdout]    5:     0x63d0a1eff050 - test[aada8e7e76ba119b]::test_main_inner::{closure#0}
[INFO] [stdout]    6:     0x63d0a1f7d822 - std[617be2ca0a6fd877]::panicking::panic_with_hook
[INFO] [stdout]    7:     0x63d0a1f37d82 - std[617be2ca0a6fd877]::panicking::begin_panic::<alloc[2e1b2a31b91974c5]::string::String>::{closure#0}
[INFO] [stdout]    8:     0x63d0a1f37abe - std[617be2ca0a6fd877]::sys::backtrace::__rust_end_short_backtrace::<std[617be2ca0a6fd877]::panicking::begin_panic<alloc[2e1b2a31b91974c5]::string::String>::{closure#0}, !>
[INFO] [stdout]    9:     0x63d0a1f37810 - std[617be2ca0a6fd877]::panicking::begin_panic::<alloc[2e1b2a31b91974c5]::string::String>
[INFO] [stdout]   10:     0x63d0a1f3b3ed - <assert_cli[1b9c249118854403]::assert::Assert>::unwrap
[INFO] [stdout]   11:     0x63d0a1ef1e10 - <lib[e5fa40b689fcd435]::test_global_field_separator::{closure#0} as core[a373ad73a504971]::ops::function::FnOnce<()>>::call_once
[INFO] [stdout]   12:     0x63d0a1ef249b - test[aada8e7e76ba119b]::__rust_begin_short_backtrace::<core[a373ad73a504971]::result::Result<(), alloc[2e1b2a31b91974c5]::string::String>, fn() -> core[a373ad73a504971]::result::Result<(), alloc[2e1b2a31b91974c5]::string::String>>
[INFO] [stdout]   13:     0x63d0a1eff675 - test[aada8e7e76ba119b]::run_test::{closure#0}
[INFO] [stdout]   14:     0x63d0a1ef8f64 - std[617be2ca0a6fd877]::sys::backtrace::__rust_begin_short_backtrace::<test[aada8e7e76ba119b]::run_test::{closure#1}, ()>
[INFO] [stdout]   15:     0x63d0a1f02702 - <std[617be2ca0a6fd877]::thread::lifecycle::spawn_unchecked<test[aada8e7e76ba119b]::run_test::{closure#1}, ()>::{closure#1} as core[a373ad73a504971]::ops::function::FnOnce<()>>::call_once::{shim:vtable#0}
[INFO] [stdout]   16:     0x63d0a1f8482f - <std[617be2ca0a6fd877]::sys::thread::unix::Thread>::new::thread_start
[INFO] [stdout]   17:     0x76269f66edfa - <unknown>
[INFO] [stdout]   18:     0x76269f7023d4 - clone
[INFO] [stdout]   19:                0x0 - <unknown>
[INFO] [stdout] 
[INFO] [stdout] ---- test_negtive_regex_group_should_work stdout ----
[INFO] [stdout] 
[INFO] [stdout] thread 'test_negtive_regex_group_should_work' (3121) panicked at /opt/rustwide/cargo-home/registry/src/index.crates.io-1949cf8c6b5b557f/assert_cli-0.6.3/src/assert.rs:441:13:
[INFO] [stdout] Assertion failed for `./target/release/rargs -p ^(?P<year>\d{4})-(\d{2})-(\d{2})$ echo {-3} {-2} {-1}`
[INFO] [stdout] with: No such file or directory (os error 2)
[INFO] [stdout] stack backtrace:
[INFO] [stdout]    0:     0x63d0a1f84fd1 - <<std[617be2ca0a6fd877]::sys::backtrace::BacktraceLock>::print::DisplayBacktrace as core[a373ad73a504971]::fmt::Display>::fmt
[INFO] [stdout]    1:     0x63d0a1f994aa - core[a373ad73a504971]::fmt::write
[INFO] [stdout]    2:     0x63d0a1f8939c - <alloc[2e1b2a31b91974c5]::vec::Vec<u8> as core[a373ad73a504971]::io::write::Write>::write_fmt
[INFO] [stdout]    3:     0x63d0a1f60d16 - std[617be2ca0a6fd877]::panicking::default_hook::{closure#0}
[INFO] [stdout]    4:     0x63d0a1f7d669 - std[617be2ca0a6fd877]::panicking::default_hook
[INFO] [stdout]    5:     0x63d0a1eff050 - test[aada8e7e76ba119b]::test_main_inner::{closure#0}
[INFO] [stdout]    6:     0x63d0a1f7d822 - std[617be2ca0a6fd877]::panicking::panic_with_hook
[INFO] [stdout]    7:     0x63d0a1f37d82 - std[617be2ca0a6fd877]::panicking::begin_panic::<alloc[2e1b2a31b91974c5]::string::String>::{closure#0}
[INFO] [stdout]    8:     0x63d0a1f37abe - std[617be2ca0a6fd877]::sys::backtrace::__rust_end_short_backtrace::<std[617be2ca0a6fd877]::panicking::begin_panic<alloc[2e1b2a31b91974c5]::string::String>::{closure#0}, !>
[INFO] [stdout]    9:     0x63d0a1f37810 - std[617be2ca0a6fd877]::panicking::begin_panic::<alloc[2e1b2a31b91974c5]::string::String>
[INFO] [stdout]   10:     0x63d0a1f3b3ed - <assert_cli[1b9c249118854403]::assert::Assert>::unwrap
[INFO] [stdout]   11:     0x63d0a1ef2400 - <lib[e5fa40b689fcd435]::test_negtive_regex_group_should_work::{closure#0} as core[a373ad73a504971]::ops::function::FnOnce<()>>::call_once
[INFO] [stdout]   12:     0x63d0a1ef249b - test[aada8e7e76ba119b]::__rust_begin_short_backtrace::<core[a373ad73a504971]::result::Result<(), alloc[2e1b2a31b91974c5]::string::String>, fn() -> core[a373ad73a504971]::result::Result<(), alloc[2e1b2a31b91974c5]::string::String>>
[INFO] [stdout]   13:     0x63d0a1eff675 - test[aada8e7e76ba119b]::run_test::{closure#0}
[INFO] [stdout]   14:     0x63d0a1ef8f64 - std[617be2ca0a6fd877]::sys::backtrace::__rust_begin_short_backtrace::<test[aada8e7e76ba119b]::run_test::{closure#1}, ()>
[INFO] [stdout]   15:     0x63d0a1f02702 - <std[617be2ca0a6fd877]::thread::lifecycle::spawn_unchecked<test[aada8e7e76ba119b]::run_test::{closure#1}, ()>::{closure#1} as core[a373ad73a504971]::ops::function::FnOnce<()>>::call_once::{shim:vtable#0}
[INFO] [stdout]   16:     0x63d0a1f8482f - <std[617be2ca0a6fd877]::sys::thread::unix::Thread>::new::thread_start
[INFO] [stdout]   17:     0x76269f66edfa - <unknown>
[INFO] [stdout]   18:     0x76269f7023d4 - clone
[INFO] [stdout]   19:                0x0 - <unknown>
[INFO] [stdout] 
[INFO] [stdout] ---- test_field_separator stdout ----
[INFO] [stdout] 
[INFO] [stdout] thread 'test_field_separator' (3118) panicked at /opt/rustwide/cargo-home/registry/src/index.crates.io-1949cf8c6b5b557f/assert_cli-0.6.3/src/assert.rs:441:13:
[INFO] [stdout] Assertion failed for `./target/release/rargs -d , echo X{3..4:_}X`
[INFO] [stdout] with: No such file or directory (os error 2)
[INFO] [stdout] stack backtrace:
[INFO] [stdout]    0:     0x63d0a1f84fd1 - <<std[617be2ca0a6fd877]::sys::backtrace::BacktraceLock>::print::DisplayBacktrace as core[a373ad73a504971]::fmt::Display>::fmt
[INFO] [stdout]    1:     0x63d0a1f994aa - core[a373ad73a504971]::fmt::write
[INFO] [stdout]    2:     0x63d0a1f8939c - <alloc[2e1b2a31b91974c5]::vec::Vec<u8> as core[a373ad73a504971]::io::write::Write>::write_fmt
[INFO] [stdout]    3:     0x63d0a1f60d16 - std[617be2ca0a6fd877]::panicking::default_hook::{closure#0}
[INFO] [stdout]    4:     0x63d0a1f7d669 - std[617be2ca0a6fd877]::panicking::default_hook
[INFO] [stdout]    5:     0x63d0a1eff050 - test[aada8e7e76ba119b]::test_main_inner::{closure#0}
[INFO] [stdout]    6:     0x63d0a1f7d822 - std[617be2ca0a6fd877]::panicking::panic_with_hook
[INFO] [stdout]    7:     0x63d0a1f37d82 - std[617be2ca0a6fd877]::panicking::begin_panic::<alloc[2e1b2a31b91974c5]::string::String>::{closure#0}
[INFO] [stdout]    8:     0x63d0a1f37abe - std[617be2ca0a6fd877]::sys::backtrace::__rust_end_short_backtrace::<std[617be2ca0a6fd877]::panicking::begin_panic<alloc[2e1b2a31b91974c5]::string::String>::{closure#0}, !>
[INFO] [stdout]    9:     0x63d0a1f37810 - std[617be2ca0a6fd877]::panicking::begin_panic::<alloc[2e1b2a31b91974c5]::string::String>
[INFO] [stdout]   10:     0x63d0a1f3b3ed - <assert_cli[1b9c249118854403]::assert::Assert>::unwrap
[INFO] [stdout]   11:     0x63d0a1ef1387 - <lib[e5fa40b689fcd435]::test_field_separator::{closure#0} as core[a373ad73a504971]::ops::function::FnOnce<()>>::call_once
[INFO] [stdout]   12:     0x63d0a1ef249b - test[aada8e7e76ba119b]::__rust_begin_short_backtrace::<core[a373ad73a504971]::result::Result<(), alloc[2e1b2a31b91974c5]::string::String>, fn() -> core[a373ad73a504971]::result::Result<(), alloc[2e1b2a31b91974c5]::string::String>>
[INFO] [stdout]   13:     0x63d0a1eff675 - test[aada8e7e76ba119b]::run_test::{closure#0}
[INFO] [stdout]   14:     0x63d0a1ef8f64 - std[617be2ca0a6fd877]::sys::backtrace::__rust_begin_short_backtrace::<test[aada8e7e76ba119b]::run_test::{closure#1}, ()>
[INFO] [stdout]   15:     0x63d0a1f02702 - <std[617be2ca0a6fd877]::thread::lifecycle::spawn_unchecked<test[aada8e7e76ba119b]::run_test::{closure#1}, ()>::{closure#1} as core[a373ad73a504971]::ops::function::FnOnce<()>>::call_once::{shim:vtable#0}
[INFO] [stdout]   16:     0x63d0a1f8482f - <std[617be2ca0a6fd877]::sys::thread::unix::Thread>::new::thread_start
[INFO] [stdout]   17:     0x76269f66edfa - <unknown>
[INFO] [stdout]   18:     0x76269f7023d4 - clone
[INFO] [stdout]   19:                0x0 - <unknown>
[INFO] [stdout] 
[INFO] [stdout] ---- test_default_delimiter stdout ----
[INFO] [stdout] 
[INFO] [stdout] thread 'test_default_delimiter' (3116) panicked at /opt/rustwide/cargo-home/registry/src/index.crates.io-1949cf8c6b5b557f/assert_cli-0.6.3/src/assert.rs:441:13:
[INFO] [stdout] Assertion failed for `./target/release/rargs echo X{1},{2},{3}X`
[INFO] [stdout] with: No such file or directory (os error 2)
[INFO] [stdout] stack backtrace:
[INFO] [stdout]    0:     0x63d0a1f84fd1 - <<std[617be2ca0a6fd877]::sys::backtrace::BacktraceLock>::print::DisplayBacktrace as core[a373ad73a504971]::fmt::Display>::fmt
[INFO] [stdout]    1:     0x63d0a1f994aa - core[a373ad73a504971]::fmt::write
[INFO] [stdout]    2:     0x63d0a1f8939c - <alloc[2e1b2a31b91974c5]::vec::Vec<u8> as core[a373ad73a504971]::io::write::Write>::write_fmt
[INFO] [stdout]    3:     0x63d0a1f60d16 - std[617be2ca0a6fd877]::panicking::default_hook::{closure#0}
[INFO] [stdout]    4:     0x63d0a1f7d669 - std[617be2ca0a6fd877]::panicking::default_hook
[INFO] [stdout]    5:     0x63d0a1eff050 - test[aada8e7e76ba119b]::test_main_inner::{closure#0}
[INFO] [stdout]    6:     0x63d0a1f7d822 - std[617be2ca0a6fd877]::panicking::panic_with_hook
[INFO] [stdout]    7:     0x63d0a1f37d82 - std[617be2ca0a6fd877]::panicking::begin_panic::<alloc[2e1b2a31b91974c5]::string::String>::{closure#0}
[INFO] [stdout]    8:     0x63d0a1f37abe - std[617be2ca0a6fd877]::sys::backtrace::__rust_end_short_backtrace::<std[617be2ca0a6fd877]::panicking::begin_panic<alloc[2e1b2a31b91974c5]::string::String>::{closure#0}, !>
[INFO] [stdout]    9:     0x63d0a1f37810 - std[617be2ca0a6fd877]::panicking::begin_panic::<alloc[2e1b2a31b91974c5]::string::String>
[INFO] [stdout]   10:     0x63d0a1f3b3ed - <assert_cli[1b9c249118854403]::assert::Assert>::unwrap
[INFO] [stdout]   11:     0x63d0a1ef19f6 - <lib[e5fa40b689fcd435]::test_default_delimiter::{closure#0} as core[a373ad73a504971]::ops::function::FnOnce<()>>::call_once
[INFO] [stdout]   12:     0x63d0a1ef249b - test[aada8e7e76ba119b]::__rust_begin_short_backtrace::<core[a373ad73a504971]::result::Result<(), alloc[2e1b2a31b91974c5]::string::String>, fn() -> core[a373ad73a504971]::result::Result<(), alloc[2e1b2a31b91974c5]::string::String>>
[INFO] [stdout]   13:     0x63d0a1eff675 - test[aada8e7e76ba119b]::run_test::{closure#0}
[INFO] [stdout]   14:     0x63d0a1ef8f64 - std[617be2ca0a6fd877]::sys::backtrace::__rust_begin_short_backtrace::<test[aada8e7e76ba119b]::run_test::{closure#1}, ()>
[INFO] [stdout]   15:     0x63d0a1f02702 - <std[617be2ca0a6fd877]::thread::lifecycle::spawn_unchecked<test[aada8e7e76ba119b]::run_test::{closure#1}, ()>::{closure#1} as core[a373ad73a504971]::ops::function::FnOnce<()>>::call_once::{shim:vtable#0}
[INFO] [stdout]   16:     0x63d0a1f8482f - <std[617be2ca0a6fd877]::sys::thread::unix::Thread>::new::thread_start
[INFO] [stdout]   17:     0x76269f66edfa - <unknown>
[INFO] [stdout]   18:     0x76269f7023d4 - clone
[INFO] [stdout]   19:                0x0 - <unknown>
[INFO] [stdout] 
[INFO] [stdout] ---- test_read0_short stdout ----
[INFO] [stdout] 
[INFO] [stdout] thread 'test_read0_short' (3127) panicked at /opt/rustwide/cargo-home/registry/src/index.crates.io-1949cf8c6b5b557f/assert_cli-0.6.3/src/assert.rs:441:13:
[INFO] [stdout] Assertion failed for `./target/release/rargs -0 echo {}`
[INFO] [stdout] with: No such file or directory (os error 2)
[INFO] [stdout] stack backtrace:
[INFO] [stdout]    0:     0x63d0a1f84fd1 - <<std[617be2ca0a6fd877]::sys::backtrace::BacktraceLock>::print::DisplayBacktrace as core[a373ad73a504971]::fmt::Display>::fmt
[INFO] [stdout]    1:     0x63d0a1f994aa - core[a373ad73a504971]::fmt::write
[INFO] [stdout]    2:     0x63d0a1f8939c - <alloc[2e1b2a31b91974c5]::vec::Vec<u8> as core[a373ad73a504971]::io::write::Write>::write_fmt
[INFO] [stdout]    3:     0x63d0a1f60d16 - std[617be2ca0a6fd877]::panicking::default_hook::{closure#0}
[INFO] [stdout]    4:     0x63d0a1f7d669 - std[617be2ca0a6fd877]::panicking::default_hook
[INFO] [stdout]    5:     0x63d0a1eff050 - test[aada8e7e76ba119b]::test_main_inner::{closure#0}
[INFO] [stdout]    6:     0x63d0a1f7d822 - std[617be2ca0a6fd877]::panicking::panic_with_hook
[INFO] [stdout]    7:     0x63d0a1f37d82 - std[617be2ca0a6fd877]::panicking::begin_panic::<alloc[2e1b2a31b91974c5]::string::String>::{closure#0}
[INFO] [stdout]    8:     0x63d0a1f37abe - std[617be2ca0a6fd877]::sys::backtrace::__rust_end_short_backtrace::<std[617be2ca0a6fd877]::panicking::begin_panic<alloc[2e1b2a31b91974c5]::string::String>::{closure#0}, !>
[INFO] [stdout]    9:     0x63d0a1f37810 - std[617be2ca0a6fd877]::panicking::begin_panic::<alloc[2e1b2a31b91974c5]::string::String>
[INFO] [stdout]   10:     0x63d0a1f3b3ed - <assert_cli[1b9c249118854403]::assert::Assert>::unwrap
[INFO] [stdout]   11:     0x63d0a1ef0c9b - <lib[e5fa40b689fcd435]::test_read0_short::{closure#0} as core[a373ad73a504971]::ops::function::FnOnce<()>>::call_once
[INFO] [stdout]   12:     0x63d0a1ef249b - test[aada8e7e76ba119b]::__rust_begin_short_backtrace::<core[a373ad73a504971]::result::Result<(), alloc[2e1b2a31b91974c5]::string::String>, fn() -> core[a373ad73a504971]::result::Result<(), alloc[2e1b2a31b91974c5]::string::String>>
[INFO] [stdout]   13:     0x63d0a1eff675 - test[aada8e7e76ba119b]::run_test::{closure#0}
[INFO] [stdout]   14:     0x63d0a1ef8f64 - std[617be2ca0a6fd877]::sys::backtrace::__rust_begin_short_backtrace::<test[aada8e7e76ba119b]::run_test::{closure#1}, ()>
[INFO] [stdout]   15:     0x63d0a1f02702 - <std[617be2ca0a6fd877]::thread::lifecycle::spawn_unchecked<test[aada8e7e76ba119b]::run_test::{closure#1}, ()>::{closure#1} as core[a373ad73a504971]::ops::function::FnOnce<()>>::call_once::{shim:vtable#0}
[INFO] [stdout]   16:     0x63d0a1f8482f - <std[617be2ca0a6fd877]::sys::thread::unix::Thread>::new::thread_start
[INFO] [stdout]   17:     0x76269f66edfa - <unknown>
[INFO] [stdout]   18:     0x76269f7023d4 - clone
[INFO] [stdout]   19:                0x0 - <unknown>
[INFO] [stdout] 
[INFO] [stdout] ---- test_range_right_inf stdout ----
[INFO] [stdout] 
[INFO] [stdout] thread 'test_range_right_inf' (3125) panicked at /opt/rustwide/cargo-home/registry/src/index.crates.io-1949cf8c6b5b557f/assert_cli-0.6.3/src/assert.rs:441:13:
[INFO] [stdout] Assertion failed for `./target/release/rargs -d , echo X{3..}X`
[INFO] [stdout] with: No such file or directory (os error 2)
[INFO] [stdout] stack backtrace:
[INFO] [stdout]    0:     0x63d0a1f84fd1 - <<std[617be2ca0a6fd877]::sys::backtrace::BacktraceLock>::print::DisplayBacktrace as core[a373ad73a504971]::fmt::Display>::fmt
[INFO] [stdout]    1:     0x63d0a1f994aa - core[a373ad73a504971]::fmt::write
[INFO] [stdout]    2:     0x63d0a1f8939c - <alloc[2e1b2a31b91974c5]::vec::Vec<u8> as core[a373ad73a504971]::io::write::Write>::write_fmt
[INFO] [stdout]    3:     0x63d0a1f60d16 - std[617be2ca0a6fd877]::panicking::default_hook::{closure#0}
[INFO] [stdout]    4:     0x63d0a1f7d669 - std[617be2ca0a6fd877]::panicking::default_hook
[INFO] [stdout]    5:     0x63d0a1eff050 - test[aada8e7e76ba119b]::test_main_inner::{closure#0}
[INFO] [stdout]    6:     0x63d0a1f7d822 - std[617be2ca0a6fd877]::panicking::panic_with_hook
[INFO] [stdout]    7:     0x63d0a1f37d82 - std[617be2ca0a6fd877]::panicking::begin_panic::<alloc[2e1b2a31b91974c5]::string::String>::{closure#0}
[INFO] [stdout]    8:     0x63d0a1f37abe - std[617be2ca0a6fd877]::sys::backtrace::__rust_end_short_backtrace::<std[617be2ca0a6fd877]::panicking::begin_panic<alloc[2e1b2a31b91974c5]::string::String>::{closure#0}, !>
[INFO] [stdout]    9:     0x63d0a1f37810 - std[617be2ca0a6fd877]::panicking::begin_panic::<alloc[2e1b2a31b91974c5]::string::String>
[INFO] [stdout]   10:     0x63d0a1f3b3ed - <assert_cli[1b9c249118854403]::assert::Assert>::unwrap
[INFO] [stdout]   11:     0x63d0a1ef1637 - <lib[e5fa40b689fcd435]::test_range_right_inf::{closure#0} as core[a373ad73a504971]::ops::function::FnOnce<()>>::call_once
[INFO] [stdout]   12:     0x63d0a1ef249b - test[aada8e7e76ba119b]::__rust_begin_short_backtrace::<core[a373ad73a504971]::result::Result<(), alloc[2e1b2a31b91974c5]::string::String>, fn() -> core[a373ad73a504971]::result::Result<(), alloc[2e1b2a31b91974c5]::string::String>>
[INFO] [stdout]   13:     0x63d0a1eff675 - test[aada8e7e76ba119b]::run_test::{closure#0}
[INFO] [stdout]   14:     0x63d0a1ef8f64 - std[617be2ca0a6fd877]::sys::backtrace::__rust_begin_short_backtrace::<test[aada8e7e76ba119b]::run_test::{closure#1}, ()>
[INFO] [stdout]   15:     0x63d0a1f02702 - <std[617be2ca0a6fd877]::thread::lifecycle::spawn_unchecked<test[aada8e7e76ba119b]::run_test::{closure#1}, ()>::{closure#1} as core[a373ad73a504971]::ops::function::FnOnce<()>>::call_once::{shim:vtable#0}
[INFO] [stdout]   16:     0x63d0a1f8482f - <std[617be2ca0a6fd877]::sys::thread::unix::Thread>::new::thread_start
[INFO] [stdout]   17:     0x76269f66edfa - <unknown>
[INFO] [stdout]   18:     0x76269f7023d4 - clone
[INFO] [stdout]   19:                0x0 - <unknown>
[INFO] [stdout] 
[INFO] [stdout] 
[INFO] [stdout] failures:
[INFO] [stdout]     regex_should_match
[INFO] [stdout]     test_default_delimiter
[INFO] [stdout]     test_delimiter
[INFO] [stdout]     test_field_separator
[INFO] [stdout]     test_global_field_separator
[INFO] [stdout]     test_line_num_should_work
[INFO] [stdout]     test_negtive_regex_group_should_work
[INFO] [stdout]     test_range_both
[INFO] [stdout]     test_range_left_inf
[INFO] [stdout]     test_range_right_inf
[INFO] [stdout]     test_read0_long
[INFO] [stdout]     test_read0_short
[INFO] [stdout]     test_regex_group_name_should_match
[INFO] [stdout]     test_start_num_should_be_working
[INFO] [stdout] 
[INFO] [stdout] test result: FAILED. 1 passed; 14 failed; 0 ignored; 0 measured; 0 filtered out; finished in 0.01s
[INFO] [stdout] 
[INFO] running `Command { std: "docker" "inspect" "af1b5b7320b738156c5a1abb264bb664525dd0b6f31797b44c5786602eb8ff9e", kill_on_drop: false }`
[INFO] running `Command { std: "docker" "rm" "-f" "af1b5b7320b738156c5a1abb264bb664525dd0b6f31797b44c5786602eb8ff9e", kill_on_drop: false }`
[INFO] [stdout] af1b5b7320b738156c5a1abb264bb664525dd0b6f31797b44c5786602eb8ff9e
