[INFO] fetching crate rara-style 0.1.0...
[INFO] testing rara-style-0.1.0 against 1.99.0-beta.8+cargoflags=--release for beta-release-1.100-2
[INFO] extracting crate rara-style 0.1.0 into /workspace/builds/worker-3-tc1/source
[INFO] started tweaking crates.io crate rara-style 0.1.0
[INFO] finished tweaking crates.io crate rara-style 0.1.0
[INFO] tweaked toml for crates.io crate rara-style 0.1.0 written to /workspace/builds/worker-3-tc1/source/Cargo.toml
[INFO] validating manifest of crates.io crate rara-style 0.1.0 on toolchain 1.99.0-beta.8
[INFO] running `Command { std: CARGO_HOME="/workspace/cargo-home" RUSTUP_HOME="/workspace/rustup-home" "/workspace/cargo-home/bin/cargo" "+1.99.0-beta.8" "metadata" "--manifest-path" "Cargo.toml" "--no-deps", kill_on_drop: false }`
[INFO] crate crates.io crate rara-style 0.1.0 already has a lockfile, it will not be regenerated
[INFO] running `Command { std: CARGO_HOME="/workspace/cargo-home" RUSTUP_HOME="/workspace/rustup-home" "/workspace/cargo-home/bin/cargo" "+1.99.0-beta.8" "fetch" "--manifest-path" "Cargo.toml", kill_on_drop: false }`
[INFO] running `Command { std: "docker" "create" "-v" "/var/lib/crater-agent-workspace/builds/worker-3-tc1/source:/opt/rustwide/workdir:ro,Z" "-v" "/var/lib/crater-agent-workspace/builds/worker-3-tc1/target:/opt/rustwide/target:rw,Z" "-v" "/var/lib/crater-agent-workspace/cargo-home:/opt/rustwide/cargo-home:ro,Z" "-v" "/var/lib/crater-agent-workspace/rustup-home:/opt/rustwide/rustup-home:ro,Z" "-m" "1610612736" "--network" "none" "ghcr.io/rust-lang/crates-build-env/linux@sha256:77db811e55d90add9212f6832c23229e3de5f1c1f9905e8cb07319ea15df73ac" "sleep" "infinity", kill_on_drop: false }`
[INFO] [stdout] 64b135e311d34a37bb3c25d408137d6282e941ffd672deeda3f98e0f5aa9d33a
[INFO] running `Command { std: "docker" "start" "64b135e311d34a37bb3c25d408137d6282e941ffd672deeda3f98e0f5aa9d33a", kill_on_drop: false }`
[INFO] running `Command { std: "docker" "inspect" "64b135e311d34a37bb3c25d408137d6282e941ffd672deeda3f98e0f5aa9d33a", kill_on_drop: false }`
[INFO] running `Command { std: "docker" "exec" "-e" "SOURCE_DIR=/opt/rustwide/workdir" "-e" "CARGO_HOME=/opt/rustwide/cargo-home" "-e" "RUSTUP_HOME=/opt/rustwide/rustup-home" "-e" "CARGO_TARGET_DIR=/opt/rustwide/target" "-w" "/opt/rustwide/workdir" "--user" "0:0" "64b135e311d34a37bb3c25d408137d6282e941ffd672deeda3f98e0f5aa9d33a" "/opt/rustwide/cargo-home/bin/cargo" "+1.99.0-beta.8" "metadata" "--no-deps" "--format-version=1", kill_on_drop: false }`
[INFO] running `Command { std: "docker" "inspect" "64b135e311d34a37bb3c25d408137d6282e941ffd672deeda3f98e0f5aa9d33a", kill_on_drop: false }`
[INFO] running `Command { std: "docker" "exec" "-e" "SOURCE_DIR=/opt/rustwide/workdir" "-e" "CARGO_HOME=/opt/rustwide/cargo-home" "-e" "RUSTUP_HOME=/opt/rustwide/rustup-home" "-e" "CARGO_TARGET_DIR=/opt/rustwide/target" "-e" "CARGO_INCREMENTAL=0" "-e" "RUST_BACKTRACE=full" "-e" "RUSTFLAGS=--cap-lints=warn" "-e" "RUSTDOCFLAGS=--cap-lints=warn" "-w" "/opt/rustwide/workdir" "--user" "0:0" "64b135e311d34a37bb3c25d408137d6282e941ffd672deeda3f98e0f5aa9d33a" "/opt/rustwide/cargo-home/bin/cargo" "+1.99.0-beta.8" "build" "--frozen" "--message-format=json" "--release", kill_on_drop: false }`
[INFO] [stderr]    Compiling rara-style v0.1.0 (/opt/rustwide/workdir)
[INFO] [stderr]     Finished `release` profile [optimized] target(s) in 0.24s
[INFO] running `Command { std: "docker" "inspect" "64b135e311d34a37bb3c25d408137d6282e941ffd672deeda3f98e0f5aa9d33a", kill_on_drop: false }`
[INFO] running `Command { std: "docker" "exec" "-e" "SOURCE_DIR=/opt/rustwide/workdir" "-e" "CARGO_HOME=/opt/rustwide/cargo-home" "-e" "RUSTUP_HOME=/opt/rustwide/rustup-home" "-e" "CARGO_TARGET_DIR=/opt/rustwide/target" "-e" "CARGO_INCREMENTAL=0" "-e" "RUST_BACKTRACE=full" "-e" "RUSTFLAGS=--cap-lints=warn" "-e" "RUSTDOCFLAGS=--cap-lints=warn" "-w" "/opt/rustwide/workdir" "--user" "0:0" "64b135e311d34a37bb3c25d408137d6282e941ffd672deeda3f98e0f5aa9d33a" "/opt/rustwide/cargo-home/bin/cargo" "+1.99.0-beta.8" "test" "--frozen" "--no-run" "--message-format=json" "--release", kill_on_drop: false }`
[INFO] [stderr]    Compiling rara-style v0.1.0 (/opt/rustwide/workdir)
[INFO] [stderr]     Finished `release` profile [optimized] target(s) in 0.19s
[INFO] running `Command { std: "docker" "inspect" "64b135e311d34a37bb3c25d408137d6282e941ffd672deeda3f98e0f5aa9d33a", kill_on_drop: false }`
[INFO] running `Command { std: "docker" "exec" "-e" "SOURCE_DIR=/opt/rustwide/workdir" "-e" "CARGO_HOME=/opt/rustwide/cargo-home" "-e" "RUSTUP_HOME=/opt/rustwide/rustup-home" "-e" "CARGO_TARGET_DIR=/opt/rustwide/target" "-e" "CARGO_INCREMENTAL=0" "-e" "RUST_BACKTRACE=full" "-e" "RUSTFLAGS=--cap-lints=warn" "-e" "RUSTDOCFLAGS=--cap-lints=warn" "-w" "/opt/rustwide/workdir" "--user" "0:0" "64b135e311d34a37bb3c25d408137d6282e941ffd672deeda3f98e0f5aa9d33a" "/opt/rustwide/cargo-home/bin/cargo" "+1.99.0-beta.8" "test" "--frozen" "--release", kill_on_drop: false }`
[INFO] [stderr]     Finished `release` profile [optimized] target(s) in 0.04s
[INFO] [stderr]      Running unittests src/lib.rs (/opt/rustwide/target/release/deps/rara_style-f9fecd257aacab81)
[INFO] [stdout] 
[INFO] [stderr]    Doc-tests rara_style
[INFO] [stdout] running 0 tests
[INFO] [stdout] 
[INFO] [stdout] test result: ok. 0 passed; 0 failed; 0 ignored; 0 measured; 0 filtered out; finished in 0.00s
[INFO] [stdout] 
[INFO] [stdout] 
[INFO] [stdout] running 4 tests
[INFO] [stdout] test src/../README.md - (line 26) ... FAILED
[INFO] [stdout] test src/../README.md - (line 9) ... ok
[INFO] [stdout] test src/../README.md - (line 34) ... ok
[INFO] [stdout] test src/lib.rs - Color (line 28) ... ok
[INFO] [stdout] 
[INFO] [stdout] failures:
[INFO] [stdout] 
[INFO] [stdout] ---- src/../README.md - (line 26) stdout ----
[INFO] [stdout] error[E0432]: unresolved import `rara_style::tui`
[INFO] [stdout]    --> src/../README.md:28:5
[INFO] [stdout]     |
[INFO] [stdout]  28 | use rara_style::tui;
[INFO] [stdout]     |     ^^^^^^^^^^^^---
[INFO] [stdout]     |                 |
[INFO] [stdout]     |                 no `tui` in the root
[INFO] [stdout]     |
[INFO] [stdout] note: found an item that was configured out
[INFO] [stdout]    --> src/lib.rs:139:9
[INFO] [stdout]     |
[INFO] [stdout] 138 | #[cfg(feature = "ratatui")]
[INFO] [stdout]     |       ------------------- the item is gated behind the `ratatui` feature
[INFO] [stdout] 139 | pub mod tui {
[INFO] [stdout]     |         ^^^
[INFO] [stdout] 
[INFO] [stdout] error[E0433]: cannot find module or crate `ratatui` in this scope
[INFO] [stdout]   --> src/../README.md:30:13
[INFO] [stdout]    |
[INFO] [stdout] 30 | let style = ratatui::style::Style::default().fg(tui::POP).bg(tui::BG);
[INFO] [stdout]    |             ^^^^^^^ use of unresolved module or unlinked crate `ratatui`
[INFO] [stdout]    |
[INFO] [stdout]    = help: if you wanted to use a crate named `ratatui`, use `cargo add ratatui` to add it to your `Cargo.toml`
[INFO] [stdout] 
[INFO] [stdout] error: aborting due to 2 previous errors
[INFO] [stdout] 
[INFO] [stdout] Some errors have detailed explanations: E0432, E0433.
[INFO] [stdout] For more information about an error, try `rustc --explain E0432`.
[INFO] [stdout] Couldn't compile the test.
[INFO] [stdout] 
[INFO] [stdout] failures:
[INFO] [stdout]     src/../README.md - (line 26)
[INFO] [stdout] 
[INFO] [stdout] test result: FAILED. 3 passed; 1 failed; 0 ignored; 0 measured; 0 filtered out; finished in 0.27s
[INFO] [stdout] 
[INFO] [stdout] all doctests ran in 0.36s; merged doctests compilation took 0.08s
[INFO] [stderr] error: doctest failed, to rerun pass `--doc`
[INFO] running `Command { std: "docker" "inspect" "64b135e311d34a37bb3c25d408137d6282e941ffd672deeda3f98e0f5aa9d33a", kill_on_drop: false }`
[INFO] running `Command { std: "docker" "rm" "-f" "64b135e311d34a37bb3c25d408137d6282e941ffd672deeda3f98e0f5aa9d33a", kill_on_drop: false }`
[INFO] [stdout] 64b135e311d34a37bb3c25d408137d6282e941ffd672deeda3f98e0f5aa9d33a
