[INFO] fetching crate rar 0.4.0...
[INFO] testing rar-0.4.0 against 1.100.0-beta.1+cargoflags=--release for beta-release-1.100-2
[INFO] extracting crate rar 0.4.0 into /workspace/builds/worker-0-tc2/source
[INFO] started tweaking crates.io crate rar 0.4.0
[INFO] finished tweaking crates.io crate rar 0.4.0
[INFO] tweaked toml for crates.io crate rar 0.4.0 written to /workspace/builds/worker-0-tc2/source/Cargo.toml
[INFO] validating manifest of crates.io crate rar 0.4.0 on toolchain 1.100.0-beta.1
[INFO] running `Command { std: CARGO_HOME="/workspace/cargo-home" RUSTUP_HOME="/workspace/rustup-home" "/workspace/cargo-home/bin/cargo" "+1.100.0-beta.1" "metadata" "--manifest-path" "Cargo.toml" "--no-deps", kill_on_drop: false }`
[INFO] crate crates.io crate rar 0.4.0 already has a lockfile, it will not be regenerated
[INFO] running `Command { std: CARGO_HOME="/workspace/cargo-home" RUSTUP_HOME="/workspace/rustup-home" "/workspace/cargo-home/bin/cargo" "+1.100.0-beta.1" "fetch" "--manifest-path" "Cargo.toml", kill_on_drop: false }`
[INFO] [stderr] warning: `package.homepage` is redundant with `package.repository`
[INFO] [stderr]   --> Cargo.toml:48:12
[INFO] [stderr]    |
[INFO] [stderr] 48 | homepage = "https://github.com/Roba1993/RAR"
[INFO] [stderr]    |            ^^^^^^^^^^^^^^^^^^^^^^^^^^^^^^^^^
[INFO] [stderr] ...
[INFO] [stderr] 52 | repository = "https://github.com/Roba1993/RAR"
[INFO] [stderr]    |              ---------------------------------
[INFO] [stderr]    |
[INFO] [stderr]    = note: `cargo::redundant_homepage` is set to `warn` by default
[INFO] [stderr] help: consider removing `package.homepage`
[INFO] [stderr] warning: `rar` (manifest) generated 1 warning
[INFO] running `Command { std: "docker" "create" "-v" "/var/lib/crater-agent-workspace/builds/worker-0-tc2/source:/opt/rustwide/workdir:ro,Z" "-v" "/var/lib/crater-agent-workspace/builds/worker-0-tc2/target:/opt/rustwide/target:rw,Z" "-v" "/var/lib/crater-agent-workspace/cargo-home:/opt/rustwide/cargo-home:ro,Z" "-v" "/var/lib/crater-agent-workspace/rustup-home:/opt/rustwide/rustup-home:ro,Z" "-m" "1610612736" "--network" "none" "ghcr.io/rust-lang/crates-build-env/linux@sha256:77db811e55d90add9212f6832c23229e3de5f1c1f9905e8cb07319ea15df73ac" "sleep" "infinity", kill_on_drop: false }`
[INFO] [stdout] 1eef818fc5481996c820e50a1a955abd6557f44649d401966cb2dbc1f9b70bf9
[INFO] running `Command { std: "docker" "start" "1eef818fc5481996c820e50a1a955abd6557f44649d401966cb2dbc1f9b70bf9", kill_on_drop: false }`
[INFO] running `Command { std: "docker" "inspect" "1eef818fc5481996c820e50a1a955abd6557f44649d401966cb2dbc1f9b70bf9", kill_on_drop: false }`
[INFO] running `Command { std: "docker" "exec" "-e" "SOURCE_DIR=/opt/rustwide/workdir" "-e" "CARGO_HOME=/opt/rustwide/cargo-home" "-e" "RUSTUP_HOME=/opt/rustwide/rustup-home" "-e" "CARGO_TARGET_DIR=/opt/rustwide/target" "-w" "/opt/rustwide/workdir" "--user" "0:0" "1eef818fc5481996c820e50a1a955abd6557f44649d401966cb2dbc1f9b70bf9" "/opt/rustwide/cargo-home/bin/cargo" "+1.100.0-beta.1" "metadata" "--no-deps" "--format-version=1", kill_on_drop: false }`
[INFO] running `Command { std: "docker" "inspect" "1eef818fc5481996c820e50a1a955abd6557f44649d401966cb2dbc1f9b70bf9", kill_on_drop: false }`
[INFO] running `Command { std: "docker" "exec" "-e" "SOURCE_DIR=/opt/rustwide/workdir" "-e" "CARGO_HOME=/opt/rustwide/cargo-home" "-e" "RUSTUP_HOME=/opt/rustwide/rustup-home" "-e" "CARGO_TARGET_DIR=/opt/rustwide/target" "-e" "CARGO_INCREMENTAL=0" "-e" "RUST_BACKTRACE=full" "-e" "RUSTFLAGS=--cap-lints=warn" "-e" "RUSTDOCFLAGS=--cap-lints=warn" "-w" "/opt/rustwide/workdir" "--user" "0:0" "1eef818fc5481996c820e50a1a955abd6557f44649d401966cb2dbc1f9b70bf9" "/opt/rustwide/cargo-home/bin/cargo" "+1.100.0-beta.1" "build" "--frozen" "--message-format=json" "--release", kill_on_drop: false }`
[INFO] [stderr] warning: `package.homepage` is redundant with `package.repository`
[INFO] [stderr]   --> Cargo.toml:48:12
[INFO] [stderr]    |
[INFO] [stderr] 48 | homepage = "https://github.com/Roba1993/RAR"
[INFO] [stderr]    |            ^^^^^^^^^^^^^^^^^^^^^^^^^^^^^^^^^
[INFO] [stderr] ...
[INFO] [stderr] 52 | repository = "https://github.com/Roba1993/RAR"
[INFO] [stderr]    |              ---------------------------------
[INFO] [stderr]    |
[INFO] [stderr]    = note: `cargo::redundant_homepage` is set to `warn` by default
[INFO] [stderr] help: consider removing `package.homepage`
[INFO] [stderr] warning: `rar` (manifest) generated 1 warning
[INFO] [stderr]    Compiling typenum v1.19.0
[INFO] [stderr]    Compiling generic-array v0.14.9
[INFO] [stderr]    Compiling proc-macro2 v1.0.103
[INFO] [stderr]    Compiling quote v1.0.41
[INFO] [stderr]    Compiling unicode-ident v1.0.22
[INFO] [stderr]    Compiling thiserror v2.0.17
[INFO] [stderr]    Compiling iana-time-zone v0.1.64
[INFO] [stderr]    Compiling memchr v2.7.6
[INFO] [stderr]    Compiling minimal-lexical v0.2.1
[INFO] [stderr]    Compiling lazy_static v1.5.0
[INFO] [stderr]    Compiling chrono v0.4.42
[INFO] [stderr]    Compiling nom v7.1.3
[INFO] [stderr]    Compiling syn v2.0.108
[INFO] [stderr]    Compiling generic-array v1.3.5
[INFO] [stderr]    Compiling crypto-common v0.1.6
[INFO] [stderr]    Compiling block-padding v0.3.3
[INFO] [stderr]    Compiling block-buffer v0.10.4
[INFO] [stderr]    Compiling inout v0.1.4
[INFO] [stderr]    Compiling digest v0.10.7
[INFO] [stderr]    Compiling cipher v0.4.4
[INFO] [stderr]    Compiling hmac v0.12.1
[INFO] [stderr]    Compiling sha2 v0.10.9
[INFO] [stderr]    Compiling cbc v0.1.2
[INFO] [stderr]    Compiling aes v0.8.4
[INFO] [stderr]    Compiling pbkdf2 v0.12.2
[INFO] [stderr]    Compiling thiserror-impl v2.0.17
[INFO] [stderr]    Compiling rar v0.4.0 (/opt/rustwide/workdir)
[INFO] [stdout] warning: use of deprecated struct `aes::cipher::generic_array::GenericArray`: please upgrade to generic-array 1.x
[INFO] [stdout]   --> src/aes_reader.rs:96:35
[INFO] [stdout]    |
[INFO] [stdout] 96 |                     .map(|chunk| *GenericArray::from_slice(chunk))
[INFO] [stdout]    |                                   ^^^^^^^^^^^^
[INFO] [stdout]    |
[INFO] [stdout]    = note: `#[warn(deprecated)]` on by default
[INFO] [stdout] 
[INFO] [stdout] 
[INFO] [stdout] warning: use of deprecated struct `aes::cipher::generic_array::GenericArray`: please upgrade to generic-array 1.x
[INFO] [stdout]   --> src/aes_reader.rs:93:37
[INFO] [stdout]    |
[INFO] [stdout] 93 |                 let mut blocks: Vec<GenericArray<u8, _>> = self.encrypted_buffer
[INFO] [stdout]    |                                     ^^^^^^^^^^^^
[INFO] [stdout] 
[INFO] [stdout] 
[INFO] [stdout] warning: use of deprecated associated function `aes::cipher::generic_array::GenericArray::<T, N>::from_slice`: please upgrade to generic-array 1.x
[INFO] [stdout]   --> src/aes_reader.rs:96:49
[INFO] [stdout]    |
[INFO] [stdout] 96 |                     .map(|chunk| *GenericArray::from_slice(chunk))
[INFO] [stdout]    |                                                 ^^^^^^^^^^
[INFO] [stdout] 
[INFO] [stdout] 
[INFO] [stderr] warning: unused dependency `generic-array`
[INFO] [stderr]   --> Cargo.toml:10:15
[INFO] [stderr]    |
[INFO] [stderr] 10 | [dependencies.generic-array]
[INFO] [stderr]    |               ^^^^^^^^^^^^^^
[INFO] [stderr]    |
[INFO] [stderr]    = note: `cargo::unused_dependencies` is set to `warn` by default
[INFO] [stderr] help: consider removing the dependency on `generic-array`
[INFO] [stderr] warning: unused dependency `lazy_static`
[INFO] [stderr]   --> Cargo.toml:16:15
[INFO] [stderr]    |
[INFO] [stderr] 16 | [dependencies.lazy_static]
[INFO] [stderr]    |               ^^^^^^^^^^^^
[INFO] [stderr]    |
[INFO] [stderr] help: consider removing the dependency on `lazy_static`
[INFO] [stderr] warning: `rar` (manifest) generated 2 warnings
[INFO] [stderr]     Finished `release` profile [optimized] target(s) in 10.54s
[INFO] running `Command { std: "docker" "inspect" "1eef818fc5481996c820e50a1a955abd6557f44649d401966cb2dbc1f9b70bf9", kill_on_drop: false }`
[INFO] running `Command { std: "docker" "exec" "-e" "SOURCE_DIR=/opt/rustwide/workdir" "-e" "CARGO_HOME=/opt/rustwide/cargo-home" "-e" "RUSTUP_HOME=/opt/rustwide/rustup-home" "-e" "CARGO_TARGET_DIR=/opt/rustwide/target" "-e" "CARGO_INCREMENTAL=0" "-e" "RUST_BACKTRACE=full" "-e" "RUSTFLAGS=--cap-lints=warn" "-e" "RUSTDOCFLAGS=--cap-lints=warn" "-w" "/opt/rustwide/workdir" "--user" "0:0" "1eef818fc5481996c820e50a1a955abd6557f44649d401966cb2dbc1f9b70bf9" "/opt/rustwide/cargo-home/bin/cargo" "+1.100.0-beta.1" "test" "--frozen" "--no-run" "--message-format=json" "--release", kill_on_drop: false }`
[INFO] [stderr] warning: `package.homepage` is redundant with `package.repository`
[INFO] [stderr]   --> Cargo.toml:48:12
[INFO] [stderr]    |
[INFO] [stderr] 48 | homepage = "https://github.com/Roba1993/RAR"
[INFO] [stderr]    |            ^^^^^^^^^^^^^^^^^^^^^^^^^^^^^^^^^
[INFO] [stderr] ...
[INFO] [stderr] 52 | repository = "https://github.com/Roba1993/RAR"
[INFO] [stderr]    |              ---------------------------------
[INFO] [stderr]    |
[INFO] [stderr]    = note: `cargo::redundant_homepage` is set to `warn` by default
[INFO] [stderr] help: consider removing `package.homepage`
[INFO] [stderr] warning: `rar` (manifest) generated 1 warning
[INFO] [stdout] warning: use of deprecated struct `aes::cipher::generic_array::GenericArray`: please upgrade to generic-array 1.x
[INFO] [stdout]   --> src/aes_reader.rs:96:35
[INFO] [stdout]    |
[INFO] [stdout] 96 |                     .map(|chunk| *GenericArray::from_slice(chunk))
[INFO] [stdout]    |                                   ^^^^^^^^^^^^
[INFO] [stdout]    |
[INFO] [stdout]    = note: `#[warn(deprecated)]` on by default
[INFO] [stdout] 
[INFO] [stdout] 
[INFO] [stdout] warning: use of deprecated struct `aes::cipher::generic_array::GenericArray`: please upgrade to generic-array 1.x
[INFO] [stdout]   --> src/aes_reader.rs:93:37
[INFO] [stdout]    |
[INFO] [stdout] 93 |                 let mut blocks: Vec<GenericArray<u8, _>> = self.encrypted_buffer
[INFO] [stdout]    |                                     ^^^^^^^^^^^^
[INFO] [stdout] 
[INFO] [stdout] 
[INFO] [stdout] warning: use of deprecated associated function `aes::cipher::generic_array::GenericArray::<T, N>::from_slice`: please upgrade to generic-array 1.x
[INFO] [stdout]   --> src/aes_reader.rs:96:49
[INFO] [stdout]    |
[INFO] [stdout] 96 |                     .map(|chunk| *GenericArray::from_slice(chunk))
[INFO] [stdout]    |                                                 ^^^^^^^^^^
[INFO] [stdout] 
[INFO] [stdout] 
[INFO] [stderr]    Compiling rar v0.4.0 (/opt/rustwide/workdir)
[INFO] [stdout] warning: use of deprecated struct `aes::cipher::generic_array::GenericArray`: please upgrade to generic-array 1.x
[INFO] [stdout]   --> src/aes_reader.rs:96:35
[INFO] [stdout]    |
[INFO] [stdout] 96 |                     .map(|chunk| *GenericArray::from_slice(chunk))
[INFO] [stdout]    |                                   ^^^^^^^^^^^^
[INFO] [stdout]    |
[INFO] [stdout]    = note: `#[warn(deprecated)]` on by default
[INFO] [stdout] 
[INFO] [stdout] 
[INFO] [stdout] warning: use of deprecated struct `aes::cipher::generic_array::GenericArray`: please upgrade to generic-array 1.x
[INFO] [stdout]   --> src/aes_reader.rs:93:37
[INFO] [stdout]    |
[INFO] [stdout] 93 |                 let mut blocks: Vec<GenericArray<u8, _>> = self.encrypted_buffer
[INFO] [stdout]    |                                     ^^^^^^^^^^^^
[INFO] [stdout] 
[INFO] [stdout] 
[INFO] [stdout] warning: use of deprecated associated function `aes::cipher::generic_array::GenericArray::<T, N>::from_slice`: please upgrade to generic-array 1.x
[INFO] [stdout]   --> src/aes_reader.rs:96:49
[INFO] [stdout]    |
[INFO] [stdout] 96 |                     .map(|chunk| *GenericArray::from_slice(chunk))
[INFO] [stdout]    |                                                 ^^^^^^^^^^
[INFO] [stdout] 
[INFO] [stdout] 
[INFO] [stderr] warning: unused dependency `generic-array`
[INFO] [stderr]   --> Cargo.toml:10:15
[INFO] [stderr]    |
[INFO] [stderr] 10 | [dependencies.generic-array]
[INFO] [stderr]    |               ^^^^^^^^^^^^^^
[INFO] [stderr]    |
[INFO] [stderr]    = note: `cargo::unused_dependencies` is set to `warn` by default
[INFO] [stderr] help: consider removing the dependency on `generic-array`
[INFO] [stderr] warning: unused dependency `lazy_static`
[INFO] [stderr]   --> Cargo.toml:16:15
[INFO] [stderr]    |
[INFO] [stderr] 16 | [dependencies.lazy_static]
[INFO] [stderr]    |               ^^^^^^^^^^^^
[INFO] [stderr]    |
[INFO] [stderr] help: consider removing the dependency on `lazy_static`
[INFO] [stderr] help: to still use for development builds, move to `dev-dependencies`
[INFO] [stderr] warning: `rar` (manifest) generated 2 warnings
[INFO] [stderr]     Finished `release` profile [optimized] target(s) in 1.84s
[INFO] running `Command { std: "docker" "inspect" "1eef818fc5481996c820e50a1a955abd6557f44649d401966cb2dbc1f9b70bf9", kill_on_drop: false }`
[INFO] running `Command { std: "docker" "exec" "-e" "SOURCE_DIR=/opt/rustwide/workdir" "-e" "CARGO_HOME=/opt/rustwide/cargo-home" "-e" "RUSTUP_HOME=/opt/rustwide/rustup-home" "-e" "CARGO_TARGET_DIR=/opt/rustwide/target" "-e" "CARGO_INCREMENTAL=0" "-e" "RUST_BACKTRACE=full" "-e" "RUSTFLAGS=--cap-lints=warn" "-e" "RUSTDOCFLAGS=--cap-lints=warn" "-w" "/opt/rustwide/workdir" "--user" "0:0" "1eef818fc5481996c820e50a1a955abd6557f44649d401966cb2dbc1f9b70bf9" "/opt/rustwide/cargo-home/bin/cargo" "+1.100.0-beta.1" "test" "--frozen" "--release", kill_on_drop: false }`
[INFO] [stderr] warning: `package.homepage` is redundant with `package.repository`
[INFO] [stderr]   --> Cargo.toml:48:12
[INFO] [stderr]    |
[INFO] [stderr] 48 | homepage = "https://github.com/Roba1993/RAR"
[INFO] [stderr]    |            ^^^^^^^^^^^^^^^^^^^^^^^^^^^^^^^^^
[INFO] [stderr] ...
[INFO] [stderr] 52 | repository = "https://github.com/Roba1993/RAR"
[INFO] [stderr]    |              ---------------------------------
[INFO] [stderr]    |
[INFO] [stderr]    = note: `cargo::redundant_homepage` is set to `warn` by default
[INFO] [stderr] help: consider removing `package.homepage`
[INFO] [stderr] warning: `rar` (manifest) generated 1 warning
[INFO] [stderr] warning: use of deprecated struct `aes::cipher::generic_array::GenericArray`: please upgrade to generic-array 1.x
[INFO] [stderr]   --> src/aes_reader.rs:96:35
[INFO] [stderr]    |
[INFO] [stderr] 96 |                     .map(|chunk| *GenericArray::from_slice(chunk))
[INFO] [stderr]    |                                   ^^^^^^^^^^^^
[INFO] [stderr]    |
[INFO] [stderr]    = note: `#[warn(deprecated)]` on by default
[INFO] [stderr] 
[INFO] [stderr] warning: use of deprecated struct `aes::cipher::generic_array::GenericArray`: please upgrade to generic-array 1.x
[INFO] [stderr]   --> src/aes_reader.rs:93:37
[INFO] [stderr]    |
[INFO] [stderr] 93 |                 let mut blocks: Vec<GenericArray<u8, _>> = self.encrypted_buffer
[INFO] [stderr]    |                                     ^^^^^^^^^^^^
[INFO] [stderr] 
[INFO] [stderr] warning: use of deprecated associated function `aes::cipher::generic_array::GenericArray::<T, N>::from_slice`: please upgrade to generic-array 1.x
[INFO] [stderr]   --> src/aes_reader.rs:96:49
[INFO] [stderr]    |
[INFO] [stderr] 96 |                     .map(|chunk| *GenericArray::from_slice(chunk))
[INFO] [stderr]    |                                                 ^^^^^^^^^^
[INFO] [stderr] 
[INFO] [stderr] warning: `rar` (lib) generated 3 warnings
[INFO] [stderr] warning: `rar` (lib test) generated 3 warnings (3 duplicates)
[INFO] [stderr] warning: unused dependency `generic-array`
[INFO] [stderr]   --> Cargo.toml:10:15
[INFO] [stderr]    |
[INFO] [stderr] 10 | [dependencies.generic-array]
[INFO] [stderr]    |               ^^^^^^^^^^^^^^
[INFO] [stderr]    |
[INFO] [stderr]    = note: `cargo::unused_dependencies` is set to `warn` by default
[INFO] [stderr] help: consider removing the dependency on `generic-array`
[INFO] [stderr] warning: unused dependency `lazy_static`
[INFO] [stderr]   --> Cargo.toml:16:15
[INFO] [stderr]    |
[INFO] [stderr] 16 | [dependencies.lazy_static]
[INFO] [stderr]    |               ^^^^^^^^^^^^
[INFO] [stderr]    |
[INFO] [stderr] help: consider removing the dependency on `lazy_static`
[INFO] [stderr] help: to still use for development builds, move to `dev-dependencies`
[INFO] [stderr] warning: `rar` (manifest) generated 2 warnings
[INFO] [stderr]     Finished `release` profile [optimized] target(s) in 0.07s
[INFO] [stderr]      Running unittests src/lib.rs (/opt/rustwide/target/release/build/rar/b15186337e827790/out/rar-b15186337e827790)
[INFO] [stdout] 
[INFO] [stdout] running 32 tests
[INFO] [stdout] test extra_block::test_parse_extra_area_multi ... ok
[INFO] [stdout] test extra_block::test_parse_extra_area_time ... ok
[INFO] [stdout] test file_block::test_get_compression ... ok
[INFO] [stdout] test file_block::test_get_directonary ... ok
[INFO] [stdout] test aes_reader::test_aes_stream_disabled ... ok
[INFO] [stdout] test file_block::test_archive ... ok
[INFO] [stdout] test head_block::tests::test_base_header ... ok
[INFO] [stdout] test extra_block::test_file_encryption_parse ... ok
[INFO] [stdout] test sig_block::tests::test_rar5_signature ... ok
[INFO] [stdout] test sig_block::tests::test_rar4_signature ... ok
[INFO] [stdout] test sig_block::tests::test_rar_pre_signature ... ok
[INFO] [stdout] test sig_block::tests::test_rar_signature ... ok
[INFO] [stdout] test end_block::test_archive ... ok
[INFO] [stdout] test file_block::test_archive_png ... ok
[INFO] [stdout] test head_block::test_header ... ok
[INFO] [stdout] test util::test_split_u64 ... ok
[INFO] [stdout] test vint::tests::test_split_vint ... ok
[INFO] [stdout] test vint::tests::test_vint ... ok
[INFO] [stdout] test file_writer::tests::test_file_writer ... FAILED
[INFO] [stdout] test extra_block::test_parse_time ... ok
[INFO] [stdout] test archive_block::test_archive ... ok
[INFO] [stdout] test tests::test_rar5_save_32mb_txt ... FAILED
[INFO] [stdout] test tests::test_rar5_save_32mb_txt_png ... FAILED
[INFO] [stdout] test tests::test_rar5_save_32mb_txt_png_pw_test ... FAILED
[INFO] [stdout] test extra_block::test_convert_time ... ok
[INFO] [stdout] test rar_reader::test_seek ... ok
[INFO] [stdout] test util::test_get_bit_at ... ok
[INFO] [stdout] test rar_reader::test_exec_nom_parser ... ok
[INFO] [stdout] test rar_reader::test_consume ... ok
[INFO] [stderr] error: test failed, to rerun pass `--lib`
[INFO] [stdout] test util::test_to_bool ... ok
[INFO] [stdout] test vint::tests::test_is_vint_bit ... ok
[INFO] [stdout] test tests::test_rar5_save_32mb_txt_png_512kb_multi_test ... FAILED
[INFO] [stdout] 
[INFO] [stdout] failures:
[INFO] [stdout] 
[INFO] [stdout] ---- file_writer::tests::test_file_writer stdout ----
[INFO] [stdout] 
[INFO] [stdout] thread 'file_writer::tests::test_file_writer' (651) panicked at src/file_writer.rs:84:80:
[INFO] [stdout] called `Result::unwrap()` on an `Err` value: Os { code: 30, kind: ReadOnlyFilesystem, message: "Read-only file system" }
[INFO] [stdout] stack backtrace:
[INFO] [stdout]    0:     0x5b2cf8f8c511 - <<std[617be2ca0a6fd877]::sys::backtrace::BacktraceLock>::print::DisplayBacktrace as core[a373ad73a504971]::fmt::Display>::fmt
[INFO] [stdout]    1:     0x5b2cf8fa0d9a - core[a373ad73a504971]::fmt::write
[INFO] [stdout]    2:     0x5b2cf8f9098c - <alloc[2e1b2a31b91974c5]::vec::Vec<u8> as core[a373ad73a504971]::io::write::Write>::write_fmt
[INFO] [stdout]    3:     0x5b2cf8f67a46 - std[617be2ca0a6fd877]::panicking::default_hook::{closure#0}
[INFO] [stdout]    4:     0x5b2cf8f844c9 - std[617be2ca0a6fd877]::panicking::default_hook
[INFO] [stdout]    5:     0x5b2cf8f12da0 - test[aada8e7e76ba119b]::test_main_inner::{closure#0}
[INFO] [stdout]    6:     0x5b2cf8f84682 - std[617be2ca0a6fd877]::panicking::panic_with_hook
[INFO] [stdout]    7:     0x5b2cf8f67af2 - std[617be2ca0a6fd877]::panicking::panic_handler::{closure#0}
[INFO] [stdout]    8:     0x5b2cf8f606e9 - std[617be2ca0a6fd877]::sys::backtrace::__rust_end_short_backtrace::<std[617be2ca0a6fd877]::panicking::panic_handler::{closure#0}, !>
[INFO] [stdout]    9:     0x5b2cf8f686fd - __rustc[ea4f61d10b84890b]::rust_begin_unwind
[INFO] [stdout]   10:     0x5b2cf8fa14cc - core[a373ad73a504971]::panicking::panic_fmt
[INFO] [stdout]   11:     0x5b2cf8fa12a2 - core[a373ad73a504971]::result::unwrap_failed
[INFO] [stdout]   12:     0x5b2cf8efed10 - <rar[e1d2aaf81512dc2]::file_writer::tests::test_file_writer::{closure#0} as core[a373ad73a504971]::ops::function::FnOnce<()>>::call_once
[INFO] [stdout]   13:     0x5b2cf8f061eb - test[aada8e7e76ba119b]::__rust_begin_short_backtrace::<core[a373ad73a504971]::result::Result<(), alloc[2e1b2a31b91974c5]::string::String>, fn() -> core[a373ad73a504971]::result::Result<(), alloc[2e1b2a31b91974c5]::string::String>>
[INFO] [stdout]   14:     0x5b2cf8f133c5 - test[aada8e7e76ba119b]::run_test::{closure#0}
[INFO] [stdout]   15:     0x5b2cf8f0ccb4 - std[617be2ca0a6fd877]::sys::backtrace::__rust_begin_short_backtrace::<test[aada8e7e76ba119b]::run_test::{closure#1}, ()>
[INFO] [stdout]   16:     0x5b2cf8f16452 - <std[617be2ca0a6fd877]::thread::lifecycle::spawn_unchecked<test[aada8e7e76ba119b]::run_test::{closure#1}, ()>::{closure#1} as core[a373ad73a504971]::ops::function::FnOnce<()>>::call_once::{shim:vtable#0}
[INFO] [stdout]   17:     0x5b2cf8f8bd6f - <std[617be2ca0a6fd877]::sys::thread::unix::Thread>::new::thread_start
[INFO] [stdout]   18:     0x7204be4f7dfa - <unknown>
[INFO] [stdout]   19:     0x7204be58b3d4 - clone
[INFO] [stdout]   20:                0x0 - <unknown>
[INFO] [stdout] 
[INFO] [stdout] ---- tests::test_rar5_save_32mb_txt stdout ----
[INFO] [stdout] 
[INFO] [stdout] thread 'tests::test_rar5_save_32mb_txt' (661) panicked at src/lib.rs:152:10:
[INFO] [stdout] called `Result::unwrap()` on an `Err` value: Io(Os { code: 2, kind: NotFound, message: "No such file or directory" })
[INFO] [stdout] stack backtrace:
[INFO] [stdout]    0:     0x5b2cf8f8c511 - <<std[617be2ca0a6fd877]::sys::backtrace::BacktraceLock>::print::DisplayBacktrace as core[a373ad73a504971]::fmt::Display>::fmt
[INFO] [stdout]    1:     0x5b2cf8fa0d9a - core[a373ad73a504971]::fmt::write
[INFO] [stdout]    2:     0x5b2cf8f9098c - <alloc[2e1b2a31b91974c5]::vec::Vec<u8> as core[a373ad73a504971]::io::write::Write>::write_fmt
[INFO] [stdout]    3:     0x5b2cf8f67a46 - std[617be2ca0a6fd877]::panicking::default_hook::{closure#0}
[INFO] [stdout]    4:     0x5b2cf8f844c9 - std[617be2ca0a6fd877]::panicking::default_hook
[INFO] [stdout]    5:     0x5b2cf8f12da0 - test[aada8e7e76ba119b]::test_main_inner::{closure#0}
[INFO] [stdout]    6:     0x5b2cf8f84682 - std[617be2ca0a6fd877]::panicking::panic_with_hook
[INFO] [stdout]    7:     0x5b2cf8f67af2 - std[617be2ca0a6fd877]::panicking::panic_handler::{closure#0}
[INFO] [stdout]    8:     0x5b2cf8f606e9 - std[617be2ca0a6fd877]::sys::backtrace::__rust_end_short_backtrace::<std[617be2ca0a6fd877]::panicking::panic_handler::{closure#0}, !>
[INFO] [stdout]    9:     0x5b2cf8f686fd - __rustc[ea4f61d10b84890b]::rust_begin_unwind
[INFO] [stdout]   10:     0x5b2cf8fa14cc - core[a373ad73a504971]::panicking::panic_fmt
[INFO] [stdout]   11:     0x5b2cf8fa12a2 - core[a373ad73a504971]::result::unwrap_failed
[INFO] [stdout]   12:     0x5b2cf8f03561 - <rar[e1d2aaf81512dc2]::tests::test_rar5_save_32mb_txt::{closure#0} as core[a373ad73a504971]::ops::function::FnOnce<()>>::call_once
[INFO] [stdout]   13:     0x5b2cf8f061eb - test[aada8e7e76ba119b]::__rust_begin_short_backtrace::<core[a373ad73a504971]::result::Result<(), alloc[2e1b2a31b91974c5]::string::String>, fn() -> core[a373ad73a504971]::result::Result<(), alloc[2e1b2a31b91974c5]::string::String>>
[INFO] [stdout]   14:     0x5b2cf8f133c5 - test[aada8e7e76ba119b]::run_test::{closure#0}
[INFO] [stdout]   15:     0x5b2cf8f0ccb4 - std[617be2ca0a6fd877]::sys::backtrace::__rust_begin_short_backtrace::<test[aada8e7e76ba119b]::run_test::{closure#1}, ()>
[INFO] [stdout]   16:     0x5b2cf8f16452 - <std[617be2ca0a6fd877]::thread::lifecycle::spawn_unchecked<test[aada8e7e76ba119b]::run_test::{closure#1}, ()>::{closure#1} as core[a373ad73a504971]::ops::function::FnOnce<()>>::call_once::{shim:vtable#0}
[INFO] [stdout]   17:     0x5b2cf8f8bd6f - <std[617be2ca0a6fd877]::sys::thread::unix::Thread>::new::thread_start
[INFO] [stdout]   18:     0x7204be4f7dfa - <unknown>
[INFO] [stdout]   19:     0x7204be58b3d4 - clone
[INFO] [stdout]   20:                0x0 - <unknown>
[INFO] [stdout] 
[INFO] [stdout] ---- tests::test_rar5_save_32mb_txt_png stdout ----
[INFO] [stdout] 
[INFO] [stdout] thread 'tests::test_rar5_save_32mb_txt_png' (662) panicked at src/lib.rs:172:10:
[INFO] [stdout] called `Result::unwrap()` on an `Err` value: Io(Os { code: 2, kind: NotFound, message: "No such file or directory" })
[INFO] [stdout] stack backtrace:
[INFO] [stdout]    0:     0x5b2cf8f8c511 - <<std[617be2ca0a6fd877]::sys::backtrace::BacktraceLock>::print::DisplayBacktrace as core[a373ad73a504971]::fmt::Display>::fmt
[INFO] [stdout]    1:     0x5b2cf8fa0d9a - core[a373ad73a504971]::fmt::write
[INFO] [stdout]    2:     0x5b2cf8f9098c - <alloc[2e1b2a31b91974c5]::vec::Vec<u8> as core[a373ad73a504971]::io::write::Write>::write_fmt
[INFO] [stdout]    3:     0x5b2cf8f67a46 - std[617be2ca0a6fd877]::panicking::default_hook::{closure#0}
[INFO] [stdout]    4:     0x5b2cf8f844c9 - std[617be2ca0a6fd877]::panicking::default_hook
[INFO] [stdout]    5:     0x5b2cf8f12da0 - test[aada8e7e76ba119b]::test_main_inner::{closure#0}
[INFO] [stdout]    6:     0x5b2cf8f84682 - std[617be2ca0a6fd877]::panicking::panic_with_hook
[INFO] [stdout]    7:     0x5b2cf8f67af2 - std[617be2ca0a6fd877]::panicking::panic_handler::{closure#0}
[INFO] [stdout]    8:     0x5b2cf8f606e9 - std[617be2ca0a6fd877]::sys::backtrace::__rust_end_short_backtrace::<std[617be2ca0a6fd877]::panicking::panic_handler::{closure#0}, !>
[INFO] [stdout]    9:     0x5b2cf8f686fd - __rustc[ea4f61d10b84890b]::rust_begin_unwind
[INFO] [stdout]   10:     0x5b2cf8fa14cc - core[a373ad73a504971]::panicking::panic_fmt
[INFO] [stdout]   11:     0x5b2cf8fa12a2 - core[a373ad73a504971]::result::unwrap_failed
[INFO] [stdout]   12:     0x5b2cf8f03aea - <rar[e1d2aaf81512dc2]::tests::test_rar5_save_32mb_txt_png::{closure#0} as core[a373ad73a504971]::ops::function::FnOnce<()>>::call_once
[INFO] [stdout]   13:     0x5b2cf8f061eb - test[aada8e7e76ba119b]::__rust_begin_short_backtrace::<core[a373ad73a504971]::result::Result<(), alloc[2e1b2a31b91974c5]::string::String>, fn() -> core[a373ad73a504971]::result::Result<(), alloc[2e1b2a31b91974c5]::string::String>>
[INFO] [stdout]   14:     0x5b2cf8f133c5 - test[aada8e7e76ba119b]::run_test::{closure#0}
[INFO] [stdout]   15:     0x5b2cf8f0ccb4 - std[617be2ca0a6fd877]::sys::backtrace::__rust_begin_short_backtrace::<test[aada8e7e76ba119b]::run_test::{closure#1}, ()>
[INFO] [stdout]   16:     0x5b2cf8f16452 - <std[617be2ca0a6fd877]::thread::lifecycle::spawn_unchecked<test[aada8e7e76ba119b]::run_test::{closure#1}, ()>::{closure#1} as core[a373ad73a504971]::ops::function::FnOnce<()>>::call_once::{shim:vtable#0}
[INFO] [stdout]   17:     0x5b2cf8f8bd6f - <std[617be2ca0a6fd877]::sys::thread::unix::Thread>::new::thread_start
[INFO] [stdout]   18:     0x7204be4f7dfa - <unknown>
[INFO] [stdout]   19:     0x7204be58b3d4 - clone
[INFO] [stdout]   20:                0x0 - <unknown>
[INFO] [stdout] 
[INFO] [stdout] ---- tests::test_rar5_save_32mb_txt_png_pw_test stdout ----
[INFO] [stdout] 
[INFO] [stdout] thread 'tests::test_rar5_save_32mb_txt_png_pw_test' (664) panicked at src/lib.rs:199:10:
[INFO] [stdout] called `Result::unwrap()` on an `Err` value: Io(Os { code: 2, kind: NotFound, message: "No such file or directory" })
[INFO] [stdout] stack backtrace:
[INFO] [stdout]    0:     0x5b2cf8f8c511 - <<std[617be2ca0a6fd877]::sys::backtrace::BacktraceLock>::print::DisplayBacktrace as core[a373ad73a504971]::fmt::Display>::fmt
[INFO] [stdout]    1:     0x5b2cf8fa0d9a - core[a373ad73a504971]::fmt::write
[INFO] [stdout]    2:     0x5b2cf8f9098c - <alloc[2e1b2a31b91974c5]::vec::Vec<u8> as core[a373ad73a504971]::io::write::Write>::write_fmt
[INFO] [stdout]    3:     0x5b2cf8f67a46 - std[617be2ca0a6fd877]::panicking::default_hook::{closure#0}
[INFO] [stdout]    4:     0x5b2cf8f844c9 - std[617be2ca0a6fd877]::panicking::default_hook
[INFO] [stdout]    5:     0x5b2cf8f12da0 - test[aada8e7e76ba119b]::test_main_inner::{closure#0}
[INFO] [stdout]    6:     0x5b2cf8f84682 - std[617be2ca0a6fd877]::panicking::panic_with_hook
[INFO] [stdout]    7:     0x5b2cf8f67af2 - std[617be2ca0a6fd877]::panicking::panic_handler::{closure#0}
[INFO] [stdout]    8:     0x5b2cf8f606e9 - std[617be2ca0a6fd877]::sys::backtrace::__rust_end_short_backtrace::<std[617be2ca0a6fd877]::panicking::panic_handler::{closure#0}, !>
[INFO] [stdout]    9:     0x5b2cf8f686fd - __rustc[ea4f61d10b84890b]::rust_begin_unwind
[INFO] [stdout]   10:     0x5b2cf8fa14cc - core[a373ad73a504971]::panicking::panic_fmt
[INFO] [stdout]   11:     0x5b2cf8fa12a2 - core[a373ad73a504971]::result::unwrap_failed
[INFO] [stdout]   12:     0x5b2cf8f040ca - <rar[e1d2aaf81512dc2]::tests::test_rar5_save_32mb_txt_png_pw_test::{closure#0} as core[a373ad73a504971]::ops::function::FnOnce<()>>::call_once
[INFO] [stdout]   13:     0x5b2cf8f061eb - test[aada8e7e76ba119b]::__rust_begin_short_backtrace::<core[a373ad73a504971]::result::Result<(), alloc[2e1b2a31b91974c5]::string::String>, fn() -> core[a373ad73a504971]::result::Result<(), alloc[2e1b2a31b91974c5]::string::String>>
[INFO] [stdout]   14:     0x5b2cf8f133c5 - test[aada8e7e76ba119b]::run_test::{closure#0}
[INFO] [stdout]   15:     0x5b2cf8f0ccb4 - std[617be2ca0a6fd877]::sys::backtrace::__rust_begin_short_backtrace::<test[aada8e7e76ba119b]::run_test::{closure#1}, ()>
[INFO] [stdout]   16:     0x5b2cf8f16452 - <std[617be2ca0a6fd877]::thread::lifecycle::spawn_unchecked<test[aada8e7e76ba119b]::run_test::{closure#1}, ()>::{closure#1} as core[a373ad73a504971]::ops::function::FnOnce<()>>::call_once::{shim:vtable#0}
[INFO] [stdout]   17:     0x5b2cf8f8bd6f - <std[617be2ca0a6fd877]::sys::thread::unix::Thread>::new::thread_start
[INFO] [stdout]   18:     0x7204be4f7dfa - <unknown>
[INFO] [stdout]   19:     0x7204be58b3d4 - clone
[INFO] [stdout]   20:                0x0 - <unknown>
[INFO] [stdout] 
[INFO] [stdout] ---- tests::test_rar5_save_32mb_txt_png_512kb_multi_test stdout ----
[INFO] [stdout] 
[INFO] [stdout] thread 'tests::test_rar5_save_32mb_txt_png_512kb_multi_test' (663) panicked at src/lib.rs:226:10:
[INFO] [stdout] called `Result::unwrap()` on an `Err` value: Io(Os { code: 2, kind: NotFound, message: "No such file or directory" })
[INFO] [stdout] stack backtrace:
[INFO] [stdout]    0:     0x5b2cf8f8c511 - <<std[617be2ca0a6fd877]::sys::backtrace::BacktraceLock>::print::DisplayBacktrace as core[a373ad73a504971]::fmt::Display>::fmt
[INFO] [stdout]    1:     0x5b2cf8fa0d9a - core[a373ad73a504971]::fmt::write
[INFO] [stdout]    2:     0x5b2cf8f9098c - <alloc[2e1b2a31b91974c5]::vec::Vec<u8> as core[a373ad73a504971]::io::write::Write>::write_fmt
[INFO] [stdout]    3:     0x5b2cf8f67a46 - std[617be2ca0a6fd877]::panicking::default_hook::{closure#0}
[INFO] [stdout]    4:     0x5b2cf8f844c9 - std[617be2ca0a6fd877]::panicking::default_hook
[INFO] [stdout]    5:     0x5b2cf8f12da0 - test[aada8e7e76ba119b]::test_main_inner::{closure#0}
[INFO] [stdout]    6:     0x5b2cf8f84682 - std[617be2ca0a6fd877]::panicking::panic_with_hook
[INFO] [stdout]    7:     0x5b2cf8f67af2 - std[617be2ca0a6fd877]::panicking::panic_handler::{closure#0}
[INFO] [stdout]    8:     0x5b2cf8f606e9 - std[617be2ca0a6fd877]::sys::backtrace::__rust_end_short_backtrace::<std[617be2ca0a6fd877]::panicking::panic_handler::{closure#0}, !>
[INFO] [stdout]    9:     0x5b2cf8f686fd - __rustc[ea4f61d10b84890b]::rust_begin_unwind
[INFO] [stdout]   10:     0x5b2cf8fa14cc - core[a373ad73a504971]::panicking::panic_fmt
[INFO] [stdout]   11:     0x5b2cf8fa12a2 - core[a373ad73a504971]::result::unwrap_failed
[INFO] [stdout]   12:     0x5b2cf8f046aa - <rar[e1d2aaf81512dc2]::tests::test_rar5_save_32mb_txt_png_512kb_multi_test::{closure#0} as core[a373ad73a504971]::ops::function::FnOnce<()>>::call_once
[INFO] [stdout]   13:     0x5b2cf8f061eb - test[aada8e7e76ba119b]::__rust_begin_short_backtrace::<core[a373ad73a504971]::result::Result<(), alloc[2e1b2a31b91974c5]::string::String>, fn() -> core[a373ad73a504971]::result::Result<(), alloc[2e1b2a31b91974c5]::string::String>>
[INFO] [stdout]   14:     0x5b2cf8f133c5 - test[aada8e7e76ba119b]::run_test::{closure#0}
[INFO] [stdout]   15:     0x5b2cf8f0ccb4 - std[617be2ca0a6fd877]::sys::backtrace::__rust_begin_short_backtrace::<test[aada8e7e76ba119b]::run_test::{closure#1}, ()>
[INFO] [stdout]   16:     0x5b2cf8f16452 - <std[617be2ca0a6fd877]::thread::lifecycle::spawn_unchecked<test[aada8e7e76ba119b]::run_test::{closure#1}, ()>::{closure#1} as core[a373ad73a504971]::ops::function::FnOnce<()>>::call_once::{shim:vtable#0}
[INFO] [stdout]   17:     0x5b2cf8f8bd6f - <std[617be2ca0a6fd877]::sys::thread::unix::Thread>::new::thread_start
[INFO] [stdout]   18:     0x7204be4f7dfa - <unknown>
[INFO] [stdout]   19:     0x7204be58b3d4 - clone
[INFO] [stdout]   20:                0x0 - <unknown>
[INFO] [stdout] 
[INFO] [stdout] 
[INFO] [stdout] failures:
[INFO] [stdout]     file_writer::tests::test_file_writer
[INFO] [stdout]     tests::test_rar5_save_32mb_txt
[INFO] [stdout]     tests::test_rar5_save_32mb_txt_png
[INFO] [stdout]     tests::test_rar5_save_32mb_txt_png_512kb_multi_test
[INFO] [stdout]     tests::test_rar5_save_32mb_txt_png_pw_test
[INFO] [stdout] 
[INFO] [stdout] test result: FAILED. 27 passed; 5 failed; 0 ignored; 0 measured; 0 filtered out; finished in 0.01s
[INFO] [stdout] 
[INFO] running `Command { std: "docker" "inspect" "1eef818fc5481996c820e50a1a955abd6557f44649d401966cb2dbc1f9b70bf9", kill_on_drop: false }`
[INFO] running `Command { std: "docker" "rm" "-f" "1eef818fc5481996c820e50a1a955abd6557f44649d401966cb2dbc1f9b70bf9", kill_on_drop: false }`
[INFO] [stdout] 1eef818fc5481996c820e50a1a955abd6557f44649d401966cb2dbc1f9b70bf9
