[INFO] fetching crate raptorq-datagram-fec 0.1.6...
[INFO] testing raptorq-datagram-fec-0.1.6 against 1.99.0-beta.8+cargoflags=--release for beta-release-1.100-2
[INFO] extracting crate raptorq-datagram-fec 0.1.6 into /workspace/builds/worker-0-tc1/source
[INFO] started tweaking crates.io crate raptorq-datagram-fec 0.1.6
[INFO] removed 0 missing examples
[INFO] removed 0 missing tests
[INFO] finished tweaking crates.io crate raptorq-datagram-fec 0.1.6
[INFO] tweaked toml for crates.io crate raptorq-datagram-fec 0.1.6 written to /workspace/builds/worker-0-tc1/source/Cargo.toml
[INFO] validating manifest of crates.io crate raptorq-datagram-fec 0.1.6 on toolchain 1.99.0-beta.8
[INFO] running `Command { std: CARGO_HOME="/workspace/cargo-home" RUSTUP_HOME="/workspace/rustup-home" "/workspace/cargo-home/bin/cargo" "+1.99.0-beta.8" "metadata" "--manifest-path" "Cargo.toml" "--no-deps", kill_on_drop: false }`
[INFO] crate crates.io crate raptorq-datagram-fec 0.1.6 already has a lockfile, it will not be regenerated
[INFO] running `Command { std: CARGO_HOME="/workspace/cargo-home" RUSTUP_HOME="/workspace/rustup-home" "/workspace/cargo-home/bin/cargo" "+1.99.0-beta.8" "fetch" "--manifest-path" "Cargo.toml", kill_on_drop: false }`
[INFO] [stderr]     Updating crates.io index
[INFO] [stderr]  Downloading crates ...
[INFO] [stderr]   Downloaded raptorq v2.0.1
[INFO] [stderr]   Downloaded rist-core v0.1.0
[INFO] running `Command { std: "docker" "create" "-v" "/var/lib/crater-agent-workspace/builds/worker-0-tc1/source:/opt/rustwide/workdir:ro,Z" "-v" "/var/lib/crater-agent-workspace/builds/worker-0-tc1/target:/opt/rustwide/target:rw,Z" "-v" "/var/lib/crater-agent-workspace/cargo-home:/opt/rustwide/cargo-home:ro,Z" "-v" "/var/lib/crater-agent-workspace/rustup-home:/opt/rustwide/rustup-home:ro,Z" "-m" "1610612736" "--network" "none" "ghcr.io/rust-lang/crates-build-env/linux@sha256:77db811e55d90add9212f6832c23229e3de5f1c1f9905e8cb07319ea15df73ac" "sleep" "infinity", kill_on_drop: false }`
[INFO] [stdout] b47c389e7d7ddeeae16428ddbfd049714c380e8ad62d1642f616a15e96389d50
[INFO] running `Command { std: "docker" "start" "b47c389e7d7ddeeae16428ddbfd049714c380e8ad62d1642f616a15e96389d50", kill_on_drop: false }`
[INFO] running `Command { std: "docker" "inspect" "b47c389e7d7ddeeae16428ddbfd049714c380e8ad62d1642f616a15e96389d50", kill_on_drop: false }`
[INFO] running `Command { std: "docker" "exec" "-e" "SOURCE_DIR=/opt/rustwide/workdir" "-e" "CARGO_HOME=/opt/rustwide/cargo-home" "-e" "RUSTUP_HOME=/opt/rustwide/rustup-home" "-e" "CARGO_TARGET_DIR=/opt/rustwide/target" "-w" "/opt/rustwide/workdir" "--user" "0:0" "b47c389e7d7ddeeae16428ddbfd049714c380e8ad62d1642f616a15e96389d50" "/opt/rustwide/cargo-home/bin/cargo" "+1.99.0-beta.8" "metadata" "--no-deps" "--format-version=1", kill_on_drop: false }`
[INFO] running `Command { std: "docker" "inspect" "b47c389e7d7ddeeae16428ddbfd049714c380e8ad62d1642f616a15e96389d50", kill_on_drop: false }`
[INFO] running `Command { std: "docker" "exec" "-e" "SOURCE_DIR=/opt/rustwide/workdir" "-e" "CARGO_HOME=/opt/rustwide/cargo-home" "-e" "RUSTUP_HOME=/opt/rustwide/rustup-home" "-e" "CARGO_TARGET_DIR=/opt/rustwide/target" "-e" "CARGO_INCREMENTAL=0" "-e" "RUST_BACKTRACE=full" "-e" "RUSTFLAGS=--cap-lints=warn" "-e" "RUSTDOCFLAGS=--cap-lints=warn" "-w" "/opt/rustwide/workdir" "--user" "0:0" "b47c389e7d7ddeeae16428ddbfd049714c380e8ad62d1642f616a15e96389d50" "/opt/rustwide/cargo-home/bin/cargo" "+1.99.0-beta.8" "build" "--frozen" "--message-format=json" "--release", kill_on_drop: false }`
[INFO] [stderr]    Compiling mio v1.2.1
[INFO] [stderr]    Compiling socket2 v0.6.4
[INFO] [stderr]    Compiling raptorq v2.0.1
[INFO] [stderr]    Compiling tokio v1.52.3
[INFO] [stderr]    Compiling raptorq-datagram-fec v0.1.6 (/opt/rustwide/workdir)
[INFO] [stderr]     Finished `release` profile [optimized] target(s) in 6.33s
[INFO] running `Command { std: "docker" "inspect" "b47c389e7d7ddeeae16428ddbfd049714c380e8ad62d1642f616a15e96389d50", kill_on_drop: false }`
[INFO] running `Command { std: "docker" "exec" "-e" "SOURCE_DIR=/opt/rustwide/workdir" "-e" "CARGO_HOME=/opt/rustwide/cargo-home" "-e" "RUSTUP_HOME=/opt/rustwide/rustup-home" "-e" "CARGO_TARGET_DIR=/opt/rustwide/target" "-e" "CARGO_INCREMENTAL=0" "-e" "RUST_BACKTRACE=full" "-e" "RUSTFLAGS=--cap-lints=warn" "-e" "RUSTDOCFLAGS=--cap-lints=warn" "-w" "/opt/rustwide/workdir" "--user" "0:0" "b47c389e7d7ddeeae16428ddbfd049714c380e8ad62d1642f616a15e96389d50" "/opt/rustwide/cargo-home/bin/cargo" "+1.99.0-beta.8" "test" "--frozen" "--no-run" "--message-format=json" "--release", kill_on_drop: false }`
[INFO] [stderr]    Compiling crypto-common v0.1.7
[INFO] [stderr]    Compiling block-buffer v0.10.4
[INFO] [stderr]    Compiling inout v0.1.4
[INFO] [stderr]    Compiling tokio-macros v2.7.0
[INFO] [stderr]    Compiling thiserror-impl v2.0.18
[INFO] [stderr]    Compiling getrandom v0.2.17
[INFO] [stderr]    Compiling serde v1.0.228
[INFO] [stderr]    Compiling serde_json v1.0.150
[INFO] [stderr]    Compiling num-bigint v0.4.6
[INFO] [stderr]    Compiling cipher v0.4.4
[INFO] [stderr]    Compiling digest v0.10.7
[INFO] [stderr]    Compiling tokio v1.52.3
[INFO] [stderr]    Compiling ctr v0.9.2
[INFO] [stderr]    Compiling aes v0.8.4
[INFO] [stderr]    Compiling hmac v0.12.1
[INFO] [stderr]    Compiling sha2 v0.10.9
[INFO] [stderr]    Compiling pbkdf2 v0.12.2
[INFO] [stderr]    Compiling thiserror v2.0.18
[INFO] [stderr]    Compiling rist-core v0.1.0
[INFO] [stderr]    Compiling raptorq-datagram-fec v0.1.6 (/opt/rustwide/workdir)
[INFO] [stderr]     Finished `release` profile [optimized] target(s) in 29.21s
[INFO] running `Command { std: "docker" "inspect" "b47c389e7d7ddeeae16428ddbfd049714c380e8ad62d1642f616a15e96389d50", kill_on_drop: false }`
[INFO] running `Command { std: "docker" "exec" "-e" "SOURCE_DIR=/opt/rustwide/workdir" "-e" "CARGO_HOME=/opt/rustwide/cargo-home" "-e" "RUSTUP_HOME=/opt/rustwide/rustup-home" "-e" "CARGO_TARGET_DIR=/opt/rustwide/target" "-e" "CARGO_INCREMENTAL=0" "-e" "RUST_BACKTRACE=full" "-e" "RUSTFLAGS=--cap-lints=warn" "-e" "RUSTDOCFLAGS=--cap-lints=warn" "-w" "/opt/rustwide/workdir" "--user" "0:0" "b47c389e7d7ddeeae16428ddbfd049714c380e8ad62d1642f616a15e96389d50" "/opt/rustwide/cargo-home/bin/cargo" "+1.99.0-beta.8" "test" "--frozen" "--release", kill_on_drop: false }`
[INFO] [stderr]     Finished `release` profile [optimized] target(s) in 0.05s
[INFO] [stderr]      Running unittests src/lib.rs (/opt/rustwide/target/release/deps/raptorq_datagram_fec-5ea7d5daec8204b9)
[INFO] [stdout] 
[INFO] [stdout] running 74 tests
[INFO] [stdout] test adaptive::tests::low_loss_large_delta_gets_repair_floor ... ok
[INFO] [stdout] test adaptive::tests::loss_tail_safety_respects_the_repair_cap ... ok
[INFO] [stdout] test adaptive::tests::low_loss_large_frame_avoids_one_for_one_repair ... ok
[INFO] [stdout] test adaptive::tests::congestion_controller_reduces_and_recovers_target_bitrate ... ok
[INFO] [stdout] test adaptive::tests::observed_loss_adds_tail_safety_after_delta_floor ... ok
[INFO] [stdout] test media::tests::media_frame_header_roundtrips_keyframe_metadata ... ok
[INFO] [stdout] test adaptive::tests::video_keeps_configured_mtu_symbol_size ... ok
[INFO] [stdout] test backfill::tests::store_fulfills_frame_and_specific_datagram_backfill_requests ... ok
[INFO] [stdout] test media::tests::decodes_serialized_media_access_unit ... ok
[INFO] [stdout] test adaptive::tests::clean_link_small_audio_uses_exact_fit_symbol_without_full_repair ... ok
[INFO] [stdout] test adaptive::tests::observation_updates_metrics_from_sequence_stats_and_queue_state ... ok
[INFO] [stdout] test media::tests::default_policy_repairs_large_low_loss_delta_frame ... ok
[INFO] [stdout] test adaptive::tests::low_loss_single_symbol_delta_avoids_full_repair_overhead ... ok
[INFO] [stdout] test backfill::tests::store_evicts_old_frames_by_capacity ... ok
[INFO] [stdout] test multichannel_audio::tests::deadline_expiry_releases_incomplete_epoch_and_rejects_late_sources ... ok
[INFO] [stdout] test media::tests::source_first_plan_prioritizes_block_fill_before_repair ... ok
[INFO] [stdout] test adaptive::tests::keyframes_receive_more_repair_than_delta_frames ... ok
[INFO] [stdout] test media::tests::fragmented_media_frame_roundtrips_with_missing_source_symbol ... ok
[INFO] [stdout] test multichannel_audio::tests::routing_inspection_reads_session_from_source_and_repair ... ok
[INFO] [stdout] test schedule::tests::absolute_expiry_accounts_for_queueing_and_pacing ... ok
[INFO] [stdout] test multichannel_audio::tests::malformed_new_blocks_cannot_allocate_or_evict_live_epoch_state ... ok
[INFO] [stdout] test multichannel_audio::tests::transport_prefix_is_included_in_datagram_budget ... ok
[INFO] [stdout] test multichannel_audio::tests::stereo_stem_geometry_avoids_padding_every_tail_to_the_mtu ... ok
[INFO] [stdout] test multichannel_audio::tests::tiny_mono_opus_packets_are_not_padded_to_the_mtu ... ok
[INFO] [stdout] test media::tests::media_encoder_can_reuse_datagram_buffers ... ok
[INFO] [stdout] test multichannel_audio::tests::systematic_shards_are_delivered_before_block_completion ... ok
[INFO] [stdout] test multichannel_audio::tests::repair_only_block_retains_session_and_recovers_epoch ... ok
[INFO] [stdout] test adaptive::tests::observed_audio_loss_enables_small_block_repair ... ok
[INFO] [stdout] test schedule::tests::in_flight_capacity_keeps_the_highest_priority_source ... ok
[INFO] [stdout] test schedule::tests::recovery_policy_is_deterministic_and_repair_is_hard_bounded ... ok
[INFO] [stdout] test multichannel_audio::tests::mono_pcm_and_flac_payloads_use_small_exact_fit_geometry ... ok
[INFO] [stdout] test schedule::tests::recovery_uses_reliable_fetch_when_extra_fec_cannot_make_deadline ... ok
[INFO] [stdout] test multichannel_audio::tests::opaque_flac_and_opus_payload_bytes_recover_without_format_conversion ... ok
[INFO] [stdout] test schedule::tests::recovery_prefers_timely_secondary_raptorq_repair_even_when_fetch_is_faster ... ok
[INFO] [stdout] test schedule::tests::stale_delta_repair_is_dropped_without_suppressing_sources ... ok
[INFO] [stdout] test schedule::tests::recovery_rejects_an_arrival_exactly_at_expiry ... ok
[INFO] [stdout] test schedule::tests::bounded_admission_considers_later_important_frames_before_plan_limit ... ok
[INFO] [stdout] test multichannel_audio::tests::multichannel_epoch_is_mtu_safe_and_source_first ... ok
[INFO] [stdout] test sequence::tests::sequence_tracker_handles_wraparound ... ok
[INFO] [stdout] test media::tests::rejects_serialized_media_access_unit_payload_length_mismatch ... ok
[INFO] [stdout] test schedule::tests::source_first_plan_has_explicit_importance_and_path_order ... ok
[INFO] [stdout] test schedule::tests::recovery_expires_when_neither_mechanism_can_arrive_safely ... ok
[INFO] [stdout] test schedule::tests::completion_outcome_exposes_latency_headroom_and_lateness ... ok
[INFO] [stdout] test schedule::tests::urgent_important_repair_precedes_far_deadline_low_priority_source ... ok
[INFO] [stdout] test telemetry::tests::counters_record_repaired_loss_unused_repair_and_plan_drops ... ok
[INFO] [stdout] test tests::decoder_rejects_nonzero_source_block_number ... ok
[INFO] [stdout] test tests::additional_repair_cursor_never_reuses_an_encoding_symbol_id ... ok
[INFO] [stdout] test tests::crc32_ieee_fast_path_matches_the_bitwise_wire_reference ... ok
[INFO] [stdout] test tests::crc32_ieee_uses_standard_vector ... ok
[INFO] [stdout] test tests::decoder_rejects_mismatched_transfer_geometry ... ok
[INFO] [stdout] test tests::decoder_rejects_packet_crc_mismatch ... ok
[INFO] [stdout] test multichannel_audio::tests::raptorq_recovers_missing_same_epoch_groups_exactly ... ok
[INFO] [stdout] test tests::encode_payload_splits_into_configured_blocks ... ok
[INFO] [stdout] test tests::configured_symbol_size_is_not_rounded_by_raptorq_defaults ... ok
[INFO] [stdout] test sequence::tests::sequence_tracker_counts_gaps_and_reordering ... ok
[INFO] [stdout] test tests::encoded_datagrams_have_v2_payload_metadata ... ok
[INFO] [stdout] test tests::decoder_rejects_zero_transfer_length_and_symbol_size ... ok
[INFO] [stdout] test tests::decoder_rejects_reused_block_id_with_different_geometry ... ok
[INFO] [stdout] test tests::decoder_rejects_payload_length_mismatch ... ok
[INFO] [stdout] test tests::header_rejects_wrong_magic ... ok
[INFO] [stdout] test tests::header_roundtrips ... ok
[INFO] [stdout] test tests::object_encoding_keeps_large_payloads_in_one_decoded_block ... ok
[INFO] [stdout] test tests::header_sequences_are_monotonic ... ok
[INFO] [stdout] test multichannel_audio::tests::incomplete_epochs_are_bounded_and_oldest_is_closed ... ok
[INFO] [stdout] test tests::decoder_accepts_the_maximum_one_block_source_symbol_geometry ... ok
[INFO] [stdout] test tests::ignores_duplicate_completed_block_packets ... ok
[INFO] [stdout] test tests::expired_block_releases_state_and_ignores_late_packets ... ok
[INFO] [stdout] test tests::secondary_additional_repair_combines_with_primary_source_symbols ... ok
[INFO] [stdout] test tests::additional_repair_rejects_geometry_work_and_esi_overflow ... ok
[INFO] [stdout] test tests::raptorq_roundtrips_with_one_missing_source_packet ... ok
[INFO] [stdout] test tests::decoder_rejects_geometry_above_the_one_block_source_symbol_limit ... ok
[INFO] [stdout] test tests::reusable_buffer_pool_recycles_datagram_storage ... ok
[INFO] [stdout] test schedule::tests::in_flight_and_plan_limits_keep_allocations_bounded ... ok
[INFO] [stdout] test tests::default_periodic_loss_recovers_many_full_blocks ... ok
[INFO] [stdout] 
[INFO] [stdout] test result: ok. 74 passed; 0 failed; 0 ignored; 0 measured; 0 filtered out; finished in 0.14s
[INFO] [stdout] 
[INFO] [stderr]      Running tests/audio_loss_matrix.rs (/opt/rustwide/target/release/deps/audio_loss_matrix-03d59bafa081358e)
[INFO] [stdout] 
[INFO] [stdout] running 2 tests
[INFO] [stdout] test aac_audio_frames_get_audio_priority_and_recover_single_packet_loss ... ok
[INFO] [stdout] test opus_audio_frames_recover_single_packet_loss_before_feedback_can_help ... ok
[INFO] [stdout] 
[INFO] [stdout] test result: ok. 2 passed; 0 failed; 0 ignored; 0 measured; 0 filtered out; finished in 0.01s
[INFO] [stdout] 
[INFO] [stderr]      Running tests/audio_wire_budget.rs (/opt/rustwide/target/release/deps/audio_wire_budget-5350173c26ee2211)
[INFO] [stdout] 
[INFO] [stdout] running 3 tests
[INFO] [stdout] test clean_link_96_kbps_five_ms_audio_stays_within_wire_budget ... ok
[INFO] [stdout] test default_video_still_uses_mtu_sized_symbols ... ok
[INFO] [stdout] test observed_loss_adds_small_repair_and_recovers_the_audio_frame ... ok
[INFO] [stdout] 
[INFO] [stdout] test result: ok. 3 passed; 0 failed; 0 ignored; 0 measured; 0 filtered out; finished in 0.00s
[INFO] [stdout] 
[INFO] [stderr]      Running tests/multichannel_opus_epoch.rs (/opt/rustwide/target/release/deps/multichannel_opus_epoch-10a3cd99316d831b)
[INFO] [stdout] 
[INFO] [stdout] running 2 tests
[INFO] [stderr]      Running tests/nanorq_interop.rs (/opt/rustwide/target/release/deps/nanorq_interop-e37223bbefc4a510)
[INFO] [stdout] test same_block_repair_recovers_empty_opus_group_and_packet_fragment_exactly ... ok
[INFO] [stdout] test opus_epoch_preserves_caller_group_order_and_empty_erasure_marker ... ok
[INFO] [stdout] 
[INFO] [stdout] test result: ok. 2 passed; 0 failed; 0 ignored; 0 measured; 0 filtered out; finished in 0.00s
[INFO] [stdout] 
[INFO] [stdout] 
[INFO] [stdout] running 2 tests
[INFO] [stdout] test nanorq_packets_decode_with_rust_raptorq ... ignored, requires NANORQ_DIR pointing at a nanorq checkout with deps/oblas initialized
[INFO] [stdout] test rust_raptorq_packets_decode_with_nanorq ... ignored, requires NANORQ_DIR pointing at a nanorq checkout with deps/oblas initialized
[INFO] [stdout] 
[INFO] [stdout] test result: ok. 0 passed; 0 failed; 2 ignored; 0 measured; 0 filtered out; finished in 0.00s
[INFO] [stdout] 
[INFO] [stderr]      Running tests/video_loss_matrix.rs (/opt/rustwide/target/release/deps/video_loss_matrix-0a53427a362a4cef)
[INFO] [stdout] 
[INFO] [stdout] running 17 tests
[INFO] [stdout] test video_delta_frames_fail_closed_when_loss_exceeds_parity_budget ... ok
[INFO] [stdout] test video_access_units_recover_from_feedback_free_loss_matrix ... ok
[INFO] [stdout] test video_keyframes_receive_enough_parity_for_single_rtt_burst_loss ... ok
[INFO] [stdout] test srt_style_best_case_retransmission_misses_deadline_that_forward_fec_meets ... ok
[INFO] [stdout] test feedback_only_matches_fec_only_when_playout_latency_covers_feedback_turn_and_rtt ... ok
[INFO] [stdout] test fec_recovers_before_feedback_retransmission_deadline_for_low_latency_video ... ok
[INFO] [stdout] test video_recovery_sweep_covers_burst_periodic_and_random_bounded_loss ... ok
[INFO] [stdout] test pure_rist_core_retransmission_misses_deadline_that_forward_fec_meets ... ok
[INFO] [stdout] test media_fec_recovers_video_access_units_over_lossy_udp_proxy_matrix ... ok
[INFO] [stdout] test pure_rist_live_udp_feedback_misses_deadline_that_forward_fec_meets ... ok
[INFO] [stdout] test fec_beats_feedback_only_for_video_stream_under_sub_rtt_latency_budget ... ok
[INFO] [stdout] test raptorq_scorecard_is_as_good_or_better_than_feedback_arq_for_low_latency_video ... ok
[INFO] [stdout] test randomized_video_scorecard_keeps_fec_ahead_of_feedback_arq_under_sub_rtt_playout ... ok
[INFO] [stdout] test broad_low_latency_video_impairment_matrix_keeps_fec_ahead_of_feedback_arq ... ok
[INFO] [stdout] test pure_rist_live_udp_sustained_stream_misses_deadline_for_repeated_video_loss ... FAILED
[INFO] [stdout] test pure_rist_core_broad_video_matrix_misses_deadlines_that_fec_recovers ... ok
[INFO] [stderr] error: test failed, to rerun pass `--test video_loss_matrix`
[INFO] [stdout] test media_fec_recovers_sustained_video_stream_with_loss_jitter_and_reordering ... FAILED
[INFO] [stdout] 
[INFO] [stdout] failures:
[INFO] [stdout] 
[INFO] [stdout] ---- pure_rist_live_udp_sustained_stream_misses_deadline_for_repeated_video_loss stdout ----
[INFO] [stdout] 
[INFO] [stdout] thread 'pure_rist_live_udp_sustained_stream_misses_deadline_for_repeated_video_loss' (915) panicked at tests/video_loss_matrix.rs:748:6:
[INFO] [stdout] live pure-RIST sustained stream recovery: "timed out receiving initial pure-RIST stream packet"
[INFO] [stdout] stack backtrace:
[INFO] [stdout]    0:     0x5ae131547f81 - <<std[70759c8f55707aa4]::sys::backtrace::BacktraceLock>::print::DisplayBacktrace as core[df12db4294e9bfd3]::fmt::Display>::fmt
[INFO] [stdout]    1:     0x5ae13155e3aa - core[df12db4294e9bfd3]::fmt::write
[INFO] [stdout]    2:     0x5ae13154c86c - <alloc[2182bb758b4b3781]::vec::Vec<u8> as core[df12db4294e9bfd3]::io::write::Write>::write_fmt
[INFO] [stdout]    3:     0x5ae131523596 - std[70759c8f55707aa4]::panicking::default_hook::{closure#0}
[INFO] [stdout]    4:     0x5ae131540109 - std[70759c8f55707aa4]::panicking::default_hook
[INFO] [stdout]    5:     0x5ae13148f4f0 - test[9d35eded1c95d3be]::test_main_inner::<test[9d35eded1c95d3be]::test_main_static::{closure#0}>::{closure#0}
[INFO] [stdout]    6:     0x5ae131540432 - std[70759c8f55707aa4]::panicking::panic_with_hook
[INFO] [stdout]    7:     0x5ae131523642 - std[70759c8f55707aa4]::panicking::panic_handler::{closure#0}
[INFO] [stdout]    8:     0x5ae13151c319 - std[70759c8f55707aa4]::sys::backtrace::__rust_end_short_backtrace::<std[70759c8f55707aa4]::panicking::panic_handler::{closure#0}, !>
[INFO] [stdout]    9:     0x5ae13152442d - __rustc[8fa7c3cbc660c2b3]::rust_begin_unwind
[INFO] [stdout]   10:     0x5ae13155eb0c - core[df12db4294e9bfd3]::panicking::panic_fmt
[INFO] [stdout]   11:     0x5ae13155e8e2 - core[df12db4294e9bfd3]::result::unwrap_failed
[INFO] [stdout]   12:     0x5ae131449beb - video_loss_matrix[9bfb01af55275d42]::pure_rist_live_udp_sustained_stream_misses_deadline_for_repeated_video_loss::{closure#0}
[INFO] [stdout]   13:     0x5ae131474918 - <tokio[65856749b1ab4188]::runtime::context::scoped::Scoped<tokio[65856749b1ab4188]::runtime::scheduler::Context>>::set::<<tokio[65856749b1ab4188]::runtime::scheduler::current_thread::CoreGuard>::enter<<tokio[65856749b1ab4188]::runtime::scheduler::current_thread::CoreGuard>::block_on<core[df12db4294e9bfd3]::pin::Pin<&mut core[df12db4294e9bfd3]::pin::Pin<&mut dyn core[df12db4294e9bfd3]::future::future::Future<Output = ()>>>>::{closure#0}, core[df12db4294e9bfd3]::option::Option<()>>::{closure#0}, (alloc[2182bb758b4b3781]::boxed::Box<tokio[65856749b1ab4188]::runtime::scheduler::current_thread::Core>, core[df12db4294e9bfd3]::option::Option<()>)>
[INFO] [stdout]   14:     0x5ae1314750b3 - <tokio[65856749b1ab4188]::runtime::scheduler::current_thread::CurrentThread>::block_on::<core[df12db4294e9bfd3]::pin::Pin<&mut dyn core[df12db4294e9bfd3]::future::future::Future<Output = ()>>>
[INFO] [stdout]   15:     0x5ae13147a40d - <tokio[65856749b1ab4188]::runtime::runtime::Runtime>::block_on::<core[df12db4294e9bfd3]::pin::Pin<&mut dyn core[df12db4294e9bfd3]::future::future::Future<Output = ()>>>
[INFO] [stdout]   16:     0x5ae13145d5bf - <video_loss_matrix[9bfb01af55275d42]::pure_rist_live_udp_sustained_stream_misses_deadline_for_repeated_video_loss::{closure#0} as core[df12db4294e9bfd3]::ops::function::FnOnce<()>>::call_once
[INFO] [stdout]   17:     0x5ae1314827db - test[9d35eded1c95d3be]::__rust_begin_short_backtrace::<core[df12db4294e9bfd3]::result::Result<(), alloc[2182bb758b4b3781]::string::String>, fn() -> core[df12db4294e9bfd3]::result::Result<(), alloc[2182bb758b4b3781]::string::String>>
[INFO] [stdout]   18:     0x5ae13148fe45 - test[9d35eded1c95d3be]::run_test::{closure#0}
[INFO] [stdout]   19:     0x5ae131489704 - std[70759c8f55707aa4]::sys::backtrace::__rust_begin_short_backtrace::<test[9d35eded1c95d3be]::run_test::{closure#1}, ()>
[INFO] [stdout]   20:     0x5ae131492fa2 - <std[70759c8f55707aa4]::thread::lifecycle::spawn_unchecked<test[9d35eded1c95d3be]::run_test::{closure#1}, ()>::{closure#1} as core[df12db4294e9bfd3]::ops::function::FnOnce<()>>::call_once::{shim:vtable#0}
[INFO] [stdout]   21:     0x5ae1315474d9 - <std[70759c8f55707aa4]::sys::thread::unix::Thread>::new::thread_start
[INFO] [stdout]   22:     0x74e0cba1fdfa - <unknown>
[INFO] [stdout]   23:     0x74e0cbab33d4 - clone
[INFO] [stdout]   24:                0x0 - <unknown>
[INFO] [stdout] 
[INFO] [stdout] ---- media_fec_recovers_sustained_video_stream_with_loss_jitter_and_reordering stdout ----
[INFO] [stdout] 
[INFO] [stdout] thread 'media_fec_recovers_sustained_video_stream_with_loss_jitter_and_reordering' (910) panicked at tests/video_loss_matrix.rs:628:10:
[INFO] [stdout] sustained stream proxy timed out: Elapsed(())
[INFO] [stdout] stack backtrace:
[INFO] [stdout]    0:     0x5ae131547f81 - <<std[70759c8f55707aa4]::sys::backtrace::BacktraceLock>::print::DisplayBacktrace as core[df12db4294e9bfd3]::fmt::Display>::fmt
[INFO] [stdout]    1:     0x5ae13155e3aa - core[df12db4294e9bfd3]::fmt::write
[INFO] [stdout]    2:     0x5ae13154c86c - <alloc[2182bb758b4b3781]::vec::Vec<u8> as core[df12db4294e9bfd3]::io::write::Write>::write_fmt
[INFO] [stdout]    3:     0x5ae131523596 - std[70759c8f55707aa4]::panicking::default_hook::{closure#0}
[INFO] [stdout]    4:     0x5ae131540109 - std[70759c8f55707aa4]::panicking::default_hook
[INFO] [stdout]    5:     0x5ae13148f4f0 - test[9d35eded1c95d3be]::test_main_inner::<test[9d35eded1c95d3be]::test_main_static::{closure#0}>::{closure#0}
[INFO] [stdout]    6:     0x5ae131540432 - std[70759c8f55707aa4]::panicking::panic_with_hook
[INFO] [stdout]    7:     0x5ae131523642 - std[70759c8f55707aa4]::panicking::panic_handler::{closure#0}
[INFO] [stdout]    8:     0x5ae13151c319 - std[70759c8f55707aa4]::sys::backtrace::__rust_end_short_backtrace::<std[70759c8f55707aa4]::panicking::panic_handler::{closure#0}, !>
[INFO] [stdout]    9:     0x5ae13152442d - __rustc[8fa7c3cbc660c2b3]::rust_begin_unwind
[INFO] [stdout]   10:     0x5ae13155eb0c - core[df12db4294e9bfd3]::panicking::panic_fmt
[INFO] [stdout]   11:     0x5ae13155e8e2 - core[df12db4294e9bfd3]::result::unwrap_failed
[INFO] [stdout]   12:     0x5ae1314496c7 - video_loss_matrix[9bfb01af55275d42]::media_fec_recovers_sustained_video_stream_with_loss_jitter_and_reordering::{closure#0}
[INFO] [stdout]   13:     0x5ae131474918 - <tokio[65856749b1ab4188]::runtime::context::scoped::Scoped<tokio[65856749b1ab4188]::runtime::scheduler::Context>>::set::<<tokio[65856749b1ab4188]::runtime::scheduler::current_thread::CoreGuard>::enter<<tokio[65856749b1ab4188]::runtime::scheduler::current_thread::CoreGuard>::block_on<core[df12db4294e9bfd3]::pin::Pin<&mut core[df12db4294e9bfd3]::pin::Pin<&mut dyn core[df12db4294e9bfd3]::future::future::Future<Output = ()>>>>::{closure#0}, core[df12db4294e9bfd3]::option::Option<()>>::{closure#0}, (alloc[2182bb758b4b3781]::boxed::Box<tokio[65856749b1ab4188]::runtime::scheduler::current_thread::Core>, core[df12db4294e9bfd3]::option::Option<()>)>
[INFO] [stdout]   14:     0x5ae1314750b3 - <tokio[65856749b1ab4188]::runtime::scheduler::current_thread::CurrentThread>::block_on::<core[df12db4294e9bfd3]::pin::Pin<&mut dyn core[df12db4294e9bfd3]::future::future::Future<Output = ()>>>
[INFO] [stdout]   15:     0x5ae13147a40d - <tokio[65856749b1ab4188]::runtime::runtime::Runtime>::block_on::<core[df12db4294e9bfd3]::pin::Pin<&mut dyn core[df12db4294e9bfd3]::future::future::Future<Output = ()>>>
[INFO] [stdout]   16:     0x5ae13145c05b - <video_loss_matrix[9bfb01af55275d42]::media_fec_recovers_sustained_video_stream_with_loss_jitter_and_reordering::{closure#0} as core[df12db4294e9bfd3]::ops::function::FnOnce<()>>::call_once
[INFO] [stdout]   17:     0x5ae1314827db - test[9d35eded1c95d3be]::__rust_begin_short_backtrace::<core[df12db4294e9bfd3]::result::Result<(), alloc[2182bb758b4b3781]::string::String>, fn() -> core[df12db4294e9bfd3]::result::Result<(), alloc[2182bb758b4b3781]::string::String>>
[INFO] [stdout]   18:     0x5ae13148fe45 - test[9d35eded1c95d3be]::run_test::{closure#0}
[INFO] [stdout]   19:     0x5ae131489704 - std[70759c8f55707aa4]::sys::backtrace::__rust_begin_short_backtrace::<test[9d35eded1c95d3be]::run_test::{closure#1}, ()>
[INFO] [stdout]   20:     0x5ae131492fa2 - <std[70759c8f55707aa4]::thread::lifecycle::spawn_unchecked<test[9d35eded1c95d3be]::run_test::{closure#1}, ()>::{closure#1} as core[df12db4294e9bfd3]::ops::function::FnOnce<()>>::call_once::{shim:vtable#0}
[INFO] [stdout]   21:     0x5ae1315474d9 - <std[70759c8f55707aa4]::sys::thread::unix::Thread>::new::thread_start
[INFO] [stdout]   22:     0x74e0cba1fdfa - <unknown>
[INFO] [stdout]   23:     0x74e0cbab33d4 - clone
[INFO] [stdout]   24:                0x0 - <unknown>
[INFO] [stdout] 
[INFO] [stdout] 
[INFO] [stdout] failures:
[INFO] [stdout]     media_fec_recovers_sustained_video_stream_with_loss_jitter_and_reordering
[INFO] [stdout]     pure_rist_live_udp_sustained_stream_misses_deadline_for_repeated_video_loss
[INFO] [stdout] 
[INFO] [stdout] test result: FAILED. 15 passed; 2 failed; 0 ignored; 0 measured; 0 filtered out; finished in 5.14s
[INFO] [stdout] 
[INFO] running `Command { std: "docker" "inspect" "b47c389e7d7ddeeae16428ddbfd049714c380e8ad62d1642f616a15e96389d50", kill_on_drop: false }`
[INFO] running `Command { std: "docker" "rm" "-f" "b47c389e7d7ddeeae16428ddbfd049714c380e8ad62d1642f616a15e96389d50", kill_on_drop: false }`
[INFO] [stdout] b47c389e7d7ddeeae16428ddbfd049714c380e8ad62d1642f616a15e96389d50
