[INFO] fetching crate ranvier 0.51.0...
[INFO] testing ranvier-0.51.0 against 1.99.0-beta.8+cargoflags=--release for beta-release-1.100-2
[INFO] extracting crate ranvier 0.51.0 into /workspace/builds/worker-4-tc1/source
[INFO] started tweaking crates.io crate ranvier 0.51.0
[INFO] removed 0 missing tests
[INFO] finished tweaking crates.io crate ranvier 0.51.0
[INFO] tweaked toml for crates.io crate ranvier 0.51.0 written to /workspace/builds/worker-4-tc1/source/Cargo.toml
[INFO] validating manifest of crates.io crate ranvier 0.51.0 on toolchain 1.99.0-beta.8
[INFO] running `Command { std: CARGO_HOME="/workspace/cargo-home" RUSTUP_HOME="/workspace/rustup-home" "/workspace/cargo-home/bin/cargo" "+1.99.0-beta.8" "metadata" "--manifest-path" "Cargo.toml" "--no-deps", kill_on_drop: false }`
[INFO] crate crates.io crate ranvier 0.51.0 already has a lockfile, it will not be regenerated
[INFO] running `Command { std: CARGO_HOME="/workspace/cargo-home" RUSTUP_HOME="/workspace/rustup-home" "/workspace/cargo-home/bin/cargo" "+1.99.0-beta.8" "fetch" "--manifest-path" "Cargo.toml", kill_on_drop: false }`
[INFO] [stderr]     Updating crates.io index
[INFO] [stderr]  Downloading crates ...
[INFO] [stderr]   Downloaded ranvier-inspector v0.51.0
[INFO] [stderr]   Downloaded ranvier-core v0.51.0
[INFO] [stderr]   Downloaded ranvier-std v0.51.0
[INFO] [stderr]   Downloaded getrandom v0.4.1
[INFO] [stderr]   Downloaded ranvier-runtime v0.51.0
[INFO] [stderr]   Downloaded validator_derive v0.20.0
[INFO] [stderr]   Downloaded validator v0.20.0
[INFO] [stderr]   Downloaded ranvier-openapi v0.51.0
[INFO] [stderr]   Downloaded ranvier-http v0.51.0
[INFO] [stderr]   Downloaded ranvier-guard v0.51.0
[INFO] [stderr]   Downloaded ranvier-compliance v0.51.0
[INFO] [stderr]   Downloaded ranvier-audit v0.51.0
[INFO] [stderr]   Downloaded ranvier-macros v0.51.0
[INFO] running `Command { std: "docker" "create" "-v" "/var/lib/crater-agent-workspace/builds/worker-4-tc1/source:/opt/rustwide/workdir:ro,Z" "-v" "/var/lib/crater-agent-workspace/builds/worker-4-tc1/target:/opt/rustwide/target:rw,Z" "-v" "/var/lib/crater-agent-workspace/cargo-home:/opt/rustwide/cargo-home:ro,Z" "-v" "/var/lib/crater-agent-workspace/rustup-home:/opt/rustwide/rustup-home:ro,Z" "-m" "1610612736" "--network" "none" "ghcr.io/rust-lang/crates-build-env/linux@sha256:77db811e55d90add9212f6832c23229e3de5f1c1f9905e8cb07319ea15df73ac" "sleep" "infinity", kill_on_drop: false }`
[INFO] [stdout] 69b4165afae1bc96941b5362fc171256cb1ddfc279a2ca1e42327ff265abb6da
[INFO] running `Command { std: "docker" "start" "69b4165afae1bc96941b5362fc171256cb1ddfc279a2ca1e42327ff265abb6da", kill_on_drop: false }`
[INFO] running `Command { std: "docker" "inspect" "69b4165afae1bc96941b5362fc171256cb1ddfc279a2ca1e42327ff265abb6da", kill_on_drop: false }`
[INFO] running `Command { std: "docker" "exec" "-e" "SOURCE_DIR=/opt/rustwide/workdir" "-e" "CARGO_HOME=/opt/rustwide/cargo-home" "-e" "RUSTUP_HOME=/opt/rustwide/rustup-home" "-e" "CARGO_TARGET_DIR=/opt/rustwide/target" "-w" "/opt/rustwide/workdir" "--user" "0:0" "69b4165afae1bc96941b5362fc171256cb1ddfc279a2ca1e42327ff265abb6da" "/opt/rustwide/cargo-home/bin/cargo" "+1.99.0-beta.8" "metadata" "--no-deps" "--format-version=1", kill_on_drop: false }`
[INFO] running `Command { std: "docker" "inspect" "69b4165afae1bc96941b5362fc171256cb1ddfc279a2ca1e42327ff265abb6da", kill_on_drop: false }`
[INFO] running `Command { std: "docker" "exec" "-e" "SOURCE_DIR=/opt/rustwide/workdir" "-e" "CARGO_HOME=/opt/rustwide/cargo-home" "-e" "RUSTUP_HOME=/opt/rustwide/rustup-home" "-e" "CARGO_TARGET_DIR=/opt/rustwide/target" "-e" "CARGO_INCREMENTAL=0" "-e" "RUST_BACKTRACE=full" "-e" "RUSTFLAGS=--cap-lints=warn" "-e" "RUSTDOCFLAGS=--cap-lints=warn" "-w" "/opt/rustwide/workdir" "--user" "0:0" "69b4165afae1bc96941b5362fc171256cb1ddfc279a2ca1e42327ff265abb6da" "/opt/rustwide/cargo-home/bin/cargo" "+1.99.0-beta.8" "build" "--frozen" "--message-format=json" "--release", kill_on_drop: false }`
[INFO] [stderr]    Compiling libc v0.2.182
[INFO] [stderr]    Compiling itoa v1.0.17
[INFO] [stderr]    Compiling zerocopy v0.8.40
[INFO] [stderr]    Compiling quote v1.0.44
[INFO] [stderr]    Compiling indexmap v2.13.0
[INFO] [stderr]    Compiling serde_json v1.0.149
[INFO] [stderr]    Compiling getrandom v0.4.1
[INFO] [stderr]    Compiling num-traits v0.2.19
[INFO] [stderr]    Compiling memchr v2.8.0
[INFO] [stderr]    Compiling regex-syntax v0.8.10
[INFO] [stderr]    Compiling generic-array v0.14.7
[INFO] [stderr]    Compiling winnow v0.7.14
[INFO] [stderr]    Compiling futures-channel v0.3.32
[INFO] [stderr]    Compiling simd-adler32 v0.3.8
[INFO] [stderr]    Compiling data-encoding v2.10.0
[INFO] [stderr]    Compiling utf-8 v0.7.6
[INFO] [stderr]    Compiling http v1.4.0
[INFO] [stderr]    Compiling ipnet v2.11.0
[INFO] [stderr]    Compiling miniz_oxide v0.8.9
[INFO] [stderr]    Compiling syn v2.0.117
[INFO] [stderr]    Compiling flate2 v1.1.9
[INFO] [stderr]    Compiling block-buffer v0.10.4
[INFO] [stderr]    Compiling crypto-common v0.1.7
[INFO] [stderr]    Compiling http-body v1.0.1
[INFO] [stderr]    Compiling digest v0.10.7
[INFO] [stderr]    Compiling http-body-util v0.1.3
[INFO] [stderr]    Compiling sha1 v0.10.6
[INFO] [stderr]    Compiling parking_lot_core v0.9.12
[INFO] [stderr]    Compiling errno v0.3.14
[INFO] [stderr]    Compiling socket2 v0.6.2
[INFO] [stderr]    Compiling mio v1.1.1
[INFO] [stderr]    Compiling getrandom v0.2.17
[INFO] [stderr]    Compiling getrandom v0.3.4
[INFO] [stderr]    Compiling signal-hook-registry v1.4.8
[INFO] [stderr]    Compiling parking_lot v0.12.5
[INFO] [stderr]    Compiling regex-automata v0.4.14
[INFO] [stderr]    Compiling rand_core v0.6.4
[INFO] [stderr]    Compiling uuid v1.21.0
[INFO] [stderr]    Compiling matchers v0.2.0
[INFO] [stderr]    Compiling serde_derive_internals v0.29.1
[INFO] [stderr]    Compiling ppv-lite86 v0.2.21
[INFO] [stderr]    Compiling ahash v0.8.12
[INFO] [stderr]    Compiling serde_derive v1.0.228
[INFO] [stderr]    Compiling tokio-macros v2.6.0
[INFO] [stderr]    Compiling tracing-attributes v0.1.31
[INFO] [stderr]    Compiling futures-macro v0.3.32
[INFO] [stderr]    Compiling thiserror-impl v1.0.69
[INFO] [stderr]    Compiling rand_chacha v0.3.1
[INFO] [stderr]    Compiling async-trait v0.1.89
[INFO] [stderr]    Compiling ref-cast-impl v1.0.25
[INFO] [stderr]    Compiling async-stream-impl v0.3.6
[INFO] [stderr]    Compiling schemars_derive v1.2.1
[INFO] [stderr]    Compiling ranvier-macros v0.51.0
[INFO] [stderr]    Compiling rand v0.8.5
[INFO] [stderr]    Compiling tokio v1.49.0
[INFO] [stderr]    Compiling ref-cast v1.0.25
[INFO] [stderr]    Compiling futures-util v0.3.32
[INFO] [stderr]    Compiling async-stream v0.3.6
[INFO] [stderr]    Compiling tracing v0.1.44
[INFO] [stderr]    Compiling thiserror v1.0.69
[INFO] [stderr]    Compiling tungstenite v0.24.0
[INFO] [stderr]    Compiling serde v1.0.228
[INFO] [stderr]    Compiling toml_datetime v0.6.11
[INFO] [stderr]    Compiling serde_spanned v0.6.9
[INFO] [stderr]    Compiling tracing-serde v0.2.0
[INFO] [stderr]    Compiling chrono v0.4.44
[INFO] [stderr]    Compiling schemars v1.2.1
[INFO] [stderr]    Compiling serde_urlencoded v0.7.1
[INFO] [stderr]    Compiling tracing-subscriber v0.3.22
[INFO] [stderr]    Compiling toml_edit v0.22.27
[INFO] [stderr]    Compiling toml v0.8.23
[INFO] [stderr]    Compiling ranvier-core v0.51.0
[INFO] [stderr]    Compiling tokio-util v0.7.18
[INFO] [stderr]    Compiling tokio-tungstenite v0.24.0
[INFO] [stderr]    Compiling h2 v0.4.13
[INFO] [stderr]    Compiling ranvier-runtime v0.51.0
[INFO] [stderr]    Compiling ranvier-guard v0.51.0
[INFO] [stderr]    Compiling ranvier-std v0.51.0
[INFO] [stderr]    Compiling hyper v1.8.1
[INFO] [stderr]    Compiling hyper-util v0.1.20
[INFO] [stderr]    Compiling ranvier-http v0.51.0
[INFO] [stderr]    Compiling ranvier v0.51.0 (/opt/rustwide/workdir)
[INFO] [stderr]     Finished `release` profile [optimized] target(s) in 1m 23s
[INFO] running `Command { std: "docker" "inspect" "69b4165afae1bc96941b5362fc171256cb1ddfc279a2ca1e42327ff265abb6da", kill_on_drop: false }`
[INFO] running `Command { std: "docker" "exec" "-e" "SOURCE_DIR=/opt/rustwide/workdir" "-e" "CARGO_HOME=/opt/rustwide/cargo-home" "-e" "RUSTUP_HOME=/opt/rustwide/rustup-home" "-e" "CARGO_TARGET_DIR=/opt/rustwide/target" "-e" "CARGO_INCREMENTAL=0" "-e" "RUST_BACKTRACE=full" "-e" "RUSTFLAGS=--cap-lints=warn" "-e" "RUSTDOCFLAGS=--cap-lints=warn" "-w" "/opt/rustwide/workdir" "--user" "0:0" "69b4165afae1bc96941b5362fc171256cb1ddfc279a2ca1e42327ff265abb6da" "/opt/rustwide/cargo-home/bin/cargo" "+1.99.0-beta.8" "test" "--frozen" "--no-run" "--message-format=json" "--release", kill_on_drop: false }`
[INFO] [stderr]    Compiling bitflags v2.11.0
[INFO] [stderr]    Compiling fastrand v2.3.0
[INFO] [stderr]    Compiling ring v0.17.14
[INFO] [stderr]    Compiling ranvier-compliance v0.51.0
[INFO] [stderr]    Compiling ranvier-openapi v0.51.0
[INFO] [stderr]    Compiling rustix v1.1.4
[INFO] [stderr]    Compiling tempfile v3.26.0
[INFO] [stderr]    Compiling ranvier-audit v0.51.0
[INFO] [stderr]    Compiling ranvier v0.51.0 (/opt/rustwide/workdir)
[INFO] [stderr]     Finished `release` profile [optimized] target(s) in 28.67s
[INFO] running `Command { std: "docker" "inspect" "69b4165afae1bc96941b5362fc171256cb1ddfc279a2ca1e42327ff265abb6da", kill_on_drop: false }`
[INFO] running `Command { std: "docker" "exec" "-e" "SOURCE_DIR=/opt/rustwide/workdir" "-e" "CARGO_HOME=/opt/rustwide/cargo-home" "-e" "RUSTUP_HOME=/opt/rustwide/rustup-home" "-e" "CARGO_TARGET_DIR=/opt/rustwide/target" "-e" "CARGO_INCREMENTAL=0" "-e" "RUST_BACKTRACE=full" "-e" "RUSTFLAGS=--cap-lints=warn" "-e" "RUSTDOCFLAGS=--cap-lints=warn" "-w" "/opt/rustwide/workdir" "--user" "0:0" "69b4165afae1bc96941b5362fc171256cb1ddfc279a2ca1e42327ff265abb6da" "/opt/rustwide/cargo-home/bin/cargo" "+1.99.0-beta.8" "test" "--frozen" "--release", kill_on_drop: false }`
[INFO] [stderr]     Finished `release` profile [optimized] target(s) in 0.20s
[INFO] [stderr]      Running unittests src/lib.rs (/opt/rustwide/target/release/deps/ranvier-34d302c1bf4559da)
[INFO] [stdout] 
[INFO] [stdout] running 0 tests
[INFO] [stdout] 
[INFO] [stdout] test result: ok. 0 passed; 0 failed; 0 ignored; 0 measured; 0 filtered out; finished in 0.00s
[INFO] [stdout] 
[INFO] [stderr]      Running tests/cross_crate_integration.rs (/opt/rustwide/target/release/deps/cross_crate_integration-0f18f16079aca139)
[INFO] [stdout] 
[INFO] [stdout] running 9 tests
[INFO] [stdout] test test_config_telemetry_default_no_op ... ok
[INFO] [stdout] test test_full_operations_pipeline ... ok
[INFO] [stdout] test test_audit_chain_integrity ... ok
[INFO] [stdout] test test_audit_pipeline_integration ... ok
[INFO] [stdout] test test_openapi_security_and_problem_detail_combined ... ok
[INFO] [stdout] test test_access_log_guard_pipeline ... ok
[INFO] [stdout] test test_audit_query_across_executions ... ok
[INFO] [stdout] test test_access_log_redaction_in_pipeline ... ok
[INFO] [stderr] error: test failed, to rerun pass `--test cross_crate_integration`
[INFO] [stdout] test test_compliance_audit_redaction ... FAILED
[INFO] [stdout] 
[INFO] [stdout] failures:
[INFO] [stdout] 
[INFO] [stdout] ---- test_compliance_audit_redaction stdout ----
[INFO] [stdout] 
[INFO] [stdout] thread 'test_compliance_audit_redaction' (2070) panicked at tests/cross_crate_integration.rs:143:5:
[INFO] [stdout] assertion failed: json.contains("jane@example.com")
[INFO] [stdout] stack backtrace:
[INFO] [stdout]    0:     0x5c773fe09c01 - <<std[70759c8f55707aa4]::sys::backtrace::BacktraceLock>::print::DisplayBacktrace as core[df12db4294e9bfd3]::fmt::Display>::fmt
[INFO] [stdout]    1:     0x5c773fe1f4fa - core[df12db4294e9bfd3]::fmt::write
[INFO] [stdout]    2:     0x5c773fe0e50c - <alloc[2182bb758b4b3781]::vec::Vec<u8> as core[df12db4294e9bfd3]::io::write::Write>::write_fmt
[INFO] [stdout]    3:     0x5c773fde43c6 - std[70759c8f55707aa4]::panicking::default_hook::{closure#0}
[INFO] [stdout]    4:     0x5c773fe01769 - std[70759c8f55707aa4]::panicking::default_hook
[INFO] [stdout]    5:     0x5c773fd41e80 - test[9d35eded1c95d3be]::test_main_inner::<test[9d35eded1c95d3be]::test_main_static::{closure#0}>::{closure#0}
[INFO] [stdout]    6:     0x5c773fe01a92 - std[70759c8f55707aa4]::panicking::panic_with_hook
[INFO] [stdout]    7:     0x5c773fde44a4 - std[70759c8f55707aa4]::panicking::panic_handler::{closure#0}
[INFO] [stdout]    8:     0x5c773fddcea9 - std[70759c8f55707aa4]::sys::backtrace::__rust_end_short_backtrace::<std[70759c8f55707aa4]::panicking::panic_handler::{closure#0}, !>
[INFO] [stdout]    9:     0x5c773fde506d - __rustc[8fa7c3cbc660c2b3]::rust_begin_unwind
[INFO] [stdout]   10:     0x5c773fe1fc5c - core[df12db4294e9bfd3]::panicking::panic_fmt
[INFO] [stdout]   11:     0x5c773fe1fc22 - core[df12db4294e9bfd3]::panicking::panic
[INFO] [stdout]   12:     0x5c773fcc816f - cross_crate_integration[27de191b4270f0a8]::test_compliance_audit_redaction::{closure#0}
[INFO] [stdout]   13:     0x5c773fd1b893 - <tokio[8fa34a9aae6b565e]::runtime::scheduler::current_thread::Context>::enter::<core[df12db4294e9bfd3]::task::poll::Poll<()>, <tokio[8fa34a9aae6b565e]::runtime::scheduler::current_thread::CoreGuard>::block_on<core[df12db4294e9bfd3]::pin::Pin<&mut core[df12db4294e9bfd3]::pin::Pin<&mut dyn core[df12db4294e9bfd3]::future::future::Future<Output = ()>>>>::{closure#0}::{closure#0}>
[INFO] [stdout]   14:     0x5c773fd109ac - <tokio[8fa34a9aae6b565e]::runtime::context::scoped::Scoped<tokio[8fa34a9aae6b565e]::runtime::scheduler::Context>>::set::<<tokio[8fa34a9aae6b565e]::runtime::scheduler::current_thread::CoreGuard>::enter<<tokio[8fa34a9aae6b565e]::runtime::scheduler::current_thread::CoreGuard>::block_on<core[df12db4294e9bfd3]::pin::Pin<&mut core[df12db4294e9bfd3]::pin::Pin<&mut dyn core[df12db4294e9bfd3]::future::future::Future<Output = ()>>>>::{closure#0}, core[df12db4294e9bfd3]::option::Option<()>>::{closure#0}, (alloc[2182bb758b4b3781]::boxed::Box<tokio[8fa34a9aae6b565e]::runtime::scheduler::current_thread::Core>, core[df12db4294e9bfd3]::option::Option<()>)>
[INFO] [stdout]   15:     0x5c773fd1beb7 - <tokio[8fa34a9aae6b565e]::runtime::scheduler::current_thread::CoreGuard>::block_on::<core[df12db4294e9bfd3]::pin::Pin<&mut core[df12db4294e9bfd3]::pin::Pin<&mut dyn core[df12db4294e9bfd3]::future::future::Future<Output = ()>>>>
[INFO] [stdout]   16:     0x5c773fd11787 - tokio[8fa34a9aae6b565e]::runtime::context::runtime::enter_runtime::<<tokio[8fa34a9aae6b565e]::runtime::scheduler::current_thread::CurrentThread>::block_on<core[df12db4294e9bfd3]::pin::Pin<&mut dyn core[df12db4294e9bfd3]::future::future::Future<Output = ()>>>::{closure#0}, ()>
[INFO] [stdout]   17:     0x5c773fd1ca35 - <tokio[8fa34a9aae6b565e]::runtime::runtime::Runtime>::block_on::<core[df12db4294e9bfd3]::pin::Pin<&mut dyn core[df12db4294e9bfd3]::future::future::Future<Output = ()>>>
[INFO] [stdout]   18:     0x5c773fcdf93e - <cross_crate_integration[27de191b4270f0a8]::test_compliance_audit_redaction::{closure#0} as core[df12db4294e9bfd3]::ops::function::FnOnce<()>>::call_once
[INFO] [stdout]   19:     0x5c773fd3516b - test[9d35eded1c95d3be]::__rust_begin_short_backtrace::<core[df12db4294e9bfd3]::result::Result<(), alloc[2182bb758b4b3781]::string::String>, fn() -> core[df12db4294e9bfd3]::result::Result<(), alloc[2182bb758b4b3781]::string::String>>
[INFO] [stdout]   20:     0x5c773fd427d5 - test[9d35eded1c95d3be]::run_test::{closure#0}
[INFO] [stdout]   21:     0x5c773fd3c094 - std[70759c8f55707aa4]::sys::backtrace::__rust_begin_short_backtrace::<test[9d35eded1c95d3be]::run_test::{closure#1}, ()>
[INFO] [stdout]   22:     0x5c773fd45932 - <std[70759c8f55707aa4]::thread::lifecycle::spawn_unchecked<test[9d35eded1c95d3be]::run_test::{closure#1}, ()>::{closure#1} as core[df12db4294e9bfd3]::ops::function::FnOnce<()>>::call_once::{shim:vtable#0}
[INFO] [stdout]   23:     0x5c773fe08f39 - <std[70759c8f55707aa4]::sys::thread::unix::Thread>::new::thread_start
[INFO] [stdout]   24:     0x70b4c8bb8dfa - <unknown>
[INFO] [stdout]   25:     0x70b4c8c4c3d4 - clone
[INFO] [stdout]   26:                0x0 - <unknown>
[INFO] [stdout] 
[INFO] [stdout] 
[INFO] [stdout] failures:
[INFO] [stdout]     test_compliance_audit_redaction
[INFO] [stdout] 
[INFO] [stdout] test result: FAILED. 8 passed; 1 failed; 0 ignored; 0 measured; 0 filtered out; finished in 0.01s
[INFO] [stdout] 
[INFO] running `Command { std: "docker" "inspect" "69b4165afae1bc96941b5362fc171256cb1ddfc279a2ca1e42327ff265abb6da", kill_on_drop: false }`
[INFO] running `Command { std: "docker" "rm" "-f" "69b4165afae1bc96941b5362fc171256cb1ddfc279a2ca1e42327ff265abb6da", kill_on_drop: false }`
[INFO] [stdout] 69b4165afae1bc96941b5362fc171256cb1ddfc279a2ca1e42327ff265abb6da
