[INFO] fetching crate rankey 0.3.0...
[INFO] testing rankey-0.3.0 against 1.99.0-beta.8+cargoflags=--release for beta-release-1.100-2
[INFO] extracting crate rankey 0.3.0 into /workspace/builds/worker-7-tc1/source
[INFO] started tweaking crates.io crate rankey 0.3.0
[INFO] finished tweaking crates.io crate rankey 0.3.0
[INFO] tweaked toml for crates.io crate rankey 0.3.0 written to /workspace/builds/worker-7-tc1/source/Cargo.toml
[INFO] validating manifest of crates.io crate rankey 0.3.0 on toolchain 1.99.0-beta.8
[INFO] running `Command { std: CARGO_HOME="/workspace/cargo-home" RUSTUP_HOME="/workspace/rustup-home" "/workspace/cargo-home/bin/cargo" "+1.99.0-beta.8" "metadata" "--manifest-path" "Cargo.toml" "--no-deps", kill_on_drop: false }`
[INFO] crate crates.io crate rankey 0.3.0 already has a lockfile, it will not be regenerated
[INFO] running `Command { std: CARGO_HOME="/workspace/cargo-home" RUSTUP_HOME="/workspace/rustup-home" "/workspace/cargo-home/bin/cargo" "+1.99.0-beta.8" "fetch" "--manifest-path" "Cargo.toml", kill_on_drop: false }`
[INFO] [stderr]     Updating crates.io index
[INFO] [stderr]  Downloading crates ...
[INFO] [stderr]   Downloaded zeroize v1.9.1
[INFO] [stderr]   Downloaded x509-cert v0.3.0
[INFO] [stderr]   Downloaded wnaf v0.14.1
[INFO] [stderr]   Downloaded flagset v0.4.7
[INFO] [stderr]   Downloaded spki v0.8.1
[INFO] [stderr]   Downloaded tls_codec v0.4.2
[INFO] [stderr]   Downloaded snafu-derive v0.8.9
[INFO] [stderr]   Downloaded outref v0.5.2
[INFO] [stderr]   Downloaded tls_codec_derive v0.4.2
[INFO] [stderr]   Downloaded base64-simd v0.8.0
[INFO] [stderr]   Downloaded vsimd v0.8.0
[INFO] [stderr]   Downloaded ctutils v0.4.3
[INFO] [stderr]   Downloaded pem-rfc7468 v1.0.0
[INFO] [stderr]   Downloaded der_derive v0.8.0
[INFO] [stderr]   Downloaded snafu v0.8.9
[INFO] [stderr]   Downloaded p384 v0.14.0
[INFO] [stderr]   Downloaded der v0.8.2
[INFO] [stderr]   Downloaded syn v3.0.8
[INFO] running `Command { std: "docker" "create" "-v" "/var/lib/crater-agent-workspace/builds/worker-7-tc1/source:/opt/rustwide/workdir:ro,Z" "-v" "/var/lib/crater-agent-workspace/builds/worker-7-tc1/target:/opt/rustwide/target:rw,Z" "-v" "/var/lib/crater-agent-workspace/cargo-home:/opt/rustwide/cargo-home:ro,Z" "-v" "/var/lib/crater-agent-workspace/rustup-home:/opt/rustwide/rustup-home:ro,Z" "-m" "1610612736" "--network" "none" "ghcr.io/rust-lang/crates-build-env/linux@sha256:77db811e55d90add9212f6832c23229e3de5f1c1f9905e8cb07319ea15df73ac" "sleep" "infinity", kill_on_drop: false }`
[INFO] [stdout] 8d07ce32f0a77177f5ca2c914b054703ad2172e60344892e52dda994050ed6fc
[INFO] running `Command { std: "docker" "start" "8d07ce32f0a77177f5ca2c914b054703ad2172e60344892e52dda994050ed6fc", kill_on_drop: false }`
[INFO] running `Command { std: "docker" "inspect" "8d07ce32f0a77177f5ca2c914b054703ad2172e60344892e52dda994050ed6fc", kill_on_drop: false }`
[INFO] running `Command { std: "docker" "exec" "-e" "SOURCE_DIR=/opt/rustwide/workdir" "-e" "CARGO_HOME=/opt/rustwide/cargo-home" "-e" "RUSTUP_HOME=/opt/rustwide/rustup-home" "-e" "CARGO_TARGET_DIR=/opt/rustwide/target" "-w" "/opt/rustwide/workdir" "--user" "0:0" "8d07ce32f0a77177f5ca2c914b054703ad2172e60344892e52dda994050ed6fc" "/opt/rustwide/cargo-home/bin/cargo" "+1.99.0-beta.8" "metadata" "--no-deps" "--format-version=1", kill_on_drop: false }`
[INFO] running `Command { std: "docker" "inspect" "8d07ce32f0a77177f5ca2c914b054703ad2172e60344892e52dda994050ed6fc", kill_on_drop: false }`
[INFO] running `Command { std: "docker" "exec" "-e" "SOURCE_DIR=/opt/rustwide/workdir" "-e" "CARGO_HOME=/opt/rustwide/cargo-home" "-e" "RUSTUP_HOME=/opt/rustwide/rustup-home" "-e" "CARGO_TARGET_DIR=/opt/rustwide/target" "-e" "CARGO_INCREMENTAL=0" "-e" "RUST_BACKTRACE=full" "-e" "RUSTFLAGS=--cap-lints=warn" "-e" "RUSTDOCFLAGS=--cap-lints=warn" "-w" "/opt/rustwide/workdir" "--user" "0:0" "8d07ce32f0a77177f5ca2c914b054703ad2172e60344892e52dda994050ed6fc" "/opt/rustwide/cargo-home/bin/cargo" "+1.99.0-beta.8" "build" "--frozen" "--message-format=json" "--release", kill_on_drop: false }`
[INFO] [stderr]    Compiling subtle v2.6.1
[INFO] [stderr]    Compiling zeroize v1.9.1
[INFO] [stderr]    Compiling rand_core v0.10.1
[INFO] [stderr]    Compiling libc v0.2.190
[INFO] [stderr]    Compiling getrandom v0.4.3
[INFO] [stderr]    Compiling typenum v1.20.1
[INFO] [stderr]    Compiling cmov v0.5.4
[INFO] [stderr]    Compiling const-oid v0.10.2
[INFO] [stderr]    Compiling syn v2.0.119
[INFO] [stderr]    Compiling base64ct v1.8.3
[INFO] [stderr]    Compiling flagset v0.4.7
[INFO] [stderr]    Compiling cpubits v0.1.1
[INFO] [stderr]    Compiling ff v0.14.0
[INFO] [stderr]    Compiling cpufeatures v0.3.1
[INFO] [stderr]    Compiling base16ct v1.0.0
[INFO] [stderr]    Compiling ctutils v0.4.3
[INFO] [stderr]    Compiling group v0.14.0
[INFO] [stderr]    Compiling pem-rfc7468 v1.0.0
[INFO] [stderr]    Compiling syn v3.0.8
[INFO] [stderr]    Compiling serde v1.0.229
[INFO] [stderr]    Compiling chacha20 v0.10.2
[INFO] [stderr]    Compiling hybrid-array v0.4.15
[INFO] [stderr]    Compiling rand v0.10.3
[INFO] [stderr]    Compiling crypto-common v0.2.2
[INFO] [stderr]    Compiling block-buffer v0.12.1
[INFO] [stderr]    Compiling crypto-bigint v0.7.5
[INFO] [stderr]    Compiling serde_derive v1.0.229
[INFO] [stderr]    Compiling digest v0.11.3
[INFO] [stderr]    Compiling signature v3.0.0
[INFO] [stderr]    Compiling hmac v0.13.0
[INFO] [stderr]    Compiling sha2 v0.11.0
[INFO] [stderr]    Compiling sha1 v0.11.0
[INFO] [stderr]    Compiling der_derive v0.8.0
[INFO] [stderr]    Compiling snafu-derive v0.8.9
[INFO] [stderr]    Compiling der v0.8.2
[INFO] [stderr]    Compiling primefield v0.14.0
[INFO] [stderr]    Compiling rfc6979 v0.6.0
[INFO] [stderr]    Compiling wnaf v0.14.1
[INFO] [stderr]    Compiling snafu v0.8.9
[INFO] [stderr]    Compiling spki v0.8.1
[INFO] [stderr]    Compiling sec1 v0.8.1
[INFO] [stderr]    Compiling pkcs8 v0.11.0
[INFO] [stderr]    Compiling x509-cert v0.3.0
[INFO] [stderr]    Compiling elliptic-curve v0.14.1
[INFO] [stderr]    Compiling primeorder v0.14.0
[INFO] [stderr]    Compiling ecdsa v0.17.0
[INFO] [stderr]    Compiling p384 v0.14.0
[INFO] [stderr]    Compiling rankey v0.3.0 (/opt/rustwide/workdir)
[INFO] [stderr]     Finished `release` profile [optimized] target(s) in 57.57s
[INFO] running `Command { std: "docker" "inspect" "8d07ce32f0a77177f5ca2c914b054703ad2172e60344892e52dda994050ed6fc", kill_on_drop: false }`
[INFO] running `Command { std: "docker" "exec" "-e" "SOURCE_DIR=/opt/rustwide/workdir" "-e" "CARGO_HOME=/opt/rustwide/cargo-home" "-e" "RUSTUP_HOME=/opt/rustwide/rustup-home" "-e" "CARGO_TARGET_DIR=/opt/rustwide/target" "-e" "CARGO_INCREMENTAL=0" "-e" "RUST_BACKTRACE=full" "-e" "RUSTFLAGS=--cap-lints=warn" "-e" "RUSTDOCFLAGS=--cap-lints=warn" "-w" "/opt/rustwide/workdir" "--user" "0:0" "8d07ce32f0a77177f5ca2c914b054703ad2172e60344892e52dda994050ed6fc" "/opt/rustwide/cargo-home/bin/cargo" "+1.99.0-beta.8" "test" "--frozen" "--no-run" "--message-format=json" "--release", kill_on_drop: false }`
[INFO] [stderr]    Compiling vsimd v0.8.0
[INFO] [stderr]    Compiling outref v0.5.2
[INFO] [stderr]    Compiling base64-simd v0.8.0
[INFO] [stderr]    Compiling rankey v0.3.0 (/opt/rustwide/workdir)
[INFO] [stderr]     Finished `release` profile [optimized] target(s) in 12.60s
[INFO] running `Command { std: "docker" "inspect" "8d07ce32f0a77177f5ca2c914b054703ad2172e60344892e52dda994050ed6fc", kill_on_drop: false }`
[INFO] running `Command { std: "docker" "exec" "-e" "SOURCE_DIR=/opt/rustwide/workdir" "-e" "CARGO_HOME=/opt/rustwide/cargo-home" "-e" "RUSTUP_HOME=/opt/rustwide/rustup-home" "-e" "CARGO_TARGET_DIR=/opt/rustwide/target" "-e" "CARGO_INCREMENTAL=0" "-e" "RUST_BACKTRACE=full" "-e" "RUSTFLAGS=--cap-lints=warn" "-e" "RUSTDOCFLAGS=--cap-lints=warn" "-w" "/opt/rustwide/workdir" "--user" "0:0" "8d07ce32f0a77177f5ca2c914b054703ad2172e60344892e52dda994050ed6fc" "/opt/rustwide/cargo-home/bin/cargo" "+1.99.0-beta.8" "test" "--frozen" "--release", kill_on_drop: false }`
[INFO] [stderr]     Finished `release` profile [optimized] target(s) in 0.13s
[INFO] [stderr]      Running unittests src/lib.rs (/opt/rustwide/target/release/deps/rankey-906df8fb72f72113)
[INFO] [stdout] 
[INFO] [stdout] running 9 tests
[INFO] [stdout] test tests::test_generate_csr ... ok
[INFO] [stdout] test tests::test_generate_secp384r1_key ... ok
[INFO] [stdout] test tests::test_extract_certificate_info ... FAILED
[INFO] [stdout] test tests::test_sign_revoked_ocsp_response ... FAILED
[INFO] [stdout] test tests::test_sign_good_ocsp_response ... FAILED
[INFO] [stdout] test tests::test_sign_certificate ... FAILED
[INFO] [stdout] test tests::test_extract_dns_names_from_csr_pem ... ok
[INFO] [stdout] test tests::test_sign_unknown_ocsp_response ... FAILED
[INFO] [stdout] test tests::stable_crypto_csr_preserves_p384_key_and_signature ... ok
[INFO] [stdout] 
[INFO] [stdout] failures:
[INFO] [stdout] 
[INFO] [stdout] ---- tests::test_extract_certificate_info stdout ----
[INFO] [stdout] Extracted DNS names from CSR: ["borber.pilot.dhttp.net", "api.borber.pilot.dhttp.net", "www.borber.pilot.dhttp.net"]
[INFO] [stdout] 
[INFO] [stdout] thread 'tests::test_extract_certificate_info' (885) panicked at src/lib.rs:760:9:
[INFO] [stdout] assertion failed: result.is_ok()
[INFO] [stdout] stack backtrace:
[INFO] [stdout]    0:     0x60fcc8ae7cd1 - <<std[70759c8f55707aa4]::sys::backtrace::BacktraceLock>::print::DisplayBacktrace as core[df12db4294e9bfd3]::fmt::Display>::fmt
[INFO] [stdout]    1:     0x60fcc8afc9aa - core[df12db4294e9bfd3]::fmt::write
[INFO] [stdout]    2:     0x60fcc8aec1dc - <alloc[2182bb758b4b3781]::vec::Vec<u8> as core[df12db4294e9bfd3]::io::write::Write>::write_fmt
[INFO] [stdout]    3:     0x60fcc8ac39f6 - std[70759c8f55707aa4]::panicking::default_hook::{closure#0}
[INFO] [stdout]    4:     0x60fcc8adfe09 - std[70759c8f55707aa4]::panicking::default_hook
[INFO] [stdout]    5:     0x60fcc8a4b720 - test[9d35eded1c95d3be]::test_main_inner::<test[9d35eded1c95d3be]::test_main_static::{closure#0}>::{closure#0}
[INFO] [stdout]    6:     0x60fcc8adffc2 - std[70759c8f55707aa4]::panicking::panic_with_hook
[INFO] [stdout]    7:     0x60fcc8ac3ad4 - std[70759c8f55707aa4]::panicking::panic_handler::{closure#0}
[INFO] [stdout]    8:     0x60fcc8abc699 - std[70759c8f55707aa4]::sys::backtrace::__rust_end_short_backtrace::<std[70759c8f55707aa4]::panicking::panic_handler::{closure#0}, !>
[INFO] [stdout]    9:     0x60fcc8ac469d - __rustc[8fa7c3cbc660c2b3]::rust_begin_unwind
[INFO] [stdout]   10:     0x60fcc8afd0dc - core[df12db4294e9bfd3]::panicking::panic_fmt
[INFO] [stdout]   11:     0x60fcc8afd0a2 - core[df12db4294e9bfd3]::panicking::panic
[INFO] [stdout]   12:     0x60fcc8a05da3 - rankey[fd17ddd262240650]::tests::test_sign_certificate
[INFO] [stdout]   13:     0x60fcc8a066d0 - rankey[fd17ddd262240650]::tests::test_extract_certificate_info
[INFO] [stdout]   14:     0x60fcc89f4b09 - <rankey[fd17ddd262240650]::tests::test_extract_certificate_info::{closure#0} as core[df12db4294e9bfd3]::ops::function::FnOnce<()>>::call_once
[INFO] [stdout]   15:     0x60fcc8a3ea0b - test[9d35eded1c95d3be]::__rust_begin_short_backtrace::<core[df12db4294e9bfd3]::result::Result<(), alloc[2182bb758b4b3781]::string::String>, fn() -> core[df12db4294e9bfd3]::result::Result<(), alloc[2182bb758b4b3781]::string::String>>
[INFO] [stdout]   16:     0x60fcc8a4c075 - test[9d35eded1c95d3be]::run_test::{closure#0}
[INFO] [stdout]   17:     0x60fcc8a45934 - std[70759c8f55707aa4]::sys::backtrace::__rust_begin_short_backtrace::<test[9d35eded1c95d3be]::run_test::{closure#1}, ()>
[INFO] [stdout]   18:     0x60fcc8a4f1d2 - <std[70759c8f55707aa4]::thread::lifecycle::spawn_unchecked<test[9d35eded1c95d3be]::run_test::{closure#1}, ()>::{closure#1} as core[df12db4294e9bfd3]::ops::function::FnOnce<()>>::call_once::{shim:vtable#0}
[INFO] [stdout]   19:     0x60fcc8ae7049 - <std[70759c8f55707aa4]::sys::thread::unix::Thread>::new::thread_start
[INFO] [stdout]   20:     0x7580db64edfa - <unknown>
[INFO] [stdout]   21:     0x7580db6e23d4 - clone
[INFO] [stdout]   22:                0x0 - <unknown>
[INFO] [stdout] 
[INFO] [stdout] ---- tests::test_sign_revoked_ocsp_response stdout ----
[INFO] [stdout] 
[INFO] [stdout] thread 'tests::test_sign_revoked_ocsp_response' (891) panicked at src/lib.rs:672:10:
[INFO] [stdout] failed to sign leaf certificate: Io { source: Os { code: 2, kind: NotFound, message: "No such file or directory" }, path: "intermediate/intermediate.crt" }
[INFO] [stdout] stack backtrace:
[INFO] [stdout]    0:     0x60fcc8ae7cd1 - <<std[70759c8f55707aa4]::sys::backtrace::BacktraceLock>::print::DisplayBacktrace as core[df12db4294e9bfd3]::fmt::Display>::fmt
[INFO] [stdout]    1:     0x60fcc8afc9aa - core[df12db4294e9bfd3]::fmt::write
[INFO] [stdout]    2:     0x60fcc8aec1dc - <alloc[2182bb758b4b3781]::vec::Vec<u8> as core[df12db4294e9bfd3]::io::write::Write>::write_fmt
[INFO] [stdout]    3:     0x60fcc8ac39f6 - std[70759c8f55707aa4]::panicking::default_hook::{closure#0}
[INFO] [stdout]    4:     0x60fcc8adfe09 - std[70759c8f55707aa4]::panicking::default_hook
[INFO] [stdout]    5:     0x60fcc8a4b720 - test[9d35eded1c95d3be]::test_main_inner::<test[9d35eded1c95d3be]::test_main_static::{closure#0}>::{closure#0}
[INFO] [stdout]    6:     0x60fcc8adffc2 - std[70759c8f55707aa4]::panicking::panic_with_hook
[INFO] [stdout]    7:     0x60fcc8ac3aa2 - std[70759c8f55707aa4]::panicking::panic_handler::{closure#0}
[INFO] [stdout]    8:     0x60fcc8abc699 - std[70759c8f55707aa4]::sys::backtrace::__rust_end_short_backtrace::<std[70759c8f55707aa4]::panicking::panic_handler::{closure#0}, !>
[INFO] [stdout]    9:     0x60fcc8ac469d - __rustc[8fa7c3cbc660c2b3]::rust_begin_unwind
[INFO] [stdout]   10:     0x60fcc8afd0dc - core[df12db4294e9bfd3]::panicking::panic_fmt
[INFO] [stdout]   11:     0x60fcc8afceb2 - core[df12db4294e9bfd3]::result::unwrap_failed
[INFO] [stdout]   12:     0x60fcc8a04a51 - rankey[fd17ddd262240650]::tests::issue_test_leaf_cert
[INFO] [stdout]   13:     0x60fcc8a06f48 - rankey[fd17ddd262240650]::tests::test_sign_revoked_ocsp_response
[INFO] [stdout]   14:     0x60fcc89f4b29 - <rankey[fd17ddd262240650]::tests::test_sign_revoked_ocsp_response::{closure#0} as core[df12db4294e9bfd3]::ops::function::FnOnce<()>>::call_once
[INFO] [stdout]   15:     0x60fcc8a3ea0b - test[9d35eded1c95d3be]::__rust_begin_short_backtrace::<core[df12db4294e9bfd3]::result::Result<(), alloc[2182bb758b4b3781]::string::String>, fn() -> core[df12db4294e9bfd3]::result::Result<(), alloc[2182bb758b4b3781]::string::String>>
[INFO] [stdout]   16:     0x60fcc8a4c075 - test[9d35eded1c95d3be]::run_test::{closure#0}
[INFO] [stdout]   17:     0x60fcc8a45934 - std[70759c8f55707aa4]::sys::backtrace::__rust_begin_short_backtrace::<test[9d35eded1c95d3be]::run_test::{closure#1}, ()>
[INFO] [stdout]   18:     0x60fcc8a4f1d2 - <std[70759c8f55707aa4]::thread::lifecycle::spawn_unchecked<test[9d35eded1c95d3be]::run_test::{closure#1}, ()>::{closure#1} as core[df12db4294e9bfd3]::ops::function::FnOnce<()>>::call_once::{shim:vtable#0}
[INFO] [stdout]   19:     0x60fcc8ae7049 - <std[70759c8f55707aa4]::sys::thread::unix::Thread>::new::thread_start
[INFO] [stdout]   20:     0x7580db64edfa - <unknown>
[INFO] [stdout]   21:     0x7580db6e23d4 - clone
[INFO] [stdout]   22:                0x0 - <unknown>
[INFO] [stdout] 
[INFO] [stdout] ---- tests::test_sign_good_ocsp_response stdout ----
[INFO] [stdout] 
[INFO] [stdout] thread 'tests::test_sign_good_ocsp_response' (890) panicked at src/lib.rs:672:10:
[INFO] [stdout] failed to sign leaf certificate: Io { source: Os { code: 2, kind: NotFound, message: "No such file or directory" }, path: "intermediate/intermediate.crt" }
[INFO] [stdout] stack backtrace:
[INFO] [stdout]    0:     0x60fcc8ae7cd1 - <<std[70759c8f55707aa4]::sys::backtrace::BacktraceLock>::print::DisplayBacktrace as core[df12db4294e9bfd3]::fmt::Display>::fmt
[INFO] [stdout]    1:     0x60fcc8afc9aa - core[df12db4294e9bfd3]::fmt::write
[INFO] [stdout]    2:     0x60fcc8aec1dc - <alloc[2182bb758b4b3781]::vec::Vec<u8> as core[df12db4294e9bfd3]::io::write::Write>::write_fmt
[INFO] [stdout]    3:     0x60fcc8ac39f6 - std[70759c8f55707aa4]::panicking::default_hook::{closure#0}
[INFO] [stdout]    4:     0x60fcc8adfe09 - std[70759c8f55707aa4]::panicking::default_hook
[INFO] [stdout]    5:     0x60fcc8a4b720 - test[9d35eded1c95d3be]::test_main_inner::<test[9d35eded1c95d3be]::test_main_static::{closure#0}>::{closure#0}
[INFO] [stdout]    6:     0x60fcc8adffc2 - std[70759c8f55707aa4]::panicking::panic_with_hook
[INFO] [stdout]    7:     0x60fcc8ac3aa2 - std[70759c8f55707aa4]::panicking::panic_handler::{closure#0}
[INFO] [stdout]    8:     0x60fcc8abc699 - std[70759c8f55707aa4]::sys::backtrace::__rust_end_short_backtrace::<std[70759c8f55707aa4]::panicking::panic_handler::{closure#0}, !>
[INFO] [stdout]    9:     0x60fcc8ac469d - __rustc[8fa7c3cbc660c2b3]::rust_begin_unwind
[INFO] [stdout]   10:     0x60fcc8afd0dc - core[df12db4294e9bfd3]::panicking::panic_fmt
[INFO] [stdout]   11:     0x60fcc8afceb2 - core[df12db4294e9bfd3]::result::unwrap_failed
[INFO] [stdout]   12:     0x60fcc8a04a51 - rankey[fd17ddd262240650]::tests::issue_test_leaf_cert
[INFO] [stdout]   13:     0x60fcc8a06418 - rankey[fd17ddd262240650]::tests::test_sign_good_ocsp_response
[INFO] [stdout]   14:     0x60fcc89f4ae9 - <rankey[fd17ddd262240650]::tests::test_sign_good_ocsp_response::{closure#0} as core[df12db4294e9bfd3]::ops::function::FnOnce<()>>::call_once
[INFO] [stdout]   15:     0x60fcc8a3ea0b - test[9d35eded1c95d3be]::__rust_begin_short_backtrace::<core[df12db4294e9bfd3]::result::Result<(), alloc[2182bb758b4b3781]::string::String>, fn() -> core[df12db4294e9bfd3]::result::Result<(), alloc[2182bb758b4b3781]::string::String>>
[INFO] [stdout]   16:     0x60fcc8a4c075 - test[9d35eded1c95d3be]::run_test::{closure#0}
[INFO] [stdout]   17:     0x60fcc8a45934 - std[70759c8f55707aa4]::sys::backtrace::__rust_begin_short_backtrace::<test[9d35eded1c95d3be]::run_test::{closure#1}, ()>
[INFO] [stdout]   18:     0x60fcc8a4f1d2 - <std[70759c8f55707aa4]::thread::lifecycle::spawn_unchecked<test[9d35eded1c95d3be]::run_test::{closure#1}, ()>::{closure#1} as core[df12db4294e9bfd3]::ops::function::FnOnce<()>>::call_once::{shim:vtable#0}
[INFO] [stdout]   19:     0x60fcc8ae7049 - <std[70759c8f55707aa4]::sys::thread::unix::Thread>::new::thread_start
[INFO] [stdout]   20:     0x7580db64edfa - <unknown>
[INFO] [stdout]   21:     0x7580db6e23d4 - clone
[INFO] [stdout]   22:                0x0 - <unknown>
[INFO] [stdout] 
[INFO] [stdout] ---- tests::test_sign_certificate stdout ----
[INFO] [stdout] Extracted DNS names from CSR: ["borber.pilot.dhttp.net", "api.borber.pilot.dhttp.net", "www.borber.pilot.dhttp.net"]
[INFO] [stdout] 
[INFO] [stdout] thread 'tests::test_sign_certificate' (889) panicked at src/lib.rs:760:9:
[INFO] [stdout] assertion failed: result.is_ok()
[INFO] [stdout] stack backtrace:
[INFO] [stdout]    0:     0x60fcc8ae7cd1 - <<std[70759c8f55707aa4]::sys::backtrace::BacktraceLock>::print::DisplayBacktrace as core[df12db4294e9bfd3]::fmt::Display>::fmt
[INFO] [stdout]    1:     0x60fcc8afc9aa - core[df12db4294e9bfd3]::fmt::write
[INFO] [stdout]    2:     0x60fcc8aec1dc - <alloc[2182bb758b4b3781]::vec::Vec<u8> as core[df12db4294e9bfd3]::io::write::Write>::write_fmt
[INFO] [stdout]    3:     0x60fcc8ac39f6 - std[70759c8f55707aa4]::panicking::default_hook::{closure#0}
[INFO] [stdout]    4:     0x60fcc8adfe09 - std[70759c8f55707aa4]::panicking::default_hook
[INFO] [stdout]    5:     0x60fcc8a4b720 - test[9d35eded1c95d3be]::test_main_inner::<test[9d35eded1c95d3be]::test_main_static::{closure#0}>::{closure#0}
[INFO] [stdout]    6:     0x60fcc8adffc2 - std[70759c8f55707aa4]::panicking::panic_with_hook
[INFO] [stdout]    7:     0x60fcc8ac3ad4 - std[70759c8f55707aa4]::panicking::panic_handler::{closure#0}
[INFO] [stdout]    8:     0x60fcc8abc699 - std[70759c8f55707aa4]::sys::backtrace::__rust_end_short_backtrace::<std[70759c8f55707aa4]::panicking::panic_handler::{closure#0}, !>
[INFO] [stdout]    9:     0x60fcc8ac469d - __rustc[8fa7c3cbc660c2b3]::rust_begin_unwind
[INFO] [stdout]   10:     0x60fcc8afd0dc - core[df12db4294e9bfd3]::panicking::panic_fmt
[INFO] [stdout]   11:     0x60fcc8afd0a2 - core[df12db4294e9bfd3]::panicking::panic
[INFO] [stdout]   12:     0x60fcc8a05da3 - rankey[fd17ddd262240650]::tests::test_sign_certificate
[INFO] [stdout]   13:     0x60fcc89f4aa9 - <rankey[fd17ddd262240650]::tests::test_sign_certificate::{closure#0} as core[df12db4294e9bfd3]::ops::function::FnOnce<()>>::call_once
[INFO] [stdout]   14:     0x60fcc8a3ea0b - test[9d35eded1c95d3be]::__rust_begin_short_backtrace::<core[df12db4294e9bfd3]::result::Result<(), alloc[2182bb758b4b3781]::string::String>, fn() -> core[df12db4294e9bfd3]::result::Result<(), alloc[2182bb758b4b3781]::string::String>>
[INFO] [stdout]   15:     0x60fcc8a4c075 - test[9d35eded1c95d3be]::run_test::{closure#0}
[INFO] [stdout]   16:     0x60fcc8a45934 - std[70759c8f55707aa4]::sys::backtrace::__rust_begin_short_backtrace::<test[9d35eded1c95d3be]::run_test::{closure#1}, ()>
[INFO] [stdout]   17:     0x60fcc8a4f1d2 - <std[70759c8f55707aa4]::thread::lifecycle::spawn_unchecked<test[9d35eded1c95d3be]::run_test::{closure#1}, ()>::{closure#1} as core[df12db4294e9bfd3]::ops::function::FnOnce<()>>::call_once::{shim:vtable#0}
[INFO] [stdout]   18:     0x60fcc8ae7049 - <std[70759c8f55707aa4]::sys::thread::unix::Thread>::new::thread_start
[INFO] [stdout]   19:     0x7580db64edfa - <unknown>
[INFO] [stdout]   20:     0x7580db6e23d4 - clone
[INFO] [stdout]   21:                0x0 - <unknown>
[INFO] [stdout] 
[INFO] [stdout] ---- tests::test_sign_unknown_ocsp_response stdout ----
[INFO] [stdout] 
[INFO] [stdout] thread 'tests::test_sign_unknown_ocsp_response' (892) panicked at src/lib.rs:672:10:
[INFO] [stdout] failed to sign leaf certificate: Io { source: Os { code: 2, kind: NotFound, message: "No such file or directory" }, path: "intermediate/intermediate.crt" }
[INFO] [stdout] stack backtrace:
[INFO] [stdout]    0:     0x60fcc8ae7cd1 - <<std[70759c8f55707aa4]::sys::backtrace::BacktraceLock>::print::DisplayBacktrace as core[df12db4294e9bfd3]::fmt::Display>::fmt
[INFO] [stdout]    1:     0x60fcc8afc9aa - core[df12db4294e9bfd3]::fmt::write
[INFO] [stdout]    2:     0x60fcc8aec1dc - <alloc[2182bb758b4b3781]::vec::Vec<u8> as core[df12db4294e9bfd3]::io::write::Write>::write_fmt
[INFO] [stdout]    3:     0x60fcc8ac39f6 - std[70759c8f55707aa4]::panicking::default_hook::{closure#0}
[INFO] [stdout]    4:     0x60fcc8adfe09 - std[70759c8f55707aa4]::panicking::default_hook
[INFO] [stdout]    5:     0x60fcc8a4b720 - test[9d35eded1c95d3be]::test_main_inner::<test[9d35eded1c95d3be]::test_main_static::{closure#0}>::{closure#0}
[INFO] [stdout]    6:     0x60fcc8adffc2 - std[70759c8f55707aa4]::panicking::panic_with_hook
[INFO] [stdout]    7:     0x60fcc8ac3aa2 - std[70759c8f55707aa4]::panicking::panic_handler::{closure#0}
[INFO] [stdout]    8:     0x60fcc8abc699 - std[70759c8f55707aa4]::sys::backtrace::__rust_end_short_backtrace::<std[70759c8f55707aa4]::panicking::panic_handler::{closure#0}, !>
[INFO] [stdout]    9:     0x60fcc8ac469d - __rustc[8fa7c3cbc660c2b3]::rust_begin_unwind
[INFO] [stdout]   10:     0x60fcc8afd0dc - core[df12db4294e9bfd3]::panicking::panic_fmt
[INFO] [stdout]   11:     0x60fcc8afceb2 - core[df12db4294e9bfd3]::result::unwrap_failed
[INFO] [stdout]   12:     0x60fcc8a04a51 - rankey[fd17ddd262240650]::tests::issue_test_leaf_cert
[INFO] [stdout]   13:     0x60fcc8a07168 - rankey[fd17ddd262240650]::tests::test_sign_unknown_ocsp_response
[INFO] [stdout]   14:     0x60fcc89f4b49 - <rankey[fd17ddd262240650]::tests::test_sign_unknown_ocsp_response::{closure#0} as core[df12db4294e9bfd3]::ops::function::FnOnce<()>>::call_once
[INFO] [stdout]   15:     0x60fcc8a3ea0b - test[9d35eded1c95d3be]::__rust_begin_short_backtrace::<core[df12db4294e9bfd3]::result::Result<(), alloc[2182bb758b4b3781]::string::String>, fn() -> core[df12db4294e9bfd3]::result::Result<(), alloc[2182bb758b4b3781]::string::String>>
[INFO] [stdout]   16:     0x60fcc8a4c075 - test[9d35eded1c95d3be]::run_test::{closure#0}
[INFO] [stdout]   17:     0x60fcc8a45934 - std[70759c8f55707aa4]::sys::backtrace::__rust_begin_short_backtrace::<test[9d35eded1c95d3be]::run_test::{closure#1}, ()>
[INFO] [stdout]   18:     0x60fcc8a4f1d2 - <std[70759c8f55707aa4]::thread::lifecycle::spawn_unchecked<test[9d35eded1c95d3be]::run_test::{closure#1}, ()>::{closure#1} as core[df12db4294e9bfd3]::ops::function::FnOnce<()>>::call_once::{shim:vtable#0}
[INFO] [stdout]   19:     0x60fcc8ae7049 - <std[70759c8f55707aa4]::sys::thread::unix::Thread>::new::thread_start
[INFO] [stdout]   20:     0x7580db64edfa - <unknown>
[INFO] [stdout]   21:     0x7580db6e23d4 - clone
[INFO] [stdout]   22:                0x0 - <unknown>
[INFO] [stdout] 
[INFO] [stdout] 
[INFO] [stdout] failures:
[INFO] [stdout]     tests::test_extract_certificate_info
[INFO] [stdout]     tests::test_sign_certificate
[INFO] [stdout]     tests::test_sign_good_ocsp_response
[INFO] [stdout]     tests::test_sign_revoked_ocsp_response
[INFO] [stdout]     tests::test_sign_unknown_ocsp_response
[INFO] [stdout] 
[INFO] [stdout] test result: FAILED. 4 passed; 5 failed; 0 ignored; 0 measured; 0 filtered out; finished in 0.02s
[INFO] [stdout] 
[INFO] [stderr] error: test failed, to rerun pass `--lib`
[INFO] running `Command { std: "docker" "inspect" "8d07ce32f0a77177f5ca2c914b054703ad2172e60344892e52dda994050ed6fc", kill_on_drop: false }`
[INFO] running `Command { std: "docker" "rm" "-f" "8d07ce32f0a77177f5ca2c914b054703ad2172e60344892e52dda994050ed6fc", kill_on_drop: false }`
[INFO] [stdout] 8d07ce32f0a77177f5ca2c914b054703ad2172e60344892e52dda994050ed6fc
