[INFO] fetching crate randscape 0.4.1...
[INFO] testing randscape-0.4.1 against 1.100.0-beta.1+cargoflags=--release for beta-release-1.100-2
[INFO] extracting crate randscape 0.4.1 into /workspace/builds/worker-3-tc2/source
[INFO] started tweaking crates.io crate randscape 0.4.1
[INFO] finished tweaking crates.io crate randscape 0.4.1
[INFO] tweaked toml for crates.io crate randscape 0.4.1 written to /workspace/builds/worker-3-tc2/source/Cargo.toml
[INFO] validating manifest of crates.io crate randscape 0.4.1 on toolchain 1.100.0-beta.1
[INFO] running `Command { std: CARGO_HOME="/workspace/cargo-home" RUSTUP_HOME="/workspace/rustup-home" "/workspace/cargo-home/bin/cargo" "+1.100.0-beta.1" "metadata" "--manifest-path" "Cargo.toml" "--no-deps", kill_on_drop: false }`
[INFO] crate crates.io crate randscape 0.4.1 already has a lockfile, it will not be regenerated
[INFO] running `Command { std: CARGO_HOME="/workspace/cargo-home" RUSTUP_HOME="/workspace/rustup-home" "/workspace/cargo-home/bin/cargo" "+1.100.0-beta.1" "fetch" "--manifest-path" "Cargo.toml", kill_on_drop: false }`
[INFO] [stderr] warning: `package.homepage` is redundant with `package.repository`
[INFO] [stderr]   --> Cargo.toml:51:12
[INFO] [stderr]    |
[INFO] [stderr] 51 | homepage = "https://github.com/PsichiX/randscape"
[INFO] [stderr]    |            ^^^^^^^^^^^^^^^^^^^^^^^^^^^^^^^^^^^^^^
[INFO] [stderr] ...
[INFO] [stderr] 55 | repository = "https://github.com/PsichiX/randscape"
[INFO] [stderr]    |              --------------------------------------
[INFO] [stderr]    |
[INFO] [stderr]    = note: `cargo::redundant_homepage` is set to `warn` by default
[INFO] [stderr] help: consider removing `package.homepage`
[INFO] [stderr] warning: `randscape` (manifest) generated 1 warning
[INFO] running `Command { std: "docker" "create" "-v" "/var/lib/crater-agent-workspace/builds/worker-3-tc2/source:/opt/rustwide/workdir:ro,Z" "-v" "/var/lib/crater-agent-workspace/builds/worker-3-tc2/target:/opt/rustwide/target:rw,Z" "-v" "/var/lib/crater-agent-workspace/cargo-home:/opt/rustwide/cargo-home:ro,Z" "-v" "/var/lib/crater-agent-workspace/rustup-home:/opt/rustwide/rustup-home:ro,Z" "-m" "1610612736" "--network" "none" "ghcr.io/rust-lang/crates-build-env/linux@sha256:77db811e55d90add9212f6832c23229e3de5f1c1f9905e8cb07319ea15df73ac" "sleep" "infinity", kill_on_drop: false }`
[INFO] [stdout] d0307c93c2bb972efbef79461a2eb63810f5a748e2906b32f10f1439608d0840
[INFO] running `Command { std: "docker" "start" "d0307c93c2bb972efbef79461a2eb63810f5a748e2906b32f10f1439608d0840", kill_on_drop: false }`
[INFO] running `Command { std: "docker" "inspect" "d0307c93c2bb972efbef79461a2eb63810f5a748e2906b32f10f1439608d0840", kill_on_drop: false }`
[INFO] running `Command { std: "docker" "exec" "-e" "SOURCE_DIR=/opt/rustwide/workdir" "-e" "CARGO_HOME=/opt/rustwide/cargo-home" "-e" "RUSTUP_HOME=/opt/rustwide/rustup-home" "-e" "CARGO_TARGET_DIR=/opt/rustwide/target" "-w" "/opt/rustwide/workdir" "--user" "0:0" "d0307c93c2bb972efbef79461a2eb63810f5a748e2906b32f10f1439608d0840" "/opt/rustwide/cargo-home/bin/cargo" "+1.100.0-beta.1" "metadata" "--no-deps" "--format-version=1", kill_on_drop: false }`
[INFO] running `Command { std: "docker" "inspect" "d0307c93c2bb972efbef79461a2eb63810f5a748e2906b32f10f1439608d0840", kill_on_drop: false }`
[INFO] running `Command { std: "docker" "exec" "-e" "SOURCE_DIR=/opt/rustwide/workdir" "-e" "CARGO_HOME=/opt/rustwide/cargo-home" "-e" "RUSTUP_HOME=/opt/rustwide/rustup-home" "-e" "CARGO_TARGET_DIR=/opt/rustwide/target" "-e" "CARGO_INCREMENTAL=0" "-e" "RUST_BACKTRACE=full" "-e" "RUSTFLAGS=--cap-lints=warn" "-e" "RUSTDOCFLAGS=--cap-lints=warn" "-w" "/opt/rustwide/workdir" "--user" "0:0" "d0307c93c2bb972efbef79461a2eb63810f5a748e2906b32f10f1439608d0840" "/opt/rustwide/cargo-home/bin/cargo" "+1.100.0-beta.1" "build" "--frozen" "--message-format=json" "--release", kill_on_drop: false }`
[INFO] [stderr] warning: `package.homepage` is redundant with `package.repository`
[INFO] [stderr]   --> Cargo.toml:51:12
[INFO] [stderr]    |
[INFO] [stderr] 51 | homepage = "https://github.com/PsichiX/randscape"
[INFO] [stderr]    |            ^^^^^^^^^^^^^^^^^^^^^^^^^^^^^^^^^^^^^^
[INFO] [stderr] ...
[INFO] [stderr] 55 | repository = "https://github.com/PsichiX/randscape"
[INFO] [stderr]    |              --------------------------------------
[INFO] [stderr]    |
[INFO] [stderr]    = note: `cargo::redundant_homepage` is set to `warn` by default
[INFO] [stderr] help: consider removing `package.homepage`
[INFO] [stderr] warning: `randscape` (manifest) generated 1 warning
[INFO] [stderr]    Compiling proc-macro2 v1.0.101
[INFO] [stderr]    Compiling libc v0.2.175
[INFO] [stderr]    Compiling unicode-ident v1.0.19
[INFO] [stderr]    Compiling getrandom v0.3.3
[INFO] [stderr]    Compiling cfg-if v1.0.3
[INFO] [stderr]    Compiling serde_core v1.0.226
[INFO] [stderr]    Compiling radium v0.7.0
[INFO] [stderr]    Compiling rand_core v0.6.4
[INFO] [stderr]    Compiling serde v1.0.226
[INFO] [stderr]    Compiling vek v0.17.1
[INFO] [stderr]    Compiling tap v1.0.1
[INFO] [stderr]    Compiling utf8-width v0.1.7
[INFO] [stderr]    Compiling wyz v0.5.1
[INFO] [stderr]    Compiling html-escape v0.2.13
[INFO] [stderr]    Compiling rand v0.8.5
[INFO] [stderr]    Compiling rand_xorshift v0.3.0
[INFO] [stderr]    Compiling num-integer v0.1.46
[INFO] [stderr]    Compiling approx v0.5.1
[INFO] [stderr]    Compiling funty v2.0.0
[INFO] [stderr]    Compiling quote v1.0.40
[INFO] [stderr]    Compiling noise v0.9.0
[INFO] [stderr]    Compiling rand_core v0.9.3
[INFO] [stderr]    Compiling syn v2.0.106
[INFO] [stderr]    Compiling bitvec v1.0.1
[INFO] [stderr]    Compiling rand_chacha v0.9.0
[INFO] [stderr]    Compiling html-builder v0.5.1
[INFO] [stderr]    Compiling rand v0.9.2
[INFO] [stderr]    Compiling serde_derive v1.0.226
[INFO] [stderr]    Compiling randscape v0.4.1 (/opt/rustwide/workdir)
[INFO] [stderr]     Finished `release` profile [optimized] target(s) in 28.15s
[INFO] running `Command { std: "docker" "inspect" "d0307c93c2bb972efbef79461a2eb63810f5a748e2906b32f10f1439608d0840", kill_on_drop: false }`
[INFO] running `Command { std: "docker" "exec" "-e" "SOURCE_DIR=/opt/rustwide/workdir" "-e" "CARGO_HOME=/opt/rustwide/cargo-home" "-e" "RUSTUP_HOME=/opt/rustwide/rustup-home" "-e" "CARGO_TARGET_DIR=/opt/rustwide/target" "-e" "CARGO_INCREMENTAL=0" "-e" "RUST_BACKTRACE=full" "-e" "RUSTFLAGS=--cap-lints=warn" "-e" "RUSTDOCFLAGS=--cap-lints=warn" "-w" "/opt/rustwide/workdir" "--user" "0:0" "d0307c93c2bb972efbef79461a2eb63810f5a748e2906b32f10f1439608d0840" "/opt/rustwide/cargo-home/bin/cargo" "+1.100.0-beta.1" "test" "--frozen" "--no-run" "--message-format=json" "--release", kill_on_drop: false }`
[INFO] [stderr] warning: `package.homepage` is redundant with `package.repository`
[INFO] [stderr]   --> Cargo.toml:51:12
[INFO] [stderr]    |
[INFO] [stderr] 51 | homepage = "https://github.com/PsichiX/randscape"
[INFO] [stderr]    |            ^^^^^^^^^^^^^^^^^^^^^^^^^^^^^^^^^^^^^^
[INFO] [stderr] ...
[INFO] [stderr] 55 | repository = "https://github.com/PsichiX/randscape"
[INFO] [stderr]    |              --------------------------------------
[INFO] [stderr]    |
[INFO] [stderr]    = note: `cargo::redundant_homepage` is set to `warn` by default
[INFO] [stderr] help: consider removing `package.homepage`
[INFO] [stderr] warning: `randscape` (manifest) generated 1 warning
[INFO] [stderr]    Compiling proc-macro2 v1.0.101
[INFO] [stderr]    Compiling libc v0.2.175
[INFO] [stderr]    Compiling memchr v2.7.5
[INFO] [stderr]    Compiling miniz_oxide v0.8.9
[INFO] [stderr]    Compiling num-bigint v0.4.6
[INFO] [stderr]    Compiling built v0.7.7
[INFO] [stderr]    Compiling crc32fast v1.5.0
[INFO] [stderr]    Compiling log v0.4.28
[INFO] [stderr]    Compiling maybe-rayon v0.1.1
[INFO] [stderr]    Compiling half v2.6.0
[INFO] [stderr]    Compiling noop_proc_macro v0.3.0
[INFO] [stderr]    Compiling rav1e v0.7.1
[INFO] [stderr]    Compiling new_debug_unreachable v1.0.6
[INFO] [stderr]    Compiling zune-core v0.4.12
[INFO] [stderr]    Compiling bitstream-io v2.6.0
[INFO] [stderr]    Compiling imgref v1.11.0
[INFO] [stderr]    Compiling quote v1.0.40
[INFO] [stderr]    Compiling getrandom v0.3.3
[INFO] [stderr]    Compiling nom v7.1.3
[INFO] [stderr]    Compiling flate2 v1.1.2
[INFO] [stderr]    Compiling syn v2.0.106
[INFO] [stderr]    Compiling rand_core v0.9.3
[INFO] [stderr]    Compiling simd_helpers v0.1.0
[INFO] [stderr]    Compiling weezl v0.1.10
[INFO] [stderr]    Compiling rand_chacha v0.9.0
[INFO] [stderr]    Compiling loop9 v0.1.5
[INFO] [stderr]    Compiling zune-jpeg v0.4.21
[INFO] [stderr]    Compiling avif-serialize v0.8.6
[INFO] [stderr]    Compiling pxfm v0.1.24
[INFO] [stderr]    Compiling num-rational v0.4.2
[INFO] [stderr]    Compiling zune-inflate v0.2.54
[INFO] [stderr]    Compiling fdeflate v0.3.7
[INFO] [stderr]    Compiling lebe v0.5.3
[INFO] [stderr]    Compiling bit_field v0.10.3
[INFO] [stderr]    Compiling bytemuck v1.23.2
[INFO] [stderr]    Compiling rgb v0.8.52
[INFO] [stderr]    Compiling exr v1.73.0
[INFO] [stderr]    Compiling qoi v0.4.1
[INFO] [stderr]    Compiling image-webp v0.2.4
[INFO] [stderr]    Compiling gif v0.13.3
[INFO] [stderr]    Compiling png v0.18.0
[INFO] [stderr]    Compiling rand v0.9.2
[INFO] [stderr]    Compiling serde_json v1.0.145
[INFO] [stderr]    Compiling moxcms v0.7.5
[INFO] [stderr]    Compiling equator-macro v0.4.2
[INFO] [stderr]    Compiling equator v0.4.2
[INFO] [stderr]    Compiling aligned-vec v0.6.4
[INFO] [stderr]    Compiling thiserror-impl v1.0.69
[INFO] [stderr]    Compiling profiling-procmacros v1.0.17
[INFO] [stderr]    Compiling v_frame v0.3.9
[INFO] [stderr]    Compiling profiling v1.0.17
[INFO] [stderr]    Compiling num-derive v0.4.2
[INFO] [stderr]    Compiling av1-grain v0.2.4
[INFO] [stderr]    Compiling fax_derive v0.2.0
[INFO] [stderr]    Compiling serde_derive v1.0.226
[INFO] [stderr]    Compiling arg_enum_proc_macro v0.3.4
[INFO] [stderr]    Compiling fax v0.2.6
[INFO] [stderr]    Compiling thiserror v1.0.69
[INFO] [stderr]    Compiling pollster-macro v0.4.0
[INFO] [stderr]    Compiling tiff v0.10.3
[INFO] [stderr]    Compiling pollster v0.4.0
[INFO] [stderr]    Compiling serde v1.0.226
[INFO] [stderr]    Compiling vek v0.17.1
[INFO] [stderr]    Compiling ravif v0.11.20
[INFO] [stderr]    Compiling image v0.25.8
[INFO] [stderr]    Compiling randscape v0.4.1 (/opt/rustwide/workdir)
[INFO] [stderr]     Finished `release` profile [optimized] target(s) in 4m 29s
[INFO] running `Command { std: "docker" "inspect" "d0307c93c2bb972efbef79461a2eb63810f5a748e2906b32f10f1439608d0840", kill_on_drop: false }`
[INFO] running `Command { std: "docker" "exec" "-e" "SOURCE_DIR=/opt/rustwide/workdir" "-e" "CARGO_HOME=/opt/rustwide/cargo-home" "-e" "RUSTUP_HOME=/opt/rustwide/rustup-home" "-e" "CARGO_TARGET_DIR=/opt/rustwide/target" "-e" "CARGO_INCREMENTAL=0" "-e" "RUST_BACKTRACE=full" "-e" "RUSTFLAGS=--cap-lints=warn" "-e" "RUSTDOCFLAGS=--cap-lints=warn" "-w" "/opt/rustwide/workdir" "--user" "0:0" "d0307c93c2bb972efbef79461a2eb63810f5a748e2906b32f10f1439608d0840" "/opt/rustwide/cargo-home/bin/cargo" "+1.100.0-beta.1" "test" "--frozen" "--release", kill_on_drop: false }`
[INFO] [stderr] warning: `package.homepage` is redundant with `package.repository`
[INFO] [stderr]   --> Cargo.toml:51:12
[INFO] [stderr]    |
[INFO] [stderr] 51 | homepage = "https://github.com/PsichiX/randscape"
[INFO] [stderr]    |            ^^^^^^^^^^^^^^^^^^^^^^^^^^^^^^^^^^^^^^
[INFO] [stderr] ...
[INFO] [stderr] 55 | repository = "https://github.com/PsichiX/randscape"
[INFO] [stderr]    |              --------------------------------------
[INFO] [stderr]    |
[INFO] [stderr]    = note: `cargo::redundant_homepage` is set to `warn` by default
[INFO] [stderr] help: consider removing `package.homepage`
[INFO] [stderr] warning: `randscape` (manifest) generated 1 warning
[INFO] [stderr]     Finished `release` profile [optimized] target(s) in 0.26s
[INFO] [stderr]      Running unittests src/lib.rs (/opt/rustwide/target/release/build/randscape/5a4842f2f7c96b0b/out/randscape-5a4842f2f7c96b0b)
[INFO] [stdout] 
[INFO] [stdout] running 13 tests
[INFO] [stdout] test generators::auto_tile::tests::test_auto_tile_rule_does_match ... ok
[INFO] [stdout] test grid::tests::test_rotated_grid ... ok
[INFO] [stdout] test grid::tests::test_shifted ... ok
[INFO] [stdout] test grid::tests::test_mirrored_fixed_grid ... ok
[INFO] [stdout] test grid::tests::test_view ... ok
[INFO] [stdout] test tests::test_serde ... ok
[INFO] [stdout] test grid::tests::test_mirrored_grid ... ok
[INFO] [stdout] test grid::tests::test_rotated_fixed_grid ... ok
[INFO] [stdout] test generators::auto_tile::tests::test_auto_tiling ... ok
[INFO] [stdout] test wfc::tests::test_model_overlapping ... FAILED
[INFO] [stdout] test wfc::tests::test_solver_overlapping ... FAILED
[INFO] [stdout] test tests::test_pcg_tunnels ... FAILED
[INFO] [stdout] test tests::test_pcg_island ... FAILED
[INFO] [stderr] error: test failed, to rerun pass `--lib`
[INFO] [stdout] 
[INFO] [stdout] failures:
[INFO] [stdout] 
[INFO] [stdout] ---- wfc::tests::test_model_overlapping stdout ----
[INFO] [stdout] 
[INFO] [stdout] thread 'wfc::tests::test_model_overlapping' (1730) panicked at src/wfc/mod.rs:786:10:
[INFO] [stdout] called `Result::unwrap()` on an `Err` value: Os { code: 2, kind: NotFound, message: "No such file or directory" }
[INFO] [stdout] stack backtrace:
[INFO] [stdout]    0:     0x634285d711c1 - <<std[617be2ca0a6fd877]::sys::backtrace::BacktraceLock>::print::DisplayBacktrace as core[a373ad73a504971]::fmt::Display>::fmt
[INFO] [stdout]    1:     0x634285d8775a - core[a373ad73a504971]::fmt::write
[INFO] [stdout]    2:     0x634285d7564c - <alloc[2e1b2a31b91974c5]::vec::Vec<u8> as core[a373ad73a504971]::io::write::Write>::write_fmt
[INFO] [stdout]    3:     0x634285d4d0e6 - std[617be2ca0a6fd877]::panicking::default_hook::{closure#0}
[INFO] [stdout]    4:     0x634285d694f9 - std[617be2ca0a6fd877]::panicking::default_hook
[INFO] [stdout]    5:     0x634285ae6cd0 - test[aada8e7e76ba119b]::test_main_inner::{closure#0}
[INFO] [stdout]    6:     0x634285d69822 - std[617be2ca0a6fd877]::panicking::panic_with_hook
[INFO] [stdout]    7:     0x634285d4d192 - std[617be2ca0a6fd877]::panicking::panic_handler::{closure#0}
[INFO] [stdout]    8:     0x634285d45e79 - std[617be2ca0a6fd877]::sys::backtrace::__rust_end_short_backtrace::<std[617be2ca0a6fd877]::panicking::panic_handler::{closure#0}, !>
[INFO] [stdout]    9:     0x634285d4dd9d - __rustc[ea4f61d10b84890b]::rust_begin_unwind
[INFO] [stdout]   10:     0x634285d87e8c - core[a373ad73a504971]::panicking::panic_fmt
[INFO] [stdout]   11:     0x634285d87c62 - core[a373ad73a504971]::result::unwrap_failed
[INFO] [stdout]   12:     0x634285ab14a1 - randscape[497bfbc4ada9dd79]::wfc::tests::test_model_overlapping::{closure#0}
[INFO] [stdout]   13:     0x634285aa4d7b - pollster[7ffc0195fec2ecf8]::block_on::<randscape[497bfbc4ada9dd79]::wfc::tests::test_model_overlapping::{closure#0}>
[INFO] [stdout]   14:     0x6342859b380b - <randscape[497bfbc4ada9dd79]::wfc::tests::test_model_overlapping::{closure#0} as core[a373ad73a504971]::ops::function::FnOnce<()>>::call_once
[INFO] [stdout]   15:     0x634285ada11b - test[aada8e7e76ba119b]::__rust_begin_short_backtrace::<core[a373ad73a504971]::result::Result<(), alloc[2e1b2a31b91974c5]::string::String>, fn() -> core[a373ad73a504971]::result::Result<(), alloc[2e1b2a31b91974c5]::string::String>>
[INFO] [stdout]   16:     0x634285ae72f5 - test[aada8e7e76ba119b]::run_test::{closure#0}
[INFO] [stdout]   17:     0x634285ae0be4 - std[617be2ca0a6fd877]::sys::backtrace::__rust_begin_short_backtrace::<test[aada8e7e76ba119b]::run_test::{closure#1}, ()>
[INFO] [stdout]   18:     0x634285aea382 - <std[617be2ca0a6fd877]::thread::lifecycle::spawn_unchecked<test[aada8e7e76ba119b]::run_test::{closure#1}, ()>::{closure#1} as core[a373ad73a504971]::ops::function::FnOnce<()>>::call_once::{shim:vtable#0}
[INFO] [stdout]   19:     0x634285d7082f - <std[617be2ca0a6fd877]::sys::thread::unix::Thread>::new::thread_start
[INFO] [stdout]   20:     0x79857eef7dfa - <unknown>
[INFO] [stdout]   21:     0x79857ef8b3d4 - clone
[INFO] [stdout]   22:                0x0 - <unknown>
[INFO] [stdout] 
[INFO] [stdout] ---- wfc::tests::test_solver_overlapping stdout ----
[INFO] [stdout] Load input image...
[INFO] [stdout] 
[INFO] [stdout] thread 'wfc::tests::test_solver_overlapping' (1731) panicked at src/wfc/mod.rs:824:60:
[INFO] [stdout] Failed to open input image: IoError(Os { code: 2, kind: NotFound, message: "No such file or directory" })
[INFO] [stdout] stack backtrace:
[INFO] [stdout]    0:     0x634285d711c1 - <<std[617be2ca0a6fd877]::sys::backtrace::BacktraceLock>::print::DisplayBacktrace as core[a373ad73a504971]::fmt::Display>::fmt
[INFO] [stdout]    1:     0x634285d8775a - core[a373ad73a504971]::fmt::write
[INFO] [stdout]    2:     0x634285d7564c - <alloc[2e1b2a31b91974c5]::vec::Vec<u8> as core[a373ad73a504971]::io::write::Write>::write_fmt
[INFO] [stdout]    3:     0x634285d4d0e6 - std[617be2ca0a6fd877]::panicking::default_hook::{closure#0}
[INFO] [stdout]    4:     0x634285d694f9 - std[617be2ca0a6fd877]::panicking::default_hook
[INFO] [stdout]    5:     0x634285ae6cd0 - test[aada8e7e76ba119b]::test_main_inner::{closure#0}
[INFO] [stdout]    6:     0x634285d69822 - std[617be2ca0a6fd877]::panicking::panic_with_hook
[INFO] [stdout]    7:     0x634285d4d192 - std[617be2ca0a6fd877]::panicking::panic_handler::{closure#0}
[INFO] [stdout]    8:     0x634285d45e79 - std[617be2ca0a6fd877]::sys::backtrace::__rust_end_short_backtrace::<std[617be2ca0a6fd877]::panicking::panic_handler::{closure#0}, !>
[INFO] [stdout]    9:     0x634285d4dd9d - __rustc[ea4f61d10b84890b]::rust_begin_unwind
[INFO] [stdout]   10:     0x634285d87e8c - core[a373ad73a504971]::panicking::panic_fmt
[INFO] [stdout]   11:     0x634285d87c62 - core[a373ad73a504971]::result::unwrap_failed
[INFO] [stdout]   12:     0x634285ab6fc4 - randscape[497bfbc4ada9dd79]::wfc::tests::test_solver_overlapping::{closure#0}
[INFO] [stdout]   13:     0x634285aa4edb - pollster[7ffc0195fec2ecf8]::block_on::<randscape[497bfbc4ada9dd79]::wfc::tests::test_solver_overlapping::{closure#0}>
[INFO] [stdout]   14:     0x6342859b383d - <randscape[497bfbc4ada9dd79]::wfc::tests::test_solver_overlapping::{closure#0} as core[a373ad73a504971]::ops::function::FnOnce<()>>::call_once
[INFO] [stdout]   15:     0x634285ada11b - test[aada8e7e76ba119b]::__rust_begin_short_backtrace::<core[a373ad73a504971]::result::Result<(), alloc[2e1b2a31b91974c5]::string::String>, fn() -> core[a373ad73a504971]::result::Result<(), alloc[2e1b2a31b91974c5]::string::String>>
[INFO] [stdout]   16:     0x634285ae72f5 - test[aada8e7e76ba119b]::run_test::{closure#0}
[INFO] [stdout]   17:     0x634285ae0be4 - std[617be2ca0a6fd877]::sys::backtrace::__rust_begin_short_backtrace::<test[aada8e7e76ba119b]::run_test::{closure#1}, ()>
[INFO] [stdout]   18:     0x634285aea382 - <std[617be2ca0a6fd877]::thread::lifecycle::spawn_unchecked<test[aada8e7e76ba119b]::run_test::{closure#1}, ()>::{closure#1} as core[a373ad73a504971]::ops::function::FnOnce<()>>::call_once::{shim:vtable#0}
[INFO] [stdout]   19:     0x634285d7082f - <std[617be2ca0a6fd877]::sys::thread::unix::Thread>::new::thread_start
[INFO] [stdout]   20:     0x79857eef7dfa - <unknown>
[INFO] [stdout]   21:     0x79857ef8b3d4 - clone
[INFO] [stdout]   22:                0x0 - <unknown>
[INFO] [stdout] 
[INFO] [stdout] ---- tests::test_pcg_tunnels stdout ----
[INFO] [stdout] 
[INFO] [stdout] thread 'tests::test_pcg_tunnels' (1728) panicked at src/lib.rs:208:45:
[INFO] [stdout] called `Result::unwrap()` on an `Err` value: IoError(Os { code: 2, kind: NotFound, message: "No such file or directory" })
[INFO] [stdout] stack backtrace:
[INFO] [stdout]    0:     0x634285d711c1 - <<std[617be2ca0a6fd877]::sys::backtrace::BacktraceLock>::print::DisplayBacktrace as core[a373ad73a504971]::fmt::Display>::fmt
[INFO] [stdout]    1:     0x634285d8775a - core[a373ad73a504971]::fmt::write
[INFO] [stdout]    2:     0x634285d7564c - <alloc[2e1b2a31b91974c5]::vec::Vec<u8> as core[a373ad73a504971]::io::write::Write>::write_fmt
[INFO] [stdout]    3:     0x634285d4d0e6 - std[617be2ca0a6fd877]::panicking::default_hook::{closure#0}
[INFO] [stdout]    4:     0x634285d694f9 - std[617be2ca0a6fd877]::panicking::default_hook
[INFO] [stdout]    5:     0x634285ae6cd0 - test[aada8e7e76ba119b]::test_main_inner::{closure#0}
[INFO] [stdout]    6:     0x634285d69822 - std[617be2ca0a6fd877]::panicking::panic_with_hook
[INFO] [stdout]    7:     0x634285d4d192 - std[617be2ca0a6fd877]::panicking::panic_handler::{closure#0}
[INFO] [stdout]    8:     0x634285d45e79 - std[617be2ca0a6fd877]::sys::backtrace::__rust_end_short_backtrace::<std[617be2ca0a6fd877]::panicking::panic_handler::{closure#0}, !>
[INFO] [stdout]    9:     0x634285d4dd9d - __rustc[ea4f61d10b84890b]::rust_begin_unwind
[INFO] [stdout]   10:     0x634285d87e8c - core[a373ad73a504971]::panicking::panic_fmt
[INFO] [stdout]   11:     0x634285d87c62 - core[a373ad73a504971]::result::unwrap_failed
[INFO] [stdout]   12:     0x6342859d7c18 - <randscape[497bfbc4ada9dd79]::tests::test_pcg_tunnels::{closure#0} as core[a373ad73a504971]::ops::function::FnOnce<()>>::call_once
[INFO] [stdout]   13:     0x634285ada11b - test[aada8e7e76ba119b]::__rust_begin_short_backtrace::<core[a373ad73a504971]::result::Result<(), alloc[2e1b2a31b91974c5]::string::String>, fn() -> core[a373ad73a504971]::result::Result<(), alloc[2e1b2a31b91974c5]::string::String>>
[INFO] [stdout]   14:     0x634285ae72f5 - test[aada8e7e76ba119b]::run_test::{closure#0}
[INFO] [stdout]   15:     0x634285ae0be4 - std[617be2ca0a6fd877]::sys::backtrace::__rust_begin_short_backtrace::<test[aada8e7e76ba119b]::run_test::{closure#1}, ()>
[INFO] [stdout]   16:     0x634285aea382 - <std[617be2ca0a6fd877]::thread::lifecycle::spawn_unchecked<test[aada8e7e76ba119b]::run_test::{closure#1}, ()>::{closure#1} as core[a373ad73a504971]::ops::function::FnOnce<()>>::call_once::{shim:vtable#0}
[INFO] [stdout]   17:     0x634285d7082f - <std[617be2ca0a6fd877]::sys::thread::unix::Thread>::new::thread_start
[INFO] [stdout]   18:     0x79857eef7dfa - <unknown>
[INFO] [stdout]   19:     0x79857ef8b3d4 - clone
[INFO] [stdout]   20:                0x0 - <unknown>
[INFO] [stdout] 
[INFO] [stdout] ---- tests::test_pcg_island stdout ----
[INFO] [stdout] 
[INFO] [stdout] thread 'tests::test_pcg_island' (1727) panicked at src/lib.rs:195:46:
[INFO] [stdout] called `Result::unwrap()` on an `Err` value: IoError(Os { code: 2, kind: NotFound, message: "No such file or directory" })
[INFO] [stdout] stack backtrace:
[INFO] [stdout]    0:     0x634285d711c1 - <<std[617be2ca0a6fd877]::sys::backtrace::BacktraceLock>::print::DisplayBacktrace as core[a373ad73a504971]::fmt::Display>::fmt
[INFO] [stdout]    1:     0x634285d8775a - core[a373ad73a504971]::fmt::write
[INFO] [stdout]    2:     0x634285d7564c - <alloc[2e1b2a31b91974c5]::vec::Vec<u8> as core[a373ad73a504971]::io::write::Write>::write_fmt
[INFO] [stdout]    3:     0x634285d4d0e6 - std[617be2ca0a6fd877]::panicking::default_hook::{closure#0}
[INFO] [stdout]    4:     0x634285d694f9 - std[617be2ca0a6fd877]::panicking::default_hook
[INFO] [stdout]    5:     0x634285ae6cd0 - test[aada8e7e76ba119b]::test_main_inner::{closure#0}
[INFO] [stdout]    6:     0x634285d69822 - std[617be2ca0a6fd877]::panicking::panic_with_hook
[INFO] [stdout]    7:     0x634285d4d192 - std[617be2ca0a6fd877]::panicking::panic_handler::{closure#0}
[INFO] [stdout]    8:     0x634285d45e79 - std[617be2ca0a6fd877]::sys::backtrace::__rust_end_short_backtrace::<std[617be2ca0a6fd877]::panicking::panic_handler::{closure#0}, !>
[INFO] [stdout]    9:     0x634285d4dd9d - __rustc[ea4f61d10b84890b]::rust_begin_unwind
[INFO] [stdout]   10:     0x634285d87e8c - core[a373ad73a504971]::panicking::panic_fmt
[INFO] [stdout]   11:     0x634285d87c62 - core[a373ad73a504971]::result::unwrap_failed
[INFO] [stdout]   12:     0x6342859d790f - <randscape[497bfbc4ada9dd79]::tests::test_pcg_island::{closure#0} as core[a373ad73a504971]::ops::function::FnOnce<()>>::call_once
[INFO] [stdout]   13:     0x634285ada11b - test[aada8e7e76ba119b]::__rust_begin_short_backtrace::<core[a373ad73a504971]::result::Result<(), alloc[2e1b2a31b91974c5]::string::String>, fn() -> core[a373ad73a504971]::result::Result<(), alloc[2e1b2a31b91974c5]::string::String>>
[INFO] [stdout]   14:     0x634285ae72f5 - test[aada8e7e76ba119b]::run_test::{closure#0}
[INFO] [stdout]   15:     0x634285ae0be4 - std[617be2ca0a6fd877]::sys::backtrace::__rust_begin_short_backtrace::<test[aada8e7e76ba119b]::run_test::{closure#1}, ()>
[INFO] [stdout]   16:     0x634285aea382 - <std[617be2ca0a6fd877]::thread::lifecycle::spawn_unchecked<test[aada8e7e76ba119b]::run_test::{closure#1}, ()>::{closure#1} as core[a373ad73a504971]::ops::function::FnOnce<()>>::call_once::{shim:vtable#0}
[INFO] [stdout]   17:     0x634285d7082f - <std[617be2ca0a6fd877]::sys::thread::unix::Thread>::new::thread_start
[INFO] [stdout]   18:     0x79857eef7dfa - <unknown>
[INFO] [stdout]   19:     0x79857ef8b3d4 - clone
[INFO] [stdout]   20:                0x0 - <unknown>
[INFO] [stdout] 
[INFO] [stdout] 
[INFO] [stdout] failures:
[INFO] [stdout]     tests::test_pcg_island
[INFO] [stdout]     tests::test_pcg_tunnels
[INFO] [stdout]     wfc::tests::test_model_overlapping
[INFO] [stdout]     wfc::tests::test_solver_overlapping
[INFO] [stdout] 
[INFO] [stdout] test result: FAILED. 9 passed; 4 failed; 0 ignored; 0 measured; 0 filtered out; finished in 0.41s
[INFO] [stdout] 
[INFO] running `Command { std: "docker" "inspect" "d0307c93c2bb972efbef79461a2eb63810f5a748e2906b32f10f1439608d0840", kill_on_drop: false }`
[INFO] running `Command { std: "docker" "rm" "-f" "d0307c93c2bb972efbef79461a2eb63810f5a748e2906b32f10f1439608d0840", kill_on_drop: false }`
[INFO] [stdout] d0307c93c2bb972efbef79461a2eb63810f5a748e2906b32f10f1439608d0840
