[INFO] fetching crate rameau_soundfont_convert 0.2.1...
[INFO] testing rameau_soundfont_convert-0.2.1 against 1.99.0-beta.8+cargoflags=--release for beta-release-1.100-2
[INFO] extracting crate rameau_soundfont_convert 0.2.1 into /workspace/builds/worker-5-tc1/source
[INFO] started tweaking crates.io crate rameau_soundfont_convert 0.2.1
[INFO] removed 0 missing tests
[INFO] finished tweaking crates.io crate rameau_soundfont_convert 0.2.1
[INFO] tweaked toml for crates.io crate rameau_soundfont_convert 0.2.1 written to /workspace/builds/worker-5-tc1/source/Cargo.toml
[INFO] validating manifest of crates.io crate rameau_soundfont_convert 0.2.1 on toolchain 1.99.0-beta.8
[INFO] running `Command { std: CARGO_HOME="/workspace/cargo-home" RUSTUP_HOME="/workspace/rustup-home" "/workspace/cargo-home/bin/cargo" "+1.99.0-beta.8" "metadata" "--manifest-path" "Cargo.toml" "--no-deps", kill_on_drop: false }`
[INFO] crate crates.io crate rameau_soundfont_convert 0.2.1 already has a lockfile, it will not be regenerated
[INFO] running `Command { std: CARGO_HOME="/workspace/cargo-home" RUSTUP_HOME="/workspace/rustup-home" "/workspace/cargo-home/bin/cargo" "+1.99.0-beta.8" "fetch" "--manifest-path" "Cargo.toml", kill_on_drop: false }`
[INFO] [stderr]     Updating crates.io index
[INFO] [stderr]  Downloading crates ...
[INFO] [stderr]   Downloaded ogg_next_sys v0.1.4
[INFO] [stderr]   Downloaded vorbis_rs v0.5.5
[INFO] [stderr]   Downloaded rameau_soundfont v0.2.1
[INFO] [stderr]   Downloaded riff v2.0.0
[INFO] [stderr]   Downloaded rameau_playback v0.2.1
[INFO] [stderr]   Downloaded rameau_clip v0.2.1
[INFO] [stderr]   Downloaded cc v1.4.0
[INFO] [stderr]   Downloaded ogg v0.8.0
[INFO] [stderr]   Downloaded lewton v0.10.2
[INFO] [stderr]   Downloaded aotuv_lancer_vorbis_sys v0.1.5
[INFO] running `Command { std: "docker" "create" "-v" "/var/lib/crater-agent-workspace/builds/worker-5-tc1/source:/opt/rustwide/workdir:ro,Z" "-v" "/var/lib/crater-agent-workspace/builds/worker-5-tc1/target:/opt/rustwide/target:rw,Z" "-v" "/var/lib/crater-agent-workspace/cargo-home:/opt/rustwide/cargo-home:ro,Z" "-v" "/var/lib/crater-agent-workspace/rustup-home:/opt/rustwide/rustup-home:ro,Z" "-m" "1610612736" "--network" "none" "ghcr.io/rust-lang/crates-build-env/linux@sha256:77db811e55d90add9212f6832c23229e3de5f1c1f9905e8cb07319ea15df73ac" "sleep" "infinity", kill_on_drop: false }`
[INFO] [stdout] 717badf97c61ab99d17ce7aabdbee50b7d63fb18f8f87c97a0d30ebe168a9943
[INFO] running `Command { std: "docker" "start" "717badf97c61ab99d17ce7aabdbee50b7d63fb18f8f87c97a0d30ebe168a9943", kill_on_drop: false }`
[INFO] running `Command { std: "docker" "inspect" "717badf97c61ab99d17ce7aabdbee50b7d63fb18f8f87c97a0d30ebe168a9943", kill_on_drop: false }`
[INFO] running `Command { std: "docker" "exec" "-e" "SOURCE_DIR=/opt/rustwide/workdir" "-e" "CARGO_HOME=/opt/rustwide/cargo-home" "-e" "RUSTUP_HOME=/opt/rustwide/rustup-home" "-e" "CARGO_TARGET_DIR=/opt/rustwide/target" "-w" "/opt/rustwide/workdir" "--user" "0:0" "717badf97c61ab99d17ce7aabdbee50b7d63fb18f8f87c97a0d30ebe168a9943" "/opt/rustwide/cargo-home/bin/cargo" "+1.99.0-beta.8" "metadata" "--no-deps" "--format-version=1", kill_on_drop: false }`
[INFO] running `Command { std: "docker" "inspect" "717badf97c61ab99d17ce7aabdbee50b7d63fb18f8f87c97a0d30ebe168a9943", kill_on_drop: false }`
[INFO] running `Command { std: "docker" "exec" "-e" "SOURCE_DIR=/opt/rustwide/workdir" "-e" "CARGO_HOME=/opt/rustwide/cargo-home" "-e" "RUSTUP_HOME=/opt/rustwide/rustup-home" "-e" "CARGO_TARGET_DIR=/opt/rustwide/target" "-e" "CARGO_INCREMENTAL=0" "-e" "RUST_BACKTRACE=full" "-e" "RUSTFLAGS=--cap-lints=warn" "-e" "RUSTDOCFLAGS=--cap-lints=warn" "-w" "/opt/rustwide/workdir" "--user" "0:0" "717badf97c61ab99d17ce7aabdbee50b7d63fb18f8f87c97a0d30ebe168a9943" "/opt/rustwide/cargo-home/bin/cargo" "+1.99.0-beta.8" "build" "--frozen" "--message-format=json" "--release", kill_on_drop: false }`
[INFO] [stderr]    Compiling shlex v2.0.1
[INFO] [stderr]    Compiling find-msvc-tools v0.1.9
[INFO] [stderr]    Compiling tinyvec_macros v0.1.1
[INFO] [stderr]    Compiling byteorder v1.5.0
[INFO] [stderr]    Compiling rameau_clip v0.2.1
[INFO] [stderr]    Compiling riff v2.0.0
[INFO] [stderr]    Compiling libc v0.2.186
[INFO] [stderr]    Compiling quote v1.0.46
[INFO] [stderr]    Compiling tinyvec v1.11.0
[INFO] [stderr]    Compiling rameau_playback v0.2.1
[INFO] [stderr]    Compiling cc v1.4.0
[INFO] [stderr]    Compiling syn v2.0.118
[INFO] [stderr]    Compiling ogg v0.8.0
[INFO] [stderr]    Compiling lewton v0.10.2
[INFO] [stderr]    Compiling errno v0.3.14
[INFO] [stderr]    Compiling getrandom v0.2.17
[INFO] [stderr]    Compiling ogg_next_sys v0.1.4
[INFO] [stderr]    Compiling aotuv_lancer_vorbis_sys v0.1.5
[INFO] [stderr]    Compiling rameau_soundfont v0.2.1
[INFO] [stderr]    Compiling thiserror-impl v2.0.18
[INFO] [stderr]    Compiling thiserror v2.0.18
[INFO] [stderr]    Compiling vorbis_rs v0.5.5
[INFO] [stderr]    Compiling rameau_soundfont_convert v0.2.1 (/opt/rustwide/workdir)
[INFO] [stderr]     Finished `release` profile [optimized] target(s) in 26.93s
[INFO] running `Command { std: "docker" "inspect" "717badf97c61ab99d17ce7aabdbee50b7d63fb18f8f87c97a0d30ebe168a9943", kill_on_drop: false }`
[INFO] running `Command { std: "docker" "exec" "-e" "SOURCE_DIR=/opt/rustwide/workdir" "-e" "CARGO_HOME=/opt/rustwide/cargo-home" "-e" "RUSTUP_HOME=/opt/rustwide/rustup-home" "-e" "CARGO_TARGET_DIR=/opt/rustwide/target" "-e" "CARGO_INCREMENTAL=0" "-e" "RUST_BACKTRACE=full" "-e" "RUSTFLAGS=--cap-lints=warn" "-e" "RUSTDOCFLAGS=--cap-lints=warn" "-w" "/opt/rustwide/workdir" "--user" "0:0" "717badf97c61ab99d17ce7aabdbee50b7d63fb18f8f87c97a0d30ebe168a9943" "/opt/rustwide/cargo-home/bin/cargo" "+1.99.0-beta.8" "test" "--frozen" "--no-run" "--message-format=json" "--release", kill_on_drop: false }`
[INFO] [stderr]    Compiling rameau_soundfont_convert v0.2.1 (/opt/rustwide/workdir)
[INFO] [stderr]     Finished `release` profile [optimized] target(s) in 1.75s
[INFO] running `Command { std: "docker" "inspect" "717badf97c61ab99d17ce7aabdbee50b7d63fb18f8f87c97a0d30ebe168a9943", kill_on_drop: false }`
[INFO] running `Command { std: "docker" "exec" "-e" "SOURCE_DIR=/opt/rustwide/workdir" "-e" "CARGO_HOME=/opt/rustwide/cargo-home" "-e" "RUSTUP_HOME=/opt/rustwide/rustup-home" "-e" "CARGO_TARGET_DIR=/opt/rustwide/target" "-e" "CARGO_INCREMENTAL=0" "-e" "RUST_BACKTRACE=full" "-e" "RUSTFLAGS=--cap-lints=warn" "-e" "RUSTDOCFLAGS=--cap-lints=warn" "-w" "/opt/rustwide/workdir" "--user" "0:0" "717badf97c61ab99d17ce7aabdbee50b7d63fb18f8f87c97a0d30ebe168a9943" "/opt/rustwide/cargo-home/bin/cargo" "+1.99.0-beta.8" "test" "--frozen" "--release", kill_on_drop: false }`
[INFO] [stderr]     Finished `release` profile [optimized] target(s) in 0.03s
[INFO] [stderr]      Running unittests src/lib.rs (/opt/rustwide/target/release/deps/rameau_soundfont_convert-b67f6e86df04f3c8)
[INFO] [stdout] 
[INFO] [stdout] running 22 tests
[INFO] [stdout] test hydra::tests::generator_amounts_round_trip_by_variant ... ok
[INFO] [stdout] test hydra::tests::over_long_names_are_truncated_to_the_field ... ok
[INFO] [stdout] test hydra::tests::appends_terminal_sentinel_records ... ok
[INFO] [stdout] test hydra::tests::truncation_respects_character_boundaries ... ok
[INFO] [stdout] test hydra::tests::short_names_are_nul_terminated ... ok
[INFO] [stdout] test hydra::tests::names_may_fill_the_whole_twenty_byte_field ... ok
[INFO] [stdout] test encode::tests::rejects_zero_sample_rate ... ok
[INFO] [stdout] test encode::tests::quality_is_clamped_to_the_libvorbis_range ... ok
[INFO] [stdout] test hydra::tests::bag_chains_are_monotonic_and_terminated ... ok
[INFO] [stdout] test write::tests::carries_optional_info_fields ... ok
[INFO] [stdout] test hydra::tests::sample_headers_use_sf3_addressing ... ok
[INFO] [stdout] test hydra::tests::preserves_reserved_preset_fields ... ok
[INFO] [stdout] test encode::tests::encodes_empty_sample ... ok
[INFO] [stdout] test write::tests::preserves_zone_structure ... ok
[INFO] [stdout] test write::tests::keeps_multiple_samples_distinct ... ok
[INFO] [stdout] test write::tests::writes_a_bank_with_no_samples ... ok
[INFO] [stdout] test encode::tests::round_trip_is_audibly_close ... ok
[INFO] [stdout] test write::tests::round_trips_through_the_loader ... ok
[INFO] [stdout] test write::tests::handles_odd_length_info_strings ... ok
[INFO] [stdout] test write::tests::writes_a_well_formed_riff_container ... ok
[INFO] [stdout] test write::tests::stamps_the_software_field ... ok
[INFO] [stdout] test encode::tests::preserves_frame_count_exactly ... ok
[INFO] [stdout] 
[INFO] [stdout] test result: ok. 22 passed; 0 failed; 0 ignored; 0 measured; 0 filtered out; finished in 0.19s
[INFO] [stdout] 
[INFO] [stderr]      Running unittests src/main.rs (/opt/rustwide/target/release/deps/sf2_to_sf3-94e928020443ddd0)
[INFO] [stdout] 
[INFO] [stdout] running 0 tests
[INFO] [stdout] 
[INFO] [stdout] test result: ok. 0 passed; 0 failed; 0 ignored; 0 measured; 0 filtered out; finished in 0.00s
[INFO] [stdout] 
[INFO] [stderr]      Running tests/convert.rs (/opt/rustwide/target/release/deps/convert-1d27cc49ec736336)
[INFO] [stdout] 
[INFO] [stdout] running 1 test
[INFO] [stdout] test converts_unison_sf2_to_sf3 ... FAILED
[INFO] [stdout] 
[INFO] [stdout] failures:
[INFO] [stdout] 
[INFO] [stdout] ---- converts_unison_sf2_to_sf3 stdout ----
[INFO] [stdout] 
[INFO] [stdout] thread 'converts_unison_sf2_to_sf3' (722) panicked at tests/convert.rs:50:62:
[INFO] [stdout] load Unison.SF2: Io(Os { code: 2, kind: NotFound, message: "No such file or directory" })
[INFO] [stdout] stack backtrace:
[INFO] [stdout]    0:     0x596a9a545d51 - <<std[70759c8f55707aa4]::sys::backtrace::BacktraceLock>::print::DisplayBacktrace as core[df12db4294e9bfd3]::fmt::Display>::fmt
[INFO] [stdout]    1:     0x596a9a55a32a - core[df12db4294e9bfd3]::fmt::write
[INFO] [stdout]    2:     0x596a9a54a29c - <alloc[2182bb758b4b3781]::vec::Vec<u8> as core[df12db4294e9bfd3]::io::write::Write>::write_fmt
[INFO] [stdout]    3:     0x596a9a521ca6 - std[70759c8f55707aa4]::panicking::default_hook::{closure#0}
[INFO] [stdout]    4:     0x596a9a53e0b9 - std[70759c8f55707aa4]::panicking::default_hook
[INFO] [stdout]    5:     0x596a9a487be0 - test[9d35eded1c95d3be]::test_main_inner::<test[9d35eded1c95d3be]::test_main_static::{closure#0}>::{closure#0}
[INFO] [stdout]    6:     0x596a9a53e272 - std[70759c8f55707aa4]::panicking::panic_with_hook
[INFO] [stdout]    7:     0x596a9a521d52 - std[70759c8f55707aa4]::panicking::panic_handler::{closure#0}
[INFO] [stdout]    8:     0x596a9a51a869 - std[70759c8f55707aa4]::sys::backtrace::__rust_end_short_backtrace::<std[70759c8f55707aa4]::panicking::panic_handler::{closure#0}, !>
[INFO] [stdout]    9:     0x596a9a52294d - __rustc[8fa7c3cbc660c2b3]::rust_begin_unwind
[INFO] [stdout]   10:     0x596a9a55aa5c - core[df12db4294e9bfd3]::panicking::panic_fmt
[INFO] [stdout]   11:     0x596a9a55a832 - core[df12db4294e9bfd3]::result::unwrap_failed
[INFO] [stdout]   12:     0x596a9a473b73 - <convert[9bf28b760d9ef64a]::converts_unison_sf2_to_sf3::{closure#0} as core[df12db4294e9bfd3]::ops::function::FnOnce<()>>::call_once
[INFO] [stdout]   13:     0x596a9a47aecb - test[9d35eded1c95d3be]::__rust_begin_short_backtrace::<core[df12db4294e9bfd3]::result::Result<(), alloc[2182bb758b4b3781]::string::String>, fn() -> core[df12db4294e9bfd3]::result::Result<(), alloc[2182bb758b4b3781]::string::String>>
[INFO] [stdout]   14:     0x596a9a488535 - test[9d35eded1c95d3be]::run_test::{closure#0}
[INFO] [stdout]   15:     0x596a9a481df4 - std[70759c8f55707aa4]::sys::backtrace::__rust_begin_short_backtrace::<test[9d35eded1c95d3be]::run_test::{closure#1}, ()>
[INFO] [stdout]   16:     0x596a9a48b692 - <std[70759c8f55707aa4]::thread::lifecycle::spawn_unchecked<test[9d35eded1c95d3be]::run_test::{closure#1}, ()>::{closure#1} as core[df12db4294e9bfd3]::ops::function::FnOnce<()>>::call_once::{shim:vtable#0}
[INFO] [stdout]   17:     0x596a9a545309 - <std[70759c8f55707aa4]::sys::thread::unix::Thread>::new::thread_start
[INFO] [stdout]   18:     0x7bc7131b7dfa - <unknown>
[INFO] [stdout]   19:     0x7bc71324b3d4 - clone
[INFO] [stdout]   20:                0x0 - <unknown>
[INFO] [stdout] 
[INFO] [stdout] 
[INFO] [stdout] failures:
[INFO] [stdout]     converts_unison_sf2_to_sf3
[INFO] [stdout] 
[INFO] [stdout] test result: FAILED. 0 passed; 1 failed; 0 ignored; 0 measured; 0 filtered out; finished in 0.01s
[INFO] [stdout] 
[INFO] [stderr] error: test failed, to rerun pass `--test convert`
[INFO] running `Command { std: "docker" "inspect" "717badf97c61ab99d17ce7aabdbee50b7d63fb18f8f87c97a0d30ebe168a9943", kill_on_drop: false }`
[INFO] running `Command { std: "docker" "rm" "-f" "717badf97c61ab99d17ce7aabdbee50b7d63fb18f8f87c97a0d30ebe168a9943", kill_on_drop: false }`
[INFO] [stdout] 717badf97c61ab99d17ce7aabdbee50b7d63fb18f8f87c97a0d30ebe168a9943
