[INFO] fetching crate ramanujan 0.1.1...
[INFO] testing ramanujan-0.1.1 against 1.100.0-beta.1+cargoflags=--release for beta-release-1.100-2
[INFO] extracting crate ramanujan 0.1.1 into /workspace/builds/worker-6-tc2/source
[INFO] started tweaking crates.io crate ramanujan 0.1.1
[INFO] finished tweaking crates.io crate ramanujan 0.1.1
[INFO] tweaked toml for crates.io crate ramanujan 0.1.1 written to /workspace/builds/worker-6-tc2/source/Cargo.toml
[INFO] validating manifest of crates.io crate ramanujan 0.1.1 on toolchain 1.100.0-beta.1
[INFO] running `Command { std: CARGO_HOME="/workspace/cargo-home" RUSTUP_HOME="/workspace/rustup-home" "/workspace/cargo-home/bin/cargo" "+1.100.0-beta.1" "metadata" "--manifest-path" "Cargo.toml" "--no-deps", kill_on_drop: false }`
[INFO] crate crates.io crate ramanujan 0.1.1 already has a lockfile, it will not be regenerated
[INFO] running `Command { std: CARGO_HOME="/workspace/cargo-home" RUSTUP_HOME="/workspace/rustup-home" "/workspace/cargo-home/bin/cargo" "+1.100.0-beta.1" "fetch" "--manifest-path" "Cargo.toml", kill_on_drop: false }`
[INFO] running `Command { std: "docker" "create" "-v" "/var/lib/crater-agent-workspace/builds/worker-6-tc2/source:/opt/rustwide/workdir:ro,Z" "-v" "/var/lib/crater-agent-workspace/builds/worker-6-tc2/target:/opt/rustwide/target:rw,Z" "-v" "/var/lib/crater-agent-workspace/cargo-home:/opt/rustwide/cargo-home:ro,Z" "-v" "/var/lib/crater-agent-workspace/rustup-home:/opt/rustwide/rustup-home:ro,Z" "-m" "1610612736" "--network" "none" "ghcr.io/rust-lang/crates-build-env/linux@sha256:77db811e55d90add9212f6832c23229e3de5f1c1f9905e8cb07319ea15df73ac" "sleep" "infinity", kill_on_drop: false }`
[INFO] [stdout] 2031245d62fd9f1810f0c3f69ebac7fd6d08918bf6873ed5074a4d0922968d3e
[INFO] running `Command { std: "docker" "start" "2031245d62fd9f1810f0c3f69ebac7fd6d08918bf6873ed5074a4d0922968d3e", kill_on_drop: false }`
[INFO] running `Command { std: "docker" "inspect" "2031245d62fd9f1810f0c3f69ebac7fd6d08918bf6873ed5074a4d0922968d3e", kill_on_drop: false }`
[INFO] running `Command { std: "docker" "exec" "-e" "SOURCE_DIR=/opt/rustwide/workdir" "-e" "CARGO_HOME=/opt/rustwide/cargo-home" "-e" "RUSTUP_HOME=/opt/rustwide/rustup-home" "-e" "CARGO_TARGET_DIR=/opt/rustwide/target" "-w" "/opt/rustwide/workdir" "--user" "0:0" "2031245d62fd9f1810f0c3f69ebac7fd6d08918bf6873ed5074a4d0922968d3e" "/opt/rustwide/cargo-home/bin/cargo" "+1.100.0-beta.1" "metadata" "--no-deps" "--format-version=1", kill_on_drop: false }`
[INFO] running `Command { std: "docker" "inspect" "2031245d62fd9f1810f0c3f69ebac7fd6d08918bf6873ed5074a4d0922968d3e", kill_on_drop: false }`
[INFO] running `Command { std: "docker" "exec" "-e" "SOURCE_DIR=/opt/rustwide/workdir" "-e" "CARGO_HOME=/opt/rustwide/cargo-home" "-e" "RUSTUP_HOME=/opt/rustwide/rustup-home" "-e" "CARGO_TARGET_DIR=/opt/rustwide/target" "-e" "CARGO_INCREMENTAL=0" "-e" "RUST_BACKTRACE=full" "-e" "RUSTFLAGS=--cap-lints=warn" "-e" "RUSTDOCFLAGS=--cap-lints=warn" "-w" "/opt/rustwide/workdir" "--user" "0:0" "2031245d62fd9f1810f0c3f69ebac7fd6d08918bf6873ed5074a4d0922968d3e" "/opt/rustwide/cargo-home/bin/cargo" "+1.100.0-beta.1" "build" "--frozen" "--message-format=json" "--release", kill_on_drop: false }`
[INFO] [stderr]    Compiling libc v0.2.177
[INFO] [stderr]    Compiling zerocopy v0.8.30
[INFO] [stderr]    Compiling rustix v1.1.2
[INFO] [stderr]    Compiling getrandom v0.3.4
[INFO] [stderr]    Compiling wait-timeout v0.2.1
[INFO] [stderr]    Compiling rand_core v0.9.3
[INFO] [stderr]    Compiling rand_xorshift v0.4.0
[INFO] [stderr]    Compiling rand v0.9.2
[INFO] [stderr]    Compiling ppv-lite86 v0.2.21
[INFO] [stderr]    Compiling rand_chacha v0.9.0
[INFO] [stderr]    Compiling tempfile v3.23.0
[INFO] [stderr]    Compiling rusty-fork v0.3.1
[INFO] [stderr]    Compiling proptest v1.9.0
[INFO] [stderr]    Compiling ramanujan v0.1.1 (/opt/rustwide/workdir)
[INFO] [stdout] warning: struct `Vec2` is never constructed
[INFO] [stdout]  --> src/linalg/vectors.rs:7:12
[INFO] [stdout]   |
[INFO] [stdout] 7 | pub struct Vec2<T> {
[INFO] [stdout]   |            ^^^^
[INFO] [stdout]   |
[INFO] [stdout]   = note: `#[warn(dead_code)]` (part of `#[warn(unused)]`) on by default
[INFO] [stdout] 
[INFO] [stdout] 
[INFO] [stdout] warning: associated items `new` and `dot` are never used
[INFO] [stdout]   --> src/linalg/vectors.rs:16:12
[INFO] [stdout]    |
[INFO] [stdout] 12 | / impl<T> Vec2<T>
[INFO] [stdout] 13 | | where
[INFO] [stdout] 14 | |     T: Copy + Add<Output = T> + Mul<Output = T> + Sub<Output = T>,
[INFO] [stdout]    | |__________________________________________________________________- associated items in this implementation
[INFO] [stdout] 15 |   {
[INFO] [stdout] 16 |       pub fn new(x: T, y: T) -> Self {
[INFO] [stdout]    |              ^^^
[INFO] [stdout] ...
[INFO] [stdout] 20 |       pub fn dot(self, other: Self) -> T {
[INFO] [stdout]    |              ^^^
[INFO] [stdout] 
[INFO] [stdout] 
[INFO] [stdout] warning: struct `Vec3` is never constructed
[INFO] [stdout]   --> src/linalg/vectors.rs:29:12
[INFO] [stdout]    |
[INFO] [stdout] 29 | pub struct Vec3<T> {
[INFO] [stdout]    |            ^^^^
[INFO] [stdout] 
[INFO] [stdout] 
[INFO] [stdout] warning: associated items `new` and `dot` are never used
[INFO] [stdout]   --> src/linalg/vectors.rs:39:12
[INFO] [stdout]    |
[INFO] [stdout] 35 | / impl<T> Vec3<T>
[INFO] [stdout] 36 | | where
[INFO] [stdout] 37 | |     T: Copy + Add<Output = T> + Mul<Output = T> + Sub<Output = T>,
[INFO] [stdout]    | |__________________________________________________________________- associated items in this implementation
[INFO] [stdout] 38 |   {
[INFO] [stdout] 39 |       pub fn new(x: T, y: T, z: T) -> Self {
[INFO] [stdout]    |              ^^^
[INFO] [stdout] ...
[INFO] [stdout] 43 |       pub fn dot(self, other: Self) -> T {
[INFO] [stdout]    |              ^^^
[INFO] [stdout] 
[INFO] [stdout] 
[INFO] [stdout] warning: struct `DVec` is never constructed
[INFO] [stdout]   --> src/linalg/vectors.rs:52:12
[INFO] [stdout]    |
[INFO] [stdout] 52 | pub struct DVec<T> {
[INFO] [stdout]    |            ^^^^
[INFO] [stdout] 
[INFO] [stdout] 
[INFO] [stdout] warning: associated items `new`, `len`, and `dot` are never used
[INFO] [stdout]   --> src/linalg/vectors.rs:60:12
[INFO] [stdout]    |
[INFO] [stdout] 56 | / impl<T> DVec<T>
[INFO] [stdout] 57 | | where
[INFO] [stdout] 58 | |     T: Copy + Add<Output = T> + Mul<Output = T> + Sub<Output = T>,
[INFO] [stdout]    | |__________________________________________________________________- associated items in this implementation
[INFO] [stdout] 59 |   {
[INFO] [stdout] 60 |       pub fn new(data: Vec<T>) -> Self {
[INFO] [stdout]    |              ^^^
[INFO] [stdout] ...
[INFO] [stdout] 65 |       pub fn len(&self) -> usize {
[INFO] [stdout]    |              ^^^
[INFO] [stdout] ...
[INFO] [stdout] 69 |       pub fn dot(&self, other: &Self) -> T {
[INFO] [stdout]    |              ^^^
[INFO] [stdout] 
[INFO] [stdout] 
[INFO] [stderr] warning: unused dependency `proptest`
[INFO] [stderr]  --> Cargo.toml:1:15
[INFO] [stderr]   |
[INFO] [stderr] 1 | [dependencies.proptest]
[INFO] [stderr]   |               ^^^^^^^^^
[INFO] [stderr]   |
[INFO] [stderr]   = note: `cargo::unused_dependencies` is set to `warn` by default
[INFO] [stderr] help: consider removing the dependency on `proptest`
[INFO] [stderr] warning: `ramanujan` (manifest) generated 1 warning
[INFO] [stderr]     Finished `release` profile [optimized] target(s) in 14.10s
[INFO] running `Command { std: "docker" "inspect" "2031245d62fd9f1810f0c3f69ebac7fd6d08918bf6873ed5074a4d0922968d3e", kill_on_drop: false }`
[INFO] running `Command { std: "docker" "exec" "-e" "SOURCE_DIR=/opt/rustwide/workdir" "-e" "CARGO_HOME=/opt/rustwide/cargo-home" "-e" "RUSTUP_HOME=/opt/rustwide/rustup-home" "-e" "CARGO_TARGET_DIR=/opt/rustwide/target" "-e" "CARGO_INCREMENTAL=0" "-e" "RUST_BACKTRACE=full" "-e" "RUSTFLAGS=--cap-lints=warn" "-e" "RUSTDOCFLAGS=--cap-lints=warn" "-w" "/opt/rustwide/workdir" "--user" "0:0" "2031245d62fd9f1810f0c3f69ebac7fd6d08918bf6873ed5074a4d0922968d3e" "/opt/rustwide/cargo-home/bin/cargo" "+1.100.0-beta.1" "test" "--frozen" "--no-run" "--message-format=json" "--release", kill_on_drop: false }`
[INFO] [stdout] warning: struct `Vec2` is never constructed
[INFO] [stdout]  --> src/linalg/vectors.rs:7:12
[INFO] [stdout]   |
[INFO] [stdout] 7 | pub struct Vec2<T> {
[INFO] [stdout]   |            ^^^^
[INFO] [stdout]   |
[INFO] [stdout]   = note: `#[warn(dead_code)]` (part of `#[warn(unused)]`) on by default
[INFO] [stdout] 
[INFO] [stdout] 
[INFO] [stdout] warning: associated items `new` and `dot` are never used
[INFO] [stdout]   --> src/linalg/vectors.rs:16:12
[INFO] [stdout]    |
[INFO] [stdout] 12 | / impl<T> Vec2<T>
[INFO] [stdout] 13 | | where
[INFO] [stdout] 14 | |     T: Copy + Add<Output = T> + Mul<Output = T> + Sub<Output = T>,
[INFO] [stdout]    | |__________________________________________________________________- associated items in this implementation
[INFO] [stdout] 15 |   {
[INFO] [stdout] 16 |       pub fn new(x: T, y: T) -> Self {
[INFO] [stdout]    |              ^^^
[INFO] [stdout] ...
[INFO] [stdout] 20 |       pub fn dot(self, other: Self) -> T {
[INFO] [stdout]    |              ^^^
[INFO] [stdout] 
[INFO] [stdout] 
[INFO] [stdout] warning: struct `Vec3` is never constructed
[INFO] [stdout]   --> src/linalg/vectors.rs:29:12
[INFO] [stdout]    |
[INFO] [stdout] 29 | pub struct Vec3<T> {
[INFO] [stdout]    |            ^^^^
[INFO] [stdout] 
[INFO] [stdout] 
[INFO] [stdout] warning: associated items `new` and `dot` are never used
[INFO] [stdout]   --> src/linalg/vectors.rs:39:12
[INFO] [stdout]    |
[INFO] [stdout] 35 | / impl<T> Vec3<T>
[INFO] [stdout] 36 | | where
[INFO] [stdout] 37 | |     T: Copy + Add<Output = T> + Mul<Output = T> + Sub<Output = T>,
[INFO] [stdout]    | |__________________________________________________________________- associated items in this implementation
[INFO] [stdout] 38 |   {
[INFO] [stdout] 39 |       pub fn new(x: T, y: T, z: T) -> Self {
[INFO] [stdout]    |              ^^^
[INFO] [stdout] ...
[INFO] [stdout] 43 |       pub fn dot(self, other: Self) -> T {
[INFO] [stdout]    |              ^^^
[INFO] [stdout] 
[INFO] [stdout] 
[INFO] [stdout] warning: struct `DVec` is never constructed
[INFO] [stdout]   --> src/linalg/vectors.rs:52:12
[INFO] [stdout]    |
[INFO] [stdout] 52 | pub struct DVec<T> {
[INFO] [stdout]    |            ^^^^
[INFO] [stdout] 
[INFO] [stdout] 
[INFO] [stdout] warning: associated items `new`, `len`, and `dot` are never used
[INFO] [stdout]   --> src/linalg/vectors.rs:60:12
[INFO] [stdout]    |
[INFO] [stdout] 56 | / impl<T> DVec<T>
[INFO] [stdout] 57 | | where
[INFO] [stdout] 58 | |     T: Copy + Add<Output = T> + Mul<Output = T> + Sub<Output = T>,
[INFO] [stdout]    | |__________________________________________________________________- associated items in this implementation
[INFO] [stdout] 59 |   {
[INFO] [stdout] 60 |       pub fn new(data: Vec<T>) -> Self {
[INFO] [stdout]    |              ^^^
[INFO] [stdout] ...
[INFO] [stdout] 65 |       pub fn len(&self) -> usize {
[INFO] [stdout]    |              ^^^
[INFO] [stdout] ...
[INFO] [stdout] 69 |       pub fn dot(&self, other: &Self) -> T {
[INFO] [stdout]    |              ^^^
[INFO] [stdout] 
[INFO] [stdout] 
[INFO] [stderr]    Compiling ramanujan v0.1.1 (/opt/rustwide/workdir)
[INFO] [stdout] warning: unused import: `std::ops::Add`
[INFO] [stdout]   --> src/linalg/vectors.rs:85:9
[INFO] [stdout]    |
[INFO] [stdout] 85 |     use std::ops::Add;
[INFO] [stdout]    |         ^^^^^^^^^^^^^
[INFO] [stdout]    |
[INFO] [stdout]    = note: `#[warn(unused_imports)]` (part of `#[warn(unused)]`) on by default
[INFO] [stdout] 
[INFO] [stdout] 
[INFO] [stdout] warning: struct `Vec3` is never constructed
[INFO] [stdout]   --> src/linalg/vectors.rs:29:12
[INFO] [stdout]    |
[INFO] [stdout] 29 | pub struct Vec3<T> {
[INFO] [stdout]    |            ^^^^
[INFO] [stdout]    |
[INFO] [stdout]    = note: `#[warn(dead_code)]` (part of `#[warn(unused)]`) on by default
[INFO] [stdout] 
[INFO] [stdout] 
[INFO] [stdout] warning: associated items `new` and `dot` are never used
[INFO] [stdout]   --> src/linalg/vectors.rs:39:12
[INFO] [stdout]    |
[INFO] [stdout] 35 | / impl<T> Vec3<T>
[INFO] [stdout] 36 | | where
[INFO] [stdout] 37 | |     T: Copy + Add<Output = T> + Mul<Output = T> + Sub<Output = T>,
[INFO] [stdout]    | |__________________________________________________________________- associated items in this implementation
[INFO] [stdout] 38 |   {
[INFO] [stdout] 39 |       pub fn new(x: T, y: T, z: T) -> Self {
[INFO] [stdout]    |              ^^^
[INFO] [stdout] ...
[INFO] [stdout] 43 |       pub fn dot(self, other: Self) -> T {
[INFO] [stdout]    |              ^^^
[INFO] [stdout] 
[INFO] [stdout] 
[INFO] [stdout] warning: struct `DVec` is never constructed
[INFO] [stdout]   --> src/linalg/vectors.rs:52:12
[INFO] [stdout]    |
[INFO] [stdout] 52 | pub struct DVec<T> {
[INFO] [stdout]    |            ^^^^
[INFO] [stdout] 
[INFO] [stdout] 
[INFO] [stdout] warning: associated items `new`, `len`, and `dot` are never used
[INFO] [stdout]   --> src/linalg/vectors.rs:60:12
[INFO] [stdout]    |
[INFO] [stdout] 56 | / impl<T> DVec<T>
[INFO] [stdout] 57 | | where
[INFO] [stdout] 58 | |     T: Copy + Add<Output = T> + Mul<Output = T> + Sub<Output = T>,
[INFO] [stdout]    | |__________________________________________________________________- associated items in this implementation
[INFO] [stdout] 59 |   {
[INFO] [stdout] 60 |       pub fn new(data: Vec<T>) -> Self {
[INFO] [stdout]    |              ^^^
[INFO] [stdout] ...
[INFO] [stdout] 65 |       pub fn len(&self) -> usize {
[INFO] [stdout]    |              ^^^
[INFO] [stdout] ...
[INFO] [stdout] 69 |       pub fn dot(&self, other: &Self) -> T {
[INFO] [stdout]    |              ^^^
[INFO] [stdout] 
[INFO] [stdout] 
[INFO] [stderr] warning: unused dependency `proptest`
[INFO] [stderr]  --> Cargo.toml:1:15
[INFO] [stderr]   |
[INFO] [stderr] 1 | [dependencies.proptest]
[INFO] [stderr]   |               ^^^^^^^^^
[INFO] [stderr]   |
[INFO] [stderr]   = note: `cargo::unused_dependencies` is set to `warn` by default
[INFO] [stderr] help: consider removing the dependency on `proptest`
[INFO] [stderr] warning: `ramanujan` (manifest) generated 1 warning
[INFO] [stderr]     Finished `release` profile [optimized] target(s) in 0.29s
[INFO] running `Command { std: "docker" "inspect" "2031245d62fd9f1810f0c3f69ebac7fd6d08918bf6873ed5074a4d0922968d3e", kill_on_drop: false }`
[INFO] running `Command { std: "docker" "exec" "-e" "SOURCE_DIR=/opt/rustwide/workdir" "-e" "CARGO_HOME=/opt/rustwide/cargo-home" "-e" "RUSTUP_HOME=/opt/rustwide/rustup-home" "-e" "CARGO_TARGET_DIR=/opt/rustwide/target" "-e" "CARGO_INCREMENTAL=0" "-e" "RUST_BACKTRACE=full" "-e" "RUSTFLAGS=--cap-lints=warn" "-e" "RUSTDOCFLAGS=--cap-lints=warn" "-w" "/opt/rustwide/workdir" "--user" "0:0" "2031245d62fd9f1810f0c3f69ebac7fd6d08918bf6873ed5074a4d0922968d3e" "/opt/rustwide/cargo-home/bin/cargo" "+1.100.0-beta.1" "test" "--frozen" "--release", kill_on_drop: false }`
[INFO] [stderr] warning: struct `Vec2` is never constructed
[INFO] [stderr]  --> src/linalg/vectors.rs:7:12
[INFO] [stderr]   |
[INFO] [stderr] 7 | pub struct Vec2<T> {
[INFO] [stderr]   |            ^^^^
[INFO] [stderr]   |
[INFO] [stderr]   = note: `#[warn(dead_code)]` (part of `#[warn(unused)]`) on by default
[INFO] [stderr] 
[INFO] [stderr] warning: associated items `new` and `dot` are never used
[INFO] [stderr]   --> src/linalg/vectors.rs:16:12
[INFO] [stderr]    |
[INFO] [stderr] 12 | / impl<T> Vec2<T>
[INFO] [stderr] 13 | | where
[INFO] [stderr] 14 | |     T: Copy + Add<Output = T> + Mul<Output = T> + Sub<Output = T>,
[INFO] [stderr]    | |__________________________________________________________________- associated items in this implementation
[INFO] [stderr] 15 |   {
[INFO] [stderr] 16 |       pub fn new(x: T, y: T) -> Self {
[INFO] [stderr]    |              ^^^
[INFO] [stderr] ...
[INFO] [stderr] 20 |       pub fn dot(self, other: Self) -> T {
[INFO] [stderr]    |              ^^^
[INFO] [stderr] 
[INFO] [stderr] warning: struct `Vec3` is never constructed
[INFO] [stderr]   --> src/linalg/vectors.rs:29:12
[INFO] [stderr]    |
[INFO] [stderr] 29 | pub struct Vec3<T> {
[INFO] [stderr]    |            ^^^^
[INFO] [stderr] 
[INFO] [stderr] warning: associated items `new` and `dot` are never used
[INFO] [stderr]   --> src/linalg/vectors.rs:39:12
[INFO] [stderr]    |
[INFO] [stderr] 35 | / impl<T> Vec3<T>
[INFO] [stderr] 36 | | where
[INFO] [stderr] 37 | |     T: Copy + Add<Output = T> + Mul<Output = T> + Sub<Output = T>,
[INFO] [stderr]    | |__________________________________________________________________- associated items in this implementation
[INFO] [stderr] 38 |   {
[INFO] [stderr] 39 |       pub fn new(x: T, y: T, z: T) -> Self {
[INFO] [stderr]    |              ^^^
[INFO] [stderr] ...
[INFO] [stderr] 43 |       pub fn dot(self, other: Self) -> T {
[INFO] [stderr]    |              ^^^
[INFO] [stderr] 
[INFO] [stderr] warning: struct `DVec` is never constructed
[INFO] [stderr]   --> src/linalg/vectors.rs:52:12
[INFO] [stderr]    |
[INFO] [stderr] 52 | pub struct DVec<T> {
[INFO] [stderr]    |            ^^^^
[INFO] [stderr] 
[INFO] [stderr] warning: associated items `new`, `len`, and `dot` are never used
[INFO] [stderr]   --> src/linalg/vectors.rs:60:12
[INFO] [stderr]    |
[INFO] [stderr] 56 | / impl<T> DVec<T>
[INFO] [stderr] 57 | | where
[INFO] [stderr] 58 | |     T: Copy + Add<Output = T> + Mul<Output = T> + Sub<Output = T>,
[INFO] [stderr]    | |__________________________________________________________________- associated items in this implementation
[INFO] [stderr] 59 |   {
[INFO] [stderr] 60 |       pub fn new(data: Vec<T>) -> Self {
[INFO] [stderr]    |              ^^^
[INFO] [stderr] ...
[INFO] [stderr] 65 |       pub fn len(&self) -> usize {
[INFO] [stderr]    |              ^^^
[INFO] [stderr] ...
[INFO] [stderr] 69 |       pub fn dot(&self, other: &Self) -> T {
[INFO] [stderr]    |              ^^^
[INFO] [stderr] 
[INFO] [stderr] warning: `ramanujan` (lib) generated 6 warnings
[INFO] [stderr] warning: unused import: `std::ops::Add`
[INFO] [stderr]   --> src/linalg/vectors.rs:85:9
[INFO] [stderr]    |
[INFO] [stderr] 85 |     use std::ops::Add;
[INFO] [stderr]    |         ^^^^^^^^^^^^^
[INFO] [stderr]    |
[INFO] [stderr]    = note: `#[warn(unused_imports)]` (part of `#[warn(unused)]`) on by default
[INFO] [stderr] 
[INFO] [stderr] warning: struct `Vec3` is never constructed
[INFO] [stderr]   --> src/linalg/vectors.rs:29:12
[INFO] [stderr]    |
[INFO] [stderr] 29 | pub struct Vec3<T> {
[INFO] [stderr]    |            ^^^^
[INFO] [stderr]    |
[INFO] [stderr]    = note: `#[warn(dead_code)]` (part of `#[warn(unused)]`) on by default
[INFO] [stderr] 
[INFO] [stderr] warning: `ramanujan` (lib test) generated 5 warnings (3 duplicates) (run `cargo fix --lib -p ramanujan --tests` to apply 1 suggestion)
[INFO] [stderr] warning: unused dependency `proptest`
[INFO] [stderr]  --> Cargo.toml:1:15
[INFO] [stderr]   |
[INFO] [stderr] 1 | [dependencies.proptest]
[INFO] [stderr]   |               ^^^^^^^^^
[INFO] [stderr]   |
[INFO] [stderr]   = note: `cargo::unused_dependencies` is set to `warn` by default
[INFO] [stderr] help: consider removing the dependency on `proptest`
[INFO] [stderr] warning: `ramanujan` (manifest) generated 1 warning
[INFO] [stderr]     Finished `release` profile [optimized] target(s) in 0.06s
[INFO] [stderr]      Running unittests src/lib.rs (/opt/rustwide/target/release/build/ramanujan/df87ecf0759da9e5/out/ramanujan-df87ecf0759da9e5)
[INFO] [stdout] 
[INFO] [stdout] running 2 tests
[INFO] [stdout] test linalg::vectors::tests::test_2d_vec_dot ... ok
[INFO] [stdout] test linalg::vectors::tests::test_2d_vec_arithmetic ... FAILED
[INFO] [stdout] 
[INFO] [stdout] failures:
[INFO] [stdout] 
[INFO] [stdout] ---- linalg::vectors::tests::test_2d_vec_arithmetic stdout ----
[INFO] [stdout] 
[INFO] [stdout] thread 'linalg::vectors::tests::test_2d_vec_arithmetic' (410) panicked at src/linalg/vectors.rs:98:9:
[INFO] [stdout] not yet implemented: unimplemented
[INFO] [stdout] stack backtrace:
[INFO] [stdout]    0:     0x5894190b8911 - <<std[617be2ca0a6fd877]::sys::backtrace::BacktraceLock>::print::DisplayBacktrace as core[a373ad73a504971]::fmt::Display>::fmt
[INFO] [stdout]    1:     0x5894190cc80a - core[a373ad73a504971]::fmt::write
[INFO] [stdout]    2:     0x5894190bcb2c - <alloc[2e1b2a31b91974c5]::vec::Vec<u8> as core[a373ad73a504971]::io::write::Write>::write_fmt
[INFO] [stdout]    3:     0x589419094d76 - std[617be2ca0a6fd877]::panicking::default_hook::{closure#0}
[INFO] [stdout]    4:     0x5894190b0fa9 - std[617be2ca0a6fd877]::panicking::default_hook
[INFO] [stderr] error: test failed, to rerun pass `--lib`
[INFO] [stdout]    5:     0x58941904d650 - test[aada8e7e76ba119b]::test_main_inner::{closure#0}
[INFO] [stdout]    6:     0x5894190b1162 - std[617be2ca0a6fd877]::panicking::panic_with_hook
[INFO] [stdout]    7:     0x589419094e54 - std[617be2ca0a6fd877]::panicking::panic_handler::{closure#0}
[INFO] [stdout]    8:     0x58941908db39 - std[617be2ca0a6fd877]::sys::backtrace::__rust_end_short_backtrace::<std[617be2ca0a6fd877]::panicking::panic_handler::{closure#0}, !>
[INFO] [stdout]    9:     0x589419095a2d - __rustc[ea4f61d10b84890b]::rust_begin_unwind
[INFO] [stdout]   10:     0x5894190ccf3c - core[a373ad73a504971]::panicking::panic_fmt
[INFO] [stdout]   11:     0x589419040a3a - <ramanujan[bb2fdfdf90a1718]::linalg::vectors::tests::test_2d_vec_arithmetic::{closure#0} as core[a373ad73a504971]::ops::function::FnOnce<()>>::call_once
[INFO] [stdout]   12:     0x589419040a9b - test[aada8e7e76ba119b]::__rust_begin_short_backtrace::<core[a373ad73a504971]::result::Result<(), alloc[2e1b2a31b91974c5]::string::String>, fn() -> core[a373ad73a504971]::result::Result<(), alloc[2e1b2a31b91974c5]::string::String>>
[INFO] [stdout]   13:     0x58941904dc75 - test[aada8e7e76ba119b]::run_test::{closure#0}
[INFO] [stdout]   14:     0x589419047564 - std[617be2ca0a6fd877]::sys::backtrace::__rust_begin_short_backtrace::<test[aada8e7e76ba119b]::run_test::{closure#1}, ()>
[INFO] [stdout]   15:     0x589419050d02 - <std[617be2ca0a6fd877]::thread::lifecycle::spawn_unchecked<test[aada8e7e76ba119b]::run_test::{closure#1}, ()>::{closure#1} as core[a373ad73a504971]::ops::function::FnOnce<()>>::call_once::{shim:vtable#0}
[INFO] [stdout]   16:     0x5894190b816f - <std[617be2ca0a6fd877]::sys::thread::unix::Thread>::new::thread_start
[INFO] [stdout]   17:     0x7f9a1aef3dfa - <unknown>
[INFO] [stdout]   18:     0x7f9a1af873d4 - clone
[INFO] [stdout]   19:                0x0 - <unknown>
[INFO] [stdout] 
[INFO] [stdout] 
[INFO] [stdout] failures:
[INFO] [stdout]     linalg::vectors::tests::test_2d_vec_arithmetic
[INFO] [stdout] 
[INFO] [stdout] test result: FAILED. 1 passed; 1 failed; 0 ignored; 0 measured; 0 filtered out; finished in 0.00s
[INFO] [stdout] 
[INFO] running `Command { std: "docker" "inspect" "2031245d62fd9f1810f0c3f69ebac7fd6d08918bf6873ed5074a4d0922968d3e", kill_on_drop: false }`
[INFO] running `Command { std: "docker" "rm" "-f" "2031245d62fd9f1810f0c3f69ebac7fd6d08918bf6873ed5074a4d0922968d3e", kill_on_drop: false }`
[INFO] [stdout] 2031245d62fd9f1810f0c3f69ebac7fd6d08918bf6873ed5074a4d0922968d3e
