[INFO] fetching crate rainbow-core 0.1.0...
[INFO] testing rainbow-core-0.1.0 against 1.99.0-beta.8+cargoflags=--release for beta-release-1.100-2
[INFO] extracting crate rainbow-core 0.1.0 into /workspace/builds/worker-0-tc1/source
[INFO] started tweaking crates.io crate rainbow-core 0.1.0
[INFO] finished tweaking crates.io crate rainbow-core 0.1.0
[INFO] tweaked toml for crates.io crate rainbow-core 0.1.0 written to /workspace/builds/worker-0-tc1/source/Cargo.toml
[INFO] validating manifest of crates.io crate rainbow-core 0.1.0 on toolchain 1.99.0-beta.8
[INFO] running `Command { std: CARGO_HOME="/workspace/cargo-home" RUSTUP_HOME="/workspace/rustup-home" "/workspace/cargo-home/bin/cargo" "+1.99.0-beta.8" "metadata" "--manifest-path" "Cargo.toml" "--no-deps", kill_on_drop: false }`
[INFO] running `Command { std: CARGO_HOME="/workspace/cargo-home" RUSTUP_HOME="/workspace/rustup-home" "/workspace/cargo-home/bin/cargo" "+1.99.0-beta.8" "generate-lockfile" "--manifest-path" "Cargo.toml", kill_on_drop: false }`
[INFO] [stderr]     Updating crates.io index
[INFO] [stderr]      Locking 36 packages to highest compatible versions
[INFO] [stderr]       Adding html_parser v0.6.3 (available: v0.7.0)
[INFO] [stderr]       Adding psm v0.1.24 (available: v0.1.32)
[INFO] running `Command { std: CARGO_HOME="/workspace/cargo-home" RUSTUP_HOME="/workspace/rustup-home" "/workspace/cargo-home/bin/cargo" "+1.99.0-beta.8" "fetch" "--manifest-path" "Cargo.toml", kill_on_drop: false }`
[INFO] [stderr]  Downloading crates ...
[INFO] [stderr]   Downloaded hex_color v1.0.0
[INFO] [stderr]   Downloaded rainbow-pest v0.1.1
[INFO] [stderr]   Downloaded html_parser v0.6.3
[INFO] running `Command { std: "docker" "create" "-v" "/var/lib/crater-agent-workspace/builds/worker-0-tc1/source:/opt/rustwide/workdir:ro,Z" "-v" "/var/lib/crater-agent-workspace/builds/worker-0-tc1/target:/opt/rustwide/target:rw,Z" "-v" "/var/lib/crater-agent-workspace/cargo-home:/opt/rustwide/cargo-home:ro,Z" "-v" "/var/lib/crater-agent-workspace/rustup-home:/opt/rustwide/rustup-home:ro,Z" "-m" "1610612736" "--network" "none" "ghcr.io/rust-lang/crates-build-env/linux@sha256:77db811e55d90add9212f6832c23229e3de5f1c1f9905e8cb07319ea15df73ac" "sleep" "infinity", kill_on_drop: false }`
[INFO] [stdout] 6a2f77578510726893d2e96ae6bd43239ee5c1e7407df11cd6355a4f8dfdd16b
[INFO] running `Command { std: "docker" "start" "6a2f77578510726893d2e96ae6bd43239ee5c1e7407df11cd6355a4f8dfdd16b", kill_on_drop: false }`
[INFO] running `Command { std: "docker" "inspect" "6a2f77578510726893d2e96ae6bd43239ee5c1e7407df11cd6355a4f8dfdd16b", kill_on_drop: false }`
[INFO] running `Command { std: "docker" "exec" "-e" "SOURCE_DIR=/opt/rustwide/workdir" "-e" "CARGO_HOME=/opt/rustwide/cargo-home" "-e" "RUSTUP_HOME=/opt/rustwide/rustup-home" "-e" "CARGO_TARGET_DIR=/opt/rustwide/target" "-w" "/opt/rustwide/workdir" "--user" "0:0" "6a2f77578510726893d2e96ae6bd43239ee5c1e7407df11cd6355a4f8dfdd16b" "/opt/rustwide/cargo-home/bin/cargo" "+1.99.0-beta.8" "metadata" "--no-deps" "--format-version=1", kill_on_drop: false }`
[INFO] running `Command { std: "docker" "inspect" "6a2f77578510726893d2e96ae6bd43239ee5c1e7407df11cd6355a4f8dfdd16b", kill_on_drop: false }`
[INFO] running `Command { std: "docker" "exec" "-e" "SOURCE_DIR=/opt/rustwide/workdir" "-e" "CARGO_HOME=/opt/rustwide/cargo-home" "-e" "RUSTUP_HOME=/opt/rustwide/rustup-home" "-e" "CARGO_TARGET_DIR=/opt/rustwide/target" "-e" "CARGO_INCREMENTAL=0" "-e" "RUST_BACKTRACE=full" "-e" "RUSTFLAGS=--cap-lints=warn" "-e" "RUSTDOCFLAGS=--cap-lints=warn" "-w" "/opt/rustwide/workdir" "--user" "0:0" "6a2f77578510726893d2e96ae6bd43239ee5c1e7407df11cd6355a4f8dfdd16b" "/opt/rustwide/cargo-home/bin/cargo" "+1.99.0-beta.8" "build" "--frozen" "--message-format=json" "--release", kill_on_drop: false }`
[INFO] [stderr]    Compiling psm v0.1.24
[INFO] [stderr]    Compiling stacker v0.1.25
[INFO] [stderr]    Compiling thiserror-impl v1.0.69
[INFO] [stderr]    Compiling serde v1.0.229
[INFO] [stderr]    Compiling hex_color v1.0.0
[INFO] [stderr]    Compiling pest v2.9.4
[INFO] [stderr]    Compiling thiserror v1.0.69
[INFO] [stderr]    Compiling pest_meta v2.9.4
[INFO] [stderr]    Compiling rainbow-pest v0.1.1
[INFO] [stderr]    Compiling pest_generator v2.9.4
[INFO] [stderr]    Compiling pest_derive v2.9.4
[INFO] [stderr]    Compiling html_parser v0.6.3
[INFO] [stderr]    Compiling rainbow-core v0.1.0 (/opt/rustwide/workdir)
[INFO] [stdout] warning: unused import: `Display`
[INFO] [stdout]  --> src/renderer/mod.rs:6:23
[INFO] [stdout]   |
[INFO] [stdout] 6 | use std::fmt::{Debug, Display};
[INFO] [stdout]   |                       ^^^^^^^
[INFO] [stdout]   |
[INFO] [stdout]   = note: `#[warn(unused_imports)]` (part of `#[warn(unused)]`) on by default
[INFO] [stdout] 
[INFO] [stdout] 
[INFO] [stdout] warning: unreachable expression
[INFO] [stdout]    --> src/vm/parser.rs:105:9
[INFO] [stdout]     |
[INFO] [stdout] 105 |         return todo!();
[INFO] [stdout]     |         ^^^^^^^-------
[INFO] [stdout]     |         |      |
[INFO] [stdout]     |         |      any code following this expression is unreachable
[INFO] [stdout]     |         unreachable expression
[INFO] [stdout]     |
[INFO] [stdout]     = note: `#[warn(unreachable_code)]` (part of `#[warn(unused)]`) on by default
[INFO] [stdout] 
[INFO] [stdout] 
[INFO] [stdout] warning: unused variable: `f`
[INFO] [stdout]  --> src/schema/value.rs:6:19
[INFO] [stdout]   |
[INFO] [stdout] 6 |     fn fmt(&self, f: &mut Formatter<'_>) -> std::fmt::Result {
[INFO] [stdout]   |                   ^ help: if this is intentional, prefix it with an underscore: `_f`
[INFO] [stdout]   |
[INFO] [stdout]   = note: `#[warn(unused_variables)]` (part of `#[warn(unused)]`) on by default
[INFO] [stdout] 
[INFO] [stdout] 
[INFO] [stdout] warning: unused variable: `schema`
[INFO] [stdout]   --> src/vm/methods.rs:16:13
[INFO] [stdout]    |
[INFO] [stdout] 16 |         let schema = self.schemas.get(path.next()?)?;
[INFO] [stdout]    |             ^^^^^^ help: if this is intentional, prefix it with an underscore: `_schema`
[INFO] [stdout] 
[INFO] [stdout] 
[INFO] [stdout] warning: unused variable: `ctx`
[INFO] [stdout]   --> src/vm/parser.rs:88:37
[INFO] [stdout]    |
[INFO] [stdout] 88 |     fn eval_object(o: RangedObject, ctx: &mut SchemaContext) -> Result<Self> {
[INFO] [stdout]    |                                     ^^^ help: if this is intentional, prefix it with an underscore: `_ctx`
[INFO] [stdout] 
[INFO] [stdout] 
[INFO] [stdout] warning: unused variable: `v`
[INFO] [stdout]   --> src/vm/parser.rs:97:36
[INFO] [stdout]    |
[INFO] [stdout] 97 |                 RangedValue::Array(v) => {
[INFO] [stdout]    |                                    ^ help: if this is intentional, prefix it with an underscore: `_v`
[INFO] [stdout] 
[INFO] [stdout] 
[INFO] [stdout] warning: unused variable: `v`
[INFO] [stdout]    --> src/vm/parser.rs:101:37
[INFO] [stdout]     |
[INFO] [stdout] 101 |                 RangedValue::Object(v) => todo!(),
[INFO] [stdout]     |                                     ^ help: if this is intentional, prefix it with an underscore: `_v`
[INFO] [stdout] 
[INFO] [stdout] 
[INFO] [stdout] warning: struct `RainbowVM` is never constructed
[INFO] [stdout]  --> src/vm/mod.rs:7:12
[INFO] [stdout]   |
[INFO] [stdout] 7 | pub struct RainbowVM {
[INFO] [stdout]   |            ^^^^^^^^^
[INFO] [stdout]   |
[INFO] [stdout]   = note: `#[warn(dead_code)]` (part of `#[warn(unused)]`) on by default
[INFO] [stdout] 
[INFO] [stdout] 
[INFO] [stdout] warning: methods `resolve` and `resolve_optional` are never used
[INFO] [stdout]   --> src/vm/methods.rs:11:12
[INFO] [stdout]    |
[INFO] [stdout] 10 | impl RainbowVM {
[INFO] [stdout]    | -------------- methods in this implementation
[INFO] [stdout] 11 |     pub fn resolve(&self, path: &[String]) -> Value {
[INFO] [stdout]    |            ^^^^^^^
[INFO] [stdout] ...
[INFO] [stdout] 14 |     pub(crate) fn resolve_optional(&self, path: &[String]) -> Option<Value> {
[INFO] [stdout]    |                   ^^^^^^^^^^^^^^^^
[INFO] [stdout] 
[INFO] [stdout] 
[INFO] [stderr]     Finished `release` profile [optimized] target(s) in 11.51s
[INFO] running `Command { std: "docker" "inspect" "6a2f77578510726893d2e96ae6bd43239ee5c1e7407df11cd6355a4f8dfdd16b", kill_on_drop: false }`
[INFO] running `Command { std: "docker" "exec" "-e" "SOURCE_DIR=/opt/rustwide/workdir" "-e" "CARGO_HOME=/opt/rustwide/cargo-home" "-e" "RUSTUP_HOME=/opt/rustwide/rustup-home" "-e" "CARGO_TARGET_DIR=/opt/rustwide/target" "-e" "CARGO_INCREMENTAL=0" "-e" "RUST_BACKTRACE=full" "-e" "RUSTFLAGS=--cap-lints=warn" "-e" "RUSTDOCFLAGS=--cap-lints=warn" "-w" "/opt/rustwide/workdir" "--user" "0:0" "6a2f77578510726893d2e96ae6bd43239ee5c1e7407df11cd6355a4f8dfdd16b" "/opt/rustwide/cargo-home/bin/cargo" "+1.99.0-beta.8" "test" "--frozen" "--no-run" "--message-format=json" "--release", kill_on_drop: false }`
[INFO] [stdout] warning: unused import: `Display`
[INFO] [stdout]  --> src/renderer/mod.rs:6:23
[INFO] [stdout]   |
[INFO] [stdout] 6 | use std::fmt::{Debug, Display};
[INFO] [stdout]   |                       ^^^^^^^
[INFO] [stdout]   |
[INFO] [stdout]   = note: `#[warn(unused_imports)]` (part of `#[warn(unused)]`) on by default
[INFO] [stdout] 
[INFO] [stdout] 
[INFO] [stdout] warning: unreachable expression
[INFO] [stdout]    --> src/vm/parser.rs:105:9
[INFO] [stdout]     |
[INFO] [stdout] 105 |         return todo!();
[INFO] [stdout]     |         ^^^^^^^-------
[INFO] [stdout]     |         |      |
[INFO] [stdout]     |         |      any code following this expression is unreachable
[INFO] [stdout]     |         unreachable expression
[INFO] [stdout]     |
[INFO] [stdout]     = note: `#[warn(unreachable_code)]` (part of `#[warn(unused)]`) on by default
[INFO] [stdout] 
[INFO] [stdout] 
[INFO] [stdout] warning: unused variable: `f`
[INFO] [stdout]  --> src/schema/value.rs:6:19
[INFO] [stdout]   |
[INFO] [stdout] 6 |     fn fmt(&self, f: &mut Formatter<'_>) -> std::fmt::Result {
[INFO] [stdout]   |                   ^ help: if this is intentional, prefix it with an underscore: `_f`
[INFO] [stdout]   |
[INFO] [stdout]   = note: `#[warn(unused_variables)]` (part of `#[warn(unused)]`) on by default
[INFO] [stdout] 
[INFO] [stdout] 
[INFO] [stdout] warning: unused variable: `schema`
[INFO] [stdout]   --> src/vm/methods.rs:16:13
[INFO] [stdout]    |
[INFO] [stdout] 16 |         let schema = self.schemas.get(path.next()?)?;
[INFO] [stdout]    |             ^^^^^^ help: if this is intentional, prefix it with an underscore: `_schema`
[INFO] [stdout] 
[INFO] [stdout] 
[INFO] [stdout] warning: unused variable: `ctx`
[INFO] [stdout]   --> src/vm/parser.rs:88:37
[INFO] [stdout]    |
[INFO] [stdout] 88 |     fn eval_object(o: RangedObject, ctx: &mut SchemaContext) -> Result<Self> {
[INFO] [stdout]    |                                     ^^^ help: if this is intentional, prefix it with an underscore: `_ctx`
[INFO] [stdout] 
[INFO] [stdout] 
[INFO] [stderr]    Compiling rainbow-core v0.1.0 (/opt/rustwide/workdir)
[INFO] [stdout] warning: unused variable: `v`
[INFO] [stdout]   --> src/vm/parser.rs:97:36
[INFO] [stdout]    |
[INFO] [stdout] 97 |                 RangedValue::Array(v) => {
[INFO] [stdout]    |                                    ^ help: if this is intentional, prefix it with an underscore: `_v`
[INFO] [stdout] 
[INFO] [stdout] 
[INFO] [stdout] warning: unused variable: `v`
[INFO] [stdout]    --> src/vm/parser.rs:101:37
[INFO] [stdout]     |
[INFO] [stdout] 101 |                 RangedValue::Object(v) => todo!(),
[INFO] [stdout]     |                                     ^ help: if this is intentional, prefix it with an underscore: `_v`
[INFO] [stdout] 
[INFO] [stdout] 
[INFO] [stdout] warning: struct `RainbowVM` is never constructed
[INFO] [stdout]  --> src/vm/mod.rs:7:12
[INFO] [stdout]   |
[INFO] [stdout] 7 | pub struct RainbowVM {
[INFO] [stdout]   |            ^^^^^^^^^
[INFO] [stdout]   |
[INFO] [stdout]   = note: `#[warn(dead_code)]` (part of `#[warn(unused)]`) on by default
[INFO] [stdout] 
[INFO] [stdout] 
[INFO] [stdout] warning: methods `resolve` and `resolve_optional` are never used
[INFO] [stdout]   --> src/vm/methods.rs:11:12
[INFO] [stdout]    |
[INFO] [stdout] 10 | impl RainbowVM {
[INFO] [stdout]    | -------------- methods in this implementation
[INFO] [stdout] 11 |     pub fn resolve(&self, path: &[String]) -> Value {
[INFO] [stdout]    |            ^^^^^^^
[INFO] [stdout] ...
[INFO] [stdout] 14 |     pub(crate) fn resolve_optional(&self, path: &[String]) -> Option<Value> {
[INFO] [stdout]    |                   ^^^^^^^^^^^^^^^^
[INFO] [stdout] 
[INFO] [stdout] 
[INFO] [stdout] warning: unused import: `Display`
[INFO] [stdout]  --> src/renderer/mod.rs:6:23
[INFO] [stdout]   |
[INFO] [stdout] 6 | use std::fmt::{Debug, Display};
[INFO] [stdout]   |                       ^^^^^^^
[INFO] [stdout]   |
[INFO] [stdout]   = note: `#[warn(unused_imports)]` (part of `#[warn(unused)]`) on by default
[INFO] [stdout] 
[INFO] [stdout] 
[INFO] [stdout] warning: unreachable expression
[INFO] [stdout]    --> src/vm/parser.rs:105:9
[INFO] [stdout]     |
[INFO] [stdout] 105 |         return todo!();
[INFO] [stdout]     |         ^^^^^^^-------
[INFO] [stdout]     |         |      |
[INFO] [stdout]     |         |      any code following this expression is unreachable
[INFO] [stdout]     |         unreachable expression
[INFO] [stdout]     |
[INFO] [stdout]     = note: `#[warn(unreachable_code)]` (part of `#[warn(unused)]`) on by default
[INFO] [stdout] 
[INFO] [stdout] 
[INFO] [stdout] warning: unused variable: `f`
[INFO] [stdout]  --> src/schema/value.rs:6:19
[INFO] [stdout]   |
[INFO] [stdout] 6 |     fn fmt(&self, f: &mut Formatter<'_>) -> std::fmt::Result {
[INFO] [stdout]   |                   ^ help: if this is intentional, prefix it with an underscore: `_f`
[INFO] [stdout]   |
[INFO] [stdout]   = note: `#[warn(unused_variables)]` (part of `#[warn(unused)]`) on by default
[INFO] [stdout] 
[INFO] [stdout] 
[INFO] [stdout] warning: unused variable: `schema`
[INFO] [stdout]   --> src/vm/methods.rs:16:13
[INFO] [stdout]    |
[INFO] [stdout] 16 |         let schema = self.schemas.get(path.next()?)?;
[INFO] [stdout]    |             ^^^^^^ help: if this is intentional, prefix it with an underscore: `_schema`
[INFO] [stdout] 
[INFO] [stdout] 
[INFO] [stdout] warning: unused variable: `ctx`
[INFO] [stdout]   --> src/vm/parser.rs:88:37
[INFO] [stdout]    |
[INFO] [stdout] 88 |     fn eval_object(o: RangedObject, ctx: &mut SchemaContext) -> Result<Self> {
[INFO] [stdout]    |                                     ^^^ help: if this is intentional, prefix it with an underscore: `_ctx`
[INFO] [stdout] 
[INFO] [stdout] 
[INFO] [stdout] warning: unused variable: `v`
[INFO] [stdout]   --> src/vm/parser.rs:97:36
[INFO] [stdout]    |
[INFO] [stdout] 97 |                 RangedValue::Array(v) => {
[INFO] [stdout]    |                                    ^ help: if this is intentional, prefix it with an underscore: `_v`
[INFO] [stdout] 
[INFO] [stdout] 
[INFO] [stdout] warning: unused variable: `v`
[INFO] [stdout]    --> src/vm/parser.rs:101:37
[INFO] [stdout]     |
[INFO] [stdout] 101 |                 RangedValue::Object(v) => todo!(),
[INFO] [stdout]     |                                     ^ help: if this is intentional, prefix it with an underscore: `_v`
[INFO] [stdout] 
[INFO] [stdout] 
[INFO] [stdout] warning: struct `RainbowVM` is never constructed
[INFO] [stdout]  --> src/vm/mod.rs:7:12
[INFO] [stdout]   |
[INFO] [stdout] 7 | pub struct RainbowVM {
[INFO] [stdout]   |            ^^^^^^^^^
[INFO] [stdout]   |
[INFO] [stdout]   = note: `#[warn(dead_code)]` (part of `#[warn(unused)]`) on by default
[INFO] [stdout] 
[INFO] [stdout] 
[INFO] [stdout] warning: methods `resolve` and `resolve_optional` are never used
[INFO] [stdout]   --> src/vm/methods.rs:11:12
[INFO] [stdout]    |
[INFO] [stdout] 10 | impl RainbowVM {
[INFO] [stdout]    | -------------- methods in this implementation
[INFO] [stdout] 11 |     pub fn resolve(&self, path: &[String]) -> Value {
[INFO] [stdout]    |            ^^^^^^^
[INFO] [stdout] ...
[INFO] [stdout] 14 |     pub(crate) fn resolve_optional(&self, path: &[String]) -> Option<Value> {
[INFO] [stdout]    |                   ^^^^^^^^^^^^^^^^
[INFO] [stdout] 
[INFO] [stdout] 
[INFO] [stderr]     Finished `release` profile [optimized] target(s) in 0.58s
[INFO] running `Command { std: "docker" "inspect" "6a2f77578510726893d2e96ae6bd43239ee5c1e7407df11cd6355a4f8dfdd16b", kill_on_drop: false }`
[INFO] running `Command { std: "docker" "exec" "-e" "SOURCE_DIR=/opt/rustwide/workdir" "-e" "CARGO_HOME=/opt/rustwide/cargo-home" "-e" "RUSTUP_HOME=/opt/rustwide/rustup-home" "-e" "CARGO_TARGET_DIR=/opt/rustwide/target" "-e" "CARGO_INCREMENTAL=0" "-e" "RUST_BACKTRACE=full" "-e" "RUSTFLAGS=--cap-lints=warn" "-e" "RUSTDOCFLAGS=--cap-lints=warn" "-w" "/opt/rustwide/workdir" "--user" "0:0" "6a2f77578510726893d2e96ae6bd43239ee5c1e7407df11cd6355a4f8dfdd16b" "/opt/rustwide/cargo-home/bin/cargo" "+1.99.0-beta.8" "test" "--frozen" "--release", kill_on_drop: false }`
[INFO] [stderr] warning: unused import: `Display`
[INFO] [stderr]  --> src/renderer/mod.rs:6:23
[INFO] [stderr]   |
[INFO] [stderr] 6 | use std::fmt::{Debug, Display};
[INFO] [stderr]   |                       ^^^^^^^
[INFO] [stderr]   |
[INFO] [stderr]   = note: `#[warn(unused_imports)]` (part of `#[warn(unused)]`) on by default
[INFO] [stderr] 
[INFO] [stderr] warning: unreachable expression
[INFO] [stderr]    --> src/vm/parser.rs:105:9
[INFO] [stderr]     |
[INFO] [stderr] 105 |         return todo!();
[INFO] [stderr]     |         ^^^^^^^-------
[INFO] [stderr]     |         |      |
[INFO] [stderr]     |         |      any code following this expression is unreachable
[INFO] [stderr]     |         unreachable expression
[INFO] [stderr]     |
[INFO] [stderr]     = note: `#[warn(unreachable_code)]` (part of `#[warn(unused)]`) on by default
[INFO] [stderr] 
[INFO] [stderr] warning: unused variable: `f`
[INFO] [stderr]  --> src/schema/value.rs:6:19
[INFO] [stderr]   |
[INFO] [stderr] 6 |     fn fmt(&self, f: &mut Formatter<'_>) -> std::fmt::Result {
[INFO] [stderr]   |                   ^ help: if this is intentional, prefix it with an underscore: `_f`
[INFO] [stderr]   |
[INFO] [stderr]   = note: `#[warn(unused_variables)]` (part of `#[warn(unused)]`) on by default
[INFO] [stderr] 
[INFO] [stderr] warning: unused variable: `schema`
[INFO] [stderr]   --> src/vm/methods.rs:16:13
[INFO] [stderr]    |
[INFO] [stderr] 16 |         let schema = self.schemas.get(path.next()?)?;
[INFO] [stderr]    |             ^^^^^^ help: if this is intentional, prefix it with an underscore: `_schema`
[INFO] [stderr] 
[INFO] [stderr] warning: unused variable: `ctx`
[INFO] [stderr]   --> src/vm/parser.rs:88:37
[INFO] [stderr]    |
[INFO] [stderr] 88 |     fn eval_object(o: RangedObject, ctx: &mut SchemaContext) -> Result<Self> {
[INFO] [stderr]    |                                     ^^^ help: if this is intentional, prefix it with an underscore: `_ctx`
[INFO] [stderr] 
[INFO] [stderr] warning: unused variable: `v`
[INFO] [stderr]   --> src/vm/parser.rs:97:36
[INFO] [stderr]    |
[INFO] [stderr] 97 |                 RangedValue::Array(v) => {
[INFO] [stderr]    |                                    ^ help: if this is intentional, prefix it with an underscore: `_v`
[INFO] [stderr] 
[INFO] [stderr] warning: unused variable: `v`
[INFO] [stderr]    --> src/vm/parser.rs:101:37
[INFO] [stderr]     |
[INFO] [stderr] 101 |                 RangedValue::Object(v) => todo!(),
[INFO] [stderr]     |                                     ^ help: if this is intentional, prefix it with an underscore: `_v`
[INFO] [stderr] 
[INFO] [stderr] warning: struct `RainbowVM` is never constructed
[INFO] [stderr]  --> src/vm/mod.rs:7:12
[INFO] [stderr]   |
[INFO] [stderr] 7 | pub struct RainbowVM {
[INFO] [stderr]   |            ^^^^^^^^^
[INFO] [stderr]   |
[INFO] [stderr]   = note: `#[warn(dead_code)]` (part of `#[warn(unused)]`) on by default
[INFO] [stderr] 
[INFO] [stderr] warning: methods `resolve` and `resolve_optional` are never used
[INFO] [stderr]   --> src/vm/methods.rs:11:12
[INFO] [stderr]    |
[INFO] [stderr] 10 | impl RainbowVM {
[INFO] [stderr]    | -------------- methods in this implementation
[INFO] [stderr] 11 |     pub fn resolve(&self, path: &[String]) -> Value {
[INFO] [stderr]    |            ^^^^^^^
[INFO] [stderr] ...
[INFO] [stderr] 14 |     pub(crate) fn resolve_optional(&self, path: &[String]) -> Option<Value> {
[INFO] [stderr]    |                   ^^^^^^^^^^^^^^^^
[INFO] [stderr] 
[INFO] [stderr] warning: `rainbow-core` (lib) generated 9 warnings (run `cargo fix --lib -p rainbow-core` to apply 6 suggestions)
[INFO] [stderr] warning: `rainbow-core` (lib test) generated 9 warnings (9 duplicates)
[INFO] [stderr]     Finished `release` profile [optimized] target(s) in 0.06s
[INFO] [stderr]      Running unittests src/lib.rs (/opt/rustwide/target/release/deps/rainbow_core-252df3f922981d74)
[INFO] [stdout] 
[INFO] [stdout] running 0 tests
[INFO] [stdout] 
[INFO] [stdout] test result: ok. 0 passed; 0 failed; 0 ignored; 0 measured; 0 filtered out; finished in 0.00s
[INFO] [stdout] 
[INFO] [stderr]      Running tests/main.rs (/opt/rustwide/target/release/deps/main-91e5f593d6fe771b)
[INFO] [stdout] 
[INFO] [stdout] running 2 tests
[INFO] [stdout] test ready ... ok
[INFO] [stdout] test test_parser::parse ... FAILED
[INFO] [stdout] 
[INFO] [stdout] failures:
[INFO] [stdout] 
[INFO] [stdout] ---- test_parser::parse stdout ----
[INFO] [stdout] 
[INFO] [stdout] thread 'test_parser::parse' (404) panicked at src/vm/parser.rs:105:16:
[INFO] [stdout] not yet implemented
[INFO] [stdout] stack backtrace:
[INFO] [stdout]    0:     0x63917b74ad01 - <<std[70759c8f55707aa4]::sys::backtrace::BacktraceLock>::print::DisplayBacktrace as core[df12db4294e9bfd3]::fmt::Display>::fmt
[INFO] [stdout]    1:     0x63917b76063a - core[df12db4294e9bfd3]::fmt::write
[INFO] [stdout]    2:     0x63917b74f19c - <alloc[2182bb758b4b3781]::vec::Vec<u8> as core[df12db4294e9bfd3]::io::write::Write>::write_fmt
[INFO] [stdout]    3:     0x63917b727246 - std[70759c8f55707aa4]::panicking::default_hook::{closure#0}
[INFO] [stdout]    4:     0x63917b7433b9 - std[70759c8f55707aa4]::panicking::default_hook
[INFO] [stdout]    5:     0x63917b5f3950 - test[9d35eded1c95d3be]::test_main_inner::<test[9d35eded1c95d3be]::test_main_static::{closure#0}>::{closure#0}
[INFO] [stdout]    6:     0x63917b743572 - std[70759c8f55707aa4]::panicking::panic_with_hook
[INFO] [stdout]    7:     0x63917b727324 - std[70759c8f55707aa4]::panicking::panic_handler::{closure#0}
[INFO] [stdout]    8:     0x63917b720079 - std[70759c8f55707aa4]::sys::backtrace::__rust_end_short_backtrace::<std[70759c8f55707aa4]::panicking::panic_handler::{closure#0}, !>
[INFO] [stdout]    9:     0x63917b727eed - __rustc[8fa7c3cbc660c2b3]::rust_begin_unwind
[INFO] [stdout]   10:     0x63917b760e1c - core[df12db4294e9bfd3]::panicking::panic_fmt
[INFO] [stdout]   11:     0x63917b760de2 - core[df12db4294e9bfd3]::panicking::panic
[INFO] [stdout]   12:     0x63917b628f91 - <rainbow_core[4d99e1556d650185]::schema::Schema as core[df12db4294e9bfd3]::convert::TryFrom<rainbow_pest[86c923de606db2d8]::ast::ASTProgram>>::try_from
[INFO] [stdout]   13:     0x63917b629e52 - <rainbow_core[4d99e1556d650185]::schema::Schema as core[df12db4294e9bfd3]::str::traits::FromStr>::from_str
[INFO] [stdout]   14:     0x63917b5e6ab2 - <main[16c32eb4733a11fc]::test_parser::parse::{closure#0} as core[df12db4294e9bfd3]::ops::function::FnOnce<()>>::call_once
[INFO] [stdout]   15:     0x63917b5e6c3b - test[9d35eded1c95d3be]::__rust_begin_short_backtrace::<core[df12db4294e9bfd3]::result::Result<(), alloc[2182bb758b4b3781]::string::String>, fn() -> core[df12db4294e9bfd3]::result::Result<(), alloc[2182bb758b4b3781]::string::String>>
[INFO] [stdout]   16:     0x63917b5f42a5 - test[9d35eded1c95d3be]::run_test::{closure#0}
[INFO] [stdout]   17:     0x63917b5edb64 - std[70759c8f55707aa4]::sys::backtrace::__rust_begin_short_backtrace::<test[9d35eded1c95d3be]::run_test::{closure#1}, ()>
[INFO] [stdout]   18:     0x63917b5f7402 - <std[70759c8f55707aa4]::thread::lifecycle::spawn_unchecked<test[9d35eded1c95d3be]::run_test::{closure#1}, ()>::{closure#1} as core[df12db4294e9bfd3]::ops::function::FnOnce<()>>::call_once::{shim:vtable#0}
[INFO] [stdout]   19:     0x63917b74a5d9 - <std[70759c8f55707aa4]::sys::thread::unix::Thread>::new::thread_start
[INFO] [stdout]   20:     0x714fe6893dfa - <unknown>
[INFO] [stdout]   21:     0x714fe69273d4 - clone
[INFO] [stdout]   22:                0x0 - <unknown>
[INFO] [stdout] 
[INFO] [stdout] 
[INFO] [stdout] failures:
[INFO] [stdout]     test_parser::parse
[INFO] [stdout] 
[INFO] [stdout] test result: FAILED. 1 passed; 1 failed; 0 ignored; 0 measured; 0 filtered out; finished in 0.01s
[INFO] [stdout] 
[INFO] [stderr] error: test failed, to rerun pass `--test main`
[INFO] running `Command { std: "docker" "inspect" "6a2f77578510726893d2e96ae6bd43239ee5c1e7407df11cd6355a4f8dfdd16b", kill_on_drop: false }`
[INFO] running `Command { std: "docker" "rm" "-f" "6a2f77578510726893d2e96ae6bd43239ee5c1e7407df11cd6355a4f8dfdd16b", kill_on_drop: false }`
[INFO] [stdout] 6a2f77578510726893d2e96ae6bd43239ee5c1e7407df11cd6355a4f8dfdd16b
