[INFO] fetching crate raiju-mcp 0.4.1...
[INFO] testing raiju-mcp-0.4.1 against 1.99.0-beta.8+cargoflags=--release for beta-release-1.100-2
[INFO] extracting crate raiju-mcp 0.4.1 into /workspace/builds/worker-3-tc1/source
[INFO] started tweaking crates.io crate raiju-mcp 0.4.1
[INFO] removed 0 missing tests
[INFO] finished tweaking crates.io crate raiju-mcp 0.4.1
[INFO] tweaked toml for crates.io crate raiju-mcp 0.4.1 written to /workspace/builds/worker-3-tc1/source/Cargo.toml
[INFO] validating manifest of crates.io crate raiju-mcp 0.4.1 on toolchain 1.99.0-beta.8
[INFO] running `Command { std: CARGO_HOME="/workspace/cargo-home" RUSTUP_HOME="/workspace/rustup-home" "/workspace/cargo-home/bin/cargo" "+1.99.0-beta.8" "metadata" "--manifest-path" "Cargo.toml" "--no-deps", kill_on_drop: false }`
[INFO] crate crates.io crate raiju-mcp 0.4.1 already has a lockfile, it will not be regenerated
[INFO] running `Command { std: CARGO_HOME="/workspace/cargo-home" RUSTUP_HOME="/workspace/rustup-home" "/workspace/cargo-home/bin/cargo" "+1.99.0-beta.8" "fetch" "--manifest-path" "Cargo.toml", kill_on_drop: false }`
[INFO] [stderr]     Updating crates.io index
[INFO] [stderr]  Downloading crates ...
[INFO] [stderr]   Downloaded raiju v0.4.1
[INFO] running `Command { std: "docker" "create" "-v" "/var/lib/crater-agent-workspace/builds/worker-3-tc1/source:/opt/rustwide/workdir:ro,Z" "-v" "/var/lib/crater-agent-workspace/builds/worker-3-tc1/target:/opt/rustwide/target:rw,Z" "-v" "/var/lib/crater-agent-workspace/cargo-home:/opt/rustwide/cargo-home:ro,Z" "-v" "/var/lib/crater-agent-workspace/rustup-home:/opt/rustwide/rustup-home:ro,Z" "-m" "1610612736" "--network" "none" "ghcr.io/rust-lang/crates-build-env/linux@sha256:77db811e55d90add9212f6832c23229e3de5f1c1f9905e8cb07319ea15df73ac" "sleep" "infinity", kill_on_drop: false }`
[INFO] [stdout] 0390f95d320fb649a53ee3e415aabca0c5c33bac79e02bfbee06c6f5fac352f0
[INFO] running `Command { std: "docker" "start" "0390f95d320fb649a53ee3e415aabca0c5c33bac79e02bfbee06c6f5fac352f0", kill_on_drop: false }`
[INFO] running `Command { std: "docker" "inspect" "0390f95d320fb649a53ee3e415aabca0c5c33bac79e02bfbee06c6f5fac352f0", kill_on_drop: false }`
[INFO] running `Command { std: "docker" "exec" "-e" "SOURCE_DIR=/opt/rustwide/workdir" "-e" "CARGO_HOME=/opt/rustwide/cargo-home" "-e" "RUSTUP_HOME=/opt/rustwide/rustup-home" "-e" "CARGO_TARGET_DIR=/opt/rustwide/target" "-w" "/opt/rustwide/workdir" "--user" "0:0" "0390f95d320fb649a53ee3e415aabca0c5c33bac79e02bfbee06c6f5fac352f0" "/opt/rustwide/cargo-home/bin/cargo" "+1.99.0-beta.8" "metadata" "--no-deps" "--format-version=1", kill_on_drop: false }`
[INFO] running `Command { std: "docker" "inspect" "0390f95d320fb649a53ee3e415aabca0c5c33bac79e02bfbee06c6f5fac352f0", kill_on_drop: false }`
[INFO] running `Command { std: "docker" "exec" "-e" "SOURCE_DIR=/opt/rustwide/workdir" "-e" "CARGO_HOME=/opt/rustwide/cargo-home" "-e" "RUSTUP_HOME=/opt/rustwide/rustup-home" "-e" "CARGO_TARGET_DIR=/opt/rustwide/target" "-e" "CARGO_INCREMENTAL=0" "-e" "RUST_BACKTRACE=full" "-e" "RUSTFLAGS=--cap-lints=warn" "-e" "RUSTDOCFLAGS=--cap-lints=warn" "-w" "/opt/rustwide/workdir" "--user" "0:0" "0390f95d320fb649a53ee3e415aabca0c5c33bac79e02bfbee06c6f5fac352f0" "/opt/rustwide/cargo-home/bin/cargo" "+1.99.0-beta.8" "build" "--frozen" "--message-format=json" "--release", kill_on_drop: false }`
[INFO] [stderr]    Compiling syn v2.0.117
[INFO] [stderr]    Compiling libc v0.2.183
[INFO] [stderr]    Compiling aws-lc-rs v1.16.2
[INFO] [stderr]    Compiling mio v1.1.1
[INFO] [stderr]    Compiling rustls v0.23.37
[INFO] [stderr]    Compiling zerocopy v0.8.47
[INFO] [stderr]    Compiling getrandom v0.2.17
[INFO] [stderr]    Compiling rustls-native-certs v0.8.3
[INFO] [stderr]    Compiling iri-string v0.7.11
[INFO] [stderr]    Compiling getrandom v0.4.2
[INFO] [stderr]    Compiling rand_core v0.6.4
[INFO] [stderr]    Compiling rand v0.10.0
[INFO] [stderr]    Compiling tokio v1.50.0
[INFO] [stderr]    Compiling jobserver v0.1.34
[INFO] [stderr]    Compiling cc v1.2.57
[INFO] [stderr]    Compiling synstructure v0.13.2
[INFO] [stderr]    Compiling cmake v0.1.57
[INFO] [stderr]    Compiling secp256k1-sys v0.10.1
[INFO] [stderr]    Compiling aws-lc-sys v0.39.0
[INFO] [stderr]    Compiling zerovec-derive v0.11.2
[INFO] [stderr]    Compiling displaydoc v0.2.5
[INFO] [stderr]    Compiling serde_derive v1.0.228
[INFO] [stderr]    Compiling zerofrom-derive v0.1.6
[INFO] [stderr]    Compiling yoke-derive v0.8.1
[INFO] [stderr]    Compiling zerofrom v0.1.6
[INFO] [stderr]    Compiling yoke v0.8.1
[INFO] [stderr]    Compiling zerotrie v0.2.3
[INFO] [stderr]    Compiling zerovec v0.11.5
[INFO] [stderr]    Compiling tinystr v0.8.2
[INFO] [stderr]    Compiling potential_utf v0.1.4
[INFO] [stderr]    Compiling icu_locale_core v2.1.1
[INFO] [stderr]    Compiling icu_collections v2.1.1
[INFO] [stderr]    Compiling icu_provider v2.1.1
[INFO] [stderr]    Compiling ppv-lite86 v0.2.21
[INFO] [stderr]    Compiling tokio-util v0.7.18
[INFO] [stderr]    Compiling icu_normalizer v2.1.1
[INFO] [stderr]    Compiling icu_properties v2.1.2
[INFO] [stderr]    Compiling rand_chacha v0.3.1
[INFO] [stderr]    Compiling tower v0.5.3
[INFO] [stderr]    Compiling serde v1.0.228
[INFO] [stderr]    Compiling rand v0.8.5
[INFO] [stderr]    Compiling h2 v0.4.13
[INFO] [stderr]    Compiling tower-http v0.6.8
[INFO] [stderr]    Compiling secp256k1 v0.29.1
[INFO] [stderr]    Compiling idna_adapter v1.2.1
[INFO] [stderr]    Compiling idna v1.1.0
[INFO] [stderr]    Compiling url v2.5.8
[INFO] [stderr]    Compiling hyper v1.8.1
[INFO] [stderr]    Compiling hyper-util v0.1.20
[INFO] [stderr]    Compiling rustls-webpki v0.103.10
[INFO] [stderr]    Compiling tokio-rustls v0.26.4
[INFO] [stderr]    Compiling rustls-platform-verifier v0.6.2
[INFO] [stderr]    Compiling hyper-rustls v0.27.7
[INFO] [stderr]    Compiling reqwest v0.13.2
[INFO] [stderr]    Compiling raiju v0.4.1
[INFO] [stderr]    Compiling raiju-mcp v0.4.1 (/opt/rustwide/workdir)
[INFO] [stderr]     Finished `release` profile [optimized] target(s) in 2m 01s
[INFO] running `Command { std: "docker" "inspect" "0390f95d320fb649a53ee3e415aabca0c5c33bac79e02bfbee06c6f5fac352f0", kill_on_drop: false }`
[INFO] running `Command { std: "docker" "exec" "-e" "SOURCE_DIR=/opt/rustwide/workdir" "-e" "CARGO_HOME=/opt/rustwide/cargo-home" "-e" "RUSTUP_HOME=/opt/rustwide/rustup-home" "-e" "CARGO_TARGET_DIR=/opt/rustwide/target" "-e" "CARGO_INCREMENTAL=0" "-e" "RUST_BACKTRACE=full" "-e" "RUSTFLAGS=--cap-lints=warn" "-e" "RUSTDOCFLAGS=--cap-lints=warn" "-w" "/opt/rustwide/workdir" "--user" "0:0" "0390f95d320fb649a53ee3e415aabca0c5c33bac79e02bfbee06c6f5fac352f0" "/opt/rustwide/cargo-home/bin/cargo" "+1.99.0-beta.8" "test" "--frozen" "--no-run" "--message-format=json" "--release", kill_on_drop: false }`
[INFO] [stderr]    Compiling tower-http v0.6.8
[INFO] [stderr]    Compiling tempfile v3.27.0
[INFO] [stderr]    Compiling reqwest v0.13.2
[INFO] [stderr]    Compiling raiju v0.4.1
[INFO] [stderr]    Compiling raiju-mcp v0.4.1 (/opt/rustwide/workdir)
[INFO] [stderr]     Finished `release` profile [optimized] target(s) in 17.60s
[INFO] running `Command { std: "docker" "inspect" "0390f95d320fb649a53ee3e415aabca0c5c33bac79e02bfbee06c6f5fac352f0", kill_on_drop: false }`
[INFO] running `Command { std: "docker" "exec" "-e" "SOURCE_DIR=/opt/rustwide/workdir" "-e" "CARGO_HOME=/opt/rustwide/cargo-home" "-e" "RUSTUP_HOME=/opt/rustwide/rustup-home" "-e" "CARGO_TARGET_DIR=/opt/rustwide/target" "-e" "CARGO_INCREMENTAL=0" "-e" "RUST_BACKTRACE=full" "-e" "RUSTFLAGS=--cap-lints=warn" "-e" "RUSTDOCFLAGS=--cap-lints=warn" "-w" "/opt/rustwide/workdir" "--user" "0:0" "0390f95d320fb649a53ee3e415aabca0c5c33bac79e02bfbee06c6f5fac352f0" "/opt/rustwide/cargo-home/bin/cargo" "+1.99.0-beta.8" "test" "--frozen" "--release", kill_on_drop: false }`
[INFO] [stderr]     Finished `release` profile [optimized] target(s) in 0.21s
[INFO] [stderr]      Running unittests src/main.rs (/opt/rustwide/target/release/deps/raiju_mcp-dda8fbb8453e9c99)
[INFO] [stdout] 
[INFO] [stdout] running 35 tests
[INFO] [stdout] test tools::tests::build_prediction_event_invalid_hex ... ok
[INFO] [stdout] test tools::tests::build_prediction_event_signature_verifies ... ok
[INFO] [stdout] test tools::tests::build_prediction_event_wrong_key_length ... ok
[INFO] [stdout] test tools::tests::build_prediction_event_derives_correct_pubkey ... ok
[INFO] [stdout] test tools::tests::build_prediction_event_valid_key_produces_event ... ok
[INFO] [stdout] test tools::tests::call_tool_trade_missing_direction ... ok
[INFO] [stdout] test tools::tests::call_tool_deposit_missing_amount_sats ... ok
[INFO] [stdout] test tools::tests::call_tool_trade_missing_shares ... ok
[INFO] [stdout] test tools::tests::market_tools_require_market_id ... ok
[INFO] [stdout] test tools::tests::call_tool_commit_missing_prediction_bps ... ok
[INFO] [stdout] test tools::tests::call_tool_nostr_bind_wrong_key_length ... ok
[INFO] [stdout] test tools::tests::test_audit_h15_tool_count ... ok
[INFO] [stdout] test tools::tests::call_tool_reveal_missing_market_id ... ok
[INFO] [stdout] test tools::tests::call_tool_commit_missing_market_id ... ok
[INFO] [stdout] test tools::tests::call_tool_nostr_bind_missing_secret_key ... ok
[INFO] [stdout] test tools::tests::call_tool_empty_name_returns_error ... ok
[INFO] [stdout] test tools::tests::call_tool_commit_prediction_bps_wrong_type ... ok
[INFO] [stdout] test tools::tests::tool_definitions_no_arg_tools_have_empty_properties ... ok
[INFO] [stdout] test tools::tests::tool_definitions_all_have_required_fields ... ok
[INFO] [stdout] test tools::tests::tool_definitions_no_em_dashes_in_descriptions ... ok
[INFO] [stdout] test tools::tests::tool_definitions_contain_all_expected_tools ... ok
[INFO] [stdout] test tools::tests::tool_definitions_required_fields_are_declared ... ok
[INFO] [stdout] test tools::tests::call_tool_nostr_bind_invalid_hex ... ok
[INFO] [stdout] test tools::tests::tool_definitions_no_prohibited_language ... ok
[INFO] [stdout] test tools::tests::call_tool_commit_prediction_bps_overflow_u16 ... ok
[INFO] [stdout] test tools::tests::call_tool_commit_prediction_bps_out_of_range ... ok
[INFO] [stdout] test tools::tests::call_tool_deposit_missing_market_id ... ok
[INFO] [stdout] test tools::tests::tool_definitions_no_duplicate_names ... ok
[INFO] [stdout] test tools::tests::call_tool_market_detail_missing_market_id ... ok
[INFO] [stdout] test tools::tests::call_tool_commit_prediction_bps_negative ... ok
[INFO] [stdout] test tools::tests::client_strips_trailing_slash_from_base_url ... ok
[INFO] [stdout] test tools::tests::test_audit_commit_retry_same_prediction_preserves_nonce ... ok
[INFO] [stdout] test tools::tests::test_audit_h10_commitment_hash_test_vectors ... ok
[INFO] [stdout] test tools::tests::call_tool_unknown_returns_error ... ok
[INFO] [stdout] test tools::tests::test_commit_different_prediction_generates_new_nonce ... ok
[INFO] [stdout] 
[INFO] [stdout] test result: ok. 35 passed; 0 failed; 0 ignored; 0 measured; 0 filtered out; finished in 0.21s
[INFO] [stdout] 
[INFO] [stderr]      Running tests/protocol_tests.rs (/opt/rustwide/target/release/deps/protocol_tests-b6aef905ca3939a4)
[INFO] [stdout] 
[INFO] [stdout] running 26 tests
[INFO] [stdout] test empty_json_object_returns_error ... FAILED
[INFO] [stdout] test all_responses_have_jsonrpc_2_0 has been running for over 60 seconds
[INFO] [stdout] test empty_lines_are_ignored has been running for over 60 seconds
[INFO] [stdout] test error_response_has_error_no_result has been running for over 60 seconds
[INFO] [stdout] test initialize_preserves_null_id has been running for over 60 seconds
[INFO] [stdout] test initialize_preserves_string_id has been running for over 60 seconds
[INFO] [stdout] test initialize_returns_server_info has been running for over 60 seconds
[INFO] [stdout] test invalid_json_returns_parse_error_32700 has been running for over 60 seconds
[INFO] [stdout] test json_array_returns_parse_error has been running for over 60 seconds
[INFO] [stdout] test multiple_requests_produce_ordered_responses has been running for over 60 seconds
[INFO] [stdout] test notifications_cancelled_produces_no_response has been running for over 60 seconds
[INFO] [stdout] test notifications_prefix_produces_no_response has been running for over 60 seconds
[INFO] [stdout] test parse_error_does_not_kill_the_server has been running for over 60 seconds
[INFO] [stdout] test success_response_has_result_no_error has been running for over 60 seconds
[INFO] [stdout] test tools_call_commit_validates_prediction_bps_range has been running for over 60 seconds
[INFO] [stdout] test tools_call_empty_tool_name_returns_error_in_content has been running for over 60 seconds
[INFO] [stdout] test tools_call_commit_validates_prediction_bps_range ... ok
[INFO] [stdout] test success_response_has_result_no_error ... ok
[INFO] [stdout] test multiple_requests_produce_ordered_responses ... ok
[INFO] [stdout] test parse_error_does_not_kill_the_server ... ok
[INFO] [stdout] test all_responses_have_jsonrpc_2_0 ... ok
[INFO] [stdout] test notifications_cancelled_produces_no_response ... ok
[INFO] [stdout] test invalid_json_returns_parse_error_32700 ... ok
[INFO] [stdout] test error_response_has_error_no_result ... ok
[INFO] [stdout] test initialize_returns_server_info ... ok
[INFO] [stdout] test tools_call_empty_tool_name_returns_error_in_content ... ok
[INFO] [stdout] test initialize_preserves_string_id ... ok
[INFO] [stdout] test initialize_preserves_null_id ... ok
[INFO] [stdout] test json_array_returns_parse_error ... ok
[INFO] [stdout] test notifications_prefix_produces_no_response ... ok
[INFO] [stdout] test empty_lines_are_ignored ... ok
[INFO] [stdout] test tools_call_missing_arguments_defaults_to_empty_object ... ok
[INFO] [stdout] test tools_call_unknown_tool_returns_error_in_content ... ok
[INFO] [stdout] test tools_call_missing_name_uses_empty_string ... ok
[INFO] [stdout] test tools_list_commit_does_not_expose_nostr_secret_key ... ok
[INFO] [stdout] test tools_list_contains_critical_tools ... ok
[INFO] [stdout] test unknown_method_includes_method_name_in_error ... ok
[INFO] [stdout] test tools_list_reveal_and_bind_do_not_expose_nostr_secret_key ... ok
[INFO] [stdout] test tools_list_returns_tool_definitions ... ok
[INFO] [stdout] test truncated_json_returns_parse_error ... ok
[INFO] [stdout] test unknown_method_returns_error_32601 ... ok
[INFO] [stdout] 
[INFO] [stdout] failures:
[INFO] [stdout] 
[INFO] [stdout] ---- empty_json_object_returns_error stdout ----
[INFO] [stdout] 
[INFO] [stdout] thread 'empty_json_object_returns_error' (2581) panicked at tests/protocol_tests.rs:38:9:
[INFO] [stdout] failed to parse JSON-RPC response: EOF while parsing a value at line 1 column 0
[INFO] [stdout] raw output: 
[INFO] [stdout] stack backtrace:
[INFO] [stdout]    0:     0x645366eaf591 - <<std[70759c8f55707aa4]::sys::backtrace::BacktraceLock>::print::DisplayBacktrace as core[df12db4294e9bfd3]::fmt::Display>::fmt
[INFO] [stdout]    1:     0x645366ec41da - core[df12db4294e9bfd3]::fmt::write
[INFO] [stdout]    2:     0x645366eb3a9c - <alloc[2182bb758b4b3781]::vec::Vec<u8> as core[df12db4294e9bfd3]::io::write::Write>::write_fmt
[INFO] [stdout]    3:     0x645366e8b6f6 - std[70759c8f55707aa4]::panicking::default_hook::{closure#0}
[INFO] [stdout]    4:     0x645366ea7cf9 - std[70759c8f55707aa4]::panicking::default_hook
[INFO] [stdout]    5:     0x645366e43ca0 - test[9d35eded1c95d3be]::test_main_inner::<test[9d35eded1c95d3be]::test_main_static::{closure#0}>::{closure#0}
[INFO] [stdout]    6:     0x645366ea7eb2 - std[70759c8f55707aa4]::panicking::panic_with_hook
[INFO] [stdout]    7:     0x645366e8b7a2 - std[70759c8f55707aa4]::panicking::panic_handler::{closure#0}
[INFO] [stdout]    8:     0x645366e84529 - std[70759c8f55707aa4]::sys::backtrace::__rust_end_short_backtrace::<std[70759c8f55707aa4]::panicking::panic_handler::{closure#0}, !>
[INFO] [stdout]    9:     0x645366e8c39d - __rustc[8fa7c3cbc660c2b3]::rust_begin_unwind
[INFO] [stdout]   10:     0x645366ec490c - core[df12db4294e9bfd3]::panicking::panic_fmt
[INFO] [stdout]   11:     0x645366e2674a - protocol_tests[bf3ebb49687a6309]::send_and_parse::{closure#0}
[INFO] [stdout]   12:     0x645366e26d16 - protocol_tests[bf3ebb49687a6309]::send_and_parse
[INFO] [stdout]   13:     0x645366e28473 - <protocol_tests[bf3ebb49687a6309]::empty_json_object_returns_error::{closure#0} as core[df12db4294e9bfd3]::ops::function::FnOnce<()>>::call_once
[INFO] [stdout]   14:     0x645366e36f8b - test[9d35eded1c95d3be]::__rust_begin_short_backtrace::<core[df12db4294e9bfd3]::result::Result<(), alloc[2182bb758b4b3781]::string::String>, fn() -> core[df12db4294e9bfd3]::result::Result<(), alloc[2182bb758b4b3781]::string::String>>
[INFO] [stdout]   15:     0x645366e445f5 - test[9d35eded1c95d3be]::run_test::{closure#0}
[INFO] [stdout]   16:     0x645366e3deb4 - std[70759c8f55707aa4]::sys::backtrace::__rust_begin_short_backtrace::<test[9d35eded1c95d3be]::run_test::{closure#1}, ()>
[INFO] [stdout]   17:     0x645366e47752 - <std[70759c8f55707aa4]::thread::lifecycle::spawn_unchecked<test[9d35eded1c95d3be]::run_test::{closure#1}, ()>::{closure#1} as core[df12db4294e9bfd3]::ops::function::FnOnce<()>>::call_once::{shim:vtable#0}
[INFO] [stdout]   18:     0x645366eaee69 - <std[70759c8f55707aa4]::sys::thread::unix::Thread>::new::thread_start
[INFO] [stdout]   19:     0x710ac8e49dfa - <unknown>
[INFO] [stdout]   20:     0x710ac8edd3d4 - clone
[INFO] [stdout]   21:                0x0 - <unknown>
[INFO] [stdout] 
[INFO] [stdout] 
[INFO] [stdout] failures:
[INFO] [stdout]     empty_json_object_returns_error
[INFO] [stdout] 
[INFO] [stdout] test result: FAILED. 25 passed; 1 failed; 0 ignored; 0 measured; 0 filtered out; finished in 75.08s
[INFO] [stdout] 
[INFO] [stderr] error: test failed, to rerun pass `--test protocol_tests`
[INFO] running `Command { std: "docker" "inspect" "0390f95d320fb649a53ee3e415aabca0c5c33bac79e02bfbee06c6f5fac352f0", kill_on_drop: false }`
[INFO] running `Command { std: "docker" "rm" "-f" "0390f95d320fb649a53ee3e415aabca0c5c33bac79e02bfbee06c6f5fac352f0", kill_on_drop: false }`
[INFO] [stdout] 0390f95d320fb649a53ee3e415aabca0c5c33bac79e02bfbee06c6f5fac352f0
