[INFO] fetching crate rag-toolchain 0.1.9...
[INFO] testing rag-toolchain-0.1.9 against 1.100.0-beta.1+cargoflags=--release for beta-release-1.100-2
[INFO] extracting crate rag-toolchain 0.1.9 into /workspace/builds/worker-6-tc2/source
[INFO] started tweaking crates.io crate rag-toolchain 0.1.9
[INFO] removed 0 missing examples
[INFO] removed 0 missing tests
[INFO] finished tweaking crates.io crate rag-toolchain 0.1.9
[INFO] tweaked toml for crates.io crate rag-toolchain 0.1.9 written to /workspace/builds/worker-6-tc2/source/Cargo.toml
[INFO] validating manifest of crates.io crate rag-toolchain 0.1.9 on toolchain 1.100.0-beta.1
[INFO] running `Command { std: CARGO_HOME="/workspace/cargo-home" RUSTUP_HOME="/workspace/rustup-home" "/workspace/cargo-home/bin/cargo" "+1.100.0-beta.1" "metadata" "--manifest-path" "Cargo.toml" "--no-deps", kill_on_drop: false }`
[INFO] crate crates.io crate rag-toolchain 0.1.9 already has a lockfile, it will not be regenerated
[INFO] running `Command { std: CARGO_HOME="/workspace/cargo-home" RUSTUP_HOME="/workspace/rustup-home" "/workspace/cargo-home/bin/cargo" "+1.100.0-beta.1" "fetch" "--manifest-path" "Cargo.toml", kill_on_drop: false }`
[INFO] [stderr]     Blocking waiting for file lock on package cache
[INFO] running `Command { std: "docker" "create" "-v" "/var/lib/crater-agent-workspace/builds/worker-6-tc2/source:/opt/rustwide/workdir:ro,Z" "-v" "/var/lib/crater-agent-workspace/builds/worker-6-tc2/target:/opt/rustwide/target:rw,Z" "-v" "/var/lib/crater-agent-workspace/cargo-home:/opt/rustwide/cargo-home:ro,Z" "-v" "/var/lib/crater-agent-workspace/rustup-home:/opt/rustwide/rustup-home:ro,Z" "-m" "1610612736" "--network" "none" "ghcr.io/rust-lang/crates-build-env/linux@sha256:77db811e55d90add9212f6832c23229e3de5f1c1f9905e8cb07319ea15df73ac" "sleep" "infinity", kill_on_drop: false }`
[INFO] [stdout] dcfdedc66582fdde4a2458d3cdc7d03baa8669c75c1dbdda46d9d01874518148
[INFO] running `Command { std: "docker" "start" "dcfdedc66582fdde4a2458d3cdc7d03baa8669c75c1dbdda46d9d01874518148", kill_on_drop: false }`
[INFO] running `Command { std: "docker" "inspect" "dcfdedc66582fdde4a2458d3cdc7d03baa8669c75c1dbdda46d9d01874518148", kill_on_drop: false }`
[INFO] running `Command { std: "docker" "exec" "-e" "SOURCE_DIR=/opt/rustwide/workdir" "-e" "CARGO_HOME=/opt/rustwide/cargo-home" "-e" "RUSTUP_HOME=/opt/rustwide/rustup-home" "-e" "CARGO_TARGET_DIR=/opt/rustwide/target" "-w" "/opt/rustwide/workdir" "--user" "0:0" "dcfdedc66582fdde4a2458d3cdc7d03baa8669c75c1dbdda46d9d01874518148" "/opt/rustwide/cargo-home/bin/cargo" "+1.100.0-beta.1" "metadata" "--no-deps" "--format-version=1", kill_on_drop: false }`
[INFO] running `Command { std: "docker" "inspect" "dcfdedc66582fdde4a2458d3cdc7d03baa8669c75c1dbdda46d9d01874518148", kill_on_drop: false }`
[INFO] running `Command { std: "docker" "exec" "-e" "SOURCE_DIR=/opt/rustwide/workdir" "-e" "CARGO_HOME=/opt/rustwide/cargo-home" "-e" "RUSTUP_HOME=/opt/rustwide/rustup-home" "-e" "CARGO_TARGET_DIR=/opt/rustwide/target" "-e" "CARGO_INCREMENTAL=0" "-e" "RUST_BACKTRACE=full" "-e" "RUSTFLAGS=--cap-lints=warn" "-e" "RUSTDOCFLAGS=--cap-lints=warn" "-w" "/opt/rustwide/workdir" "--user" "0:0" "dcfdedc66582fdde4a2458d3cdc7d03baa8669c75c1dbdda46d9d01874518148" "/opt/rustwide/cargo-home/bin/cargo" "+1.100.0-beta.1" "build" "--frozen" "--message-format=json" "--release", kill_on_drop: false }`
[INFO] [stderr]    Compiling proc-macro2 v1.0.82
[INFO] [stderr]    Compiling libc v0.2.154
[INFO] [stderr]    Compiling serde v1.0.201
[INFO] [stderr]    Compiling typenum v1.17.0
[INFO] [stderr]    Compiling memchr v2.7.2
[INFO] [stderr]    Compiling pin-project-lite v0.2.14
[INFO] [stderr]    Compiling cc v1.1.21
[INFO] [stderr]    Compiling generic-array v0.14.7
[INFO] [stderr]    Compiling ahash v0.8.11
[INFO] [stderr]    Compiling bytes v1.6.0
[INFO] [stderr]    Compiling crossbeam-utils v0.8.19
[INFO] [stderr]    Compiling lock_api v0.4.12
[INFO] [stderr]    Compiling slab v0.4.9
[INFO] [stderr]    Compiling num-traits v0.2.19
[INFO] [stderr]    Compiling serde_json v1.0.117
[INFO] [stderr]    Compiling zerocopy v0.7.34
[INFO] [stderr]    Compiling allocator-api2 v0.2.18
[INFO] [stderr]    Compiling thiserror v1.0.61
[INFO] [stderr]    Compiling log v0.4.21
[INFO] [stderr]    Compiling rustls v0.23.13
[INFO] [stderr]    Compiling subtle v2.5.0
[INFO] [stderr]    Compiling tracing-core v0.1.32
[INFO] [stderr]    Compiling equivalent v1.0.1
[INFO] [stderr]    Compiling tinyvec v1.6.0
[INFO] [stderr]    Compiling rustls-pki-types v1.7.0
[INFO] [stderr]    Compiling unicode-normalization v0.1.23
[INFO] [stderr]    Compiling unicode-bidi v0.3.15
[INFO] [stderr]    Compiling hashbrown v0.14.5
[INFO] [stderr]    Compiling quote v1.0.36
[INFO] [stderr]    Compiling socket2 v0.5.7
[INFO] [stderr]    Compiling mio v1.0.2
[INFO] [stderr]    Compiling signal-hook-registry v1.4.2
[INFO] [stderr]    Compiling getrandom v0.2.15
[INFO] [stderr]    Compiling syn v2.0.62
[INFO] [stderr]    Compiling bitflags v2.6.0
[INFO] [stderr]    Compiling spin v0.9.8
[INFO] [stderr]    Compiling http v1.1.0
[INFO] [stderr]    Compiling form_urlencoded v1.2.1
[INFO] [stderr]    Compiling percent-encoding v2.3.1
[INFO] [stderr]    Compiling ring v0.17.8
[INFO] [stderr]    Compiling openssl-sys v0.9.102
[INFO] [stderr]    Compiling nom v7.1.3
[INFO] [stderr]    Compiling crypto-common v0.1.6
[INFO] [stderr]    Compiling block-buffer v0.10.4
[INFO] [stderr]    Compiling indexmap v2.2.6
[INFO] [stderr]    Compiling digest v0.10.7
[INFO] [stderr]    Compiling idna v0.5.0
[INFO] [stderr]    Compiling tokio v1.40.0
[INFO] [stderr]    Compiling rand_core v0.6.4
[INFO] [stderr]    Compiling concurrent-queue v2.5.0
[INFO] [stderr]    Compiling httparse v1.8.0
[INFO] [stderr]    Compiling ryu v1.0.18
[INFO] [stderr]    Compiling openssl v0.10.64
[INFO] [stderr]    Compiling zeroize v1.7.0
[INFO] [stderr]    Compiling cpufeatures v0.2.12
[INFO] [stderr]    Compiling unicode_categories v0.1.1
[INFO] [stderr]    Compiling itoa v1.0.11
[INFO] [stderr]    Compiling rustix v0.38.34
[INFO] [stderr]    Compiling futures-util v0.3.31
[INFO] [stderr]    Compiling sha2 v0.10.8
[INFO] [stderr]    Compiling url v2.5.0
[INFO] [stderr]    Compiling event-listener v5.3.1
[INFO] [stderr]    Compiling rustls-pemfile v2.1.2
[INFO] [stderr]    Compiling atoi v2.0.0
[INFO] [stderr]    Compiling rand_chacha v0.3.1
[INFO] [stderr]    Compiling crc v3.2.1
[INFO] [stderr]    Compiling hashlink v0.9.1
[INFO] [stderr]    Compiling http-body v1.0.0
[INFO] [stderr]    Compiling hmac v0.12.1
[INFO] [stderr]    Compiling crossbeam-queue v0.3.11
[INFO] [stderr]    Compiling webpki-roots v0.26.3
[INFO] [stderr]    Compiling native-tls v0.2.11
[INFO] [stderr]    Compiling byteorder v1.5.0
[INFO] [stderr]    Compiling finl_unicode v1.2.0
[INFO] [stderr]    Compiling hkdf v0.12.4
[INFO] [stderr]    Compiling rand v0.8.5
[INFO] [stderr]    Compiling md-5 v0.10.6
[INFO] [stderr]    Compiling stringprep v0.1.4
[INFO] [stderr]    Compiling aho-corasick v1.1.3
[INFO] [stderr]    Compiling fastrand v2.1.0
[INFO] [stderr]    Compiling openssl-probe v0.1.5
[INFO] [stderr]    Compiling tower-layer v0.3.2
[INFO] [stderr]    Compiling tower-service v0.3.2
[INFO] [stderr]    Compiling whoami v1.5.1
[INFO] [stderr]    Compiling regex-syntax v0.8.3
[INFO] [stderr]    Compiling http-body-util v0.1.1
[INFO] [stderr]    Compiling home v0.5.9
[INFO] [stderr]    Compiling bit-vec v0.6.3
[INFO] [stderr]    Compiling anyhow v1.0.83
[INFO] [stderr]    Compiling bit-set v0.5.3
[INFO] [stderr]    Compiling encoding_rs v0.8.34
[INFO] [stderr]    Compiling sync_wrapper v1.0.1
[INFO] [stderr]    Compiling ipnet v2.9.0
[INFO] [stderr]    Compiling eventsource-stream v0.2.3
[INFO] [stderr]    Compiling futures-timer v3.0.3
[INFO] [stderr]    Compiling dotenv v0.15.0
[INFO] [stderr]    Compiling rustls-webpki v0.102.8
[INFO] [stderr]    Compiling tempfile v3.10.1
[INFO] [stderr]    Compiling regex-automata v0.4.6
[INFO] [stderr]    Compiling serde_derive v1.0.201
[INFO] [stderr]    Compiling tracing-attributes v0.1.27
[INFO] [stderr]    Compiling tokio-macros v2.4.0
[INFO] [stderr]    Compiling futures-macro v0.3.31
[INFO] [stderr]    Compiling thiserror-impl v1.0.61
[INFO] [stderr]    Compiling pin-project-internal v1.1.5
[INFO] [stderr]    Compiling tokio-stream v0.1.15
[INFO] [stderr]    Compiling openssl-macros v0.1.1
[INFO] [stderr]    Compiling typed-builder-macro v0.20.0
[INFO] [stderr]    Compiling tracing v0.1.40
[INFO] [stderr]    Compiling pin-project v1.1.5
[INFO] [stderr]    Compiling typed-builder v0.20.0
[INFO] [stderr]    Compiling regex v1.10.4
[INFO] [stderr]    Compiling bstr v1.9.1
[INFO] [stderr]    Compiling fancy-regex v0.12.0
[INFO] [stderr]    Compiling smallvec v1.13.2
[INFO] [stderr]    Compiling either v1.12.0
[INFO] [stderr]    Compiling itertools v0.12.1
[INFO] [stderr]    Compiling parking_lot_core v0.9.10
[INFO] [stderr]    Compiling parking_lot v0.12.2
[INFO] [stderr]    Compiling futures-intrusive v0.5.0
[INFO] [stderr]    Compiling futures-executor v0.3.31
[INFO] [stderr]    Compiling futures v0.3.31
[INFO] [stderr]    Compiling serde_urlencoded v0.7.1
[INFO] [stderr]    Compiling tiktoken-rs v0.5.8
[INFO] [stderr]    Compiling sqlformat v0.2.3
[INFO] [stderr]    Compiling sqlx-core v0.8.2
[INFO] [stderr]    Compiling tokio-util v0.7.11
[INFO] [stderr]    Compiling tower v0.4.13
[INFO] [stderr]    Compiling tokio-native-tls v0.3.1
[INFO] [stderr]    Compiling h2 v0.4.4
[INFO] [stderr]    Compiling sqlx-postgres v0.8.2
[INFO] [stderr]    Compiling hyper v1.3.1
[INFO] [stderr]    Compiling sqlx-macros-core v0.8.2
[INFO] [stderr]    Compiling sqlx-macros v0.8.2
[INFO] [stderr]    Compiling hyper-util v0.1.5
[INFO] [stderr]    Compiling sqlx v0.8.2
[INFO] [stderr]    Compiling pgvector v0.4.0
[INFO] [stderr]    Compiling hyper-tls v0.6.0
[INFO] [stderr]    Compiling reqwest v0.12.8
[INFO] [stderr]    Compiling reqwest-eventsource v0.6.0
[INFO] [stderr]    Compiling rag-toolchain v0.1.9 (/opt/rustwide/workdir)
[INFO] [stderr]     Finished `release` profile [optimized] target(s) in 2m 54s
[INFO] running `Command { std: "docker" "inspect" "dcfdedc66582fdde4a2458d3cdc7d03baa8669c75c1dbdda46d9d01874518148", kill_on_drop: false }`
[INFO] running `Command { std: "docker" "exec" "-e" "SOURCE_DIR=/opt/rustwide/workdir" "-e" "CARGO_HOME=/opt/rustwide/cargo-home" "-e" "RUSTUP_HOME=/opt/rustwide/rustup-home" "-e" "CARGO_TARGET_DIR=/opt/rustwide/target" "-e" "CARGO_INCREMENTAL=0" "-e" "RUST_BACKTRACE=full" "-e" "RUSTFLAGS=--cap-lints=warn" "-e" "RUSTDOCFLAGS=--cap-lints=warn" "-w" "/opt/rustwide/workdir" "--user" "0:0" "dcfdedc66582fdde4a2458d3cdc7d03baa8669c75c1dbdda46d9d01874518148" "/opt/rustwide/cargo-home/bin/cargo" "+1.100.0-beta.1" "test" "--frozen" "--no-run" "--message-format=json" "--release", kill_on_drop: false }`
[INFO] [stderr]    Compiling syn v2.0.62
[INFO] [stderr]    Compiling serde v1.0.201
[INFO] [stderr]    Compiling bitflags v2.6.0
[INFO] [stderr]    Compiling regex-syntax v0.8.3
[INFO] [stderr]    Compiling rand v0.8.5
[INFO] [stderr]    Compiling aho-corasick v1.1.3
[INFO] [stderr]    Compiling rustix v0.38.34
[INFO] [stderr]    Compiling http v0.2.12
[INFO] [stderr]    Compiling linux-raw-sys v0.4.13
[INFO] [stderr]    Compiling predicates-core v1.0.6
[INFO] [stderr]    Compiling mockall_derive v0.13.0
[INFO] [stderr]    Compiling rustls-native-certs v0.7.0
[INFO] [stderr]    Compiling filetime v0.2.23
[INFO] [stderr]    Compiling termtree v0.4.1
[INFO] [stderr]    Compiling colored v2.1.0
[INFO] [stderr]    Compiling etcetera v0.8.0
[INFO] [stderr]    Compiling fragile v2.0.0
[INFO] [stderr]    Compiling downcast v0.11.0
[INFO] [stderr]    Compiling predicates v3.1.0
[INFO] [stderr]    Compiling predicates-tree v1.0.9
[INFO] [stderr]    Compiling similar v2.5.0
[INFO] [stderr]    Compiling http-body v0.4.6
[INFO] [stderr]    Compiling regex-automata v0.4.6
[INFO] [stderr]    Compiling xattr v1.3.1
[INFO] [stderr]    Compiling darling_core v0.20.8
[INFO] [stderr]    Compiling serde_derive v1.0.201
[INFO] [stderr]    Compiling tokio-macros v2.4.0
[INFO] [stderr]    Compiling tracing-attributes v0.1.27
[INFO] [stderr]    Compiling futures-macro v0.3.31
[INFO] [stderr]    Compiling thiserror-impl v1.0.61
[INFO] [stderr]    Compiling pin-project-internal v1.1.5
[INFO] [stderr]    Compiling openssl-macros v0.1.1
[INFO] [stderr]    Compiling structmeta-derive v0.3.0
[INFO] [stderr]    Compiling serde_repr v0.1.19
[INFO] [stderr]    Compiling typed-builder-macro v0.20.0
[INFO] [stderr]    Compiling async-trait v0.1.80
[INFO] [stderr]    Compiling regex v1.10.4
[INFO] [stderr]    Compiling openssl v0.10.64
[INFO] [stderr]    Compiling futures-util v0.3.31
[INFO] [stderr]    Compiling thiserror v1.0.61
[INFO] [stderr]    Compiling structmeta v0.3.0
[INFO] [stderr]    Compiling pin-project v1.1.5
[INFO] [stderr]    Compiling tracing v0.1.40
[INFO] [stderr]    Compiling parse-display-derive v0.9.0
[INFO] [stderr]    Compiling typed-builder v0.20.0
[INFO] [stderr]    Compiling darling_macro v0.20.8
[INFO] [stderr]    Compiling darling v0.20.8
[INFO] [stderr]    Compiling serde_with_macros v3.8.1
[INFO] [stderr]    Compiling mockall v0.13.0
[INFO] [stderr]    Compiling bstr v1.9.1
[INFO] [stderr]    Compiling fancy-regex v0.12.0
[INFO] [stderr]    Compiling parse-display v0.9.0
[INFO] [stderr]    Compiling native-tls v0.2.11
[INFO] [stderr]    Compiling futures-executor v0.3.31
[INFO] [stderr]    Compiling futures v0.3.31
[INFO] [stderr]    Compiling smallvec v1.13.2
[INFO] [stderr]    Compiling either v1.12.0
[INFO] [stderr]    Compiling serde_json v1.0.117
[INFO] [stderr]    Compiling url v2.5.0
[INFO] [stderr]    Compiling serde_urlencoded v0.7.1
[INFO] [stderr]    Compiling serde_with v3.8.1
[INFO] [stderr]    Compiling itertools v0.12.1
[INFO] [stderr]    Compiling parking_lot_core v0.9.10
[INFO] [stderr]    Compiling parking_lot v0.12.2
[INFO] [stderr]    Compiling futures-intrusive v0.5.0
[INFO] [stderr]    Compiling tokio v1.40.0
[INFO] [stderr]    Compiling tiktoken-rs v0.5.8
[INFO] [stderr]    Compiling sqlformat v0.2.3
[INFO] [stderr]    Compiling assert-json-diff v2.0.2
[INFO] [stderr]    Compiling docker_credential v1.3.1
[INFO] [stderr]    Compiling bollard-stubs v1.45.0-rc.26.0.1
[INFO] [stderr]    Compiling sqlx-core v0.8.2
[INFO] [stderr]    Compiling tokio-util v0.7.11
[INFO] [stderr]    Compiling tower v0.4.13
[INFO] [stderr]    Compiling tokio-stream v0.1.15
[INFO] [stderr]    Compiling tokio-native-tls v0.3.1
[INFO] [stderr]    Compiling tokio-rustls v0.26.0
[INFO] [stderr]    Compiling tokio-tar v0.3.1
[INFO] [stderr]    Compiling h2 v0.4.4
[INFO] [stderr]    Compiling h2 v0.3.26
[INFO] [stderr]    Compiling sqlx-postgres v0.8.2
[INFO] [stderr]    Compiling hyper v1.3.1
[INFO] [stderr]    Compiling hyper v0.14.28
[INFO] [stderr]    Compiling sqlx-macros-core v0.8.2
[INFO] [stderr]    Compiling hyper-util v0.1.5
[INFO] [stderr]    Compiling sqlx-macros v0.8.2
[INFO] [stderr]    Compiling sqlx v0.8.2
[INFO] [stderr]    Compiling pgvector v0.4.0
[INFO] [stderr]    Compiling mockito v1.4.0
[INFO] [stderr]    Compiling hyper-tls v0.6.0
[INFO] [stderr]    Compiling hyperlocal v0.9.1
[INFO] [stderr]    Compiling hyper-rustls v0.27.2
[INFO] [stderr]    Compiling reqwest v0.12.8
[INFO] [stderr]    Compiling bollard v0.17.1
[INFO] [stderr]    Compiling reqwest-eventsource v0.6.0
[INFO] [stderr]    Compiling rag-toolchain v0.1.9 (/opt/rustwide/workdir)
[INFO] [stderr]    Compiling testcontainers v0.23.1
[INFO] [stderr]     Finished `release` profile [optimized] target(s) in 4m 07s
[INFO] running `Command { std: "docker" "inspect" "dcfdedc66582fdde4a2458d3cdc7d03baa8669c75c1dbdda46d9d01874518148", kill_on_drop: false }`
[INFO] running `Command { std: "docker" "exec" "-e" "SOURCE_DIR=/opt/rustwide/workdir" "-e" "CARGO_HOME=/opt/rustwide/cargo-home" "-e" "RUSTUP_HOME=/opt/rustwide/rustup-home" "-e" "CARGO_TARGET_DIR=/opt/rustwide/target" "-e" "CARGO_INCREMENTAL=0" "-e" "RUST_BACKTRACE=full" "-e" "RUSTFLAGS=--cap-lints=warn" "-e" "RUSTDOCFLAGS=--cap-lints=warn" "-w" "/opt/rustwide/workdir" "--user" "0:0" "dcfdedc66582fdde4a2458d3cdc7d03baa8669c75c1dbdda46d9d01874518148" "/opt/rustwide/cargo-home/bin/cargo" "+1.100.0-beta.1" "test" "--frozen" "--release", kill_on_drop: false }`
[INFO] [stderr]     Finished `release` profile [optimized] target(s) in 0.69s
[INFO] [stderr]      Running unittests src/lib.rs (/opt/rustwide/target/release/build/rag-toolchain/2edb9575267bae32/out/rag_toolchain-2edb9575267bae32)
[INFO] [stdout] 
[INFO] [stdout] running 68 tests
[INFO] [stdout] test chains::chat_history_chain::chat_history_chain_tests::test_chat_history_chain ... ok
[INFO] [stdout] test chunkers::character_chunker::tests::test_generate_chunks_with_valid_input ... ok
[INFO] [stdout] test chains::basic_rag_chain::basic_rag_chain_tests::test_streamed_chain_succeeds ... ok
[INFO] [stdout] test chains::utils::chains_utils_tests::build_prompt_gives_correct_output ... ok
[INFO] [stdout] test chunkers::character_chunker::tests::test_generate_chunks_with_empty_string ... ok
[INFO] [stdout] test chunkers::character_chunker::tests::test_try_new_with_invalid_arguments ... ok
[INFO] [stdout] test chains::basic_rag_chain::basic_rag_chain_tests::test_chain_succeeds ... ok
[INFO] [stdout] test clients::anthropic::anthropic_core::tests::status_500_maps_correctly ... ok
[INFO] [stdout] test clients::anthropic::anthropic_core::tests::undefined_maps_correctly ... ok
[INFO] [stdout] test clients::anthropic::anthropic_messages::tests::map_prompt_message_to_anthropic_message_with_ai_message_returns_message ... ok
[INFO] [stdout] test clients::anthropic::anthropic_core::tests::missing_env_var_returns_error ... FAILED
[INFO] [stdout] test clients::anthropic::anthropic_messages::tests::map_prompt_message_to_anthropic_message_with_human_message_returns_message ... ok
[INFO] [stdout] test clients::anthropic::anthropic_core::tests::status_503_maps_correctly ... ok
[INFO] [stdout] test clients::anthropic::anthropic_messages::tests::map_prompt_message_to_anthropic_message_with_system_message_returns_error ... ok
[INFO] [stdout] test clients::anthropic::anthropic_messages::tests::invoke_error_response_maps_correctly ... ok
[INFO] [stdout] test clients::anthropic::anthropic_core::tests::status_400_maps_correctly ... ok
[INFO] [stdout] test clients::anthropic::anthropic_core::tests::status_404_maps_correctly ... ok
[INFO] [stdout] test clients::anthropic::model::chat_completions::request_model_tests::test_deserialize_chat_message_response ... ok
[INFO] [stdout] test clients::anthropic::model::chat_completions::request_model_tests::test_serialize_chat_message_request ... ok
[INFO] [stdout] test clients::open_ai::model::chat_completions::request_model_tests::test_chat_completions_streaming_response_deserializes ... ok
[INFO] [stdout] test clients::open_ai::model::chat_completions::request_model_tests::test_chat_completion_request_serializes ... ok
[INFO] [stdout] test clients::open_ai::model::chat_completions::request_model_tests::test_chat_completions_response_deserializes ... ok
[INFO] [stdout] test clients::anthropic::anthropic_core::tests::status_403_maps_correctly ... ok
[INFO] [stdout] test clients::open_ai::model::embeddings::request_model_tests::test_batch_embedding_request_serializes ... ok
[INFO] [stdout] test clients::open_ai::model::embeddings::request_model_tests::test_batch_embedding_request_deserializes ... ok
[INFO] [stdout] test clients::open_ai::model::embeddings::request_model_tests::test_embedding_request_with_optional_fields_serializes ... ok
[INFO] [stdout] test clients::open_ai::model::embeddings::request_model_tests::test_embedding_request_without_optional_fields_serializes ... ok
[INFO] [stdout] test clients::anthropic::anthropic_core::tests::error_deserializing_response_body_maps_correctly ... ok
[INFO] [stdout] test clients::open_ai::model::errors::tests::test_code_400_display ... ok
[INFO] [stdout] test clients::open_ai::model::embeddings::request_model_tests::test_embedding_request_with_optional_fields_deserializes ... ok
[INFO] [stdout] test clients::anthropic::anthropic_core::tests::status_401_maps_correctly ... ok
[INFO] [stdout] test clients::open_ai::model::errors::tests::test_error_deserializing_response_body_display ... ok
[INFO] [stdout] test clients::open_ai::model::errors::tests::test_error_getting_response_body_display ... ok
[INFO] [stdout] test clients::open_ai::model::errors::tests::test_error_sending_request_display ... ok
[INFO] [stdout] test clients::open_ai::model::errors::tests::test_code_503_display ... ok
[INFO] [stdout] test clients::open_ai::model::errors::tests::test_code_401_display ... ok
[INFO] [stdout] test clients::open_ai::model::embeddings::request_model_tests::test_embedding_request_without_optional_fields_deserializes ... ok
[INFO] [stdout] test clients::open_ai::model::errors::tests::test_code_429_display ... ok
[INFO] [stdout] test clients::open_ai::model::errors::tests::test_undefined_display ... ok
[INFO] [stdout] test clients::open_ai::model::errors::tests::test_error_reading_stream_display ... ok
[INFO] [stdout] test clients::anthropic::anthropic_messages::tests::invoke_correct_response_succeeds ... ok
[INFO] [stdout] test clients::open_ai::model::errors::tests::test_code_500_display ... ok
[INFO] [stdout] test clients::open_ai::model::embeddings::request_model_tests::test_embedding_response_deserializes ... ok
[INFO] [stdout] test clients::anthropic::anthropic_core::tests::status_429_maps_correctly ... ok
[INFO] [stdout] test clients::anthropic::anthropic_core::tests::status_413_maps_correctly ... ok
[INFO] [stdout] test clients::open_ai::open_ai_core::tests::error_deserializing_response_body_maps_correctly ... ok
[INFO] [stdout] test clients::open_ai::open_ai_chat_completions::tests::try_new_with_additional_config_succeeds ... ok
[INFO] [stdout] test clients::open_ai::open_ai_chat_completions::tests::invoke_stream_correct_response_succeeds ... ok
[INFO] [stdout] test clients::open_ai::open_ai_chat_completions::tests::try_new_with_env_var_succeeds ... ok
[INFO] [stdout] test clients::open_ai::open_ai_chat_completions::tests::invoke_correct_response_succeeds ... ok
[INFO] [stdout] test clients::types::tests::prompt_message_content ... ok
[INFO] [stdout] test clients::open_ai::open_ai_core::tests::status_401_maps_correctly ... ok
[INFO] [stdout] test clients::open_ai::open_ai_core::tests::status_400_maps_correctly ... ok
[INFO] [stdout] test clients::open_ai::open_ai_core::tests::status_429_maps_correctly ... ok
[INFO] [stdout] test clients::open_ai::open_ai_embeddings::embedding_client_tests::test_correct_response_succeeds ... ok
[INFO] [stdout] test clients::open_ai::open_ai_core::tests::undefined_maps_correctly ... ok
[INFO] [stdout] test clients::open_ai::open_ai_core::tests::status_500_maps_correctly ... ok
[INFO] [stdout] test clients::open_ai::open_ai_core::tests::status_503_maps_correctly ... ok
[INFO] [stdout] test clients::open_ai::open_ai_chat_completions::tests::invoke_error_response_maps_correctly ... ok
[INFO] [stdout] test clients::open_ai::open_ai_embeddings::embedding_client_tests::test_400_gives_correct_error ... ok
[INFO] [stdout] test common::embedding_shared::tests::openai_ada002_metadata ... ok
[INFO] [stdout] test chunkers::token_chunker::tests::test_generate_chunks_with_invalid_chunk_size ... ok
[INFO] [stdout] test chunkers::token_chunker::tests::test_generate_chunks_with_invalid_window_size ... ok
[INFO] [stdout] test chunkers::token_chunker::tests::test_generate_chunks_with_empty_string ... ok
[INFO] [stdout] test chunkers::token_chunker::tests::test_generate_chunks_with_valid_input ... ok
[INFO] [stdout] test common::embedding_shared::tests::openai_3_small_metadata ... ok
[INFO] [stdout] test common::embedding_shared::tests::openai_3_large_metadata ... ok
[INFO] [stdout] test stores::postgres_vector_store::tests::test_throws_correct_errors ... ok
[INFO] [stdout] 
[INFO] [stdout] failures:
[INFO] [stdout] 
[INFO] [stdout] ---- clients::anthropic::anthropic_core::tests::missing_env_var_returns_error stdout ----
[INFO] [stdout] 
[INFO] [stdout] thread 'clients::anthropic::anthropic_core::tests::missing_env_var_returns_error' (6086) panicked at src/clients/anthropic/anthropic_core.rs:157:52:
[INFO] [stdout] called `Result::unwrap_err()` on an `Ok` value: AnthropicHttpClient { client: Client { accepts: Accepts, proxies: [Proxy(System({}), None)], referer: true, default_headers: {"accept": "*/*"} }, api_key: "fake key" }
[INFO] [stdout] stack backtrace:
[INFO] [stdout]    0:     0x5a9dd6603101 - <<std[617be2ca0a6fd877]::sys::backtrace::BacktraceLock>::print::DisplayBacktrace as core[a373ad73a504971]::fmt::Display>::fmt
[INFO] [stdout]    1:     0x5a9dd661c5aa - core[a373ad73a504971]::fmt::write
[INFO] [stdout]    2:     0x5a9dd660801c - <alloc[2e1b2a31b91974c5]::vec::Vec<u8> as core[a373ad73a504971]::io::write::Write>::write_fmt
[INFO] [stdout]    3:     0x5a9dd65dd0e6 - std[617be2ca0a6fd877]::panicking::default_hook::{closure#0}
[INFO] [stdout]    4:     0x5a9dd65fa9a9 - std[617be2ca0a6fd877]::panicking::default_hook
[INFO] [stdout]    5:     0x5a9dd60c83b0 - test[aada8e7e76ba119b]::test_main_inner::{closure#0}
[INFO] [stdout]    6:     0x5a9dd65facd2 - std[617be2ca0a6fd877]::panicking::panic_with_hook
[INFO] [stdout]    7:     0x5a9dd65dd192 - std[617be2ca0a6fd877]::panicking::panic_handler::{closure#0}
[INFO] [stdout]    8:     0x5a9dd65d5469 - std[617be2ca0a6fd877]::sys::backtrace::__rust_end_short_backtrace::<std[617be2ca0a6fd877]::panicking::panic_handler::{closure#0}, !>
[INFO] [stdout]    9:     0x5a9dd65de2bd - __rustc[ea4f61d10b84890b]::rust_begin_unwind
[INFO] [stdout]   10:     0x5a9dd661cd8c - core[a373ad73a504971]::panicking::panic_fmt
[INFO] [stdout]   11:     0x5a9dd661cb62 - core[a373ad73a504971]::result::unwrap_failed
[INFO] [stdout]   12:     0x5a9dd6095cd9 - <rag_toolchain[447ef8966eafc6df]::clients::anthropic::anthropic_core::tests::missing_env_var_returns_error::{closure#0} as core[a373ad73a504971]::ops::function::FnOnce<()>>::call_once
[INFO] [stdout]   13:     0x5a9dd60bb7fb - test[aada8e7e76ba119b]::__rust_begin_short_backtrace::<core[a373ad73a504971]::result::Result<(), alloc[2e1b2a31b91974c5]::string::String>, fn() -> core[a373ad73a504971]::result::Result<(), alloc[2e1b2a31b91974c5]::string::String>>
[INFO] [stdout]   14:     0x5a9dd60c89d5 - test[aada8e7e76ba119b]::run_test::{closure#0}
[INFO] [stdout]   15:     0x5a9dd60c22c4 - std[617be2ca0a6fd877]::sys::backtrace::__rust_begin_short_backtrace::<test[aada8e7e76ba119b]::run_test::{closure#1}, ()>
[INFO] [stdout]   16:     0x5a9dd60cba62 - <std[617be2ca0a6fd877]::thread::lifecycle::spawn_unchecked<test[aada8e7e76ba119b]::run_test::{closure#1}, ()>::{closure#1} as core[a373ad73a504971]::ops::function::FnOnce<()>>::call_once::{shim:vtable#0}
[INFO] [stdout]   17:     0x5a9dd660229f - <std[617be2ca0a6fd877]::sys::thread::unix::Thread>::new::thread_start
[INFO] [stdout]   18:     0x751147f07dfa - <unknown>
[INFO] [stdout]   19:     0x751147f9b3d4 - clone
[INFO] [stdout]   20:                0x0 - <unknown>
[INFO] [stdout] 
[INFO] [stdout] 
[INFO] [stdout] failures:
[INFO] [stdout]     clients::anthropic::anthropic_core::tests::missing_env_var_returns_error
[INFO] [stdout] 
[INFO] [stdout] test result: FAILED. 67 passed; 1 failed; 0 ignored; 0 measured; 0 filtered out; finished in 30.86s
[INFO] [stdout] 
[INFO] [stderr] error: test failed, to rerun pass `--lib`
[INFO] running `Command { std: "docker" "inspect" "dcfdedc66582fdde4a2458d3cdc7d03baa8669c75c1dbdda46d9d01874518148", kill_on_drop: false }`
[INFO] running `Command { std: "docker" "rm" "-f" "dcfdedc66582fdde4a2458d3cdc7d03baa8669c75c1dbdda46d9d01874518148", kill_on_drop: false }`
[INFO] [stdout] dcfdedc66582fdde4a2458d3cdc7d03baa8669c75c1dbdda46d9d01874518148
