[INFO] fetching crate raft-rust 0.1.2...
[INFO] testing raft-rust-0.1.2 against 1.99.0-beta.8+cargoflags=--release for beta-release-1.100-2
[INFO] extracting crate raft-rust 0.1.2 into /workspace/builds/worker-4-tc1/source
[INFO] started tweaking crates.io crate raft-rust 0.1.2
[INFO] removed 0 missing examples
[INFO] removed 0 missing tests
[INFO] finished tweaking crates.io crate raft-rust 0.1.2
[INFO] tweaked toml for crates.io crate raft-rust 0.1.2 written to /workspace/builds/worker-4-tc1/source/Cargo.toml
[INFO] validating manifest of crates.io crate raft-rust 0.1.2 on toolchain 1.99.0-beta.8
[INFO] running `Command { std: CARGO_HOME="/workspace/cargo-home" RUSTUP_HOME="/workspace/rustup-home" "/workspace/cargo-home/bin/cargo" "+1.99.0-beta.8" "metadata" "--manifest-path" "Cargo.toml" "--no-deps", kill_on_drop: false }`
[INFO] crate crates.io crate raft-rust 0.1.2 already has a lockfile, it will not be regenerated
[INFO] running `Command { std: CARGO_HOME="/workspace/cargo-home" RUSTUP_HOME="/workspace/rustup-home" "/workspace/cargo-home/bin/cargo" "+1.99.0-beta.8" "fetch" "--manifest-path" "Cargo.toml", kill_on_drop: false }`
[INFO] [stderr]  Downloading crates ...
[INFO] [stderr]   Downloaded jiff-static v0.2.33
[INFO] [stderr]   Downloaded jiff v0.2.33
[INFO] running `Command { std: "docker" "create" "-v" "/var/lib/crater-agent-workspace/builds/worker-4-tc1/source:/opt/rustwide/workdir:ro,Z" "-v" "/var/lib/crater-agent-workspace/builds/worker-4-tc1/target:/opt/rustwide/target:rw,Z" "-v" "/var/lib/crater-agent-workspace/cargo-home:/opt/rustwide/cargo-home:ro,Z" "-v" "/var/lib/crater-agent-workspace/rustup-home:/opt/rustwide/rustup-home:ro,Z" "-m" "1610612736" "--network" "none" "ghcr.io/rust-lang/crates-build-env/linux@sha256:77db811e55d90add9212f6832c23229e3de5f1c1f9905e8cb07319ea15df73ac" "sleep" "infinity", kill_on_drop: false }`
[INFO] [stdout] ac27b0f2d8c2587036f6d13526bd108bdcd1b2ef89fd11aa8300c83913a15328
[INFO] running `Command { std: "docker" "start" "ac27b0f2d8c2587036f6d13526bd108bdcd1b2ef89fd11aa8300c83913a15328", kill_on_drop: false }`
[INFO] running `Command { std: "docker" "inspect" "ac27b0f2d8c2587036f6d13526bd108bdcd1b2ef89fd11aa8300c83913a15328", kill_on_drop: false }`
[INFO] running `Command { std: "docker" "exec" "-e" "SOURCE_DIR=/opt/rustwide/workdir" "-e" "CARGO_HOME=/opt/rustwide/cargo-home" "-e" "RUSTUP_HOME=/opt/rustwide/rustup-home" "-e" "CARGO_TARGET_DIR=/opt/rustwide/target" "-w" "/opt/rustwide/workdir" "--user" "0:0" "ac27b0f2d8c2587036f6d13526bd108bdcd1b2ef89fd11aa8300c83913a15328" "/opt/rustwide/cargo-home/bin/cargo" "+1.99.0-beta.8" "metadata" "--no-deps" "--format-version=1", kill_on_drop: false }`
[INFO] running `Command { std: "docker" "inspect" "ac27b0f2d8c2587036f6d13526bd108bdcd1b2ef89fd11aa8300c83913a15328", kill_on_drop: false }`
[INFO] running `Command { std: "docker" "exec" "-e" "SOURCE_DIR=/opt/rustwide/workdir" "-e" "CARGO_HOME=/opt/rustwide/cargo-home" "-e" "RUSTUP_HOME=/opt/rustwide/rustup-home" "-e" "CARGO_TARGET_DIR=/opt/rustwide/target" "-e" "CARGO_INCREMENTAL=0" "-e" "RUST_BACKTRACE=full" "-e" "RUSTFLAGS=--cap-lints=warn" "-e" "RUSTDOCFLAGS=--cap-lints=warn" "-w" "/opt/rustwide/workdir" "--user" "0:0" "ac27b0f2d8c2587036f6d13526bd108bdcd1b2ef89fd11aa8300c83913a15328" "/opt/rustwide/cargo-home/bin/cargo" "+1.99.0-beta.8" "build" "--frozen" "--message-format=json" "--release", kill_on_drop: false }`
[INFO] [stderr]    Compiling crossbeam-utils v0.8.22
[INFO] [stderr]    Compiling aho-corasick v1.1.4
[INFO] [stderr]    Compiling libc v0.2.186
[INFO] [stderr]    Compiling syn v3.0.0
[INFO] [stderr]    Compiling crossbeam-deque v0.8.7
[INFO] [stderr]    Compiling jiff-core v0.1.0
[INFO] [stderr]    Compiling virtue v0.0.18
[INFO] [stderr]    Compiling unty v0.0.4
[INFO] [stderr]    Compiling itertools v0.14.0
[INFO] [stderr]    Compiling fs4 v0.13.1
[INFO] [stderr]    Compiling bincode_derive v2.0.1
[INFO] [stderr]    Compiling crossbeam-epoch v0.9.20
[INFO] [stderr]    Compiling crossbeam-channel v0.5.16
[INFO] [stderr]    Compiling crossbeam-queue v0.3.13
[INFO] [stderr]    Compiling regex-automata v0.4.16
[INFO] [stderr]    Compiling getrandom v0.4.3
[INFO] [stderr]    Compiling jiff v0.2.33
[INFO] [stderr]    Compiling rand v0.10.2
[INFO] [stderr]    Compiling uuid v1.24.0
[INFO] [stderr]    Compiling crossbeam v0.8.4
[INFO] [stderr]    Compiling serde_derive v1.0.229
[INFO] [stderr]    Compiling regex v1.13.1
[INFO] [stderr]    Compiling env_filter v2.0.0
[INFO] [stderr]    Compiling serde v1.0.229
[INFO] [stderr]    Compiling env_logger v0.11.11
[INFO] [stderr]    Compiling bincode v2.0.1
[INFO] [stderr]    Compiling serde_yaml v0.9.34+deprecated
[INFO] [stderr]    Compiling raft-rust v0.1.2 (/opt/rustwide/workdir)
[INFO] [stderr]     Finished `release` profile [optimized] target(s) in 1m 15s
[INFO] running `Command { std: "docker" "inspect" "ac27b0f2d8c2587036f6d13526bd108bdcd1b2ef89fd11aa8300c83913a15328", kill_on_drop: false }`
[INFO] running `Command { std: "docker" "exec" "-e" "SOURCE_DIR=/opt/rustwide/workdir" "-e" "CARGO_HOME=/opt/rustwide/cargo-home" "-e" "RUSTUP_HOME=/opt/rustwide/rustup-home" "-e" "CARGO_TARGET_DIR=/opt/rustwide/target" "-e" "CARGO_INCREMENTAL=0" "-e" "RUST_BACKTRACE=full" "-e" "RUSTFLAGS=--cap-lints=warn" "-e" "RUSTDOCFLAGS=--cap-lints=warn" "-w" "/opt/rustwide/workdir" "--user" "0:0" "ac27b0f2d8c2587036f6d13526bd108bdcd1b2ef89fd11aa8300c83913a15328" "/opt/rustwide/cargo-home/bin/cargo" "+1.99.0-beta.8" "test" "--frozen" "--no-run" "--message-format=json" "--release", kill_on_drop: false }`
[INFO] [stderr]    Compiling serde_json v1.0.150
[INFO] [stderr]    Compiling raft-rust v0.1.2 (/opt/rustwide/workdir)
[INFO] [stderr]     Finished `release` profile [optimized] target(s) in 19.05s
[INFO] running `Command { std: "docker" "inspect" "ac27b0f2d8c2587036f6d13526bd108bdcd1b2ef89fd11aa8300c83913a15328", kill_on_drop: false }`
[INFO] running `Command { std: "docker" "exec" "-e" "SOURCE_DIR=/opt/rustwide/workdir" "-e" "CARGO_HOME=/opt/rustwide/cargo-home" "-e" "RUSTUP_HOME=/opt/rustwide/rustup-home" "-e" "CARGO_TARGET_DIR=/opt/rustwide/target" "-e" "CARGO_INCREMENTAL=0" "-e" "RUST_BACKTRACE=full" "-e" "RUSTFLAGS=--cap-lints=warn" "-e" "RUSTDOCFLAGS=--cap-lints=warn" "-w" "/opt/rustwide/workdir" "--user" "0:0" "ac27b0f2d8c2587036f6d13526bd108bdcd1b2ef89fd11aa8300c83913a15328" "/opt/rustwide/cargo-home/bin/cargo" "+1.99.0-beta.8" "test" "--frozen" "--release", kill_on_drop: false }`
[INFO] [stderr]     Finished `release` profile [optimized] target(s) in 0.13s
[INFO] [stderr]      Running unittests src/lib.rs (/opt/rustwide/target/release/deps/raft_rust-658c37f1b98f5ac4)
[INFO] [stdout] 
[INFO] [stdout] running 0 tests
[INFO] [stdout] 
[INFO] [stderr]      Running unittests src/bin/raft_cli.rs (/opt/rustwide/target/release/deps/raft_cli-6721992f67f5cc12)
[INFO] [stdout] test result: ok. 0 passed; 0 failed; 0 ignored; 0 measured; 0 filtered out; finished in 0.00s
[INFO] [stdout] 
[INFO] [stdout] 
[INFO] [stdout] running 0 tests
[INFO] [stdout] 
[INFO] [stderr]      Running unittests src/bin/raft_node.rs (/opt/rustwide/target/release/deps/raft_node-06d768f2367c6518)
[INFO] [stdout] test result: ok. 0 passed; 0 failed; 0 ignored; 0 measured; 0 filtered out; finished in 0.00s
[INFO] [stdout] 
[INFO] [stderr]      Running tests/cluster.rs (/opt/rustwide/target/release/deps/cluster-365ca3f455e66e36)
[INFO] [stdout] 
[INFO] [stdout] running 0 tests
[INFO] [stdout] 
[INFO] [stdout] test result: ok. 0 passed; 0 failed; 0 ignored; 0 measured; 0 filtered out; finished in 0.00s
[INFO] [stdout] 
[INFO] [stdout] 
[INFO] [stdout] running 7 tests
[INFO] [stdout] test change_membership_uses_hashset ... ok
[INFO] [stdout] test follower_forwards_write ... ok
[INFO] [stdout] test overwrite_value ... ok
[INFO] [stdout] test elects_leader ... ok
[INFO] [stdout] test five_node_cluster ... ok
[INFO] [stdout] test put_get_scan ... ok
[INFO] [stdout] test sequential_writes_commit_in_order ... ok
[INFO] [stdout] 
[INFO] [stdout] test result: ok. 7 passed; 0 failed; 0 ignored; 0 measured; 0 filtered out; finished in 0.72s
[INFO] [stdout] 
[INFO] [stderr]      Running tests/concurrent_clients.rs (/opt/rustwide/target/release/deps/concurrent_clients-bd577bda8c328095)
[INFO] [stdout] 
[INFO] [stdout] running 1 test
[INFO] [stdout] test concurrent_puts ... ok
[INFO] [stdout] 
[INFO] [stdout] test result: ok. 1 passed; 0 failed; 0 ignored; 0 measured; 0 filtered out; finished in 0.99s
[INFO] [stdout] 
[INFO] [stderr]      Running tests/fault_leader.rs (/opt/rustwide/target/release/deps/fault_leader-4a75f8aa417416ec)
[INFO] [stdout] 
[INFO] [stdout] running 1 test
[INFO] [stderr]      Running tests/fault_partition.rs (/opt/rustwide/target/release/deps/fault_partition-d3fc4593e40463e4)
[INFO] [stdout] test leader_crash_reelects_and_keeps_data ... ok
[INFO] [stdout] 
[INFO] [stdout] test result: ok. 1 passed; 0 failed; 0 ignored; 0 measured; 0 filtered out; finished in 1.47s
[INFO] [stdout] 
[INFO] [stdout] 
[INFO] [stdout] running 1 test
[INFO] [stderr]      Running tests/linearizable_read.rs (/opt/rustwide/target/release/deps/linearizable_read-9d9bb2c1012f7fa3)
[INFO] [stdout] test minority_partition_cannot_commit ... ok
[INFO] [stdout] 
[INFO] [stdout] test result: ok. 1 passed; 0 failed; 0 ignored; 0 measured; 0 filtered out; finished in 3.52s
[INFO] [stdout] 
[INFO] [stdout] 
[INFO] [stdout] running 2 tests
[INFO] [stdout] test write_then_read_sees_value ... ok
[INFO] [stdout] test read_after_leader_change ... ok
[INFO] [stdout] 
[INFO] [stdout] test result: ok. 2 passed; 0 failed; 0 ignored; 0 measured; 0 filtered out; finished in 1.46s
[INFO] [stdout] 
[INFO] [stderr]      Running tests/membership.rs (/opt/rustwide/target/release/deps/membership-936561795eb41a47)
[INFO] [stdout] 
[INFO] [stdout] running 5 tests
[INFO] [stdout] test add_voter_joint ... ok
[INFO] [stdout] test overlapping_change_rejected ... ok
[INFO] [stdout] test remove_voter_joint ... ok
[INFO] [stdout] test membership_change_preserves_data ... ok
[INFO] [stdout] test remove_leader_steps_down ... ok
[INFO] [stdout] 
[INFO] [stdout] test result: ok. 5 passed; 0 failed; 0 ignored; 0 measured; 0 filtered out; finished in 1.69s
[INFO] [stdout] 
[INFO] [stderr]      Running tests/multi_process.rs (/opt/rustwide/target/release/deps/multi_process-939a8579436a6be0)
[INFO] [stdout] 
[INFO] [stdout] running 2 tests
[INFO] [stderr] error: test failed, to rerun pass `--test multi_process`
[INFO] [stdout] test multi_process_three_nodes_elect_and_write ... FAILED
[INFO] [stdout] test multi_process_single_node_put_get ... FAILED
[INFO] [stdout] 
[INFO] [stdout] failures:
[INFO] [stdout] 
[INFO] [stdout] ---- multi_process_three_nodes_elect_and_write stdout ----
[INFO] [stdout] 
[INFO] [stdout] thread 'multi_process_three_nodes_elect_and_write' (1225) panicked at tests/multi_process.rs:164:5:
[INFO] [stdout] raft-node binary missing at "/opt/rustwide/workdir/target/release/raft-node"; run cargo build --bin raft-node first
[INFO] [stdout] stack backtrace:
[INFO] [stdout]    0:     0x64753f7b9521 - <<std[70759c8f55707aa4]::sys::backtrace::BacktraceLock>::print::DisplayBacktrace as core[df12db4294e9bfd3]::fmt::Display>::fmt
[INFO] [stdout]    1:     0x64753f7cf00a - core[df12db4294e9bfd3]::fmt::write
[INFO] [stdout]    2:     0x64753f7bddac - <alloc[2182bb758b4b3781]::vec::Vec<u8> as core[df12db4294e9bfd3]::io::write::Write>::write_fmt
[INFO] [stdout]    3:     0x64753f793736 - std[70759c8f55707aa4]::panicking::default_hook::{closure#0}
[INFO] [stdout]    4:     0x64753f7b1379 - std[70759c8f55707aa4]::panicking::default_hook
[INFO] [stdout]    5:     0x64753f73b050 - test[9d35eded1c95d3be]::test_main_inner::<test[9d35eded1c95d3be]::test_main_static::{closure#0}>::{closure#0}
[INFO] [stdout]    6:     0x64753f7b1532 - std[70759c8f55707aa4]::panicking::panic_with_hook
[INFO] [stdout]    7:     0x64753f7937e2 - std[70759c8f55707aa4]::panicking::panic_handler::{closure#0}
[INFO] [stdout]    8:     0x64753f78c399 - std[70759c8f55707aa4]::sys::backtrace::__rust_end_short_backtrace::<std[70759c8f55707aa4]::panicking::panic_handler::{closure#0}, !>
[INFO] [stdout]    9:     0x64753f7945cd - __rustc[8fa7c3cbc660c2b3]::rust_begin_unwind
[INFO] [stdout]   10:     0x64753f7cf73c - core[df12db4294e9bfd3]::panicking::panic_fmt
[INFO] [stdout]   11:     0x64753f725c83 - multi_process[d81ea31a0030d2e2]::spawn_node
[INFO] [stdout]   12:     0x64753f728932 - <multi_process[d81ea31a0030d2e2]::multi_process_three_nodes_elect_and_write::{closure#0} as core[df12db4294e9bfd3]::ops::function::FnOnce<()>>::call_once
[INFO] [stdout]   13:     0x64753f72e33b - test[9d35eded1c95d3be]::__rust_begin_short_backtrace::<core[df12db4294e9bfd3]::result::Result<(), alloc[2182bb758b4b3781]::string::String>, fn() -> core[df12db4294e9bfd3]::result::Result<(), alloc[2182bb758b4b3781]::string::String>>
[INFO] [stdout]   14:     0x64753f73b9a5 - test[9d35eded1c95d3be]::run_test::{closure#0}
[INFO] [stdout]   15:     0x64753f735264 - std[70759c8f55707aa4]::sys::backtrace::__rust_begin_short_backtrace::<test[9d35eded1c95d3be]::run_test::{closure#1}, ()>
[INFO] [stdout]   16:     0x64753f73eb02 - <std[70759c8f55707aa4]::thread::lifecycle::spawn_unchecked<test[9d35eded1c95d3be]::run_test::{closure#1}, ()>::{closure#1} as core[df12db4294e9bfd3]::ops::function::FnOnce<()>>::call_once::{shim:vtable#0}
[INFO] [stdout]   17:     0x64753f7b8649 - <std[70759c8f55707aa4]::sys::thread::unix::Thread>::new::thread_start
[INFO] [stdout]   18:     0x7ea4b8bc8dfa - <unknown>
[INFO] [stdout]   19:     0x7ea4b8c5c3d4 - clone
[INFO] [stdout]   20:                0x0 - <unknown>
[INFO] [stdout] 
[INFO] [stdout] ---- multi_process_single_node_put_get stdout ----
[INFO] [stdout] 
[INFO] [stdout] thread 'multi_process_single_node_put_get' (1224) panicked at tests/multi_process.rs:164:5:
[INFO] [stdout] raft-node binary missing at "/opt/rustwide/workdir/target/release/raft-node"; run cargo build --bin raft-node first
[INFO] [stdout] stack backtrace:
[INFO] [stdout]    0:     0x64753f7b9521 - <<std[70759c8f55707aa4]::sys::backtrace::BacktraceLock>::print::DisplayBacktrace as core[df12db4294e9bfd3]::fmt::Display>::fmt
[INFO] [stdout]    1:     0x64753f7cf00a - core[df12db4294e9bfd3]::fmt::write
[INFO] [stdout]    2:     0x64753f7bddac - <alloc[2182bb758b4b3781]::vec::Vec<u8> as core[df12db4294e9bfd3]::io::write::Write>::write_fmt
[INFO] [stdout]    3:     0x64753f793736 - std[70759c8f55707aa4]::panicking::default_hook::{closure#0}
[INFO] [stdout]    4:     0x64753f7b1379 - std[70759c8f55707aa4]::panicking::default_hook
[INFO] [stdout]    5:     0x64753f73b050 - test[9d35eded1c95d3be]::test_main_inner::<test[9d35eded1c95d3be]::test_main_static::{closure#0}>::{closure#0}
[INFO] [stdout]    6:     0x64753f7b1532 - std[70759c8f55707aa4]::panicking::panic_with_hook
[INFO] [stdout]    7:     0x64753f7937e2 - std[70759c8f55707aa4]::panicking::panic_handler::{closure#0}
[INFO] [stdout]    8:     0x64753f78c399 - std[70759c8f55707aa4]::sys::backtrace::__rust_end_short_backtrace::<std[70759c8f55707aa4]::panicking::panic_handler::{closure#0}, !>
[INFO] [stdout]    9:     0x64753f7945cd - __rustc[8fa7c3cbc660c2b3]::rust_begin_unwind
[INFO] [stdout]   10:     0x64753f7cf73c - core[df12db4294e9bfd3]::panicking::panic_fmt
[INFO] [stdout]   11:     0x64753f725c83 - multi_process[d81ea31a0030d2e2]::spawn_node
[INFO] [stdout]   12:     0x64753f727b85 - <multi_process[d81ea31a0030d2e2]::multi_process_single_node_put_get::{closure#0} as core[df12db4294e9bfd3]::ops::function::FnOnce<()>>::call_once
[INFO] [stdout]   13:     0x64753f72e33b - test[9d35eded1c95d3be]::__rust_begin_short_backtrace::<core[df12db4294e9bfd3]::result::Result<(), alloc[2182bb758b4b3781]::string::String>, fn() -> core[df12db4294e9bfd3]::result::Result<(), alloc[2182bb758b4b3781]::string::String>>
[INFO] [stdout]   14:     0x64753f73b9a5 - test[9d35eded1c95d3be]::run_test::{closure#0}
[INFO] [stdout]   15:     0x64753f735264 - std[70759c8f55707aa4]::sys::backtrace::__rust_begin_short_backtrace::<test[9d35eded1c95d3be]::run_test::{closure#1}, ()>
[INFO] [stdout]   16:     0x64753f73eb02 - <std[70759c8f55707aa4]::thread::lifecycle::spawn_unchecked<test[9d35eded1c95d3be]::run_test::{closure#1}, ()>::{closure#1} as core[df12db4294e9bfd3]::ops::function::FnOnce<()>>::call_once::{shim:vtable#0}
[INFO] [stdout]   17:     0x64753f7b8649 - <std[70759c8f55707aa4]::sys::thread::unix::Thread>::new::thread_start
[INFO] [stdout]   18:     0x7ea4b8bc8dfa - <unknown>
[INFO] [stdout]   19:     0x7ea4b8c5c3d4 - clone
[INFO] [stdout]   20:                0x0 - <unknown>
[INFO] [stdout] 
[INFO] [stdout] 
[INFO] [stdout] failures:
[INFO] [stdout]     multi_process_single_node_put_get
[INFO] [stdout]     multi_process_three_nodes_elect_and_write
[INFO] [stdout] 
[INFO] [stdout] test result: FAILED. 0 passed; 2 failed; 0 ignored; 0 measured; 0 filtered out; finished in 0.00s
[INFO] [stdout] 
[INFO] running `Command { std: "docker" "inspect" "ac27b0f2d8c2587036f6d13526bd108bdcd1b2ef89fd11aa8300c83913a15328", kill_on_drop: false }`
[INFO] running `Command { std: "docker" "rm" "-f" "ac27b0f2d8c2587036f6d13526bd108bdcd1b2ef89fd11aa8300c83913a15328", kill_on_drop: false }`
[INFO] [stdout] ac27b0f2d8c2587036f6d13526bd108bdcd1b2ef89fd11aa8300c83913a15328
