[INFO] fetching crate raffles 0.0.1...
[INFO] testing raffles-0.0.1 against 1.99.0-beta.8+cargoflags=--release for beta-release-1.100-2
[INFO] extracting crate raffles 0.0.1 into /workspace/builds/worker-2-tc1/source
[INFO] started tweaking crates.io crate raffles 0.0.1
[INFO] removed 0 missing tests
[INFO] finished tweaking crates.io crate raffles 0.0.1
[INFO] tweaked toml for crates.io crate raffles 0.0.1 written to /workspace/builds/worker-2-tc1/source/Cargo.toml
[INFO] validating manifest of crates.io crate raffles 0.0.1 on toolchain 1.99.0-beta.8
[INFO] running `Command { std: CARGO_HOME="/workspace/cargo-home" RUSTUP_HOME="/workspace/rustup-home" "/workspace/cargo-home/bin/cargo" "+1.99.0-beta.8" "metadata" "--manifest-path" "Cargo.toml" "--no-deps", kill_on_drop: false }`
[INFO] crate crates.io crate raffles 0.0.1 already has a lockfile, it will not be regenerated
[INFO] running `Command { std: CARGO_HOME="/workspace/cargo-home" RUSTUP_HOME="/workspace/rustup-home" "/workspace/cargo-home/bin/cargo" "+1.99.0-beta.8" "fetch" "--manifest-path" "Cargo.toml", kill_on_drop: false }`
[INFO] [stderr]  Downloading crates ...
[INFO] [stderr]   Downloaded burn-std v0.21.0
[INFO] [stderr]   Downloaded burn v0.21.0
[INFO] [stderr]   Downloaded burn-derive v0.21.0
[INFO] [stderr]   Downloaded burn-core v0.21.0
[INFO] [stderr]   Downloaded burn-dispatch v0.21.0
[INFO] [stderr]   Downloaded burn-optim v0.21.0
[INFO] [stderr]   Downloaded burn-ir v0.21.0
[INFO] [stderr]   Downloaded burn-autodiff v0.21.0
[INFO] [stderr]   Downloaded burn-tensor v0.21.0
[INFO] [stderr]   Downloaded burn-backend v0.21.0
[INFO] [stderr]   Downloaded burn-ndarray v0.21.0
[INFO] [stderr]   Downloaded burn-nn v0.21.0
[INFO] running `Command { std: "docker" "create" "-v" "/var/lib/crater-agent-workspace/builds/worker-2-tc1/source:/opt/rustwide/workdir:ro,Z" "-v" "/var/lib/crater-agent-workspace/builds/worker-2-tc1/target:/opt/rustwide/target:rw,Z" "-v" "/var/lib/crater-agent-workspace/cargo-home:/opt/rustwide/cargo-home:ro,Z" "-v" "/var/lib/crater-agent-workspace/rustup-home:/opt/rustwide/rustup-home:ro,Z" "-m" "1610612736" "--network" "none" "ghcr.io/rust-lang/crates-build-env/linux@sha256:77db811e55d90add9212f6832c23229e3de5f1c1f9905e8cb07319ea15df73ac" "sleep" "infinity", kill_on_drop: false }`
[INFO] [stdout] 97b73ab31862c07095dbd8dc5fd4111670b12f8b52cf2a4180ae4d75a43ef768
[INFO] running `Command { std: "docker" "start" "97b73ab31862c07095dbd8dc5fd4111670b12f8b52cf2a4180ae4d75a43ef768", kill_on_drop: false }`
[INFO] running `Command { std: "docker" "inspect" "97b73ab31862c07095dbd8dc5fd4111670b12f8b52cf2a4180ae4d75a43ef768", kill_on_drop: false }`
[INFO] running `Command { std: "docker" "exec" "-e" "SOURCE_DIR=/opt/rustwide/workdir" "-e" "CARGO_HOME=/opt/rustwide/cargo-home" "-e" "RUSTUP_HOME=/opt/rustwide/rustup-home" "-e" "CARGO_TARGET_DIR=/opt/rustwide/target" "-w" "/opt/rustwide/workdir" "--user" "0:0" "97b73ab31862c07095dbd8dc5fd4111670b12f8b52cf2a4180ae4d75a43ef768" "/opt/rustwide/cargo-home/bin/cargo" "+1.99.0-beta.8" "metadata" "--no-deps" "--format-version=1", kill_on_drop: false }`
[INFO] running `Command { std: "docker" "inspect" "97b73ab31862c07095dbd8dc5fd4111670b12f8b52cf2a4180ae4d75a43ef768", kill_on_drop: false }`
[INFO] running `Command { std: "docker" "exec" "-e" "SOURCE_DIR=/opt/rustwide/workdir" "-e" "CARGO_HOME=/opt/rustwide/cargo-home" "-e" "RUSTUP_HOME=/opt/rustwide/rustup-home" "-e" "CARGO_TARGET_DIR=/opt/rustwide/target" "-e" "CARGO_INCREMENTAL=0" "-e" "RUST_BACKTRACE=full" "-e" "RUSTFLAGS=--cap-lints=warn" "-e" "RUSTDOCFLAGS=--cap-lints=warn" "-w" "/opt/rustwide/workdir" "--user" "0:0" "97b73ab31862c07095dbd8dc5fd4111670b12f8b52cf2a4180ae4d75a43ef768" "/opt/rustwide/cargo-home/bin/cargo" "+1.99.0-beta.8" "build" "--frozen" "--message-format=json" "--release", kill_on_drop: false }`
[INFO] [stderr]    Compiling libm v0.2.16
[INFO] [stderr]    Compiling xml-rs v0.8.28
[INFO] [stderr]    Compiling syn v2.0.118
[INFO] [stderr]    Compiling uom v0.38.0
[INFO] [stderr]    Compiling thiserror-impl v2.0.18
[INFO] [stderr]    Compiling thiserror v2.0.18
[INFO] [stderr]    Compiling petir v0.0.1
[INFO] [stderr]    Compiling raffles v0.0.1 (/opt/rustwide/workdir)
[INFO] [stderr]     Finished `release` profile [optimized] target(s) in 34.70s
[INFO] running `Command { std: "docker" "inspect" "97b73ab31862c07095dbd8dc5fd4111670b12f8b52cf2a4180ae4d75a43ef768", kill_on_drop: false }`
[INFO] running `Command { std: "docker" "exec" "-e" "SOURCE_DIR=/opt/rustwide/workdir" "-e" "CARGO_HOME=/opt/rustwide/cargo-home" "-e" "RUSTUP_HOME=/opt/rustwide/rustup-home" "-e" "CARGO_TARGET_DIR=/opt/rustwide/target" "-e" "CARGO_INCREMENTAL=0" "-e" "RUST_BACKTRACE=full" "-e" "RUSTFLAGS=--cap-lints=warn" "-e" "RUSTDOCFLAGS=--cap-lints=warn" "-w" "/opt/rustwide/workdir" "--user" "0:0" "97b73ab31862c07095dbd8dc5fd4111670b12f8b52cf2a4180ae4d75a43ef768" "/opt/rustwide/cargo-home/bin/cargo" "+1.99.0-beta.8" "test" "--frozen" "--no-run" "--message-format=json" "--release", kill_on_drop: false }`
[INFO] [stderr]    Compiling raffles v0.0.1 (/opt/rustwide/workdir)
[INFO] [stderr]     Finished `release` profile [optimized] target(s) in 29.49s
[INFO] running `Command { std: "docker" "inspect" "97b73ab31862c07095dbd8dc5fd4111670b12f8b52cf2a4180ae4d75a43ef768", kill_on_drop: false }`
[INFO] running `Command { std: "docker" "exec" "-e" "SOURCE_DIR=/opt/rustwide/workdir" "-e" "CARGO_HOME=/opt/rustwide/cargo-home" "-e" "RUSTUP_HOME=/opt/rustwide/rustup-home" "-e" "CARGO_TARGET_DIR=/opt/rustwide/target" "-e" "CARGO_INCREMENTAL=0" "-e" "RUST_BACKTRACE=full" "-e" "RUSTFLAGS=--cap-lints=warn" "-e" "RUSTDOCFLAGS=--cap-lints=warn" "-w" "/opt/rustwide/workdir" "--user" "0:0" "97b73ab31862c07095dbd8dc5fd4111670b12f8b52cf2a4180ae4d75a43ef768" "/opt/rustwide/cargo-home/bin/cargo" "+1.99.0-beta.8" "test" "--frozen" "--release", kill_on_drop: false }`
[INFO] [stderr]     Finished `release` profile [optimized] target(s) in 0.07s
[INFO] [stderr]      Running unittests src/lib.rs (/opt/rustwide/target/release/deps/raffles-f103a7120a8b2870)
[INFO] [stdout] 
[INFO] [stdout] running 158 tests
[INFO] [stdout] test abc::tests::a_failing_simulator_makes_a_point_impossible ... ok
[INFO] [stdout] test abc::tests::kernels_match_their_definitions ... ok
[INFO] [stdout] test abc::tests::malformed_configuration_is_refused ... ok
[INFO] [stdout] test bayesian::mcmc::tests::stretch_draws_match_their_density ... ok
[INFO] [stdout] test bayesian::mcmc::tests::a_chain_can_escape_an_impossible_start ... ok
[INFO] [stdout] test bayesian::mcmc::tests::undersized_population_is_rejected ... ok
[INFO] [stdout] test abc::tests::the_approximate_likelihood_is_deterministic_in_theta ... ok
[INFO] [stdout] test bayesian::tests::joint_log_density_is_the_sum_of_marginals ... ok
[INFO] [stdout] test bayesian::tests::nan_likelihood_is_impossible_and_counted ... ok
[INFO] [stdout] test bayesian::mcmc::tests::runs_are_reproducible_from_the_seed ... ok
[INFO] [stdout] test bayesian::tests::outside_the_support_is_negative_infinity ... ok
[INFO] [stdout] test bayesian::transitional::tests::a_prior_that_never_overlaps_the_data_is_an_error ... ok
[INFO] [stdout] test bayesian::transitional::tests::a_singular_covariance_is_regularised_and_counted ... ok
[INFO] [stdout] test bayesian::mcmc::tests::ensemble_move_reproduces_a_standard_normal ... ok
[INFO] [stdout] test bayesian::case_studies::tests::the_tangent_case_has_no_second_mode ... ok
[INFO] [stdout] test bayesian::case_studies::tests::the_spring_mass_posterior_matches_its_closed_form ... ok
[INFO] [stdout] test bayesian::case_studies::tests::the_models_match_their_upstream_formulas ... ok
[INFO] [stdout] test bayesian::transitional::tests::a_malformed_tempering_criterion_is_refused ... ok
[INFO] [stdout] test bayesian::transitional::tests::ensemble_kernel_refuses_an_undersized_population ... ok
[INFO] [stdout] test bayesian::transitional::tests::cholesky_reproduces_its_matrix ... ok
[INFO] [stdout] test bayesian::transitional::tests::effective_sample_size_and_weight_cov_are_the_same_criterion ... ok
[INFO] [stdout] test bayesian::transitional::tests::evidence_increment_matches_the_matlab ... ok
[INFO] [stdout] test bayesian::transitional::tests::systematic_resampling_respects_the_weights ... ok
[INFO] [stdout] test bayesian::transitional::tests::runs_are_reproducible_from_the_seed ... ok
[INFO] [stdout] test bayesian::transitional::tests::tempering_solver_matches_the_matlab_up_to_the_std_convention ... ok
[INFO] [stdout] test bayesian::tests::prior_draws_reproduce_the_marginals ... ok
[INFO] [stdout] test bayesian::transitional::tests::temcmc_matches_the_conjugate_normal_posterior ... ok
[INFO] [stdout] test abc::tests::rejection_abc_is_reproducible ... ok
[INFO] [stdout] test distance::tests::an_unaffordable_grid_is_refused ... ok
[INFO] [stdout] test bayesian::transitional::tests::temcmc_finds_all_four_himmelblau_peaks ... ok
[INFO] [stdout] test bayesian::tests::standard_normal_draws_are_standard_normal ... ok
[INFO] [stdout] test distance::tests::disjoint_samples_hit_the_exact_bounds ... ok
[INFO] [stdout] test bayesian::transitional::tests::the_effective_sample_size_criterion_holds_at_every_stage ... ok
[INFO] [stdout] test distance::tests::every_metric_is_symmetric ... ok
[INFO] [stdout] test distance::tests::every_metric_is_zero_against_itself ... ok
[INFO] [stdout] test distance::tests::malformed_input_is_refused ... ok
[INFO] [stdout] test distance::tests::multivariate_samples_and_the_bin_budget ... ok
[INFO] [stdout] test bayesian::transitional::tests::tmcmc_matches_the_conjugate_normal_posterior ... ok
[INFO] [stdout] test bayesian::transitional::tests::the_two_tempering_criteria_reach_the_same_posterior ... ok
[INFO] [stdout] test bayesian::case_studies::tests::the_eigenvalue_problem_finds_both_of_its_exact_modes ... ok
[INFO] [stdout] test distributions::seeded::tests::sample_exp_mean ... ok
[INFO] [stdout] test abc::tests::abc_matching_the_observed_sample_size_recovers_the_right_width ... ok
[INFO] [stdout] test distributions::seeded::tests::uniform_stays_in_range ... ok
[INFO] [stdout] test distributions::seeded::tests::sample_normal_mean_and_variance ... ok
[INFO] [stdout] test distributions::tests::distribution_identities ... ok
[INFO] [stdout] test distributions::tests::invalid_parameters_are_rejected ... ok
[INFO] [stdout] test distributions::tests::enum_dispatch_is_transparent ... ok
[INFO] [stdout] test distributions::tests::cdf_ppf_round_trip ... ok
[INFO] [stdout] test distance::tests::euclidean_is_blind_to_a_shape_the_others_see ... ok
[INFO] [stdout] test bayesian::transitional::tests::evidence_carries_the_occam_factor_of_a_wider_prior ... ok
[INFO] [stdout] test bayesian::mcmc::tests::metropolis_hastings_reproduces_a_standard_normal ... ok
[INFO] [stdout] test distributions::tests::probabilities_outside_unit_interval_are_rejected ... ok
[INFO] [stdout] test distributions::tests::published_quantile_reference_values ... ok
[INFO] [stdout] test distributions::tests::special_function_reference_values ... ok
[INFO] [stdout] test distributions::tests::ppf_cdf_round_trip ... ok
[INFO] [stdout] test distributions::tests::standard_normal_reference_points ... ok
[INFO] [stdout] test distributions::tests::truncated_normal_matches_closed_form ... ok
[INFO] [stdout] test estimators::autocorrelation::tests::naive_sigma_is_kept_and_bookkeeping_is_exact ... ok
[INFO] [stdout] test distributions::tests::moments_match_quadrature ... ok
[INFO] [stdout] test estimators::seed_consistency::tests::band_matches_published_quantiles ... ok
[INFO] [stdout] test estimators::seed_consistency::tests::degenerate_inputs_are_refused ... ok
[INFO] [stdout] test estimators::seed_consistency::tests::group_bookkeeping ... ok
[INFO] [stdout] test estimators::seed_consistency::tests::hand_computed_chi2 ... ok
[INFO] [stdout] test estimators::seed_consistency::tests::verdicts_and_outliers ... ok
[INFO] [stdout] test distributions::tests::truncated_structure_holds ... ok
[INFO] [stdout] test estimators::stationarity::tests::short_traces_are_refused ... ok
[INFO] [stdout] test estimators::stationarity::tests::transient_is_found_and_tail_passes ... FAILED
[INFO] [stdout] test estimators::stationarity::tests::step_change_is_located ... ok
[INFO] [stdout] test distributions::tests::inverse_transform_sampling_reproduces_cdf ... ok
[INFO] [stdout] test estimators::tests::degenerate_inputs ... ok
[INFO] [stdout] test distributions::tests::pdf_integrates_to_unity ... ok
[INFO] [stdout] test estimators::tests::hand_computed_values ... ok
[INFO] [stdout] test estimators::tests::propagation ... ok
[INFO] [stdout] test gnn::bound::tests::a_disconnected_mesh_has_no_elliptic_bound ... ok
[INFO] [stdout] test gnn::bound::tests::malformed_bound_inputs_are_refused ... ok
[INFO] [stdout] test gnn::bound::tests::an_unchecked_model_is_not_reported_as_failing ... ok
[INFO] [stdout] test gnn::bound::tests::the_elliptic_bound_is_the_graph_diameter ... ok
[INFO] [stdout] test gnn::bound::tests::the_hyperbolic_bound_is_the_cfl_number_rounded_up ... ok
[INFO] [stdout] test gnn::dataset::tests::a_contiguous_float_tensor_reads_back_exactly ... ok
[INFO] [stdout] test gnn::dataset::tests::a_compressed_archive_is_refused ... ok
[INFO] [stdout] test gnn::dataset::tests::a_short_storage_is_refused ... ok
[INFO] [stdout] test gnn::dataset::tests::an_unsupported_opcode_is_refused ... ok
[INFO] [stdout] test gnn::dataset::tests::malformed_archives_are_refused ... ok
[INFO] [stdout] test gnn::dataset::tests::the_upstream_data_files_read_correctly ... ok
[INFO] [stdout] test gnn::bound::tests::refining_the_mesh_raises_the_elliptic_bound ... ok
[INFO] [stdout] test gnn::dataset::tests::a_transposed_edge_index_is_not_scrambled ... ok
[INFO] [stdout] test gnn::graph::tests::a_disconnected_graph_is_reported_not_hidden ... ok
[INFO] [stdout] test gnn::graph::tests::a_lattice_radius_graph_has_the_expected_connectivity ... ok
[INFO] [stdout] test gnn::graph::tests::a_path_has_the_diameter_it_should ... ok
[INFO] [stdout] test gnn::graph::tests::a_wider_radius_shrinks_the_diameter ... ok
[INFO] [stdout] test imprecise::tests::a_precise_pbox_is_its_distribution ... ok
[INFO] [stdout] test gnn::graph::tests::malformed_graphs_are_refused ... ok
[INFO] [stdout] test imprecise::tests::a_vacuous_pbox_asserts_only_its_range ... ok
[INFO] [stdout] test gnn::bound::tests::an_under_reaching_configuration_is_caught_and_quantified ... ok
[INFO] [stdout] test imprecise::tests::frechet_bounds_contain_the_independent_answer ... ok
[INFO] [stdout] test imprecise::tests::independent_systems_match_the_textbook_formulas ... ok
[INFO] [stdout] test gnn::graph::tests::the_receptive_field_is_the_hop_ball ... ok
[INFO] [stdout] test imprecise::tests::malformed_pboxes_are_refused ... ok
[INFO] [stdout] test imprecise::tests::interval_arithmetic_is_rigorous ... ok
[INFO] [stdout] test imprecise::tests::k_out_of_n_matches_its_closed_form ... ok
[INFO] [stdout] test imprecise::tests::zero_observed_failures_does_not_give_a_confident_zero ... ok
[INFO] [stdout] test model_selection::tests::a_failed_sampler_is_refused_not_ranked_last ... ok
[INFO] [stdout] test model_selection::tests::a_single_candidate_is_not_a_comparison ... ok
[INFO] [stdout] test model_selection::tests::bayes_factors_and_model_probabilities_are_what_they_should_be ... ok
[INFO] [stdout] test model_selection::tests::enormous_negative_log_evidences_do_not_underflow ... ok
[INFO] [stdout] test imprecise::tests::the_confidence_box_reproduces_clopper_pearson ... ok
[INFO] [stdout] test model_selection::tests::the_interpretation_scale_has_the_published_boundaries ... ok
[INFO] [stdout] test imprecise::tests::a_series_system_from_two_confidence_boxes ... ok
[INFO] [stdout] test samplers::tests::constructors_reject_invalid_arguments ... ok
[INFO] [stdout] test samplers::tests::designs_are_reproducible_from_a_seed ... ok
[INFO] [stdout] test samplers::tests::all_samplers_stay_inside_the_unit_interval ... ok
[INFO] [stdout] test samplers::tests::equally_spaced_levels_match_linspace ... ok
[INFO] [stdout] test samplers::tests::grid_matches_the_tensor_product_exactly ... ok
[INFO] [stdout] test model_selection::tests::model_selection_picks_the_model_the_data_came_from ... ok
[INFO] [stdout] test samplers::tests::latin_hypercube_has_exactly_one_point_per_stratum ... ok
[INFO] [stdout] test samplers::tests::latin_hypercube_sorted_column_walks_the_strata ... ok
[INFO] [stdout] test samplers::tests::enum_dispatch_agrees_with_the_concrete_strategies ... ok
[INFO] [stdout] test imprecise::tests::more_data_tightens_the_confidence_box ... ok
[INFO] [stdout] test bayesian::transitional::tests::tmcmc_ensemble_matches_the_matlab_ensemble ... ok
[INFO] [stdout] test bayesian::transitional::tests::temcmc_ensemble_matches_the_matlab_ensemble ... ok
[INFO] [stdout] test scram::mocus::tests::a_house_event_decides_which_parts_of_the_tree_are_live ... ok
[INFO] [stdout] test scram::mocus::tests::a_non_minimal_cut_set_is_absorbed ... ok
[INFO] [stdout] test scram::mocus::tests::a_null_gate_passes_its_argument_through_unchanged ... ok
[INFO] [stdout] test scram::mocus::tests::a_repeated_basic_event_collapses_rather_than_squaring ... ok
[INFO] [stdout] test samplers::tests::latin_hypercube_reduces_variance_on_an_additive_integrand ... ok
[INFO] [stdout] test samplers::tests::per_dimension_streams_are_distinct_and_uncorrelated ... ok
[INFO] [stdout] test scram::mocus::tests::an_atleast_gate_expands_to_its_combinations ... ok
[INFO] [stdout] test scram::mocus::tests::the_result_does_not_depend_on_declaration_order ... ok
[INFO] [stdout] test sensitivity::tests::caller_shape_errors_are_reported_not_panicked ... ok
[INFO] [stdout] test sensitivity::tests::correlations_match_exact_constructions ... ok
[INFO] [stdout] test sensitivity::tests::additive_model_has_no_interactions ... ok
[INFO] [stdout] test sensitivity::tests::layout_and_design_assembly_are_exact ... ok
[INFO] [stdout] test sensitivity::tests::ranking_and_column_wise_wrappers_are_correct ... ok
[INFO] [stdout] test samplers::tests::workspace_rng_stays_in_range ... ok
[INFO] [stdout] test surrogate::polynomial::tests::a_polynomial_is_reproduced_exactly ... ok
[INFO] [stdout] test surrogate::polynomial::tests::a_rank_deficient_design_is_refused_not_guessed ... ok
[INFO] [stdout] test surrogate::polynomial::tests::badly_scaled_inputs_still_fit ... ok
[INFO] [stdout] test surrogate::polynomial::tests::malformed_fits_are_refused ... ok
[INFO] [stdout] test surrogate::polynomial::tests::over_fitting_shows_up_out_of_sample ... ok
[INFO] [stdout] test sensitivity::tests::ishigami_matches_analytic_indices ... ok
[INFO] [stdout] test distance::tests::true_metrics_satisfy_the_triangle_inequality ... ok
[INFO] [stdout] test sensitivity::tests::sudret_polynomial_matches_exact_rational_indices ... ok
[INFO] [stdout] test surrogate::polynomial::tests::the_basis_has_the_size_the_formula_says ... ok
[INFO] [stdout] test surrogate::validation::tests::exact_polynomial_has_zero_loo_error ... ok
[INFO] [stdout] test surrogate::validation::tests::wrong_degree_shows_up_in_loo_error ... ok
[INFO] [stdout] test surrogate::polynomial::tests::the_ishigami_fit_reports_honest_out_of_sample_accuracy ... ok
[INFO] [stdout] test abc::tests::a_smaller_tolerance_tightens_the_posterior ... ok
[INFO] [stdout] test bayesian::mcmc::tests::ensemble_move_is_affine_invariant_where_metropolis_hastings_is_not ... ok
[INFO] [stdout] test distance::tests::binned_estimates_match_the_gaussian_closed_forms ... ok
[INFO] [stdout] test abc::tests::rejection_abc_agrees_with_the_sampler_based_route ... ok
[INFO] [stdout] test scram::mocus::tests::a_wide_and_of_ors_produces_exactly_two_to_the_n_cut_sets ... ok
[INFO] [stdout] test estimators::autocorrelation::tests::ar1_recovers_the_exact_autocorrelation_time ... ok
[INFO] [stdout] test estimators::autocorrelation::tests::white_noise_is_not_inflated ... ok
[INFO] [stdout] test samplers::tests::monte_carlo_mean_converges_to_one_half ... ok
[INFO] [stdout] test distance::tests::distances_increase_as_the_samples_separate ... ok
[INFO] [stdout] test distance::tests::wasserstein_matches_the_mean_shift_of_equal_variance_normals ... ok
[INFO] [stdout] test samplers::tests::monte_carlo_error_decays_as_inverse_sqrt_n ... ok
[INFO] [stdout] test abc::tests::an_oversampled_simulator_makes_the_posterior_over_confident ... ok
[INFO] [stdout] 
[INFO] [stdout] failures:
[INFO] [stdout] 
[INFO] [stdout] ---- estimators::stationarity::tests::transient_is_found_and_tail_passes stdout ----
[INFO] [stdout] 
[INFO] [stdout] thread 'estimators::stationarity::tests::transient_is_found_and_tail_passes' (992) panicked at src/estimators/stationarity.rs:346:9:
[INFO] [stdout] z 2.331655990228743
[INFO] [stdout] stack backtrace:
[INFO] [stdout]    0:     0x636dd23c3ea1 - <<std[70759c8f55707aa4]::sys::backtrace::BacktraceLock>::print::DisplayBacktrace as core[df12db4294e9bfd3]::fmt::Display>::fmt
[INFO] [stdout]    1:     0x636dd23d8faa - core[df12db4294e9bfd3]::fmt::write
[INFO] [stdout]    2:     0x636dd23c833c - <alloc[2182bb758b4b3781]::vec::Vec<u8> as core[df12db4294e9bfd3]::io::write::Write>::write_fmt
[INFO] [stdout]    3:     0x636dd23a0176 - std[70759c8f55707aa4]::panicking::default_hook::{closure#0}
[INFO] [stdout]    4:     0x636dd23bc2e9 - std[70759c8f55707aa4]::panicking::default_hook
[INFO] [stdout]    5:     0x636dd2357e10 - test[9d35eded1c95d3be]::test_main_inner::<test[9d35eded1c95d3be]::test_main_static::{closure#0}>::{closure#0}
[INFO] [stdout]    6:     0x636dd23bc4a2 - std[70759c8f55707aa4]::panicking::panic_with_hook
[INFO] [stdout]    7:     0x636dd23a0222 - std[70759c8f55707aa4]::panicking::panic_handler::{closure#0}
[INFO] [stdout]    8:     0x636dd2398e19 - std[70759c8f55707aa4]::sys::backtrace::__rust_end_short_backtrace::<std[70759c8f55707aa4]::panicking::panic_handler::{closure#0}, !>
[INFO] [stdout]    9:     0x636dd23a0e1d - __rustc[8fa7c3cbc660c2b3]::rust_begin_unwind
[INFO] [stdout]   10:     0x636dd23d96dc - core[df12db4294e9bfd3]::panicking::panic_fmt
[INFO] [stdout]   11:     0x636dd233728f - raffles[35bc792924a07e4]::estimators::stationarity::tests::transient_is_found_and_tail_passes
[INFO] [stdout]   12:     0x636dd22ad799 - <raffles[35bc792924a07e4]::estimators::stationarity::tests::transient_is_found_and_tail_passes::{closure#0} as core[df12db4294e9bfd3]::ops::function::FnOnce<()>>::call_once
[INFO] [stdout]   13:     0x636dd234b0fb - test[9d35eded1c95d3be]::__rust_begin_short_backtrace::<core[df12db4294e9bfd3]::result::Result<(), alloc[2182bb758b4b3781]::string::String>, fn() -> core[df12db4294e9bfd3]::result::Result<(), alloc[2182bb758b4b3781]::string::String>>
[INFO] [stdout]   14:     0x636dd2358765 - test[9d35eded1c95d3be]::run_test::{closure#0}
[INFO] [stdout]   15:     0x636dd2352024 - std[70759c8f55707aa4]::sys::backtrace::__rust_begin_short_backtrace::<test[9d35eded1c95d3be]::run_test::{closure#1}, ()>
[INFO] [stdout]   16:     0x636dd235b8c2 - <std[70759c8f55707aa4]::thread::lifecycle::spawn_unchecked<test[9d35eded1c95d3be]::run_test::{closure#1}, ()>::{closure#1} as core[df12db4294e9bfd3]::ops::function::FnOnce<()>>::call_once::{shim:vtable#0}
[INFO] [stdout]   17:     0x636dd23c3459 - <std[70759c8f55707aa4]::sys::thread::unix::Thread>::new::thread_start
[INFO] [stdout]   18:     0x70335b917dfa - <unknown>
[INFO] [stdout]   19:     0x70335b9ab3d4 - clone
[INFO] [stdout]   20:                0x0 - <unknown>
[INFO] [stdout] 
[INFO] [stdout] 
[INFO] [stdout] failures:
[INFO] [stdout]     estimators::stationarity::tests::transient_is_found_and_tail_passes
[INFO] [stdout] 
[INFO] [stdout] test result: FAILED. 157 passed; 1 failed; 0 ignored; 0 measured; 0 filtered out; finished in 2.37s
[INFO] [stdout] 
[INFO] [stderr] error: test failed, to rerun pass `--lib`
[INFO] running `Command { std: "docker" "inspect" "97b73ab31862c07095dbd8dc5fd4111670b12f8b52cf2a4180ae4d75a43ef768", kill_on_drop: false }`
[INFO] running `Command { std: "docker" "rm" "-f" "97b73ab31862c07095dbd8dc5fd4111670b12f8b52cf2a4180ae4d75a43ef768", kill_on_drop: false }`
[INFO] [stdout] 97b73ab31862c07095dbd8dc5fd4111670b12f8b52cf2a4180ae4d75a43ef768
