[INFO] fetching crate radixdb-procedural 1.2.25...
[INFO] testing radixdb-procedural-1.2.25 against 1.99.0-beta.8+cargoflags=--release for beta-release-1.100-2
[INFO] extracting crate radixdb-procedural 1.2.25 into /workspace/builds/worker-6-tc1/source
[INFO] started tweaking crates.io crate radixdb-procedural 1.2.25
[INFO] removed 0 missing tests
[INFO] finished tweaking crates.io crate radixdb-procedural 1.2.25
[INFO] tweaked toml for crates.io crate radixdb-procedural 1.2.25 written to /workspace/builds/worker-6-tc1/source/Cargo.toml
[INFO] validating manifest of crates.io crate radixdb-procedural 1.2.25 on toolchain 1.99.0-beta.8
[INFO] running `Command { std: CARGO_HOME="/workspace/cargo-home" RUSTUP_HOME="/workspace/rustup-home" "/workspace/cargo-home/bin/cargo" "+1.99.0-beta.8" "metadata" "--manifest-path" "Cargo.toml" "--no-deps", kill_on_drop: false }`
[INFO] crate crates.io crate radixdb-procedural 1.2.25 already has a lockfile, it will not be regenerated
[INFO] running `Command { std: CARGO_HOME="/workspace/cargo-home" RUSTUP_HOME="/workspace/rustup-home" "/workspace/cargo-home/bin/cargo" "+1.99.0-beta.8" "fetch" "--manifest-path" "Cargo.toml", kill_on_drop: false }`
[INFO] [stderr]     Updating crates.io index
[INFO] [stderr]  Downloading crates ...
[INFO] [stderr]   Downloaded radixdb-catalog v1.2.25
[INFO] [stderr]   Downloaded anyhow v1.0.101
[INFO] [stderr]   Downloaded radixdb-sql v1.2.25
[INFO] [stderr]   Downloaded radixdb-core v1.2.25
[INFO] running `Command { std: "docker" "create" "-v" "/var/lib/crater-agent-workspace/builds/worker-6-tc1/source:/opt/rustwide/workdir:ro,Z" "-v" "/var/lib/crater-agent-workspace/builds/worker-6-tc1/target:/opt/rustwide/target:rw,Z" "-v" "/var/lib/crater-agent-workspace/cargo-home:/opt/rustwide/cargo-home:ro,Z" "-v" "/var/lib/crater-agent-workspace/rustup-home:/opt/rustwide/rustup-home:ro,Z" "-m" "1610612736" "--network" "none" "ghcr.io/rust-lang/crates-build-env/linux@sha256:77db811e55d90add9212f6832c23229e3de5f1c1f9905e8cb07319ea15df73ac" "sleep" "infinity", kill_on_drop: false }`
[INFO] [stdout] 92ea893ad2b47486edd4500fc1e2711ff9a5dd3967d77e73d66a3b8e94cc120f
[INFO] running `Command { std: "docker" "start" "92ea893ad2b47486edd4500fc1e2711ff9a5dd3967d77e73d66a3b8e94cc120f", kill_on_drop: false }`
[INFO] running `Command { std: "docker" "inspect" "92ea893ad2b47486edd4500fc1e2711ff9a5dd3967d77e73d66a3b8e94cc120f", kill_on_drop: false }`
[INFO] running `Command { std: "docker" "exec" "-e" "SOURCE_DIR=/opt/rustwide/workdir" "-e" "CARGO_HOME=/opt/rustwide/cargo-home" "-e" "RUSTUP_HOME=/opt/rustwide/rustup-home" "-e" "CARGO_TARGET_DIR=/opt/rustwide/target" "-w" "/opt/rustwide/workdir" "--user" "0:0" "92ea893ad2b47486edd4500fc1e2711ff9a5dd3967d77e73d66a3b8e94cc120f" "/opt/rustwide/cargo-home/bin/cargo" "+1.99.0-beta.8" "metadata" "--no-deps" "--format-version=1", kill_on_drop: false }`
[INFO] running `Command { std: "docker" "inspect" "92ea893ad2b47486edd4500fc1e2711ff9a5dd3967d77e73d66a3b8e94cc120f", kill_on_drop: false }`
[INFO] running `Command { std: "docker" "exec" "-e" "SOURCE_DIR=/opt/rustwide/workdir" "-e" "CARGO_HOME=/opt/rustwide/cargo-home" "-e" "RUSTUP_HOME=/opt/rustwide/rustup-home" "-e" "CARGO_TARGET_DIR=/opt/rustwide/target" "-e" "CARGO_INCREMENTAL=0" "-e" "RUST_BACKTRACE=full" "-e" "RUSTFLAGS=--cap-lints=warn" "-e" "RUSTDOCFLAGS=--cap-lints=warn" "-w" "/opt/rustwide/workdir" "--user" "0:0" "92ea893ad2b47486edd4500fc1e2711ff9a5dd3967d77e73d66a3b8e94cc120f" "/opt/rustwide/cargo-home/bin/cargo" "+1.99.0-beta.8" "build" "--frozen" "--message-format=json" "--release", kill_on_drop: false }`
[INFO] [stderr]    Compiling zerocopy v0.8.39
[INFO] [stderr]    Compiling ahash v0.8.12
[INFO] [stderr]    Compiling chrono-tz v0.10.4
[INFO] [stderr]    Compiling phf_shared v0.12.1
[INFO] [stderr]    Compiling syn v2.0.116
[INFO] [stderr]    Compiling getrandom v0.3.4
[INFO] [stderr]    Compiling unicode-normalization v0.1.25
[INFO] [stderr]    Compiling rustc-hash v1.1.0
[INFO] [stderr]    Compiling phf v0.12.1
[INFO] [stderr]    Compiling rand_core v0.9.5
[INFO] [stderr]    Compiling serde_derive v1.0.228
[INFO] [stderr]    Compiling thiserror-impl v2.0.18
[INFO] [stderr]    Compiling thiserror v2.0.18
[INFO] [stderr]    Compiling serde v1.0.228
[INFO] [stderr]    Compiling ppv-lite86 v0.2.21
[INFO] [stderr]    Compiling chrono v0.4.43
[INFO] [stderr]    Compiling rand_chacha v0.9.0
[INFO] [stderr]    Compiling rand v0.9.2
[INFO] [stderr]    Compiling uuid v1.21.0
[INFO] [stderr]    Compiling radixdb-core v1.2.25
[INFO] [stderr]    Compiling radixdb-sql v1.2.25
[INFO] [stderr]    Compiling radixdb-catalog v1.2.25
[INFO] [stderr]    Compiling radixdb-procedural v1.2.25 (/opt/rustwide/workdir)
[INFO] [stderr]     Finished `release` profile [optimized] target(s) in 52.46s
[INFO] running `Command { std: "docker" "inspect" "92ea893ad2b47486edd4500fc1e2711ff9a5dd3967d77e73d66a3b8e94cc120f", kill_on_drop: false }`
[INFO] running `Command { std: "docker" "exec" "-e" "SOURCE_DIR=/opt/rustwide/workdir" "-e" "CARGO_HOME=/opt/rustwide/cargo-home" "-e" "RUSTUP_HOME=/opt/rustwide/rustup-home" "-e" "CARGO_TARGET_DIR=/opt/rustwide/target" "-e" "CARGO_INCREMENTAL=0" "-e" "RUST_BACKTRACE=full" "-e" "RUSTFLAGS=--cap-lints=warn" "-e" "RUSTDOCFLAGS=--cap-lints=warn" "-w" "/opt/rustwide/workdir" "--user" "0:0" "92ea893ad2b47486edd4500fc1e2711ff9a5dd3967d77e73d66a3b8e94cc120f" "/opt/rustwide/cargo-home/bin/cargo" "+1.99.0-beta.8" "test" "--frozen" "--no-run" "--message-format=json" "--release", kill_on_drop: false }`
[INFO] [stderr]    Compiling libc v0.2.182
[INFO] [stderr]    Compiling rustix v1.1.3
[INFO] [stderr]    Compiling bit-vec v0.8.0
[INFO] [stderr]    Compiling winnow v0.7.14
[INFO] [stderr]    Compiling regex-syntax v0.8.9
[INFO] [stderr]    Compiling chrono v0.4.43
[INFO] [stderr]    Compiling toml_datetime v0.6.11
[INFO] [stderr]    Compiling serde_spanned v0.6.9
[INFO] [stderr]    Compiling bit-set v0.8.0
[INFO] [stderr]    Compiling getrandom v0.3.4
[INFO] [stderr]    Compiling getrandom v0.4.1
[INFO] [stderr]    Compiling wait-timeout v0.2.1
[INFO] [stderr]    Compiling chrono-tz v0.10.4
[INFO] [stderr]    Compiling rand_core v0.9.5
[INFO] [stderr]    Compiling ahash v0.8.12
[INFO] [stderr]    Compiling rand_chacha v0.9.0
[INFO] [stderr]    Compiling rand_xorshift v0.4.0
[INFO] [stderr]    Compiling tempfile v3.25.0
[INFO] [stderr]    Compiling rand v0.9.2
[INFO] [stderr]    Compiling rusty-fork v0.3.1
[INFO] [stderr]    Compiling uuid v1.21.0
[INFO] [stderr]    Compiling toml_edit v0.22.27
[INFO] [stderr]    Compiling proptest v1.10.0
[INFO] [stderr]    Compiling toml v0.8.23
[INFO] [stderr]    Compiling radixdb-core v1.2.25
[INFO] [stderr]    Compiling radixdb-catalog v1.2.25
[INFO] [stderr]    Compiling radixdb-sql v1.2.25
[INFO] [stderr]    Compiling radixdb-procedural v1.2.25 (/opt/rustwide/workdir)
[INFO] [stderr]     Finished `release` profile [optimized] target(s) in 1m 25s
[INFO] running `Command { std: "docker" "inspect" "92ea893ad2b47486edd4500fc1e2711ff9a5dd3967d77e73d66a3b8e94cc120f", kill_on_drop: false }`
[INFO] running `Command { std: "docker" "exec" "-e" "SOURCE_DIR=/opt/rustwide/workdir" "-e" "CARGO_HOME=/opt/rustwide/cargo-home" "-e" "RUSTUP_HOME=/opt/rustwide/rustup-home" "-e" "CARGO_TARGET_DIR=/opt/rustwide/target" "-e" "CARGO_INCREMENTAL=0" "-e" "RUST_BACKTRACE=full" "-e" "RUSTFLAGS=--cap-lints=warn" "-e" "RUSTDOCFLAGS=--cap-lints=warn" "-w" "/opt/rustwide/workdir" "--user" "0:0" "92ea893ad2b47486edd4500fc1e2711ff9a5dd3967d77e73d66a3b8e94cc120f" "/opt/rustwide/cargo-home/bin/cargo" "+1.99.0-beta.8" "test" "--frozen" "--release", kill_on_drop: false }`
[INFO] [stderr]     Finished `release` profile [optimized] target(s) in 0.12s
[INFO] [stderr]      Running unittests src/lib.rs (/opt/rustwide/target/release/deps/radixdb_procedural-089fdc8cc9aaa9f3)
[INFO] [stdout] 
[INFO] [stdout] running 26 tests
[INFO] [stdout] test budget::tests::cancellation_is_shared_and_checked_at_boundaries ... ok
[INFO] [stdout] test budget::tests::clones_spend_one_shared_budget ... ok
[INFO] [stdout] test compiler::lowering::tests::control_flow_static_dynamic_sql_and_calls_share_one_ir ... ok
[INFO] [stdout] test compiler::lowering::tests::exception_handlers_lower_to_typed_savepoint_routes ... ok
[INFO] [stdout] test budget::tests::frame_limit_failure_does_not_leak_live_frame_usage ... ok
[INFO] [stdout] test compiler::lowering::tests::explicit_and_query_cursors_lower_to_bounded_streaming_ir ... ok
[INFO] [stdout] test compiler::lowering::tests::numeric_for_lowers_reverse_and_explicit_positive_step ... ok
[INFO] [stdout] test compiler::lowering::tests::admission_rejects_deferred_or_unsafe_shapes ... ok
[INFO] [stdout] test compiler::lowering::tests::out_and_inout_arguments_are_explicit_program_outputs_and_call_destinations ... ok
[INFO] [stdout] test budget::tests::cancelled_frame_entry_does_not_charge_a_frame ... ok
[INFO] [stdout] test compiler::lowering::tests::rowtype_rejects_unknown_fields_and_whole_row_not_null ... ok
[INFO] [stdout] test compiler::lowering::tests::rowtype_keeps_catalog_shape_and_supports_field_and_row_assignment ... ok
[INFO] [stdout] test budget::tests::caller_cancellation_stops_the_shared_budget ... ok
[INFO] [stderr]      Running tests/boundary.rs (/opt/rustwide/target/release/deps/boundary-8a3ee9267d17afeb)
[INFO] [stdout] test compiler::lowering::tests::after_trigger_rejects_row_mutation_and_non_null_return ... ok
[INFO] [stdout] test compiler::lowering::tests::statement_trigger_accepts_only_nullable_trigger_return ... ok
[INFO] [stdout] test compiler::lowering::tests::before_update_trigger_has_typed_mutable_new_and_exact_return_contract ... ok
[INFO] [stdout] test compiler::lowering::tests::system_audit_and_outbox_calls_lower_to_typed_host_instructions ... ok
[INFO] [stdout] test compiler::lowering::tests::case_collections_status_and_table_returns_lower_to_one_verified_ir ... ok
[INFO] [stdout] test diagnostic::tests::diagnostic_text_and_lists_are_bounded ... ok
[INFO] [stdout] test diagnostic::tests::retryable_registry_is_explicit_and_closed ... ok
[INFO] [stdout] test compiler::lowering::tests::scalar_function_lowers_to_verified_cfg_with_source_spans ... ok
[INFO] [stdout] test diagnostic::tests::every_kind_has_the_stable_prefix_and_category ... ok
[INFO] [stdout] test value::tests::collection_capacity_is_part_of_runtime_admission ... ok
[INFO] [stdout] test value::tests::declared_record_fields_start_uninitialized_without_losing_constraints ... ok
[INFO] [stdout] test value::tests::direct_enum_construction_cannot_bypass_type_validation ... ok
[INFO] [stdout] test value::tests::exact_scalar_type_and_nullability_are_enforced ... ok
[INFO] [stdout] 
[INFO] [stdout] test result: ok. 26 passed; 0 failed; 0 ignored; 0 measured; 0 filtered out; finished in 0.02s
[INFO] [stdout] 
[INFO] [stdout] 
[INFO] [stdout] running 5 tests
[INFO] [stdout] test procedural_crate_has_only_the_approved_lower_dependencies ... FAILED
[INFO] [stdout] test source_ownership_starts_after_sql_parsing ... ok
[INFO] [stdout] test sql_crate_has_no_reverse_dependency_on_procedural_runtime ... FAILED
[INFO] [stdout] test runtime_has_no_external_io_capability ... ok
[INFO] [stdout] test foundation_is_split_into_bounded_responsibility_modules ... ok
[INFO] [stdout] 
[INFO] [stdout] failures:
[INFO] [stdout] 
[INFO] [stdout] ---- procedural_crate_has_only_the_approved_lower_dependencies stdout ----
[INFO] [stdout] 
[INFO] [stdout] thread 'procedural_crate_has_only_the_approved_lower_dependencies' (1404) panicked at tests/boundary.rs:51:31:
[INFO] [stdout] index not found
[INFO] [stdout] stack backtrace:
[INFO] [stdout]    0:     0x5c813f57bbb1 - <<std[70759c8f55707aa4]::sys::backtrace::BacktraceLock>::print::DisplayBacktrace as core[df12db4294e9bfd3]::fmt::Display>::fmt
[INFO] [stdout]    1:     0x5c813f59099a - core[df12db4294e9bfd3]::fmt::write
[INFO] [stdout]    2:     0x5c813f58033c - <alloc[2182bb758b4b3781]::vec::Vec<u8> as core[df12db4294e9bfd3]::io::write::Write>::write_fmt
[INFO] [stdout]    3:     0x5c813f557796 - std[70759c8f55707aa4]::panicking::default_hook::{closure#0}
[INFO] [stdout]    4:     0x5c813f573d99 - std[70759c8f55707aa4]::panicking::default_hook
[INFO] [stdout]    5:     0x5c813f50f740 - test[9d35eded1c95d3be]::test_main_inner::<test[9d35eded1c95d3be]::test_main_static::{closure#0}>::{closure#0}
[INFO] [stdout]    6:     0x5c813f573f52 - std[70759c8f55707aa4]::panicking::panic_with_hook
[INFO] [stdout]    7:     0x5c813f557842 - std[70759c8f55707aa4]::panicking::panic_handler::{closure#0}
[INFO] [stdout]    8:     0x5c813f550399 - std[70759c8f55707aa4]::sys::backtrace::__rust_end_short_backtrace::<std[70759c8f55707aa4]::panicking::panic_handler::{closure#0}, !>
[INFO] [stdout]    9:     0x5c813f55843d - __rustc[8fa7c3cbc660c2b3]::rust_begin_unwind
[INFO] [stdout]   10:     0x5c813f5910cc - core[df12db4294e9bfd3]::panicking::panic_fmt
[INFO] [stdout]   11:     0x5c813f590e24 - core[df12db4294e9bfd3]::option::expect_failed
[INFO] [stdout]   12:     0x5c813f4cf932 - <boundary[45e9fab5168a61f8]::procedural_crate_has_only_the_approved_lower_dependencies::{closure#0} as core[df12db4294e9bfd3]::ops::function::FnOnce<()>>::call_once
[INFO] [stdout]   13:     0x5c813f502a2b - test[9d35eded1c95d3be]::__rust_begin_short_backtrace::<core[df12db4294e9bfd3]::result::Result<(), alloc[2182bb758b4b3781]::string::String>, fn() -> core[df12db4294e9bfd3]::result::Result<(), alloc[2182bb758b4b3781]::string::String>>
[INFO] [stdout]   14:     0x5c813f510095 - test[9d35eded1c95d3be]::run_test::{closure#0}
[INFO] [stdout]   15:     0x5c813f509954 - std[70759c8f55707aa4]::sys::backtrace::__rust_begin_short_backtrace::<test[9d35eded1c95d3be]::run_test::{closure#1}, ()>
[INFO] [stdout]   16:     0x5c813f5131f2 - <std[70759c8f55707aa4]::thread::lifecycle::spawn_unchecked<test[9d35eded1c95d3be]::run_test::{closure#1}, ()>::{closure#1} as core[df12db4294e9bfd3]::ops::function::FnOnce<()>>::call_once::{shim:vtable#0}
[INFO] [stdout]   17:     0x5c813f57b119 - <std[70759c8f55707aa4]::sys::thread::unix::Thread>::new::thread_start
[INFO] [stdout]   18:     0x753e71539dfa - <unknown>
[INFO] [stdout]   19:     0x753e715cd3d4 - clone
[INFO] [stdout]   20:                0x0 - <unknown>
[INFO] [stdout] 
[INFO] [stdout] ---- sql_crate_has_no_reverse_dependency_on_procedural_runtime stdout ----
[INFO] [stdout] 
[INFO] [stdout] thread 'sql_crate_has_no_reverse_dependency_on_procedural_runtime' (1407) panicked at tests/boundary.rs:64:10:
[INFO] [stdout] read SQL manifest: Os { code: 2, kind: NotFound, message: "No such file or directory" }
[INFO] [stdout] stack backtrace:
[INFO] [stdout]    0:     0x5c813f57bbb1 - <<std[70759c8f55707aa4]::sys::backtrace::BacktraceLock>::print::DisplayBacktrace as core[df12db4294e9bfd3]::fmt::Display>::fmt
[INFO] [stdout]    1:     0x5c813f59099a - core[df12db4294e9bfd3]::fmt::write
[INFO] [stdout]    2:     0x5c813f58033c - <alloc[2182bb758b4b3781]::vec::Vec<u8> as core[df12db4294e9bfd3]::io::write::Write>::write_fmt
[INFO] [stdout]    3:     0x5c813f557796 - std[70759c8f55707aa4]::panicking::default_hook::{closure#0}
[INFO] [stdout]    4:     0x5c813f573d99 - std[70759c8f55707aa4]::panicking::default_hook
[INFO] [stdout]    5:     0x5c813f50f740 - test[9d35eded1c95d3be]::test_main_inner::<test[9d35eded1c95d3be]::test_main_static::{closure#0}>::{closure#0}
[INFO] [stdout]    6:     0x5c813f573f52 - std[70759c8f55707aa4]::panicking::panic_with_hook
[INFO] [stdout]    7:     0x5c813f557842 - std[70759c8f55707aa4]::panicking::panic_handler::{closure#0}
[INFO] [stdout]    8:     0x5c813f550399 - std[70759c8f55707aa4]::sys::backtrace::__rust_end_short_backtrace::<std[70759c8f55707aa4]::panicking::panic_handler::{closure#0}, !>
[INFO] [stdout]    9:     0x5c813f55843d - __rustc[8fa7c3cbc660c2b3]::rust_begin_unwind
[INFO] [stdout]   10:     0x5c813f5910cc - core[df12db4294e9bfd3]::panicking::panic_fmt
[INFO] [stdout]   11:     0x5c813f590ea2 - core[df12db4294e9bfd3]::result::unwrap_failed
[INFO] [stdout]   12:     0x5c813f4cfdf0 - <boundary[45e9fab5168a61f8]::sql_crate_has_no_reverse_dependency_on_procedural_runtime::{closure#0} as core[df12db4294e9bfd3]::ops::function::FnOnce<()>>::call_once
[INFO] [stdout]   13:     0x5c813f502a2b - test[9d35eded1c95d3be]::__rust_begin_short_backtrace::<core[df12db4294e9bfd3]::result::Result<(), alloc[2182bb758b4b3781]::string::String>, fn() -> core[df12db4294e9bfd3]::result::Result<(), alloc[2182bb758b4b3781]::string::String>>
[INFO] [stdout]   14:     0x5c813f510095 - test[9d35eded1c95d3be]::run_test::{closure#0}
[INFO] [stdout]   15:     0x5c813f509954 - std[70759c8f55707aa4]::sys::backtrace::__rust_begin_short_backtrace::<test[9d35eded1c95d3be]::run_test::{closure#1}, ()>
[INFO] [stdout]   16:     0x5c813f5131f2 - <std[70759c8f55707aa4]::thread::lifecycle::spawn_unchecked<test[9d35eded1c95d3be]::run_test::{closure#1}, ()>::{closure#1} as core[df12db4294e9bfd3]::ops::function::FnOnce<()>>::call_once::{shim:vtable#0}
[INFO] [stdout]   17:     0x5c813f57b119 - <std[70759c8f55707aa4]::sys::thread::unix::Thread>::new::thread_start
[INFO] [stdout]   18:     0x753e71539dfa - <unknown>
[INFO] [stdout]   19:     0x753e715cd3d4 - clone
[INFO] [stdout]   20:                0x0 - <unknown>
[INFO] [stdout] 
[INFO] [stdout] 
[INFO] [stdout] failures:
[INFO] [stdout]     procedural_crate_has_only_the_approved_lower_dependencies
[INFO] [stdout]     sql_crate_has_no_reverse_dependency_on_procedural_runtime
[INFO] [stdout] 
[INFO] [stdout] test result: FAILED. 3 passed; 2 failed; 0 ignored; 0 measured; 0 filtered out; finished in 0.00s
[INFO] [stdout] 
[INFO] [stderr] error: test failed, to rerun pass `--test boundary`
[INFO] running `Command { std: "docker" "inspect" "92ea893ad2b47486edd4500fc1e2711ff9a5dd3967d77e73d66a3b8e94cc120f", kill_on_drop: false }`
[INFO] running `Command { std: "docker" "rm" "-f" "92ea893ad2b47486edd4500fc1e2711ff9a5dd3967d77e73d66a3b8e94cc120f", kill_on_drop: false }`
[INFO] [stdout] 92ea893ad2b47486edd4500fc1e2711ff9a5dd3967d77e73d66a3b8e94cc120f
