[INFO] fetching crate radixdb-plugin-host 1.2.25...
[INFO] testing radixdb-plugin-host-1.2.25 against 1.100.0-beta.1+cargoflags=--release for beta-release-1.100-2
[INFO] extracting crate radixdb-plugin-host 1.2.25 into /workspace/builds/worker-0-tc2/source
[INFO] started tweaking crates.io crate radixdb-plugin-host 1.2.25
[INFO] removed 0 missing tests
[INFO] finished tweaking crates.io crate radixdb-plugin-host 1.2.25
[INFO] tweaked toml for crates.io crate radixdb-plugin-host 1.2.25 written to /workspace/builds/worker-0-tc2/source/Cargo.toml
[INFO] validating manifest of crates.io crate radixdb-plugin-host 1.2.25 on toolchain 1.100.0-beta.1
[INFO] running `Command { std: CARGO_HOME="/workspace/cargo-home" RUSTUP_HOME="/workspace/rustup-home" "/workspace/cargo-home/bin/cargo" "+1.100.0-beta.1" "metadata" "--manifest-path" "Cargo.toml" "--no-deps", kill_on_drop: false }`
[INFO] crate crates.io crate radixdb-plugin-host 1.2.25 already has a lockfile, it will not be regenerated
[INFO] running `Command { std: CARGO_HOME="/workspace/cargo-home" RUSTUP_HOME="/workspace/rustup-home" "/workspace/cargo-home/bin/cargo" "+1.100.0-beta.1" "fetch" "--manifest-path" "Cargo.toml", kill_on_drop: false }`
[INFO] running `Command { std: "docker" "create" "-v" "/var/lib/crater-agent-workspace/builds/worker-0-tc2/source:/opt/rustwide/workdir:ro,Z" "-v" "/var/lib/crater-agent-workspace/builds/worker-0-tc2/target:/opt/rustwide/target:rw,Z" "-v" "/var/lib/crater-agent-workspace/cargo-home:/opt/rustwide/cargo-home:ro,Z" "-v" "/var/lib/crater-agent-workspace/rustup-home:/opt/rustwide/rustup-home:ro,Z" "-m" "1610612736" "--network" "none" "ghcr.io/rust-lang/crates-build-env/linux@sha256:77db811e55d90add9212f6832c23229e3de5f1c1f9905e8cb07319ea15df73ac" "sleep" "infinity", kill_on_drop: false }`
[INFO] [stdout] b652e4bfc8c344ffa9575ef73cdfa8464fc854880a96145ea3438358d1a9cd98
[INFO] running `Command { std: "docker" "start" "b652e4bfc8c344ffa9575ef73cdfa8464fc854880a96145ea3438358d1a9cd98", kill_on_drop: false }`
[INFO] running `Command { std: "docker" "inspect" "b652e4bfc8c344ffa9575ef73cdfa8464fc854880a96145ea3438358d1a9cd98", kill_on_drop: false }`
[INFO] running `Command { std: "docker" "exec" "-e" "SOURCE_DIR=/opt/rustwide/workdir" "-e" "CARGO_HOME=/opt/rustwide/cargo-home" "-e" "RUSTUP_HOME=/opt/rustwide/rustup-home" "-e" "CARGO_TARGET_DIR=/opt/rustwide/target" "-w" "/opt/rustwide/workdir" "--user" "0:0" "b652e4bfc8c344ffa9575ef73cdfa8464fc854880a96145ea3438358d1a9cd98" "/opt/rustwide/cargo-home/bin/cargo" "+1.100.0-beta.1" "metadata" "--no-deps" "--format-version=1", kill_on_drop: false }`
[INFO] running `Command { std: "docker" "inspect" "b652e4bfc8c344ffa9575ef73cdfa8464fc854880a96145ea3438358d1a9cd98", kill_on_drop: false }`
[INFO] running `Command { std: "docker" "exec" "-e" "SOURCE_DIR=/opt/rustwide/workdir" "-e" "CARGO_HOME=/opt/rustwide/cargo-home" "-e" "RUSTUP_HOME=/opt/rustwide/rustup-home" "-e" "CARGO_TARGET_DIR=/opt/rustwide/target" "-e" "CARGO_INCREMENTAL=0" "-e" "RUST_BACKTRACE=full" "-e" "RUSTFLAGS=--cap-lints=warn" "-e" "RUSTDOCFLAGS=--cap-lints=warn" "-w" "/opt/rustwide/workdir" "--user" "0:0" "b652e4bfc8c344ffa9575ef73cdfa8464fc854880a96145ea3438358d1a9cd98" "/opt/rustwide/cargo-home/bin/cargo" "+1.100.0-beta.1" "build" "--frozen" "--message-format=json" "--release", kill_on_drop: false }`
[INFO] [stderr]    Compiling quote v1.0.44
[INFO] [stderr]    Compiling libc v0.2.182
[INFO] [stderr]    Compiling zerocopy v0.8.39
[INFO] [stderr]    Compiling getrandom v0.4.1
[INFO] [stderr]    Compiling siphasher v1.0.3
[INFO] [stderr]    Compiling chrono-tz v0.10.4
[INFO] [stderr]    Compiling crc32fast v1.5.0
[INFO] [stderr]    Compiling tinyvec v1.10.0
[INFO] [stderr]    Compiling once_cell v1.21.3
[INFO] [stderr]    Compiling winnow v0.7.14
[INFO] [stderr]    Compiling smallvec v1.15.1
[INFO] [stderr]    Compiling semver v1.0.27
[INFO] [stderr]    Compiling libloading v0.8.9
[INFO] [stderr]    Compiling radixdb-plugin-abi v1.2.25
[INFO] [stderr]    Compiling phf_shared v0.12.1
[INFO] [stderr]    Compiling phf v0.12.1
[INFO] [stderr]    Compiling syn v2.0.116
[INFO] [stderr]    Compiling unicode-normalization v0.1.25
[INFO] [stderr]    Compiling getrandom v0.3.4
[INFO] [stderr]    Compiling rand_core v0.9.5
[INFO] [stderr]    Compiling serde_derive v1.0.228
[INFO] [stderr]    Compiling thiserror-impl v2.0.18
[INFO] [stderr]    Compiling thiserror v2.0.18
[INFO] [stderr]    Compiling serde v1.0.228
[INFO] [stderr]    Compiling ppv-lite86 v0.2.21
[INFO] [stderr]    Compiling ahash v0.8.12
[INFO] [stderr]    Compiling chrono v0.4.43
[INFO] [stderr]    Compiling serde_spanned v0.6.9
[INFO] [stderr]    Compiling toml_datetime v0.6.11
[INFO] [stderr]    Compiling rand_chacha v0.9.0
[INFO] [stderr]    Compiling toml_edit v0.22.27
[INFO] [stderr]    Compiling rand v0.9.2
[INFO] [stderr]    Compiling uuid v1.21.0
[INFO] [stderr]    Compiling toml v0.8.23
[INFO] [stderr]    Compiling radixdb-core v1.2.25
[INFO] [stderr]    Compiling radixdb-plugin-host v1.2.25 (/opt/rustwide/workdir)
[INFO] [stdout] warning: use of deprecated method `std::sync::atomic::Atomic::<u64>::fetch_update`: renamed to `try_update` for consistency
[INFO] [stdout]    --> src/loader.rs:123:10
[INFO] [stdout]     |
[INFO] [stdout] 123 |         .fetch_update(Ordering::AcqRel, Ordering::Acquire, |current| {
[INFO] [stdout]     |          ^^^^^^^^^^^^
[INFO] [stdout]     |
[INFO] [stdout]     = note: `#[warn(deprecated)]` on by default
[INFO] [stdout] help: replace the use of the deprecated method
[INFO] [stdout]     |
[INFO] [stdout] 123 -         .fetch_update(Ordering::AcqRel, Ordering::Acquire, |current| {
[INFO] [stdout] 123 +         .try_update(Ordering::AcqRel, Ordering::Acquire, |current| {
[INFO] [stdout]     |
[INFO] [stdout] 
[INFO] [stdout] 
[INFO] [stderr]     Finished `release` profile [optimized] target(s) in 44.50s
[INFO] running `Command { std: "docker" "inspect" "b652e4bfc8c344ffa9575ef73cdfa8464fc854880a96145ea3438358d1a9cd98", kill_on_drop: false }`
[INFO] running `Command { std: "docker" "exec" "-e" "SOURCE_DIR=/opt/rustwide/workdir" "-e" "CARGO_HOME=/opt/rustwide/cargo-home" "-e" "RUSTUP_HOME=/opt/rustwide/rustup-home" "-e" "CARGO_TARGET_DIR=/opt/rustwide/target" "-e" "CARGO_INCREMENTAL=0" "-e" "RUST_BACKTRACE=full" "-e" "RUSTFLAGS=--cap-lints=warn" "-e" "RUSTDOCFLAGS=--cap-lints=warn" "-w" "/opt/rustwide/workdir" "--user" "0:0" "b652e4bfc8c344ffa9575ef73cdfa8464fc854880a96145ea3438358d1a9cd98" "/opt/rustwide/cargo-home/bin/cargo" "+1.100.0-beta.1" "test" "--frozen" "--no-run" "--message-format=json" "--release", kill_on_drop: false }`
[INFO] [stderr]    Compiling once_cell v1.21.3
[INFO] [stderr]    Compiling rustix v1.1.3
[INFO] [stderr]    Compiling linux-raw-sys v0.11.0
[INFO] [stderr]    Compiling ahash v0.8.12
[INFO] [stderr]    Compiling radixdb-core v1.2.25
[INFO] [stderr]    Compiling tempfile v3.25.0
[INFO] [stderr]    Compiling radixdb-plugin-host v1.2.25 (/opt/rustwide/workdir)
[INFO] [stdout] warning: use of deprecated method `std::sync::atomic::Atomic::<u64>::fetch_update`: renamed to `try_update` for consistency
[INFO] [stdout]    --> src/loader.rs:123:10
[INFO] [stdout]     |
[INFO] [stdout] 123 |         .fetch_update(Ordering::AcqRel, Ordering::Acquire, |current| {
[INFO] [stdout]     |          ^^^^^^^^^^^^
[INFO] [stdout]     |
[INFO] [stdout]     = note: `#[warn(deprecated)]` on by default
[INFO] [stdout] help: replace the use of the deprecated method
[INFO] [stdout]     |
[INFO] [stdout] 123 -         .fetch_update(Ordering::AcqRel, Ordering::Acquire, |current| {
[INFO] [stdout] 123 +         .try_update(Ordering::AcqRel, Ordering::Acquire, |current| {
[INFO] [stdout]     |
[INFO] [stdout] 
[INFO] [stdout] 
[INFO] [stdout] warning: use of deprecated method `std::sync::atomic::Atomic::<u64>::fetch_update`: renamed to `try_update` for consistency
[INFO] [stdout]    --> src/loader.rs:123:10
[INFO] [stdout]     |
[INFO] [stdout] 123 |         .fetch_update(Ordering::AcqRel, Ordering::Acquire, |current| {
[INFO] [stdout]     |          ^^^^^^^^^^^^
[INFO] [stdout]     |
[INFO] [stdout]     = note: `#[warn(deprecated)]` on by default
[INFO] [stdout] help: replace the use of the deprecated method
[INFO] [stdout]     |
[INFO] [stdout] 123 -         .fetch_update(Ordering::AcqRel, Ordering::Acquire, |current| {
[INFO] [stdout] 123 +         .try_update(Ordering::AcqRel, Ordering::Acquire, |current| {
[INFO] [stdout]     |
[INFO] [stdout] 
[INFO] [stdout] 
[INFO] [stderr]     Finished `release` profile [optimized] target(s) in 26.91s
[INFO] running `Command { std: "docker" "inspect" "b652e4bfc8c344ffa9575ef73cdfa8464fc854880a96145ea3438358d1a9cd98", kill_on_drop: false }`
[INFO] running `Command { std: "docker" "exec" "-e" "SOURCE_DIR=/opt/rustwide/workdir" "-e" "CARGO_HOME=/opt/rustwide/cargo-home" "-e" "RUSTUP_HOME=/opt/rustwide/rustup-home" "-e" "CARGO_TARGET_DIR=/opt/rustwide/target" "-e" "CARGO_INCREMENTAL=0" "-e" "RUST_BACKTRACE=full" "-e" "RUSTFLAGS=--cap-lints=warn" "-e" "RUSTDOCFLAGS=--cap-lints=warn" "-w" "/opt/rustwide/workdir" "--user" "0:0" "b652e4bfc8c344ffa9575ef73cdfa8464fc854880a96145ea3438358d1a9cd98" "/opt/rustwide/cargo-home/bin/cargo" "+1.100.0-beta.1" "test" "--frozen" "--release", kill_on_drop: false }`
[INFO] [stderr] warning: use of deprecated method `std::sync::atomic::Atomic::<u64>::fetch_update`: renamed to `try_update` for consistency
[INFO] [stderr]    --> src/loader.rs:123:10
[INFO] [stderr]     |
[INFO] [stderr] 123 |         .fetch_update(Ordering::AcqRel, Ordering::Acquire, |current| {
[INFO] [stderr]     |          ^^^^^^^^^^^^
[INFO] [stderr]     |
[INFO] [stderr]     = note: `#[warn(deprecated)]` on by default
[INFO] [stderr] help: replace the use of the deprecated method
[INFO] [stderr]     |
[INFO] [stderr] 123 -         .fetch_update(Ordering::AcqRel, Ordering::Acquire, |current| {
[INFO] [stderr] 123 +         .try_update(Ordering::AcqRel, Ordering::Acquire, |current| {
[INFO] [stderr]     |
[INFO] [stderr] 
[INFO] [stderr] warning: `radixdb-plugin-host` (lib) generated 1 warning (run `cargo fix --lib -p radixdb-plugin-host` to apply 1 suggestion)
[INFO] [stderr] warning: `radixdb-plugin-host` (lib test) generated 1 warning (1 duplicate)
[INFO] [stderr]     Finished `release` profile [optimized] target(s) in 0.13s
[INFO] [stderr]      Running unittests src/lib.rs (/opt/rustwide/target/release/build/radixdb-plugin-host/8aa4e69f4d4ac869/out/radixdb_plugin_host-8aa4e69f4d4ac869)
[INFO] [stdout] 
[INFO] [stdout] running 14 tests
[INFO] [stdout] test invoke::tests::external_callbacks_fail_closed_on_identity_and_codec_mismatch ... ok
[INFO] [stdout] test invoke::tests::external_callbacks_own_semantics_and_io ... ok
[INFO] [stdout] test invoke::tests::strict_null_uses_scalar_fallback_and_short_circuits_callback ... ok
[INFO] [stdout] test invoke::tests::malformed_planner_output_fails_closed ... ok
[INFO] [stdout] test loader::tests::unresolved_reference_and_batch_capability_fail_closed ... ok
[INFO] [stdout] test manifest::tests::manifest_rejects_noncanonical_or_unsafe_fields ... ok
[INFO] [stdout] test invoke::tests::planner_support_falls_back_for_unknown_estimate_and_range_explosion ... ok
[INFO] [stdout] test registry::tests::empty_registry_is_compatibility_default ... ok
[INFO] [stdout] test loader::tests::complete_descriptor_graph_resolves_every_identity_and_signature ... ok
[INFO] [stdout] test invoke::tests::planner_support_canonicalizes_overlaps_and_carries_dependency_identity ... ok
[INFO] [stdout] test invoke::tests::cancellation_and_batch_failure_publish_no_partial_results ... ok
[INFO] [stdout] test registry::tests::identity_is_stable_and_sql_name_independent ... ok
[INFO] [stdout] test invoke::tests::scalar_and_batch_function_paths_have_identical_results ... ok
[INFO] [stdout] test loader::tests::elf_header_rejects_foreign_architecture ... ok
[INFO] [stderr]      Running tests/loader.rs (/opt/rustwide/target/release/build/radixdb-plugin-host/26598d051d99ffa7/out/loader-26598d051d99ffa7)
[INFO] [stdout] 
[INFO] [stdout] test result: ok. 14 passed; 0 failed; 0 ignored; 0 measured; 0 filtered out; finished in 0.02s
[INFO] [stdout] 
[INFO] [stdout] 
[INFO] [stdout] running 7 tests
[INFO] [stdout] test empty_configuration_does_not_discover_cwd_or_create_a_generation ... ok
[INFO] [stdout] test c_package_loads_and_registry_is_safe_for_concurrent_readers ... FAILED
[INFO] [stdout] test highest_semver_is_active_and_older_version_is_observable_as_shadowed ... FAILED
[INFO] [stdout] test requirements_restrict_only_the_database_being_assessed ... FAILED
[INFO] [stdout] test relative_symlink_and_writable_artifacts_are_rejected ... FAILED
[INFO] [stdout] test duplicate_identity_version_fails_before_publication ... FAILED
[INFO] [stdout] test checksum_failure_rejects_whole_configured_set ... FAILED
[INFO] [stdout] 
[INFO] [stdout] failures:
[INFO] [stdout] 
[INFO] [stdout] ---- c_package_loads_and_registry_is_safe_for_concurrent_readers stdout ----
[INFO] [stdout] 
[INFO] [stdout] thread 'c_package_loads_and_registry_is_safe_for_concurrent_readers' (1059) panicked at tests/loader.rs:43:5:
[INFO] [stdout] fixture compile failed: /tmp/.tmpl6HcNn/sample-v1/plugin.c:1:10: fatal error: radixdb_plugin_abi.h: No such file or directory
[INFO] [stdout]     1 | #include "radixdb_plugin_abi.h"
[INFO] [stdout]       |          ^~~~~~~~~~~~~~~~~~~~~~
[INFO] [stdout] compilation terminated.
[INFO] [stdout] 
[INFO] [stdout] stack backtrace:
[INFO] [stdout]    0:     0x64706fdd1491 - <<std[617be2ca0a6fd877]::sys::backtrace::BacktraceLock>::print::DisplayBacktrace as core[a373ad73a504971]::fmt::Display>::fmt
[INFO] [stdout]    1:     0x64706fde62ea - core[a373ad73a504971]::fmt::write
[INFO] [stdout]    2:     0x64706fdd592c - <alloc[2e1b2a31b91974c5]::vec::Vec<u8> as core[a373ad73a504971]::io::write::Write>::write_fmt
[INFO] [stdout]    3:     0x64706fdab5a6 - std[617be2ca0a6fd877]::panicking::default_hook::{closure#0}
[INFO] [stdout]    4:     0x64706fdc8a59 - std[617be2ca0a6fd877]::panicking::default_hook
[INFO] [stdout]    5:     0x64706fcec5e0 - test[aada8e7e76ba119b]::test_main_inner::{closure#0}
[INFO] [stdout]    6:     0x64706fdc8c12 - std[617be2ca0a6fd877]::panicking::panic_with_hook
[INFO] [stdout]    7:     0x64706fdab652 - std[617be2ca0a6fd877]::panicking::panic_handler::{closure#0}
[INFO] [stdout]    8:     0x64706fda4059 - std[617be2ca0a6fd877]::sys::backtrace::__rust_end_short_backtrace::<std[617be2ca0a6fd877]::panicking::panic_handler::{closure#0}, !>
[INFO] [stdout]    9:     0x64706fdac40d - __rustc[ea4f61d10b84890b]::rust_begin_unwind
[INFO] [stdout]   10:     0x64706fde6a1c - core[a373ad73a504971]::panicking::panic_fmt
[INFO] [stdout]   11:     0x64706fcd71aa - loader[c15baae7a3653d23]::write_package
[INFO] [stdout]   12:     0x64706fcdb407 - <loader[c15baae7a3653d23]::c_package_loads_and_registry_is_safe_for_concurrent_readers::{closure#0} as core[a373ad73a504971]::ops::function::FnOnce<()>>::call_once
[INFO] [stdout]   13:     0x64706fcdfa2b - test[aada8e7e76ba119b]::__rust_begin_short_backtrace::<core[a373ad73a504971]::result::Result<(), alloc[2e1b2a31b91974c5]::string::String>, fn() -> core[a373ad73a504971]::result::Result<(), alloc[2e1b2a31b91974c5]::string::String>>
[INFO] [stdout]   14:     0x64706fcecc05 - test[aada8e7e76ba119b]::run_test::{closure#0}
[INFO] [stdout]   15:     0x64706fce64f4 - std[617be2ca0a6fd877]::sys::backtrace::__rust_begin_short_backtrace::<test[aada8e7e76ba119b]::run_test::{closure#1}, ()>
[INFO] [stdout]   16:     0x64706fcefc92 - <std[617be2ca0a6fd877]::thread::lifecycle::spawn_unchecked<test[aada8e7e76ba119b]::run_test::{closure#1}, ()>::{closure#1} as core[a373ad73a504971]::ops::function::FnOnce<()>>::call_once::{shim:vtable#0}
[INFO] [stdout]   17:     0x64706fdd07ff - <std[617be2ca0a6fd877]::sys::thread::unix::Thread>::new::thread_start
[INFO] [stdout]   18:     0x7f235c268dfa - <unknown>
[INFO] [stdout]   19:     0x7f235c2fc3d4 - clone
[INFO] [stdout]   20:                0x0 - <unknown>
[INFO] [stdout] 
[INFO] [stdout] ---- highest_semver_is_active_and_older_version_is_observable_as_shadowed stdout ----
[INFO] [stdout] 
[INFO] [stdout] thread 'highest_semver_is_active_and_older_version_is_observable_as_shadowed' (1063) panicked at tests/loader.rs:43:5:
[INFO] [stdout] fixture compile failed: /tmp/.tmpFjl2vY/sample-v1/plugin.c:1:10: fatal error: radixdb_plugin_abi.h: No such file or directory
[INFO] [stdout]     1 | #include "radixdb_plugin_abi.h"
[INFO] [stdout]       |          ^~~~~~~~~~~~~~~~~~~~~~
[INFO] [stdout] compilation terminated.
[INFO] [stdout] 
[INFO] [stdout] stack backtrace:
[INFO] [stdout]    0:     0x64706fdd1491 - <<std[617be2ca0a6fd877]::sys::backtrace::BacktraceLock>::print::DisplayBacktrace as core[a373ad73a504971]::fmt::Display>::fmt
[INFO] [stdout]    1:     0x64706fde62ea - core[a373ad73a504971]::fmt::write
[INFO] [stdout]    2:     0x64706fdd592c - <alloc[2e1b2a31b91974c5]::vec::Vec<u8> as core[a373ad73a504971]::io::write::Write>::write_fmt
[INFO] [stdout]    3:     0x64706fdab5a6 - std[617be2ca0a6fd877]::panicking::default_hook::{closure#0}
[INFO] [stdout]    4:     0x64706fdc8a59 - std[617be2ca0a6fd877]::panicking::default_hook
[INFO] [stdout]    5:     0x64706fcec5e0 - test[aada8e7e76ba119b]::test_main_inner::{closure#0}
[INFO] [stdout]    6:     0x64706fdc8c12 - std[617be2ca0a6fd877]::panicking::panic_with_hook
[INFO] [stdout]    7:     0x64706fdab652 - std[617be2ca0a6fd877]::panicking::panic_handler::{closure#0}
[INFO] [stdout]    8:     0x64706fda4059 - std[617be2ca0a6fd877]::sys::backtrace::__rust_end_short_backtrace::<std[617be2ca0a6fd877]::panicking::panic_handler::{closure#0}, !>
[INFO] [stdout]    9:     0x64706fdac40d - __rustc[ea4f61d10b84890b]::rust_begin_unwind
[INFO] [stdout]   10:     0x64706fde6a1c - core[a373ad73a504971]::panicking::panic_fmt
[INFO] [stdout]   11:     0x64706fcd71aa - loader[c15baae7a3653d23]::write_package
[INFO] [stdout]   12:     0x64706fcdbb96 - <loader[c15baae7a3653d23]::highest_semver_is_active_and_older_version_is_observable_as_shadowed::{closure#0} as core[a373ad73a504971]::ops::function::FnOnce<()>>::call_once
[INFO] [stdout]   13:     0x64706fcdfa2b - test[aada8e7e76ba119b]::__rust_begin_short_backtrace::<core[a373ad73a504971]::result::Result<(), alloc[2e1b2a31b91974c5]::string::String>, fn() -> core[a373ad73a504971]::result::Result<(), alloc[2e1b2a31b91974c5]::string::String>>
[INFO] [stdout]   14:     0x64706fcecc05 - test[aada8e7e76ba119b]::run_test::{closure#0}
[INFO] [stdout]   15:     0x64706fce64f4 - std[617be2ca0a6fd877]::sys::backtrace::__rust_begin_short_backtrace::<test[aada8e7e76ba119b]::run_test::{closure#1}, ()>
[INFO] [stdout]   16:     0x64706fcefc92 - <std[617be2ca0a6fd877]::thread::lifecycle::spawn_unchecked<test[aada8e7e76ba119b]::run_test::{closure#1}, ()>::{closure#1} as core[a373ad73a504971]::ops::function::FnOnce<()>>::call_once::{shim:vtable#0}
[INFO] [stdout]   17:     0x64706fdd07ff - <std[617be2ca0a6fd877]::sys::thread::unix::Thread>::new::thread_start
[INFO] [stdout]   18:     0x7f235c268dfa - <unknown>
[INFO] [stdout]   19:     0x7f235c2fc3d4 - clone
[INFO] [stdout]   20:                0x0 - <unknown>
[INFO] [stdout] 
[INFO] [stdout] ---- requirements_restrict_only_the_database_being_assessed stdout ----
[INFO] [stdout] 
[INFO] [stdout] thread 'requirements_restrict_only_the_database_being_assessed' (1069) panicked at tests/loader.rs:43:5:
[INFO] [stdout] fixture compile failed: /tmp/.tmp0bIGjQ/sample-v1/plugin.c:1:10: fatal error: radixdb_plugin_abi.h: No such file or directory
[INFO] [stdout]     1 | #include "radixdb_plugin_abi.h"
[INFO] [stdout]       |          ^~~~~~~~~~~~~~~~~~~~~~
[INFO] [stdout] compilation terminated.
[INFO] [stdout] 
[INFO] [stdout] stack backtrace:
[INFO] [stdout]    0:     0x64706fdd1491 - <<std[617be2ca0a6fd877]::sys::backtrace::BacktraceLock>::print::DisplayBacktrace as core[a373ad73a504971]::fmt::Display>::fmt
[INFO] [stdout]    1:     0x64706fde62ea - core[a373ad73a504971]::fmt::write
[INFO] [stdout]    2:     0x64706fdd592c - <alloc[2e1b2a31b91974c5]::vec::Vec<u8> as core[a373ad73a504971]::io::write::Write>::write_fmt
[INFO] [stdout]    3:     0x64706fdab5a6 - std[617be2ca0a6fd877]::panicking::default_hook::{closure#0}
[INFO] [stdout]    4:     0x64706fdc8a59 - std[617be2ca0a6fd877]::panicking::default_hook
[INFO] [stdout]    5:     0x64706fcec5e0 - test[aada8e7e76ba119b]::test_main_inner::{closure#0}
[INFO] [stdout]    6:     0x64706fdc8c12 - std[617be2ca0a6fd877]::panicking::panic_with_hook
[INFO] [stdout]    7:     0x64706fdab652 - std[617be2ca0a6fd877]::panicking::panic_handler::{closure#0}
[INFO] [stdout]    8:     0x64706fda4059 - std[617be2ca0a6fd877]::sys::backtrace::__rust_end_short_backtrace::<std[617be2ca0a6fd877]::panicking::panic_handler::{closure#0}, !>
[INFO] [stdout]    9:     0x64706fdac40d - __rustc[ea4f61d10b84890b]::rust_begin_unwind
[INFO] [stdout]   10:     0x64706fde6a1c - core[a373ad73a504971]::panicking::panic_fmt
[INFO] [stdout]   11:     0x64706fcd71aa - loader[c15baae7a3653d23]::write_package
[INFO] [stdout]   12:     0x64706fcda557 - <loader[c15baae7a3653d23]::requirements_restrict_only_the_database_being_assessed::{closure#0} as core[a373ad73a504971]::ops::function::FnOnce<()>>::call_once
[INFO] [stdout]   13:     0x64706fcdfa2b - test[aada8e7e76ba119b]::__rust_begin_short_backtrace::<core[a373ad73a504971]::result::Result<(), alloc[2e1b2a31b91974c5]::string::String>, fn() -> core[a373ad73a504971]::result::Result<(), alloc[2e1b2a31b91974c5]::string::String>>
[INFO] [stdout]   14:     0x64706fcecc05 - test[aada8e7e76ba119b]::run_test::{closure#0}
[INFO] [stdout]   15:     0x64706fce64f4 - std[617be2ca0a6fd877]::sys::backtrace::__rust_begin_short_backtrace::<test[aada8e7e76ba119b]::run_test::{closure#1}, ()>
[INFO] [stdout]   16:     0x64706fcefc92 - <std[617be2ca0a6fd877]::thread::lifecycle::spawn_unchecked<test[aada8e7e76ba119b]::run_test::{closure#1}, ()>::{closure#1} as core[a373ad73a504971]::ops::function::FnOnce<()>>::call_once::{shim:vtable#0}
[INFO] [stdout]   17:     0x64706fdd07ff - <std[617be2ca0a6fd877]::sys::thread::unix::Thread>::new::thread_start
[INFO] [stdout]   18:     0x7f235c268dfa - <unknown>
[INFO] [stdout]   19:     0x7f235c2fc3d4 - clone
[INFO] [stdout]   20:                0x0 - <unknown>
[INFO] [stdout] 
[INFO] [stdout] ---- relative_symlink_and_writable_artifacts_are_rejected stdout ----
[INFO] [stdout] 
[INFO] [stdout] thread 'relative_symlink_and_writable_artifacts_are_rejected' (1068) panicked at tests/loader.rs:43:5:
[INFO] [stdout] fixture compile failed: /tmp/.tmphtAwjM/sample-v1/plugin.c:1:10: fatal error: radixdb_plugin_abi.h: No such file or directory
[INFO] [stdout]     1 | #include "radixdb_plugin_abi.h"
[INFO] [stdout]       |          ^~~~~~~~~~~~~~~~~~~~~~
[INFO] [stdout] compilation terminated.
[INFO] [stdout] 
[INFO] [stdout] stack backtrace:
[INFO] [stdout]    0:     0x64706fdd1491 - <<std[617be2ca0a6fd877]::sys::backtrace::BacktraceLock>::print::DisplayBacktrace as core[a373ad73a504971]::fmt::Display>::fmt
[INFO] [stdout]    1:     0x64706fde62ea - core[a373ad73a504971]::fmt::write
[INFO] [stdout]    2:     0x64706fdd592c - <alloc[2e1b2a31b91974c5]::vec::Vec<u8> as core[a373ad73a504971]::io::write::Write>::write_fmt
[INFO] [stdout]    3:     0x64706fdab5a6 - std[617be2ca0a6fd877]::panicking::default_hook::{closure#0}
[INFO] [stdout]    4:     0x64706fdc8a59 - std[617be2ca0a6fd877]::panicking::default_hook
[INFO] [stdout]    5:     0x64706fcec5e0 - test[aada8e7e76ba119b]::test_main_inner::{closure#0}
[INFO] [stdout]    6:     0x64706fdc8c12 - std[617be2ca0a6fd877]::panicking::panic_with_hook
[INFO] [stdout]    7:     0x64706fdab652 - std[617be2ca0a6fd877]::panicking::panic_handler::{closure#0}
[INFO] [stdout]    8:     0x64706fda4059 - std[617be2ca0a6fd877]::sys::backtrace::__rust_end_short_backtrace::<std[617be2ca0a6fd877]::panicking::panic_handler::{closure#0}, !>
[INFO] [stdout]    9:     0x64706fdac40d - __rustc[ea4f61d10b84890b]::rust_begin_unwind
[INFO] [stdout]   10:     0x64706fde6a1c - core[a373ad73a504971]::panicking::panic_fmt
[INFO] [stdout]   11:     0x64706fcd71aa - loader[c15baae7a3653d23]::write_package
[INFO] [stdout]   12:     0x64706fcd8e21 - <loader[c15baae7a3653d23]::relative_symlink_and_writable_artifacts_are_rejected::{closure#0} as core[a373ad73a504971]::ops::function::FnOnce<()>>::call_once
[INFO] [stdout]   13:     0x64706fcdfa2b - test[aada8e7e76ba119b]::__rust_begin_short_backtrace::<core[a373ad73a504971]::result::Result<(), alloc[2e1b2a31b91974c5]::string::String>, fn() -> core[a373ad73a504971]::result::Result<(), alloc[2e1b2a31b91974c5]::string::String>>
[INFO] [stdout]   14:     0x64706fcecc05 - test[aada8e7e76ba119b]::run_test::{closure#0}
[INFO] [stdout]   15:     0x64706fce64f4 - std[617be2ca0a6fd877]::sys::backtrace::__rust_begin_short_backtrace::<test[aada8e7e76ba119b]::run_test::{closure#1}, ()>
[INFO] [stdout]   16:     0x64706fcefc92 - <std[617be2ca0a6fd877]::thread::lifecycle::spawn_unchecked<test[aada8e7e76ba119b]::run_test::{closure#1}, ()>::{closure#1} as core[a373ad73a504971]::ops::function::FnOnce<()>>::call_once::{shim:vtable#0}
[INFO] [stdout]   17:     0x64706fdd07ff - <std[617be2ca0a6fd877]::sys::thread::unix::Thread>::new::thread_start
[INFO] [stdout]   18:     0x7f235c268dfa - <unknown>
[INFO] [stdout]   19:     0x7f235c2fc3d4 - clone
[INFO] [stdout]   20:                0x0 - <unknown>
[INFO] [stdout] 
[INFO] [stdout] ---- duplicate_identity_version_fails_before_publication stdout ----
[INFO] [stdout] 
[INFO] [stdout] thread 'duplicate_identity_version_fails_before_publication' (1061) panicked at tests/loader.rs:43:5:
[INFO] [stdout] fixture compile failed: /tmp/.tmptxbRHW/sample-a/plugin.c:1:10: fatal error: radixdb_plugin_abi.h: No such file or directory
[INFO] [stdout]     1 | #include "radixdb_plugin_abi.h"
[INFO] [stdout]       |          ^~~~~~~~~~~~~~~~~~~~~~
[INFO] [stdout] compilation terminated.
[INFO] [stdout] 
[INFO] [stdout] stack backtrace:
[INFO] [stdout]    0:     0x64706fdd1491 - <<std[617be2ca0a6fd877]::sys::backtrace::BacktraceLock>::print::DisplayBacktrace as core[a373ad73a504971]::fmt::Display>::fmt
[INFO] [stdout]    1:     0x64706fde62ea - core[a373ad73a504971]::fmt::write
[INFO] [stdout]    2:     0x64706fdd592c - <alloc[2e1b2a31b91974c5]::vec::Vec<u8> as core[a373ad73a504971]::io::write::Write>::write_fmt
[INFO] [stdout]    3:     0x64706fdab5a6 - std[617be2ca0a6fd877]::panicking::default_hook::{closure#0}
[INFO] [stdout]    4:     0x64706fdc8a59 - std[617be2ca0a6fd877]::panicking::default_hook
[INFO] [stdout]    5:     0x64706fcec5e0 - test[aada8e7e76ba119b]::test_main_inner::{closure#0}
[INFO] [stdout]    6:     0x64706fdc8c12 - std[617be2ca0a6fd877]::panicking::panic_with_hook
[INFO] [stdout]    7:     0x64706fdab652 - std[617be2ca0a6fd877]::panicking::panic_handler::{closure#0}
[INFO] [stdout]    8:     0x64706fda4059 - std[617be2ca0a6fd877]::sys::backtrace::__rust_end_short_backtrace::<std[617be2ca0a6fd877]::panicking::panic_handler::{closure#0}, !>
[INFO] [stdout]    9:     0x64706fdac40d - __rustc[ea4f61d10b84890b]::rust_begin_unwind
[INFO] [stdout]   10:     0x64706fde6a1c - core[a373ad73a504971]::panicking::panic_fmt
[INFO] [stdout]   11:     0x64706fcd71aa - loader[c15baae7a3653d23]::write_package
[INFO] [stdout]   12:     0x64706fcd88f6 - <loader[c15baae7a3653d23]::duplicate_identity_version_fails_before_publication::{closure#0} as core[a373ad73a504971]::ops::function::FnOnce<()>>::call_once
[INFO] [stdout]   13:     0x64706fcdfa2b - test[aada8e7e76ba119b]::__rust_begin_short_backtrace::<core[a373ad73a504971]::result::Result<(), alloc[2e1b2a31b91974c5]::string::String>, fn() -> core[a373ad73a504971]::result::Result<(), alloc[2e1b2a31b91974c5]::string::String>>
[INFO] [stdout]   14:     0x64706fcecc05 - test[aada8e7e76ba119b]::run_test::{closure#0}
[INFO] [stdout]   15:     0x64706fce64f4 - std[617be2ca0a6fd877]::sys::backtrace::__rust_begin_short_backtrace::<test[aada8e7e76ba119b]::run_test::{closure#1}, ()>
[INFO] [stdout]   16:     0x64706fcefc92 - <std[617be2ca0a6fd877]::thread::lifecycle::spawn_unchecked<test[aada8e7e76ba119b]::run_test::{closure#1}, ()>::{closure#1} as core[a373ad73a504971]::ops::function::FnOnce<()>>::call_once::{shim:vtable#0}
[INFO] [stdout]   17:     0x64706fdd07ff - <std[617be2ca0a6fd877]::sys::thread::unix::Thread>::new::thread_start
[INFO] [stdout]   18:     0x7f235c268dfa - <unknown>
[INFO] [stdout]   19:     0x7f235c2fc3d4 - clone
[INFO] [stdout]   20:                0x0 - <unknown>
[INFO] [stdout] 
[INFO] [stdout] ---- checksum_failure_rejects_whole_configured_set stdout ----
[INFO] [stdout] 
[INFO] [stdout] thread 'checksum_failure_rejects_whole_configured_set' (1060) panicked at tests/loader.rs:43:5:
[INFO] [stdout] fixture compile failed: /tmp/.tmpcHsT1s/sample-good/plugin.c:1:10: fatal error: radixdb_plugin_abi.h: No such file or directory
[INFO] [stdout]     1 | #include "radixdb_plugin_abi.h"
[INFO] [stdout]       |          ^~~~~~~~~~~~~~~~~~~~~~
[INFO] [stdout] compilation terminated.
[INFO] [stdout] 
[INFO] [stdout] stack backtrace:
[INFO] [stdout]    0:     0x64706fdd1491 - <<std[617be2ca0a6fd877]::sys::backtrace::BacktraceLock>::print::DisplayBacktrace as core[a373ad73a504971]::fmt::Display>::fmt
[INFO] [stdout]    1:     0x64706fde62ea - core[a373ad73a504971]::fmt::write
[INFO] [stdout]    2:     0x64706fdd592c - <alloc[2e1b2a31b91974c5]::vec::Vec<u8> as core[a373ad73a504971]::io::write::Write>::write_fmt
[INFO] [stdout]    3:     0x64706fdab5a6 - std[617be2ca0a6fd877]::panicking::default_hook::{closure#0}
[INFO] [stdout]    4:     0x64706fdc8a59 - std[617be2ca0a6fd877]::panicking::default_hook
[INFO] [stdout]    5:     0x64706fcec5e0 - test[aada8e7e76ba119b]::test_main_inner::{closure#0}
[INFO] [stdout]    6:     0x64706fdc8c12 - std[617be2ca0a6fd877]::panicking::panic_with_hook
[INFO] [stdout]    7:     0x64706fdab652 - std[617be2ca0a6fd877]::panicking::panic_handler::{closure#0}
[INFO] [stdout]    8:     0x64706fda4059 - std[617be2ca0a6fd877]::sys::backtrace::__rust_end_short_backtrace::<std[617be2ca0a6fd877]::panicking::panic_handler::{closure#0}, !>
[INFO] [stdout]    9:     0x64706fdac40d - __rustc[ea4f61d10b84890b]::rust_begin_unwind
[INFO] [stdout]   10:     0x64706fde6a1c - core[a373ad73a504971]::panicking::panic_fmt
[INFO] [stdout]   11:     0x64706fcd71aa - loader[c15baae7a3653d23]::write_package
[INFO] [stdout]   12:     0x64706fcd81a9 - <loader[c15baae7a3653d23]::checksum_failure_rejects_whole_configured_set::{closure#0} as core[a373ad73a504971]::ops::function::FnOnce<()>>::call_once
[INFO] [stdout]   13:     0x64706fcdfa2b - test[aada8e7e76ba119b]::__rust_begin_short_backtrace::<core[a373ad73a504971]::result::Result<(), alloc[2e1b2a31b91974c5]::string::String>, fn() -> core[a373ad73a504971]::result::Result<(), alloc[2e1b2a31b91974c5]::string::String>>
[INFO] [stdout]   14:     0x64706fcecc05 - test[aada8e7e76ba119b]::run_test::{closure#0}
[INFO] [stdout]   15:     0x64706fce64f4 - std[617be2ca0a6fd877]::sys::backtrace::__rust_begin_short_backtrace::<test[aada8e7e76ba119b]::run_test::{closure#1}, ()>
[INFO] [stdout]   16:     0x64706fcefc92 - <std[617be2ca0a6fd877]::thread::lifecycle::spawn_unchecked<test[aada8e7e76ba119b]::run_test::{closure#1}, ()>::{closure#1} as core[a373ad73a504971]::ops::function::FnOnce<()>>::call_once::{shim:vtable#0}
[INFO] [stdout]   17:     0x64706fdd07ff - <std[617be2ca0a6fd877]::sys::thread::unix::Thread>::new::thread_start
[INFO] [stdout]   18:     0x7f235c268dfa - <unknown>
[INFO] [stdout]   19:     0x7f235c2fc3d4 - clone
[INFO] [stdout]   20:                0x0 - <unknown>
[INFO] [stdout] 
[INFO] [stdout] 
[INFO] [stdout] failures:
[INFO] [stdout]     c_package_loads_and_registry_is_safe_for_concurrent_readers
[INFO] [stdout]     checksum_failure_rejects_whole_configured_set
[INFO] [stdout]     duplicate_identity_version_fails_before_publication
[INFO] [stdout]     highest_semver_is_active_and_older_version_is_observable_as_shadowed
[INFO] [stdout]     relative_symlink_and_writable_artifacts_are_rejected
[INFO] [stdout]     requirements_restrict_only_the_database_being_assessed
[INFO] [stdout] 
[INFO] [stdout] test result: FAILED. 1 passed; 6 failed; 0 ignored; 0 measured; 0 filtered out; finished in 0.03s
[INFO] [stdout] 
[INFO] [stderr] error: test failed, to rerun pass `--test loader`
[INFO] running `Command { std: "docker" "inspect" "b652e4bfc8c344ffa9575ef73cdfa8464fc854880a96145ea3438358d1a9cd98", kill_on_drop: false }`
[INFO] running `Command { std: "docker" "rm" "-f" "b652e4bfc8c344ffa9575ef73cdfa8464fc854880a96145ea3438358d1a9cd98", kill_on_drop: false }`
[INFO] [stdout] b652e4bfc8c344ffa9575ef73cdfa8464fc854880a96145ea3438358d1a9cd98
