[INFO] fetching crate radixdb-plugin-abi 1.2.25...
[INFO] testing radixdb-plugin-abi-1.2.25 against 1.99.0-beta.8+cargoflags=--release for beta-release-1.100-2
[INFO] extracting crate radixdb-plugin-abi 1.2.25 into /workspace/builds/worker-7-tc1/source
[INFO] started tweaking crates.io crate radixdb-plugin-abi 1.2.25
[INFO] removed 0 missing tests
[INFO] finished tweaking crates.io crate radixdb-plugin-abi 1.2.25
[INFO] tweaked toml for crates.io crate radixdb-plugin-abi 1.2.25 written to /workspace/builds/worker-7-tc1/source/Cargo.toml
[INFO] validating manifest of crates.io crate radixdb-plugin-abi 1.2.25 on toolchain 1.99.0-beta.8
[INFO] running `Command { std: CARGO_HOME="/workspace/cargo-home" RUSTUP_HOME="/workspace/rustup-home" "/workspace/cargo-home/bin/cargo" "+1.99.0-beta.8" "metadata" "--manifest-path" "Cargo.toml" "--no-deps", kill_on_drop: false }`
[INFO] crate crates.io crate radixdb-plugin-abi 1.2.25 already has a lockfile, it will not be regenerated
[INFO] running `Command { std: CARGO_HOME="/workspace/cargo-home" RUSTUP_HOME="/workspace/rustup-home" "/workspace/cargo-home/bin/cargo" "+1.99.0-beta.8" "fetch" "--manifest-path" "Cargo.toml", kill_on_drop: false }`
[INFO] running `Command { std: "docker" "create" "-v" "/var/lib/crater-agent-workspace/builds/worker-7-tc1/source:/opt/rustwide/workdir:ro,Z" "-v" "/var/lib/crater-agent-workspace/builds/worker-7-tc1/target:/opt/rustwide/target:rw,Z" "-v" "/var/lib/crater-agent-workspace/cargo-home:/opt/rustwide/cargo-home:ro,Z" "-v" "/var/lib/crater-agent-workspace/rustup-home:/opt/rustwide/rustup-home:ro,Z" "-m" "1610612736" "--network" "none" "ghcr.io/rust-lang/crates-build-env/linux@sha256:77db811e55d90add9212f6832c23229e3de5f1c1f9905e8cb07319ea15df73ac" "sleep" "infinity", kill_on_drop: false }`
[INFO] [stdout] 7c9c558128169f1adb0d74227d3fdc9753a6a6214e0a58746828f9233424a659
[INFO] running `Command { std: "docker" "start" "7c9c558128169f1adb0d74227d3fdc9753a6a6214e0a58746828f9233424a659", kill_on_drop: false }`
[INFO] running `Command { std: "docker" "inspect" "7c9c558128169f1adb0d74227d3fdc9753a6a6214e0a58746828f9233424a659", kill_on_drop: false }`
[INFO] running `Command { std: "docker" "exec" "-e" "SOURCE_DIR=/opt/rustwide/workdir" "-e" "CARGO_HOME=/opt/rustwide/cargo-home" "-e" "RUSTUP_HOME=/opt/rustwide/rustup-home" "-e" "CARGO_TARGET_DIR=/opt/rustwide/target" "-w" "/opt/rustwide/workdir" "--user" "0:0" "7c9c558128169f1adb0d74227d3fdc9753a6a6214e0a58746828f9233424a659" "/opt/rustwide/cargo-home/bin/cargo" "+1.99.0-beta.8" "metadata" "--no-deps" "--format-version=1", kill_on_drop: false }`
[INFO] running `Command { std: "docker" "inspect" "7c9c558128169f1adb0d74227d3fdc9753a6a6214e0a58746828f9233424a659", kill_on_drop: false }`
[INFO] running `Command { std: "docker" "exec" "-e" "SOURCE_DIR=/opt/rustwide/workdir" "-e" "CARGO_HOME=/opt/rustwide/cargo-home" "-e" "RUSTUP_HOME=/opt/rustwide/rustup-home" "-e" "CARGO_TARGET_DIR=/opt/rustwide/target" "-e" "CARGO_INCREMENTAL=0" "-e" "RUST_BACKTRACE=full" "-e" "RUSTFLAGS=--cap-lints=warn" "-e" "RUSTDOCFLAGS=--cap-lints=warn" "-w" "/opt/rustwide/workdir" "--user" "0:0" "7c9c558128169f1adb0d74227d3fdc9753a6a6214e0a58746828f9233424a659" "/opt/rustwide/cargo-home/bin/cargo" "+1.99.0-beta.8" "build" "--frozen" "--message-format=json" "--release", kill_on_drop: false }`
[INFO] [stderr]    Compiling radixdb-plugin-abi v1.2.25 (/opt/rustwide/workdir)
[INFO] [stderr]     Finished `release` profile [optimized] target(s) in 0.49s
[INFO] running `Command { std: "docker" "inspect" "7c9c558128169f1adb0d74227d3fdc9753a6a6214e0a58746828f9233424a659", kill_on_drop: false }`
[INFO] running `Command { std: "docker" "exec" "-e" "SOURCE_DIR=/opt/rustwide/workdir" "-e" "CARGO_HOME=/opt/rustwide/cargo-home" "-e" "RUSTUP_HOME=/opt/rustwide/rustup-home" "-e" "CARGO_TARGET_DIR=/opt/rustwide/target" "-e" "CARGO_INCREMENTAL=0" "-e" "RUST_BACKTRACE=full" "-e" "RUSTFLAGS=--cap-lints=warn" "-e" "RUSTDOCFLAGS=--cap-lints=warn" "-w" "/opt/rustwide/workdir" "--user" "0:0" "7c9c558128169f1adb0d74227d3fdc9753a6a6214e0a58746828f9233424a659" "/opt/rustwide/cargo-home/bin/cargo" "+1.99.0-beta.8" "test" "--frozen" "--no-run" "--message-format=json" "--release", kill_on_drop: false }`
[INFO] [stderr]    Compiling radixdb-plugin-abi v1.2.25 (/opt/rustwide/workdir)
[INFO] [stderr]     Finished `release` profile [optimized] target(s) in 1.40s
[INFO] running `Command { std: "docker" "inspect" "7c9c558128169f1adb0d74227d3fdc9753a6a6214e0a58746828f9233424a659", kill_on_drop: false }`
[INFO] running `Command { std: "docker" "exec" "-e" "SOURCE_DIR=/opt/rustwide/workdir" "-e" "CARGO_HOME=/opt/rustwide/cargo-home" "-e" "RUSTUP_HOME=/opt/rustwide/rustup-home" "-e" "CARGO_TARGET_DIR=/opt/rustwide/target" "-e" "CARGO_INCREMENTAL=0" "-e" "RUST_BACKTRACE=full" "-e" "RUSTFLAGS=--cap-lints=warn" "-e" "RUSTDOCFLAGS=--cap-lints=warn" "-w" "/opt/rustwide/workdir" "--user" "0:0" "7c9c558128169f1adb0d74227d3fdc9753a6a6214e0a58746828f9233424a659" "/opt/rustwide/cargo-home/bin/cargo" "+1.99.0-beta.8" "test" "--frozen" "--release", kill_on_drop: false }`
[INFO] [stderr]     Finished `release` profile [optimized] target(s) in 0.02s
[INFO] [stderr]      Running unittests src/lib.rs (/opt/rustwide/target/release/deps/radixdb_plugin_abi-e58ce98a43c24d3e)
[INFO] [stderr]      Running tests/c_oracle.rs (/opt/rustwide/target/release/deps/c_oracle-ea051b8758eb8e83)
[INFO] [stdout] 
[INFO] [stdout] running 0 tests
[INFO] [stdout] 
[INFO] [stdout] test result: ok. 0 passed; 0 failed; 0 ignored; 0 measured; 0 filtered out; finished in 0.00s
[INFO] [stdout] 
[INFO] [stdout] 
[INFO] [stdout] running 1 test
[INFO] [stderr]      Running tests/contract.rs (/opt/rustwide/target/release/deps/contract-f2462901950109ce)
[INFO] [stdout] test c11_fixture_and_rust_exchange_descriptor_and_value_bytes ... ok
[INFO] [stdout] 
[INFO] [stdout] test result: ok. 1 passed; 0 failed; 0 ignored; 0 measured; 0 filtered out; finished in 0.15s
[INFO] [stdout] 
[INFO] [stdout] 
[INFO] [stdout] running 9 tests
[INFO] [stdout] test diagnostic_cancellation_hash_and_host_tables_are_bounded ... ok
[INFO] [stdout] test borrowed_builtin_payloads_have_explicit_semantic_shape ... ok
[INFO] [stdout] test rust_layout_matches_the_c_oracle_contract ... ok
[INFO] [stdout] test descriptor_validation_requires_codec_and_semantic_callbacks_explicitly ... ok
[INFO] [stdout] test builders_are_host_owned_and_require_both_callbacks ... ok
[INFO] [stdout] test header_accepts_a_compatible_tail_and_rejects_mandatory_unknown_data ... ok
[INFO] [stdout] test panic_barrier_converts_unwind_before_returning_through_c_abi ... ok
[INFO] [stdout] test batch_contract_checks_lsb_bitmap_shape_and_monotonic_u32_offsets ... ok
[INFO] [stderr]      Running tests/malformed_subprocess.rs (/opt/rustwide/target/release/deps/malformed_subprocess-01b8e1f2f25468cc)
[INFO] [stdout] test scalar_values_keep_builtin_and_external_storage_disjoint ... ok
[INFO] [stdout] 
[INFO] [stdout] test result: ok. 9 passed; 0 failed; 0 ignored; 0 measured; 0 filtered out; finished in 0.01s
[INFO] [stdout] 
[INFO] [stdout] 
[INFO] [stdout] running 2 tests
[INFO] [stdout] test malformed_abi_child ... ignored, isolated child entrypoint for malformed ABI matrix
[INFO] [stderr]      Running tests/storage_isolation.rs (/opt/rustwide/target/release/deps/storage_isolation-bcfd2d4dd71b7af6)
[INFO] [stdout] test malformed_tag_size_flag_and_pointer_matrix_fails_closed_in_subprocesses ... ok
[INFO] [stdout] 
[INFO] [stdout] test result: ok. 1 passed; 0 failed; 1 ignored; 0 measured; 0 filtered out; finished in 0.04s
[INFO] [stdout] 
[INFO] [stdout] 
[INFO] [stdout] running 2 tests
[INFO] [stdout] test public_plugin_crates_have_no_private_engine_dependency ... FAILED
[INFO] [stdout] test public_abi_has_no_storage_wal_mvcc_catalog_or_transaction_handle ... ok
[INFO] [stdout] 
[INFO] [stdout] failures:
[INFO] [stdout] 
[INFO] [stdout] ---- public_plugin_crates_have_no_private_engine_dependency stdout ----
[INFO] [stdout] 
[INFO] [stdout] thread 'public_plugin_crates_have_no_private_engine_dependency' (267) panicked at tests/storage_isolation.rs:15:47:
[INFO] [stdout] read Cargo.toml: Os { code: 2, kind: NotFound, message: "No such file or directory" }
[INFO] [stdout] stack backtrace:
[INFO] [stdout]    0:     0x613ea286bec1 - <<std[70759c8f55707aa4]::sys::backtrace::BacktraceLock>::print::DisplayBacktrace as core[df12db4294e9bfd3]::fmt::Display>::fmt
[INFO] [stdout]    1:     0x613ea288012a - core[df12db4294e9bfd3]::fmt::write
[INFO] [stdout]    2:     0x613ea287037c - <alloc[2182bb758b4b3781]::vec::Vec<u8> as core[df12db4294e9bfd3]::io::write::Write>::write_fmt
[INFO] [stdout]    3:     0x613ea2847f36 - std[70759c8f55707aa4]::panicking::default_hook::{closure#0}
[INFO] [stdout]    4:     0x613ea28642b9 - std[70759c8f55707aa4]::panicking::default_hook
[INFO] [stdout]    5:     0x613ea27fffe0 - test[9d35eded1c95d3be]::test_main_inner::<test[9d35eded1c95d3be]::test_main_static::{closure#0}>::{closure#0}
[INFO] [stdout]    6:     0x613ea2864472 - std[70759c8f55707aa4]::panicking::panic_with_hook
[INFO] [stdout]    7:     0x613ea2847fe2 - std[70759c8f55707aa4]::panicking::panic_handler::{closure#0}
[INFO] [stdout]    8:     0x613ea2840bd9 - std[70759c8f55707aa4]::sys::backtrace::__rust_end_short_backtrace::<std[70759c8f55707aa4]::panicking::panic_handler::{closure#0}, !>
[INFO] [stdout]    9:     0x613ea2848bdd - __rustc[8fa7c3cbc660c2b3]::rust_begin_unwind
[INFO] [stdout]   10:     0x613ea288085c - core[df12db4294e9bfd3]::panicking::panic_fmt
[INFO] [stdout]   11:     0x613ea2880632 - core[df12db4294e9bfd3]::result::unwrap_failed
[INFO] [stdout]   12:     0x613ea27f277e - <storage_isolation[1f4ba25f87b7f4b5]::public_plugin_crates_have_no_private_engine_dependency::{closure#0} as core[df12db4294e9bfd3]::ops::function::FnOnce<()>>::call_once
[INFO] [stdout]   13:     0x613ea27f32cb - test[9d35eded1c95d3be]::__rust_begin_short_backtrace::<core[df12db4294e9bfd3]::result::Result<(), alloc[2182bb758b4b3781]::string::String>, fn() -> core[df12db4294e9bfd3]::result::Result<(), alloc[2182bb758b4b3781]::string::String>>
[INFO] [stdout]   14:     0x613ea2800935 - test[9d35eded1c95d3be]::run_test::{closure#0}
[INFO] [stdout]   15:     0x613ea27fa1f4 - std[70759c8f55707aa4]::sys::backtrace::__rust_begin_short_backtrace::<test[9d35eded1c95d3be]::run_test::{closure#1}, ()>
[INFO] [stdout]   16:     0x613ea2803a92 - <std[70759c8f55707aa4]::thread::lifecycle::spawn_unchecked<test[9d35eded1c95d3be]::run_test::{closure#1}, ()>::{closure#1} as core[df12db4294e9bfd3]::ops::function::FnOnce<()>>::call_once::{shim:vtable#0}
[INFO] [stdout]   17:     0x613ea286b429 - <std[70759c8f55707aa4]::sys::thread::unix::Thread>::new::thread_start
[INFO] [stdout]   18:     0x704248fb6dfa - <unknown>
[INFO] [stdout]   19:     0x70424904a3d4 - clone
[INFO] [stdout]   20:                0x0 - <unknown>
[INFO] [stdout] 
[INFO] [stdout] 
[INFO] [stdout] failures:
[INFO] [stdout]     public_plugin_crates_have_no_private_engine_dependency
[INFO] [stdout] 
[INFO] [stdout] test result: FAILED. 1 passed; 1 failed; 0 ignored; 0 measured; 0 filtered out; finished in 0.00s
[INFO] [stdout] 
[INFO] [stderr] error: test failed, to rerun pass `--test storage_isolation`
[INFO] running `Command { std: "docker" "inspect" "7c9c558128169f1adb0d74227d3fdc9753a6a6214e0a58746828f9233424a659", kill_on_drop: false }`
[INFO] running `Command { std: "docker" "rm" "-f" "7c9c558128169f1adb0d74227d3fdc9753a6a6214e0a58746828f9233424a659", kill_on_drop: false }`
[INFO] [stdout] 7c9c558128169f1adb0d74227d3fdc9753a6a6214e0a58746828f9233424a659
