[INFO] fetching crate radixdb-functions 1.2.25...
[INFO] testing radixdb-functions-1.2.25 against 1.99.0-beta.8+cargoflags=--release for beta-release-1.100-2
[INFO] extracting crate radixdb-functions 1.2.25 into /workspace/builds/worker-0-tc1/source
[INFO] started tweaking crates.io crate radixdb-functions 1.2.25
[INFO] removed 0 missing tests
[INFO] finished tweaking crates.io crate radixdb-functions 1.2.25
[INFO] tweaked toml for crates.io crate radixdb-functions 1.2.25 written to /workspace/builds/worker-0-tc1/source/Cargo.toml
[INFO] validating manifest of crates.io crate radixdb-functions 1.2.25 on toolchain 1.99.0-beta.8
[INFO] running `Command { std: CARGO_HOME="/workspace/cargo-home" RUSTUP_HOME="/workspace/rustup-home" "/workspace/cargo-home/bin/cargo" "+1.99.0-beta.8" "metadata" "--manifest-path" "Cargo.toml" "--no-deps", kill_on_drop: false }`
[INFO] crate crates.io crate radixdb-functions 1.2.25 already has a lockfile, it will not be regenerated
[INFO] running `Command { std: CARGO_HOME="/workspace/cargo-home" RUSTUP_HOME="/workspace/rustup-home" "/workspace/cargo-home/bin/cargo" "+1.99.0-beta.8" "fetch" "--manifest-path" "Cargo.toml", kill_on_drop: false }`
[INFO] [stderr]     Updating crates.io index
[INFO] [stderr]  Downloading crates ...
[INFO] [stderr]   Downloaded unicode-normalization-alignments v0.1.12
[INFO] [stderr]   Downloaded rayon-cond v0.4.0
[INFO] [stderr]   Downloaded unit-prefix v0.5.2
[INFO] [stderr]   Downloaded macro_rules_attribute-proc_macro v0.2.2
[INFO] [stderr]   Downloaded socks v0.3.4
[INFO] [stderr]   Downloaded monostate v0.1.18
[INFO] [stderr]   Downloaded monostate-impl v0.1.18
[INFO] [stderr]   Downloaded macro_rules_attribute v0.2.2
[INFO] [stderr]   Downloaded dary_heap v0.3.8
[INFO] [stderr]   Downloaded console v0.16.2
[INFO] [stderr]   Downloaded hf-hub v0.4.3
[INFO] [stderr]   Downloaded simd-adler32 v0.3.8
[INFO] [stderr]   Downloaded windows-registry v0.6.1
[INFO] [stderr]   Downloaded system-configuration-sys v0.6.0
[INFO] [stderr]   Downloaded hyper-tls v0.6.0
[INFO] [stderr]   Downloaded anyhow v1.0.101
[INFO] [stderr]   Downloaded getrandom v0.4.1
[INFO] [stderr]   Downloaded native-tls v0.2.18
[INFO] [stderr]   Downloaded tempfile v3.25.0
[INFO] [stderr]   Downloaded schannel v0.1.28
[INFO] [stderr]   Downloaded system-configuration v0.7.0
[INFO] [stderr]   Downloaded core-foundation v0.9.4
[INFO] [stderr]   Downloaded serde_plain v1.0.2
[INFO] [stderr]   Downloaded unicode_categories v0.1.1
[INFO] [stderr]   Downloaded gemm-f64 v0.19.0
[INFO] [stderr]   Downloaded gemm-common v0.19.0
[INFO] [stderr]   Downloaded indicatif v0.18.4
[INFO] [stderr]   Downloaded fancy-regex v0.14.0
[INFO] [stderr]   Downloaded tokio-native-tls v0.3.1
[INFO] [stderr]   Downloaded safetensors v0.7.0
[INFO] [stderr]   Downloaded bytemuck_derive v1.10.2
[INFO] [stderr]   Downloaded memmap2 v0.9.10
[INFO] [stderr]   Downloaded pulp-wasm-simd-flag v0.1.0
[INFO] [stderr]   Downloaded gemm-f32 v0.19.0
[INFO] [stderr]   Downloaded gemm v0.19.0
[INFO] [stderr]   Downloaded gemm-f16 v0.19.0
[INFO] [stderr]   Downloaded gemm-c64 v0.19.0
[INFO] [stderr]   Downloaded gemm-c32 v0.19.0
[INFO] [stderr]   Downloaded float8 v0.6.1
[INFO] [stderr]   Downloaded zerocopy-derive v0.8.39
[INFO] [stderr]   Downloaded candle-nn v0.9.2
[INFO] [stderr]   Downloaded rand_distr v0.5.1
[INFO] [stderr]   Downloaded tokenizers v0.22.2
[INFO] [stderr]   Downloaded ureq v2.12.1
[INFO] [stderr]   Downloaded radixdb-core v1.2.25
[INFO] [stderr]   Downloaded fancy-regex v0.17.0
[INFO] [stderr]   Downloaded esaxx-rs v0.1.10
[INFO] [stderr]   Downloaded typed-path v0.12.3
[INFO] [stderr]   Downloaded h2 v0.4.13
[INFO] [stderr]   Downloaded zip v7.2.0
[INFO] [stderr]   Downloaded pulp v0.22.2
[INFO] [stderr]   Downloaded chrono v0.4.43
[INFO] [stderr]   Downloaded zerocopy v0.8.39
[INFO] [stderr]   Downloaded syn v2.0.116
[INFO] [stderr]   Downloaded openssl v0.10.75
[INFO] [stderr]   Downloaded candle-core v0.9.2
[INFO] [stderr]   Downloaded regex-syntax v0.8.9
[INFO] [stderr]   Downloaded candle-transformers v0.9.2
[INFO] [stderr]   Downloaded spm_precompiled v0.1.4
[INFO] running `Command { std: "docker" "create" "-v" "/var/lib/crater-agent-workspace/builds/worker-0-tc1/source:/opt/rustwide/workdir:ro,Z" "-v" "/var/lib/crater-agent-workspace/builds/worker-0-tc1/target:/opt/rustwide/target:rw,Z" "-v" "/var/lib/crater-agent-workspace/cargo-home:/opt/rustwide/cargo-home:ro,Z" "-v" "/var/lib/crater-agent-workspace/rustup-home:/opt/rustwide/rustup-home:ro,Z" "-m" "1610612736" "--network" "none" "ghcr.io/rust-lang/crates-build-env/linux@sha256:77db811e55d90add9212f6832c23229e3de5f1c1f9905e8cb07319ea15df73ac" "sleep" "infinity", kill_on_drop: false }`
[INFO] [stdout] 580b6d685ba8eda68b63539b5229e495166f848a5c6c5427ba51a6cb936defc0
[INFO] running `Command { std: "docker" "start" "580b6d685ba8eda68b63539b5229e495166f848a5c6c5427ba51a6cb936defc0", kill_on_drop: false }`
[INFO] running `Command { std: "docker" "inspect" "580b6d685ba8eda68b63539b5229e495166f848a5c6c5427ba51a6cb936defc0", kill_on_drop: false }`
[INFO] running `Command { std: "docker" "exec" "-e" "SOURCE_DIR=/opt/rustwide/workdir" "-e" "CARGO_HOME=/opt/rustwide/cargo-home" "-e" "RUSTUP_HOME=/opt/rustwide/rustup-home" "-e" "CARGO_TARGET_DIR=/opt/rustwide/target" "-w" "/opt/rustwide/workdir" "--user" "0:0" "580b6d685ba8eda68b63539b5229e495166f848a5c6c5427ba51a6cb936defc0" "/opt/rustwide/cargo-home/bin/cargo" "+1.99.0-beta.8" "metadata" "--no-deps" "--format-version=1", kill_on_drop: false }`
[INFO] running `Command { std: "docker" "inspect" "580b6d685ba8eda68b63539b5229e495166f848a5c6c5427ba51a6cb936defc0", kill_on_drop: false }`
[INFO] running `Command { std: "docker" "exec" "-e" "SOURCE_DIR=/opt/rustwide/workdir" "-e" "CARGO_HOME=/opt/rustwide/cargo-home" "-e" "RUSTUP_HOME=/opt/rustwide/rustup-home" "-e" "CARGO_TARGET_DIR=/opt/rustwide/target" "-e" "CARGO_INCREMENTAL=0" "-e" "RUST_BACKTRACE=full" "-e" "RUSTFLAGS=--cap-lints=warn" "-e" "RUSTDOCFLAGS=--cap-lints=warn" "-w" "/opt/rustwide/workdir" "--user" "0:0" "580b6d685ba8eda68b63539b5229e495166f848a5c6c5427ba51a6cb936defc0" "/opt/rustwide/cargo-home/bin/cargo" "+1.99.0-beta.8" "build" "--frozen" "--message-format=json" "--release", kill_on_drop: false }`
[INFO] [stderr]    Compiling quote v1.0.44
[INFO] [stderr]    Compiling typenum v1.19.0
[INFO] [stderr]    Compiling libc v0.2.182
[INFO] [stderr]    Compiling zerocopy v0.8.39
[INFO] [stderr]    Compiling generic-array v0.14.7
[INFO] [stderr]    Compiling num-traits v0.2.19
[INFO] [stderr]    Compiling siphasher v1.0.3
[INFO] [stderr]    Compiling getrandom v0.4.1
[INFO] [stderr]    Compiling zmij v1.0.21
[INFO] [stderr]    Compiling ahash v0.8.12
[INFO] [stderr]    Compiling thiserror v2.0.18
[INFO] [stderr]    Compiling phf_shared v0.12.1
[INFO] [stderr]    Compiling iana-time-zone v0.1.65
[INFO] [stderr]    Compiling syn v2.0.116
[INFO] [stderr]    Compiling crc32fast v1.5.0
[INFO] [stderr]    Compiling serde_json v1.0.149
[INFO] [stderr]    Compiling cpufeatures v0.2.17
[INFO] [stderr]    Compiling chrono-tz v0.10.4
[INFO] [stderr]    Compiling tinyvec v1.10.0
[INFO] [stderr]    Compiling phf v0.12.1
[INFO] [stderr]    Compiling itoa v1.0.17
[INFO] [stderr]    Compiling memchr v2.8.0
[INFO] [stderr]    Compiling unicode-normalization v0.1.25
[INFO] [stderr]    Compiling radixdb-functions v1.2.25 (/opt/rustwide/workdir)
[INFO] [stderr]    Compiling smallvec v1.15.1
[INFO] [stderr]    Compiling getrandom v0.3.4
[INFO] [stderr]    Compiling rand_core v0.9.5
[INFO] [stderr]    Compiling block-buffer v0.10.4
[INFO] [stderr]    Compiling crypto-common v0.1.7
[INFO] [stderr]    Compiling digest v0.10.7
[INFO] [stderr]    Compiling sha2 v0.10.9
[INFO] [stderr]    Compiling md-5 v0.10.6
[INFO] [stderr]    Compiling sha1 v0.10.6
[INFO] [stderr]    Compiling serde_derive v1.0.228
[INFO] [stderr]    Compiling thiserror-impl v2.0.18
[INFO] [stderr]    Compiling serde v1.0.228
[INFO] [stderr]    Compiling ppv-lite86 v0.2.21
[INFO] [stderr]    Compiling rand_chacha v0.9.0
[INFO] [stderr]    Compiling chrono v0.4.43
[INFO] [stderr]    Compiling rand v0.9.2
[INFO] [stderr]    Compiling uuid v1.21.0
[INFO] [stderr]    Compiling radixdb-core v1.2.25
[INFO] [stderr]     Finished `release` profile [optimized] target(s) in 1m 04s
[INFO] running `Command { std: "docker" "inspect" "580b6d685ba8eda68b63539b5229e495166f848a5c6c5427ba51a6cb936defc0", kill_on_drop: false }`
[INFO] running `Command { std: "docker" "exec" "-e" "SOURCE_DIR=/opt/rustwide/workdir" "-e" "CARGO_HOME=/opt/rustwide/cargo-home" "-e" "RUSTUP_HOME=/opt/rustwide/rustup-home" "-e" "CARGO_TARGET_DIR=/opt/rustwide/target" "-e" "CARGO_INCREMENTAL=0" "-e" "RUST_BACKTRACE=full" "-e" "RUSTFLAGS=--cap-lints=warn" "-e" "RUSTDOCFLAGS=--cap-lints=warn" "-w" "/opt/rustwide/workdir" "--user" "0:0" "580b6d685ba8eda68b63539b5229e495166f848a5c6c5427ba51a6cb936defc0" "/opt/rustwide/cargo-home/bin/cargo" "+1.99.0-beta.8" "test" "--frozen" "--no-run" "--message-format=json" "--release", kill_on_drop: false }`
[INFO] [stderr]    Compiling hashbrown v0.16.1
[INFO] [stderr]    Compiling toml_datetime v0.6.11
[INFO] [stderr]    Compiling serde_spanned v0.6.9
[INFO] [stderr]    Compiling winnow v0.7.14
[INFO] [stderr]    Compiling radixdb-functions v1.2.25 (/opt/rustwide/workdir)
[INFO] [stderr]    Compiling indexmap v2.13.0
[INFO] [stderr]    Compiling toml_edit v0.22.27
[INFO] [stderr]    Compiling toml v0.8.23
[INFO] [stderr]     Finished `release` profile [optimized] target(s) in 49.02s
[INFO] running `Command { std: "docker" "inspect" "580b6d685ba8eda68b63539b5229e495166f848a5c6c5427ba51a6cb936defc0", kill_on_drop: false }`
[INFO] running `Command { std: "docker" "exec" "-e" "SOURCE_DIR=/opt/rustwide/workdir" "-e" "CARGO_HOME=/opt/rustwide/cargo-home" "-e" "RUSTUP_HOME=/opt/rustwide/rustup-home" "-e" "CARGO_TARGET_DIR=/opt/rustwide/target" "-e" "CARGO_INCREMENTAL=0" "-e" "RUST_BACKTRACE=full" "-e" "RUSTFLAGS=--cap-lints=warn" "-e" "RUSTDOCFLAGS=--cap-lints=warn" "-w" "/opt/rustwide/workdir" "--user" "0:0" "580b6d685ba8eda68b63539b5229e495166f848a5c6c5427ba51a6cb936defc0" "/opt/rustwide/cargo-home/bin/cargo" "+1.99.0-beta.8" "test" "--frozen" "--release", kill_on_drop: false }`
[INFO] [stderr]    Compiling radixdb-functions v1.2.25 (/opt/rustwide/workdir)
[INFO] [stderr]     Finished `release` profile [optimized] target(s) in 30.10s
[INFO] [stderr]      Running unittests src/lib.rs (/opt/rustwide/target/release/deps/radixdb_functions-8b4c5426ce0f238e)
[INFO] [stdout] 
[INFO] [stdout] running 329 tests
[INFO] [stdout] test aggregate::array_agg::tests::test_array_agg_preserves_null ... ok
[INFO] [stdout] test aggregate::array_agg::tests::test_array_agg_reset ... ok
[INFO] [stdout] test aggregate::array_agg::tests::test_array_agg_basic ... ok
[INFO] [stdout] test aggregate::array_agg::tests::test_array_agg_mixed_types ... ok
[INFO] [stdout] test aggregate::array_agg::tests::test_array_agg_strings ... ok
[INFO] [stdout] test aggregate::avg::tests::test_avg_distinct ... ok
[INFO] [stdout] test aggregate::array_agg::tests::test_array_agg_distinct ... ok
[INFO] [stdout] test aggregate::avg::tests::test_avg_empty ... ok
[INFO] [stdout] test aggregate::array_agg::tests::array_agg_returns_typed_json_and_rejects_non_json_numbers ... ok
[INFO] [stdout] test aggregate::avg::tests::test_avg_mixed ... ok
[INFO] [stdout] test aggregate::avg::tests::test_avg_integers ... ok
[INFO] [stdout] test aggregate::avg::tests::test_avg_reset ... ok
[INFO] [stdout] test aggregate::avg::tests::test_avg_floats ... ok
[INFO] [stdout] test aggregate::avg::tests::avg_accepts_decimal_values_in_the_shared_numeric_state ... ok
[INFO] [stdout] test aggregate::array_agg::tests::test_array_agg_preserves_explicit_null_ordering ... ok
[INFO] [stdout] test aggregate::avg::tests::test_avg_single_value ... ok
[INFO] [stdout] test aggregate::compiled::tests::compiled_max_uses_canonical_decimal_and_mixed_numeric_ordering ... ok
[INFO] [stdout] test aggregate::compiled::tests::compiled_min_uses_canonical_decimal_and_mixed_numeric_ordering ... ok
[INFO] [stdout] test aggregate::compiled::tests::compiled_numeric_aggregates_share_exact_dynamic_state ... ok
[INFO] [stdout] test aggregate::compiled::tests::test_count ... ok
[INFO] [stdout] test aggregate::compiled::tests::test_count_distinct ... ok
[INFO] [stdout] test aggregate::compiled::tests::test_avg ... ok
[INFO] [stdout] test aggregate::compiled::tests::test_compile ... ok
[INFO] [stdout] test aggregate::compiled::tests::test_avg_distinct ... ok
[INFO] [stdout] test aggregate::array_agg::tests::test_array_agg_empty ... ok
[INFO] [stdout] test aggregate::avg::tests::test_avg_ignores_null ... ok
[INFO] [stdout] test aggregate::compiled::tests::test_count_star ... ok
[INFO] [stdout] test aggregate::compiled::tests::test_empty_aggregates ... ok
[INFO] [stdout] test aggregate::compiled::tests::test_max_integers ... ok
[INFO] [stdout] test aggregate::compiled::tests::test_reset ... ok
[INFO] [stdout] test aggregate::compiled::tests::test_min_strings ... ok
[INFO] [stdout] test aggregate::compiled::tests::test_max_strings ... ok
[INFO] [stdout] test aggregate::compiled::tests::test_min_integers ... ok
[INFO] [stdout] test aggregate::compiled::tests::test_sum_mixed ... ok
[INFO] [stdout] test aggregate::count::tests::test_count_basic ... ok
[INFO] [stdout] test aggregate::count::tests::test_count_distinct ... ok
[INFO] [stdout] test aggregate::count::tests::test_count_empty ... ok
[INFO] [stdout] test aggregate::count::tests::test_count_ignores_null ... ok
[INFO] [stdout] test aggregate::compiled::tests::test_sum_floats ... ok
[INFO] [stdout] test aggregate::compiled::tests::test_sum_integers ... ok
[INFO] [stdout] test aggregate::compiled::tests::test_sum_distinct ... ok
[INFO] [stdout] test aggregate::count::tests::test_count_reset ... ok
[INFO] [stdout] test aggregate::count::tests::text_asterisk_is_ordinary_distinct_data ... ok
[INFO] [stdout] test aggregate::first::tests::test_first_basic ... ok
[INFO] [stdout] test aggregate::first::tests::test_first_ignores_null ... ok
[INFO] [stdout] test aggregate::count::tests::test_count_star ... ok
[INFO] [stdout] test aggregate::first::tests::test_first_all_null ... ok
[INFO] [stdout] test aggregate::first::tests::test_first_empty ... ok
[INFO] [stdout] test aggregate::first::tests::test_first_reset ... ok
[INFO] [stdout] test aggregate::last::tests::test_last_ignores_null ... ok
[INFO] [stdout] test aggregate::last::tests::test_last_all_null ... ok
[INFO] [stdout] test aggregate::last::tests::test_last_basic ... ok
[INFO] [stdout] test aggregate::first::tests::test_first_string ... ok
[INFO] [stdout] test aggregate::first::tests::test_first_with_order_by_asc ... ok
[INFO] [stdout] test aggregate::first::tests::test_first_with_order_by_desc ... ok
[INFO] [stdout] test aggregate::last::tests::test_last_empty ... ok
[INFO] [stdout] test aggregate::last::tests::test_last_with_order_by_asc ... ok
[INFO] [stdout] test aggregate::last::tests::test_last_with_order_by_desc ... ok
[INFO] [stdout] test aggregate::max::tests::max_uses_canonical_decimal_and_mixed_numeric_ordering ... ok
[INFO] [stdout] test aggregate::max::tests::test_max_booleans ... ok
[INFO] [stdout] test aggregate::max::tests::test_max_empty ... ok
[INFO] [stdout] test aggregate::max::tests::test_max_integers ... ok
[INFO] [stdout] test aggregate::max::tests::test_max_ignores_null ... ok
[INFO] [stdout] test aggregate::max::tests::test_max_negative ... ok
[INFO] [stdout] test aggregate::max::tests::test_max_strings ... ok
[INFO] [stdout] test aggregate::min::tests::min_uses_canonical_decimal_and_mixed_numeric_ordering ... ok
[INFO] [stdout] test aggregate::max::tests::test_max_reset ... ok
[INFO] [stdout] test aggregate::min::tests::test_min_booleans ... ok
[INFO] [stdout] test aggregate::last::tests::test_last_reset ... ok
[INFO] [stdout] test aggregate::min::tests::test_min_empty ... ok
[INFO] [stdout] test aggregate::last::tests::test_last_string ... ok
[INFO] [stdout] test aggregate::min::tests::test_min_floats ... ok
[INFO] [stdout] test aggregate::max::tests::test_max_floats ... ok
[INFO] [stdout] test aggregate::min::tests::test_min_ignores_null ... ok
[INFO] [stdout] test aggregate::min::tests::test_min_integers ... ok
[INFO] [stdout] test aggregate::max::tests::test_max_single_value ... ok
[INFO] [stdout] test aggregate::min::tests::test_min_single_value ... ok
[INFO] [stdout] test aggregate::statistics::tests::median_spill_failure_is_sticky_and_fallible ... ok
[INFO] [stdout] test aggregate::min::tests::test_min_negative ... ok
[INFO] [stdout] test aggregate::min::tests::test_min_reset ... ok
[INFO] [stdout] test aggregate::min::tests::test_min_strings ... ok
[INFO] [stdout] test aggregate::statistics::tests::test_median_empty ... ok
[INFO] [stdout] test aggregate::statistics::tests::test_median_odd_count ... ok
[INFO] [stdout] test aggregate::statistics::tests::test_median_distinct ... ok
[INFO] [stdout] test aggregate::statistics::tests::test_median_even_count ... ok
[INFO] [stdout] test aggregate::statistics::tests::test_median_unsorted_input ... ok
[INFO] [stdout] test aggregate::statistics::tests::test_median_ignores_null ... ok
[INFO] [stdout] test aggregate::statistics::tests::test_median_reset ... ok
[INFO] [stdout] test aggregate::statistics::tests::test_median_with_integers ... ok
[INFO] [stdout] test aggregate::statistics::tests::test_median_single_value ... ok
[INFO] [stdout] test aggregate::statistics::tests::test_statistics_ignore_nulls ... ok
[INFO] [stdout] test aggregate::statistics::tests::test_stddev_alias ... ok
[INFO] [stdout] test aggregate::statistics::tests::test_stddev_pop_basic ... ok
[INFO] [stdout] test aggregate::statistics::tests::test_stddev_pop_empty ... ok
[INFO] [stdout] test aggregate::statistics::tests::test_stddev_pop_single_value ... ok
[INFO] [stdout] test aggregate::statistics::tests::test_var_samp_single_value ... ok
[INFO] [stdout] test aggregate::statistics::tests::test_var_samp_basic ... ok
[INFO] [stdout] test aggregate::statistics::tests::test_stddev_distinct ... ok
[INFO] [stdout] test aggregate::statistics::tests::test_var_pop_basic ... ok
[INFO] [stdout] test aggregate::statistics::tests::test_stddev_reset ... ok
[INFO] [stdout] test aggregate::statistics::tests::test_stddev_samp_single_value ... ok
[INFO] [stdout] test aggregate::string_agg::tests::test_string_agg_basic ... ok
[INFO] [stdout] test aggregate::string_agg::tests::test_group_concat_custom_separator ... ok
[INFO] [stdout] test aggregate::statistics::tests::test_stddev_samp_basic ... ok
[INFO] [stdout] test aggregate::string_agg::tests::test_string_agg_custom_separator ... ok
[INFO] [stdout] test aggregate::string_agg::tests::test_string_agg_empty ... ok
[INFO] [stdout] test aggregate::string_agg::tests::test_string_agg_ignores_null ... ok
[INFO] [stdout] test aggregate::string_agg::tests::test_string_agg_mixed_types ... ok
[INFO] [stdout] test aggregate::string_agg::tests::test_string_agg_reset ... ok
[INFO] [stdout] test aggregate::string_agg::tests::test_string_agg_dash_separator ... ok
[INFO] [stdout] test aggregate::string_agg::tests::test_string_agg_single_value ... ok
[INFO] [stdout] test aggregate::string_agg::tests::test_string_agg_distinct ... ok
[INFO] [stdout] test aggregate::statistics::tests::test_variance_alias ... ok
[INFO] [stdout] test aggregate::sum::tests::test_sum_floats ... ok
[INFO] [stdout] test aggregate::string_agg::tests::test_group_concat ... ok
[INFO] [stdout] test aggregate::sum::tests::test_sum_distinct ... ok
[INFO] [stdout] test aggregate::string_agg::tests::test_string_agg_with_numbers ... ok
[INFO] [stdout] test aggregate::sum::tests::test_sum_integers ... ok
[INFO] [stdout] test aggregate::sum::tests::sum_preserves_exact_integer_and_decimal_domains ... ok
[INFO] [stdout] test aggregate::sum::tests::test_sum_mixed ... ok
[INFO] [stdout] test aggregate::sum::tests::test_sum_empty ... ok
[INFO] [stdout] test aggregate::tests::test_distinct_tracker ... ok
[INFO] [stdout] test aggregate::sum::tests::test_sum_reset ... ok
[INFO] [stdout] test registry::tests::scalar_factory_supports_non_default_captured_state_atomically ... ok
[INFO] [stdout] test registry::tests::test_exists ... ok
[INFO] [stdout] test registry::tests::test_function_info ... ok
[INFO] [stdout] test registry::tests::test_get_aggregate ... ok
[INFO] [stdout] test registry::tests::test_get_scalar ... ok
[INFO] [stdout] test registry::tests::test_get_window ... ok
[INFO] [stdout] test registry::tests::test_global_registry ... ok
[INFO] [stdout] test aggregate::tests::test_null_handling ... ok
[INFO] [stdout] test aggregate::tests::test_ordered_aggregate_sort_contract_is_exact_and_null_independent ... ok
[INFO] [stdout] test registry::tests::test_list_functions ... ok
[INFO] [stdout] test scalar::conversion::tests::test_cast_null_handling ... ok
[INFO] [stdout] test aggregate::sum::tests::test_sum_negative ... ok
[INFO] [stdout] test aggregate::sum::tests::test_sum_ignores_null ... ok
[INFO] [stdout] test registry::tests::registry_replacement_is_unique_and_advances_generation ... ok
[INFO] [stdout] test scalar::conversion::tests::test_cast_to_boolean ... ok
[INFO] [stdout] test scalar::conversion::tests::test_cast_to_integer ... ok
[INFO] [stdout] test scalar::conversion::tests::test_cast_to_float ... ok
[INFO] [stdout] test scalar::conversion::tests::test_cast_to_string ... ok
[INFO] [stdout] test registry::tests::test_registry_case_insensitive ... ok
[INFO] [stdout] test registry::tests::test_registry_new ... ok
[INFO] [stdout] test scalar::conversion::tests::test_cast_text_to_integer_edge_cases ... ok
[INFO] [stdout] test scalar::conversion::tests::test_collate_noaccent ... ok
[INFO] [stdout] test scalar::conversion::tests::test_collate_nocase ... ok
[INFO] [stdout] test scalar::conversion::tests::test_collate_binary ... ok
[INFO] [stdout] test scalar::conversion::tests::test_collate_null_handling ... ok
[INFO] [stdout] test scalar::conversion::tests::test_collate_unsupported ... ok
[INFO] [stdout] test scalar::datetime::tests::test_date_trunc_day ... ok
[INFO] [stdout] test scalar::datetime::tests::explicit_time_zone_conversion_rejects_dst_ambiguity ... ok
[INFO] [stdout] test scalar::datetime::tests::test_date_trunc_minute ... ok
[INFO] [stdout] test scalar::datetime::tests::test_date_trunc_month ... ok
[INFO] [stdout] test scalar::datetime::tests::test_date_trunc_quarter ... ok
[INFO] [stdout] test scalar::datetime::tests::test_date_trunc_null ... ok
[INFO] [stdout] test scalar::datetime::tests::test_date_trunc_year ... ok
[INFO] [stdout] test scalar::datetime::tests::test_time_trunc_15m ... ok
[INFO] [stdout] test scalar::datetime::tests::test_time_trunc_1h ... ok
[INFO] [stdout] test scalar::datetime::tests::test_time_trunc_30s ... ok
[INFO] [stdout] test scalar::datetime::tests::explicit_time_zone_conversion_preserves_temporal_identity ... ok
[INFO] [stdout] test scalar::datetime::tests::test_date_trunc_invalid_unit ... ok
[INFO] [stdout] test scalar::datetime::tests::time_trunc_uses_euclidean_buckets_and_never_invents_epoch ... ok
[INFO] [stdout] test scalar::hash::tests::test_crc32 ... ok
[INFO] [stdout] test scalar::hash::tests::test_hash_boolean_input ... ok
[INFO] [stdout] test scalar::datetime::tests::test_date_trunc_hour ... ok
[INFO] [stdout] test scalar::datetime::tests::test_time_trunc_null ... ok
[INFO] [stdout] test scalar::conversion::tests::test_remove_accents ... ok
[INFO] [stdout] test scalar::datetime::tests::test_version_no_args ... ok
[INFO] [stdout] test scalar::hash::tests::test_hash_float_input ... ok
[INFO] [stdout] test scalar::hash::tests::test_md5 ... ok
[INFO] [stdout] test scalar::hash::tests::test_sha256 ... ok
[INFO] [stdout] test scalar::hash::tests::test_sha384 ... ok
[INFO] [stdout] test scalar::hash::tests::test_sha512 ... ok
[INFO] [stdout] test scalar::hash::tests::test_sha1 ... ok
[INFO] [stdout] test scalar::datetime::tests::date_arithmetic_rejects_unrepresentable_intervals ... ok
[INFO] [stdout] test scalar::math::tests::mod_signed_remainder_overflow_is_an_error ... ok
[INFO] [stdout] test scalar::math::tests::test_abs_invalid_arg_count ... ok
[INFO] [stdout] test scalar::hash::tests::test_native_fn1 ... ok
[INFO] [stdout] test scalar::math::tests::test_abs_negative ... ok
[INFO] [stdout] test scalar::math::tests::test_abs_null ... ok
[INFO] [stdout] test scalar::math::tests::test_abs_zero ... ok
[INFO] [stdout] test scalar::datetime::tests::test_version ... ok
[INFO] [stdout] test scalar::hash::tests::test_hash_integer_input ... ok
[INFO] [stdout] test scalar::hash::tests::test_hex_encode ... ok
[INFO] [stdout] test scalar::math::tests::test_ceiling ... ok
[INFO] [stdout] test scalar::math::tests::test_ceiling_null ... ok
[INFO] [stdout] test scalar::math::tests::test_cos ... ok
[INFO] [stdout] test scalar::math::tests::test_abs_positive ... ok
[INFO] [stdout] test scalar::math::tests::test_cos_null ... ok
[INFO] [stdout] test scalar::math::tests::test_floor ... ok
[INFO] [stdout] test scalar::math::tests::test_abs_string_number ... ok
[INFO] [stdout] test scalar::math::tests::test_floor_null ... ok
[INFO] [stdout] test scalar::math::tests::test_round_with_places ... ok
[INFO] [stdout] test scalar::math::tests::test_round_decimal_is_exact_and_preserves_decimal_type ... ok
[INFO] [stdout] test scalar::math::tests::test_sin_null ... ok
[INFO] [stdout] test scalar::math::tests::test_tan ... ok
[INFO] [stdout] test scalar::math::tests::test_round_default ... ok
[INFO] [stdout] test scalar::math::tests::test_round_negative_places ... ok
[INFO] [stdout] test scalar::math::tests::test_sin ... ok
[INFO] [stdout] test scalar::math::tests::test_trig_invalid_args ... ok
[INFO] [stdout] test scalar::math::tests::test_tan_null ... ok
[INFO] [stdout] test scalar::math::tests::test_trig_with_integers ... ok
[INFO] [stdout] test scalar::string::tests::from_hex_preserves_bytes_and_rejects_malformed_input ... ok
[INFO] [stdout] test scalar::string::tests::test_length ... ok
[INFO] [stdout] test scalar::string::tests::test_lower ... ok
[INFO] [stdout] test scalar::string::tests::test_substring ... ok
[INFO] [stdout] test scalar::tests::test_value_to_f64 ... ok
[INFO] [stdout] test scalar::tests::test_value_to_i64 ... ok
[INFO] [stdout] test scalar::tests::test_value_to_string ... ok
[INFO] [stdout] test scalar::utility::tests::sleep_observes_neutral_cancellation_contract ... ok
[INFO] [stdout] test scalar::utility::tests::test_coalesce_all_null ... ok
[INFO] [stdout] test scalar::utility::tests::test_coalesce_empty_error ... ok
[INFO] [stdout] test scalar::utility::tests::test_coalesce_first_arg_not_null ... ok
[INFO] [stdout] test scalar::utility::tests::test_coalesce_first_non_null ... ok
[INFO] [stdout] test scalar::string::tests::pad_functions_reject_unbounded_results_before_allocation ... ok
[INFO] [stdout] test scalar::utility::tests::test_greatest_empty_error ... ok
[INFO] [stdout] test scalar::string::tests::test_concat ... ok
[INFO] [stdout] test scalar::utility::tests::test_coalesce_single_value ... ok
[INFO] [stdout] test scalar::utility::tests::test_greatest_floats ... ok
[INFO] [stdout] test scalar::utility::tests::test_greatest_integers ... ok
[INFO] [stdout] test scalar::utility::tests::test_greatest_single_value ... ok
[INFO] [stdout] test scalar::utility::tests::test_greatest_strings ... ok
[INFO] [stdout] test scalar::utility::tests::test_greatest_with_null ... ok
[INFO] [stdout] test scalar::utility::tests::test_ifnull_both_null ... ok
[INFO] [stdout] test scalar::utility::tests::test_ifnull_first_not_null ... ok
[INFO] [stdout] test scalar::utility::tests::test_ifnull_first_null ... ok
[INFO] [stdout] test scalar::utility::tests::test_ifnull_wrong_arg_count ... ok
[INFO] [stdout] test scalar::utility::tests::test_iif_false_condition ... ok
[INFO] [stdout] test scalar::utility::tests::test_iif_null_condition ... ok
[INFO] [stdout] test scalar::string::tests::test_upper ... ok
[INFO] [stdout] test scalar::utility::tests::test_iif_true_condition ... ok
[INFO] [stdout] test scalar::utility::tests::test_iif_with_numbers ... ok
[INFO] [stdout] test scalar::utility::tests::test_iif_wrong_arg_count ... ok
[INFO] [stdout] test scalar::utility::tests::test_json_extract_missing_path ... ok
[INFO] [stdout] test scalar::utility::tests::test_json_extract_array ... ok
[INFO] [stdout] test scalar::utility::tests::test_json_extract_nested ... ok
[INFO] [stdout] test scalar::utility::tests::test_least_empty_error ... ok
[INFO] [stdout] test scalar::utility::tests::test_least_floats ... ok
[INFO] [stdout] test scalar::utility::tests::test_least_integers ... ok
[INFO] [stdout] test scalar::utility::tests::test_least_with_null ... ok
[INFO] [stdout] test scalar::utility::tests::test_now_no_args ... ok
[INFO] [stdout] test scalar::utility::tests::test_now_returns_timestamp ... ok
[INFO] [stdout] test scalar::utility::tests::test_nullif_equal ... ok
[INFO] [stdout] test scalar::utility::tests::test_nullif_not_equal ... ok
[INFO] [stdout] test scalar::utility::tests::test_nullif_with_null ... ok
[INFO] [stdout] test scalar::utility::tests::test_typeof_boolean ... ok
[INFO] [stdout] test scalar::utility::tests::test_least_single_value ... ok
[INFO] [stdout] test scalar::utility::tests::test_typeof_float ... ok
[INFO] [stdout] test scalar::utility::tests::test_typeof_integer ... ok
[INFO] [stdout] test scalar::utility::tests::test_json_extract_simple ... ok
[INFO] [stdout] test scalar::utility::tests::test_typeof_json ... ok
[INFO] [stdout] test scalar::vector::tests::test_cosine_distance_bytes ... ok
[INFO] [stdout] test scalar::vector::tests::test_cosine_distance_orthogonal ... ok
[INFO] [stdout] test scalar::vector::tests::test_cosine_distance_same ... ok
[INFO] [stdout] test scalar::vector::tests::test_l2_distance ... ok
[INFO] [stdout] test scalar::utility::tests::test_typeof_text ... ok
[INFO] [stdout] test scalar::utility::tests::test_least_strings ... ok
[INFO] [stdout] test scalar::utility::tests::test_typeof_null ... ok
[INFO] [stdout] test scalar::vector::tests::malformed_and_mismatched_vectors_return_errors ... ok
[INFO] [stdout] test scalar::hash::tests::test_wrong_arg_count ... ok
[INFO] [stdout] test scalar::math::tests::test_round_null ... ok
[INFO] [stdout] test scalar::vector::tests::test_l2_distance_bytes ... ok
[INFO] [stdout] test scalar::vector::tests::test_l2_distance_same ... ok
[INFO] [stdout] test scalar::vector::tests::test_vec_distance_null ... ok
[INFO] [stdout] test scalar::vector::tests::test_vec_norm ... ok
[INFO] [stdout] test tvf::tests::r8_l01_batch_h_generate_series_stream_is_incremental ... ok
[INFO] [stdout] test scalar::vector::tests::test_vec_dims ... ok
[INFO] [stdout] test scalar::vector::tests::test_vec_distance_dimension_mismatch ... ok
[INFO] [stdout] test tvf::tests::test_generate_series_descending ... ok
[INFO] [stdout] test tvf::tests::test_generate_series_empty_mismatch ... ok
[INFO] [stdout] test tvf::tests::test_generate_series_single ... ok
[INFO] [stdout] test tvf::tests::test_generate_series_float ... ok
[INFO] [stdout] test tvf::tests::test_generate_series_timestamp_auto_step ... ok
[INFO] [stdout] test tvf::tests::test_generate_series_timestamp_descending ... ok
[INFO] [stdout] test tvf::tests::test_generate_series_timestamp_days ... ok
[INFO] [stdout] test scalar::vector::tests::test_vec_distance_l2 ... ok
[INFO] [stdout] test tvf::tests::test_generate_series_with_step ... ok
[INFO] [stdout] test tvf::tests::test_generate_series_basic ... ok
[INFO] [stdout] test tvf::tests::test_generate_series_wrong_args_error ... ok
[INFO] [stdout] test window::lead_lag::tests::test_lag_empty_partition ... ok
[INFO] [stdout] test tvf::tests::test_generate_series_timestamp_hours ... ok
[INFO] [stdout] test tvf::tests::test_generate_series_zero_step_error ... ok
[INFO] [stdout] test window::lead_lag::tests::test_lag_offset_2 ... ok
[INFO] [stdout] test tvf::tests::test_parse_interval ... ok
[INFO] [stdout] test window::lead_lag::tests::test_lag_basic ... ok
[INFO] [stdout] test window::lead_lag::tests::test_lead_basic ... ok
[INFO] [stdout] test window::lead_lag::tests::test_lead_empty_partition ... ok
[INFO] [stdout] test scalar::vector::tests::test_vec_dims_extension ... ok
[INFO] [stdout] test window::lead_lag::tests::test_lag_strings ... ok
[INFO] [stdout] test window::lead_lag::tests::test_lag_with_default ... ok
[INFO] [stdout] test tvf::tests::test_generate_series_auto_descending ... ok
[INFO] [stdout] test window::lead_lag::tests::test_lead_offset_2 ... ok
[INFO] [stdout] test window::ntile::tests::test_ntile_more_buckets_than_rows ... ok
[INFO] [stdout] test window::ntile::tests::test_ntile_negative_buckets ... ok
[INFO] [stdout] test window::ntile::tests::test_ntile_zero_buckets ... ok
[INFO] [stdout] test window::rank::tests::test_cume_dist_single_row ... ok
[INFO] [stdout] test window::ntile::tests::test_ntile_single_bucket ... ok
[INFO] [stdout] test window::rank::tests::test_cume_dist_with_ties ... ok
[INFO] [stdout] test window::ntile::tests::test_ntile_uneven_distribution ... ok
[INFO] [stdout] test window::lead_lag::tests::test_lead_strings ... ok
[INFO] [stdout] test window::rank::tests::test_cume_dist_unique_values ... ok
[INFO] [stdout] test window::lead_lag::tests::test_lead_with_default ... ok
[INFO] [stdout] test window::ntile::tests::test_ntile_even_distribution ... ok
[INFO] [stdout] test window::rank::tests::test_dense_rank_empty_partition ... ok
[INFO] [stdout] test window::rank::tests::test_rank_empty_partition ... ok
[INFO] [stdout] test window::rank::tests::test_rank_strings ... ok
[INFO] [stdout] test window::rank::tests::test_rank_unique_values ... ok
[INFO] [stdout] test window::rank::tests::test_rank_with_ties ... ok
[INFO] [stdout] test window::rank::tests::test_dense_rank_unique_values ... ok
[INFO] [stdout] test window::row_number::tests::test_row_number_basic ... ok
[INFO] [stdout] test window::rank::tests::test_percent_rank_unique_values ... ok
[INFO] [stdout] test window::row_number::tests::test_row_number_with_partition ... ok
[INFO] [stdout] test window::row_number::tests::test_row_number_info ... ok
[INFO] [stdout] test window::value::tests::test_first_value_basic ... ok
[INFO] [stdout] test window::rank::tests::test_percent_rank_with_ties ... ok
[INFO] [stdout] test window::value::tests::test_first_value_strings ... ok
[INFO] [stdout] test window::rank::tests::test_public_rank_functions_share_canonical_numeric_order_and_ties ... ok
[INFO] [stdout] test window::value::tests::test_first_value_empty ... ok
[INFO] [stdout] test window::value::tests::test_last_value_basic ... ok
[INFO] [stdout] test window::value::tests::test_last_value_strings ... ok
[INFO] [stdout] test window::value::tests::test_last_value_empty ... ok
[INFO] [stdout] test window::value::tests::test_nth_value_out_of_bounds ... ok
[INFO] [stdout] test window::value::tests::test_nth_value_strings ... ok
[INFO] [stdout] test window::rank::tests::test_dense_rank_with_ties ... ok
[INFO] [stdout] test window::rank::tests::test_percent_rank_single_row ... ok
[INFO] [stdout] test window::value::tests::test_nth_value_basic ... ok
[INFO] [stdout] test window::value::tests::test_nth_value_empty ... ok
[INFO] [stdout] test window::value::tests::test_nth_value_zero ... ok
[INFO] [stdout] test aggregate::statistics::tests::r8_l01_batch_g_exact_median_spills_with_bounded_memory ... ok
[INFO] [stdout] 
[INFO] [stdout] test result: ok. 329 passed; 0 failed; 0 ignored; 0 measured; 0 filtered out; finished in 0.15s
[INFO] [stdout] 
[INFO] [stdout] 
[INFO] [stderr]      Running tests/boundary.rs (/opt/rustwide/target/release/deps/boundary-2eab230161889130)
[INFO] [stdout] running 6 tests
[INFO] [stdout] test functions_contract_crate_has_only_the_allowed_internal_dependency ... FAILED
[INFO] [stdout] test root_function_module_does_not_redefine_canonical_contracts ... FAILED
[INFO] [stderr] error: test failed, to rerun pass `--test boundary`
[INFO] [stdout] test registry_has_one_bounded_owner_and_no_higher_layer_dependency ... FAILED
[INFO] [stdout] test aggregate_implementations_have_one_bounded_owner ... ok
[INFO] [stdout] test scalar_implementations_have_one_bounded_owner ... ok
[INFO] [stdout] test window_and_tvf_implementations_have_one_bounded_owner ... ok
[INFO] [stdout] 
[INFO] [stdout] failures:
[INFO] [stdout] 
[INFO] [stdout] ---- functions_contract_crate_has_only_the_allowed_internal_dependency stdout ----
[INFO] [stdout] 
[INFO] [stdout] thread 'functions_contract_crate_has_only_the_allowed_internal_dependency' (1644) panicked at tests/boundary.rs:25:37:
[INFO] [stdout] index not found
[INFO] [stdout] stack backtrace:
[INFO] [stdout]    0:     0x633cb694d321 - <<std[70759c8f55707aa4]::sys::backtrace::BacktraceLock>::print::DisplayBacktrace as core[df12db4294e9bfd3]::fmt::Display>::fmt
[INFO] [stdout]    1:     0x633cb696210a - core[df12db4294e9bfd3]::fmt::write
[INFO] [stdout]    2:     0x633cb6951aac - <alloc[2182bb758b4b3781]::vec::Vec<u8> as core[df12db4294e9bfd3]::io::write::Write>::write_fmt
[INFO] [stdout]    3:     0x633cb6929016 - std[70759c8f55707aa4]::panicking::default_hook::{closure#0}
[INFO] [stdout]    4:     0x633cb6945509 - std[70759c8f55707aa4]::panicking::default_hook
[INFO] [stdout]    5:     0x633cb68e0fc0 - test[9d35eded1c95d3be]::test_main_inner::<test[9d35eded1c95d3be]::test_main_static::{closure#0}>::{closure#0}
[INFO] [stdout]    6:     0x633cb69456c2 - std[70759c8f55707aa4]::panicking::panic_with_hook
[INFO] [stdout]    7:     0x633cb69290c2 - std[70759c8f55707aa4]::panicking::panic_handler::{closure#0}
[INFO] [stdout]    8:     0x633cb6921c19 - std[70759c8f55707aa4]::sys::backtrace::__rust_end_short_backtrace::<std[70759c8f55707aa4]::panicking::panic_handler::{closure#0}, !>
[INFO] [stdout]    9:     0x633cb6929cbd - __rustc[8fa7c3cbc660c2b3]::rust_begin_unwind
[INFO] [stdout]   10:     0x633cb696283c - core[df12db4294e9bfd3]::panicking::panic_fmt
[INFO] [stdout]   11:     0x633cb6962594 - core[df12db4294e9bfd3]::option::expect_failed
[INFO] [stdout]   12:     0x633cb68a1093 - <boundary[793240f5d808e740]::functions_contract_crate_has_only_the_allowed_internal_dependency::{closure#0} as core[df12db4294e9bfd3]::ops::function::FnOnce<()>>::call_once
[INFO] [stdout]   13:     0x633cb68d42ab - test[9d35eded1c95d3be]::__rust_begin_short_backtrace::<core[df12db4294e9bfd3]::result::Result<(), alloc[2182bb758b4b3781]::string::String>, fn() -> core[df12db4294e9bfd3]::result::Result<(), alloc[2182bb758b4b3781]::string::String>>
[INFO] [stdout]   14:     0x633cb68e1915 - test[9d35eded1c95d3be]::run_test::{closure#0}
[INFO] [stdout]   15:     0x633cb68db1d4 - std[70759c8f55707aa4]::sys::backtrace::__rust_begin_short_backtrace::<test[9d35eded1c95d3be]::run_test::{closure#1}, ()>
[INFO] [stdout]   16:     0x633cb68e4a72 - <std[70759c8f55707aa4]::thread::lifecycle::spawn_unchecked<test[9d35eded1c95d3be]::run_test::{closure#1}, ()>::{closure#1} as core[df12db4294e9bfd3]::ops::function::FnOnce<()>>::call_once::{shim:vtable#0}
[INFO] [stdout]   17:     0x633cb694c889 - <std[70759c8f55707aa4]::sys::thread::unix::Thread>::new::thread_start
[INFO] [stdout]   18:     0x716b673f2dfa - <unknown>
[INFO] [stdout]   19:     0x716b674863d4 - clone
[INFO] [stdout]   20:                0x0 - <unknown>
[INFO] [stdout] 
[INFO] [stdout] ---- root_function_module_does_not_redefine_canonical_contracts stdout ----
[INFO] [stdout] 
[INFO] [stdout] thread 'root_function_module_does_not_redefine_canonical_contracts' (1646) panicked at tests/boundary.rs:41:67:
[INFO] [stdout] read root facade: Os { code: 2, kind: NotFound, message: "No such file or directory" }
[INFO] [stdout] stack backtrace:
[INFO] [stdout]    0:     0x633cb694d321 - <<std[70759c8f55707aa4]::sys::backtrace::BacktraceLock>::print::DisplayBacktrace as core[df12db4294e9bfd3]::fmt::Display>::fmt
[INFO] [stdout]    1:     0x633cb696210a - core[df12db4294e9bfd3]::fmt::write
[INFO] [stdout]    2:     0x633cb6951aac - <alloc[2182bb758b4b3781]::vec::Vec<u8> as core[df12db4294e9bfd3]::io::write::Write>::write_fmt
[INFO] [stdout]    3:     0x633cb6929016 - std[70759c8f55707aa4]::panicking::default_hook::{closure#0}
[INFO] [stdout]    4:     0x633cb6945509 - std[70759c8f55707aa4]::panicking::default_hook
[INFO] [stdout]    5:     0x633cb68e0fc0 - test[9d35eded1c95d3be]::test_main_inner::<test[9d35eded1c95d3be]::test_main_static::{closure#0}>::{closure#0}
[INFO] [stdout]    6:     0x633cb69456c2 - std[70759c8f55707aa4]::panicking::panic_with_hook
[INFO] [stdout]    7:     0x633cb69290c2 - std[70759c8f55707aa4]::panicking::panic_handler::{closure#0}
[INFO] [stdout]    8:     0x633cb6921c19 - std[70759c8f55707aa4]::sys::backtrace::__rust_end_short_backtrace::<std[70759c8f55707aa4]::panicking::panic_handler::{closure#0}, !>
[INFO] [stdout]    9:     0x633cb6929cbd - __rustc[8fa7c3cbc660c2b3]::rust_begin_unwind
[INFO] [stdout]   10:     0x633cb696283c - core[df12db4294e9bfd3]::panicking::panic_fmt
[INFO] [stdout]   11:     0x633cb6962612 - core[df12db4294e9bfd3]::result::unwrap_failed
[INFO] [stdout]   12:     0x633cb689feb8 - <boundary[793240f5d808e740]::root_function_module_does_not_redefine_canonical_contracts::{closure#0} as core[df12db4294e9bfd3]::ops::function::FnOnce<()>>::call_once
[INFO] [stdout]   13:     0x633cb68d42ab - test[9d35eded1c95d3be]::__rust_begin_short_backtrace::<core[df12db4294e9bfd3]::result::Result<(), alloc[2182bb758b4b3781]::string::String>, fn() -> core[df12db4294e9bfd3]::result::Result<(), alloc[2182bb758b4b3781]::string::String>>
[INFO] [stdout]   14:     0x633cb68e1915 - test[9d35eded1c95d3be]::run_test::{closure#0}
[INFO] [stdout]   15:     0x633cb68db1d4 - std[70759c8f55707aa4]::sys::backtrace::__rust_begin_short_backtrace::<test[9d35eded1c95d3be]::run_test::{closure#1}, ()>
[INFO] [stdout]   16:     0x633cb68e4a72 - <std[70759c8f55707aa4]::thread::lifecycle::spawn_unchecked<test[9d35eded1c95d3be]::run_test::{closure#1}, ()>::{closure#1} as core[df12db4294e9bfd3]::ops::function::FnOnce<()>>::call_once::{shim:vtable#0}
[INFO] [stdout]   17:     0x633cb694c889 - <std[70759c8f55707aa4]::sys::thread::unix::Thread>::new::thread_start
[INFO] [stdout]   18:     0x716b673f2dfa - <unknown>
[INFO] [stdout]   19:     0x716b674863d4 - clone
[INFO] [stdout]   20:                0x0 - <unknown>
[INFO] [stdout] 
[INFO] [stdout] ---- registry_has_one_bounded_owner_and_no_higher_layer_dependency stdout ----
[INFO] [stdout] 
[INFO] [stdout] thread 'registry_has_one_bounded_owner_and_no_higher_layer_dependency' (1645) panicked at tests/boundary.rs:155:67:
[INFO] [stdout] read root facade: Os { code: 2, kind: NotFound, message: "No such file or directory" }
[INFO] [stdout] stack backtrace:
[INFO] [stdout]    0:     0x633cb694d321 - <<std[70759c8f55707aa4]::sys::backtrace::BacktraceLock>::print::DisplayBacktrace as core[df12db4294e9bfd3]::fmt::Display>::fmt
[INFO] [stdout]    1:     0x633cb696210a - core[df12db4294e9bfd3]::fmt::write
[INFO] [stdout]    2:     0x633cb6951aac - <alloc[2182bb758b4b3781]::vec::Vec<u8> as core[df12db4294e9bfd3]::io::write::Write>::write_fmt
[INFO] [stdout]    3:     0x633cb6929016 - std[70759c8f55707aa4]::panicking::default_hook::{closure#0}
[INFO] [stdout]    4:     0x633cb6945509 - std[70759c8f55707aa4]::panicking::default_hook
[INFO] [stdout]    5:     0x633cb68e0fc0 - test[9d35eded1c95d3be]::test_main_inner::<test[9d35eded1c95d3be]::test_main_static::{closure#0}>::{closure#0}
[INFO] [stdout]    6:     0x633cb69456c2 - std[70759c8f55707aa4]::panicking::panic_with_hook
[INFO] [stdout]    7:     0x633cb69290c2 - std[70759c8f55707aa4]::panicking::panic_handler::{closure#0}
[INFO] [stdout]    8:     0x633cb6921c19 - std[70759c8f55707aa4]::sys::backtrace::__rust_end_short_backtrace::<std[70759c8f55707aa4]::panicking::panic_handler::{closure#0}, !>
[INFO] [stdout]    9:     0x633cb6929cbd - __rustc[8fa7c3cbc660c2b3]::rust_begin_unwind
[INFO] [stdout]   10:     0x633cb696283c - core[df12db4294e9bfd3]::panicking::panic_fmt
[INFO] [stdout]   11:     0x633cb6962612 - core[df12db4294e9bfd3]::result::unwrap_failed
[INFO] [stdout]   12:     0x633cb68a037c - <boundary[793240f5d808e740]::registry_has_one_bounded_owner_and_no_higher_layer_dependency::{closure#0} as core[df12db4294e9bfd3]::ops::function::FnOnce<()>>::call_once
[INFO] [stdout]   13:     0x633cb68d42ab - test[9d35eded1c95d3be]::__rust_begin_short_backtrace::<core[df12db4294e9bfd3]::result::Result<(), alloc[2182bb758b4b3781]::string::String>, fn() -> core[df12db4294e9bfd3]::result::Result<(), alloc[2182bb758b4b3781]::string::String>>
[INFO] [stdout]   14:     0x633cb68e1915 - test[9d35eded1c95d3be]::run_test::{closure#0}
[INFO] [stdout]   15:     0x633cb68db1d4 - std[70759c8f55707aa4]::sys::backtrace::__rust_begin_short_backtrace::<test[9d35eded1c95d3be]::run_test::{closure#1}, ()>
[INFO] [stdout]   16:     0x633cb68e4a72 - <std[70759c8f55707aa4]::thread::lifecycle::spawn_unchecked<test[9d35eded1c95d3be]::run_test::{closure#1}, ()>::{closure#1} as core[df12db4294e9bfd3]::ops::function::FnOnce<()>>::call_once::{shim:vtable#0}
[INFO] [stdout]   17:     0x633cb694c889 - <std[70759c8f55707aa4]::sys::thread::unix::Thread>::new::thread_start
[INFO] [stdout]   18:     0x716b673f2dfa - <unknown>
[INFO] [stdout]   19:     0x716b674863d4 - clone
[INFO] [stdout]   20:                0x0 - <unknown>
[INFO] [stdout] 
[INFO] [stdout] 
[INFO] [stdout] failures:
[INFO] [stdout]     functions_contract_crate_has_only_the_allowed_internal_dependency
[INFO] [stdout]     registry_has_one_bounded_owner_and_no_higher_layer_dependency
[INFO] [stdout]     root_function_module_does_not_redefine_canonical_contracts
[INFO] [stdout] 
[INFO] [stdout] test result: FAILED. 3 passed; 3 failed; 0 ignored; 0 measured; 0 filtered out; finished in 0.01s
[INFO] [stdout] 
[INFO] running `Command { std: "docker" "inspect" "580b6d685ba8eda68b63539b5229e495166f848a5c6c5427ba51a6cb936defc0", kill_on_drop: false }`
[INFO] running `Command { std: "docker" "rm" "-f" "580b6d685ba8eda68b63539b5229e495166f848a5c6c5427ba51a6cb936defc0", kill_on_drop: false }`
[INFO] [stdout] 580b6d685ba8eda68b63539b5229e495166f848a5c6c5427ba51a6cb936defc0
