[INFO] fetching crate radixdb-core 1.2.25...
[INFO] testing radixdb-core-1.2.25 against 1.99.0-beta.8+cargoflags=--release for beta-release-1.100-2
[INFO] extracting crate radixdb-core 1.2.25 into /workspace/builds/worker-0-tc1/source
[INFO] started tweaking crates.io crate radixdb-core 1.2.25
[INFO] removed 0 missing tests
[INFO] finished tweaking crates.io crate radixdb-core 1.2.25
[INFO] tweaked toml for crates.io crate radixdb-core 1.2.25 written to /workspace/builds/worker-0-tc1/source/Cargo.toml
[INFO] validating manifest of crates.io crate radixdb-core 1.2.25 on toolchain 1.99.0-beta.8
[INFO] running `Command { std: CARGO_HOME="/workspace/cargo-home" RUSTUP_HOME="/workspace/rustup-home" "/workspace/cargo-home/bin/cargo" "+1.99.0-beta.8" "metadata" "--manifest-path" "Cargo.toml" "--no-deps", kill_on_drop: false }`
[INFO] crate crates.io crate radixdb-core 1.2.25 already has a lockfile, it will not be regenerated
[INFO] running `Command { std: CARGO_HOME="/workspace/cargo-home" RUSTUP_HOME="/workspace/rustup-home" "/workspace/cargo-home/bin/cargo" "+1.99.0-beta.8" "fetch" "--manifest-path" "Cargo.toml", kill_on_drop: false }`
[INFO] running `Command { std: "docker" "create" "-v" "/var/lib/crater-agent-workspace/builds/worker-0-tc1/source:/opt/rustwide/workdir:ro,Z" "-v" "/var/lib/crater-agent-workspace/builds/worker-0-tc1/target:/opt/rustwide/target:rw,Z" "-v" "/var/lib/crater-agent-workspace/cargo-home:/opt/rustwide/cargo-home:ro,Z" "-v" "/var/lib/crater-agent-workspace/rustup-home:/opt/rustwide/rustup-home:ro,Z" "-m" "1610612736" "--network" "none" "ghcr.io/rust-lang/crates-build-env/linux@sha256:77db811e55d90add9212f6832c23229e3de5f1c1f9905e8cb07319ea15df73ac" "sleep" "infinity", kill_on_drop: false }`
[INFO] [stdout] 8434c516469461a70e2426889c74b02b75086adcf13c914f47a4fa2c765a3688
[INFO] running `Command { std: "docker" "start" "8434c516469461a70e2426889c74b02b75086adcf13c914f47a4fa2c765a3688", kill_on_drop: false }`
[INFO] running `Command { std: "docker" "inspect" "8434c516469461a70e2426889c74b02b75086adcf13c914f47a4fa2c765a3688", kill_on_drop: false }`
[INFO] running `Command { std: "docker" "exec" "-e" "SOURCE_DIR=/opt/rustwide/workdir" "-e" "CARGO_HOME=/opt/rustwide/cargo-home" "-e" "RUSTUP_HOME=/opt/rustwide/rustup-home" "-e" "CARGO_TARGET_DIR=/opt/rustwide/target" "-w" "/opt/rustwide/workdir" "--user" "0:0" "8434c516469461a70e2426889c74b02b75086adcf13c914f47a4fa2c765a3688" "/opt/rustwide/cargo-home/bin/cargo" "+1.99.0-beta.8" "metadata" "--no-deps" "--format-version=1", kill_on_drop: false }`
[INFO] running `Command { std: "docker" "inspect" "8434c516469461a70e2426889c74b02b75086adcf13c914f47a4fa2c765a3688", kill_on_drop: false }`
[INFO] running `Command { std: "docker" "exec" "-e" "SOURCE_DIR=/opt/rustwide/workdir" "-e" "CARGO_HOME=/opt/rustwide/cargo-home" "-e" "RUSTUP_HOME=/opt/rustwide/rustup-home" "-e" "CARGO_TARGET_DIR=/opt/rustwide/target" "-e" "CARGO_INCREMENTAL=0" "-e" "RUST_BACKTRACE=full" "-e" "RUSTFLAGS=--cap-lints=warn" "-e" "RUSTDOCFLAGS=--cap-lints=warn" "-w" "/opt/rustwide/workdir" "--user" "0:0" "8434c516469461a70e2426889c74b02b75086adcf13c914f47a4fa2c765a3688" "/opt/rustwide/cargo-home/bin/cargo" "+1.99.0-beta.8" "build" "--frozen" "--message-format=json" "--release", kill_on_drop: false }`
[INFO] [stderr]    Compiling quote v1.0.44
[INFO] [stderr]    Compiling libc v0.2.182
[INFO] [stderr]    Compiling zerocopy v0.8.39
[INFO] [stderr]    Compiling getrandom v0.4.1
[INFO] [stderr]    Compiling chrono-tz v0.10.4
[INFO] [stderr]    Compiling phf_shared v0.12.1
[INFO] [stderr]    Compiling once_cell v1.21.3
[INFO] [stderr]    Compiling generic-array v0.14.7
[INFO] [stderr]    Compiling unicode-normalization v0.1.25
[INFO] [stderr]    Compiling phf v0.12.1
[INFO] [stderr]    Compiling syn v2.0.116
[INFO] [stderr]    Compiling block-buffer v0.10.4
[INFO] [stderr]    Compiling crypto-common v0.1.7
[INFO] [stderr]    Compiling digest v0.10.7
[INFO] [stderr]    Compiling sha2 v0.10.9
[INFO] [stderr]    Compiling getrandom v0.3.4
[INFO] [stderr]    Compiling rand_core v0.9.5
[INFO] [stderr]    Compiling serde_derive v1.0.228
[INFO] [stderr]    Compiling thiserror-impl v2.0.18
[INFO] [stderr]    Compiling thiserror v2.0.18
[INFO] [stderr]    Compiling ppv-lite86 v0.2.21
[INFO] [stderr]    Compiling ahash v0.8.12
[INFO] [stderr]    Compiling serde v1.0.228
[INFO] [stderr]    Compiling rand_chacha v0.9.0
[INFO] [stderr]    Compiling rand v0.9.2
[INFO] [stderr]    Compiling chrono v0.4.43
[INFO] [stderr]    Compiling uuid v1.21.0
[INFO] [stderr]    Compiling radixdb-core v1.2.25 (/opt/rustwide/workdir)
[INFO] [stderr]     Finished `release` profile [optimized] target(s) in 38.26s
[INFO] running `Command { std: "docker" "inspect" "8434c516469461a70e2426889c74b02b75086adcf13c914f47a4fa2c765a3688", kill_on_drop: false }`
[INFO] running `Command { std: "docker" "exec" "-e" "SOURCE_DIR=/opt/rustwide/workdir" "-e" "CARGO_HOME=/opt/rustwide/cargo-home" "-e" "RUSTUP_HOME=/opt/rustwide/rustup-home" "-e" "CARGO_TARGET_DIR=/opt/rustwide/target" "-e" "CARGO_INCREMENTAL=0" "-e" "RUST_BACKTRACE=full" "-e" "RUSTFLAGS=--cap-lints=warn" "-e" "RUSTDOCFLAGS=--cap-lints=warn" "-w" "/opt/rustwide/workdir" "--user" "0:0" "8434c516469461a70e2426889c74b02b75086adcf13c914f47a4fa2c765a3688" "/opt/rustwide/cargo-home/bin/cargo" "+1.99.0-beta.8" "test" "--frozen" "--no-run" "--message-format=json" "--release", kill_on_drop: false }`
[INFO] [stderr]    Compiling toml_datetime v0.6.11
[INFO] [stderr]    Compiling serde_spanned v0.6.9
[INFO] [stderr]    Compiling winnow v0.7.14
[INFO] [stderr]    Compiling toml_edit v0.22.27
[INFO] [stderr]    Compiling toml v0.8.23
[INFO] [stderr]    Compiling radixdb-core v1.2.25 (/opt/rustwide/workdir)
[INFO] [stderr]     Finished `release` profile [optimized] target(s) in 36.78s
[INFO] running `Command { std: "docker" "inspect" "8434c516469461a70e2426889c74b02b75086adcf13c914f47a4fa2c765a3688", kill_on_drop: false }`
[INFO] running `Command { std: "docker" "exec" "-e" "SOURCE_DIR=/opt/rustwide/workdir" "-e" "CARGO_HOME=/opt/rustwide/cargo-home" "-e" "RUSTUP_HOME=/opt/rustwide/rustup-home" "-e" "CARGO_TARGET_DIR=/opt/rustwide/target" "-e" "CARGO_INCREMENTAL=0" "-e" "RUST_BACKTRACE=full" "-e" "RUSTFLAGS=--cap-lints=warn" "-e" "RUSTDOCFLAGS=--cap-lints=warn" "-w" "/opt/rustwide/workdir" "--user" "0:0" "8434c516469461a70e2426889c74b02b75086adcf13c914f47a4fa2c765a3688" "/opt/rustwide/cargo-home/bin/cargo" "+1.99.0-beta.8" "test" "--frozen" "--release", kill_on_drop: false }`
[INFO] [stderr]     Finished `release` profile [optimized] target(s) in 0.07s
[INFO] [stderr]      Running unittests src/lib.rs (/opt/rustwide/target/release/deps/radixdb_core-147535d6213f3d56)
[INFO] [stdout] 
[INFO] [stdout] running 323 tests
[INFO] [stdout] test compact_arc::tests::test_equality ... ok
[INFO] [stdout] test compact_arc::tests::test_hash ... ok
[INFO] [stdout] test compact_arc::tests::test_header_size ... ok
[INFO] [stdout] test compact_arc::tests::test_high_alignment_slice ... ok
[INFO] [stdout] test compact_arc::tests::test_from_compact_vec_moves_elements ... ok
[INFO] [stdout] test compact_arc::tests::test_from_vec_moves_elements ... ok
[INFO] [stdout] test compact_arc::tests::test_ptr_eq ... ok
[INFO] [stdout] test compact_arc::tests::test_make_mut ... ok
[INFO] [stdout] test compact_arc::tests::test_slice_basic ... ok
[INFO] [stdout] test compact_arc::tests::test_debug_display ... ok
[INFO] [stdout] test checksum::tests::standard_vectors_are_stable ... ok
[INFO] [stdout] test compact_arc::tests::test_slice_clone ... ok
[INFO] [stdout] test compact_arc::tests::test_slice_drop_elements ... ok
[INFO] [stdout] test compact_arc::tests::test_slice_empty ... ok
[INFO] [stdout] test compact_arc::tests::test_slice_from_compact_vec ... ok
[INFO] [stdout] test compact_arc::tests::test_drop_complex_type ... ok
[INFO] [stdout] test compact_arc::tests::test_high_alignment_type ... ok
[INFO] [stdout] test compact_arc::tests::test_dst_send_sync ... ok
[INFO] [stdout] test compact_arc::tests::test_into_raw_from_raw ... ok
[INFO] [stdout] test compact_arc::tests::test_get_mut ... ok
[INFO] [stdout] test compact_arc::tests::test_send_sync ... ok
[INFO] [stdout] test compact_arc::tests::test_clone_and_count ... ok
[INFO] [stdout] test compact_arc::tests::test_str_basic ... ok
[INFO] [stdout] test compact_arc::tests::test_ordering ... ok
[INFO] [stdout] test compact_arc::tests::test_str_clone ... ok
[INFO] [stdout] test compact_arc::tests::test_str_empty ... ok
[INFO] [stdout] test compact_arc::tests::test_from_slice_panic_safety ... ok
[INFO] [stdout] test compact_arc::tests::test_str_drop ... ok
[INFO] [stdout] test compact_arc::tests::test_slice_thin_pointer ... ok
[INFO] [stdout] test compact_arc::tests::test_slice_from_vec ... ok
[INFO] [stdout] test compact_vec::tests::test_capacity_above_u32_is_rejected_without_allocation ... ok
[INFO] [stdout] test compact_vec::tests::test_clear ... ok
[INFO] [stdout] test compact_arc::tests::test_try_unwrap_success ... ok
[INFO] [stdout] test compact_arc::tests::test_str_from_impls ... ok
[INFO] [stdout] test compact_arc::tests::test_str_hash ... ok
[INFO] [stdout] test compact_arc::tests::test_str_thin_pointer ... ok
[INFO] [stdout] test compact_vec::tests::test_clone_panic_safety ... ok
[INFO] [stdout] test compact_vec::tests::test_extend_clone_panic_safety ... ok
[INFO] [stdout] test compact_vec::tests::test_into_vec_and_back ... ok
[INFO] [stdout] test compact_arc::tests::test_try_unwrap_failure ... ok
[INFO] [stdout] test compact_vec::tests::test_extend ... ok
[INFO] [stdout] test compact_vec::tests::test_from_iter_panic_safety ... ok
[INFO] [stdout] test compact_vec::tests::test_basic_operations ... ok
[INFO] [stdout] test compact_arc::tests::test_str_unicode ... ok
[INFO] [stdout] test compact_vec::tests::test_from_iterator ... ok
[INFO] [stdout] test compact_vec::tests::test_size ... ok
[INFO] [stdout] test compact_vec::tests::test_clone ... ok
[INFO] [stdout] test compact_vec::tests::test_mutation_state_before_unwind_compact_vec_truncate ... ok
[INFO] [stdout] test compact_arc::tests::test_new_and_deref ... ok
[INFO] [stdout] test compact_arc::tests::test_sized_pointer_size ... ok
[INFO] [stdout] test compact_vec::tests::test_mutation_state_before_unwind_compact_vec_retain ... ok
[INFO] [stdout] test compact_arc::tests::test_thread_safety ... ok
[INFO] [stdout] test compact_vec::tests::zst_capacity_conversion_and_growth_are_allocation_free ... ok
[INFO] [stdout] test compact_vec::tests::test_with_strings ... ok
[INFO] [stdout] test cow_btree::tests::test_basic_operations ... ok
[INFO] [stdout] test compact_arc::tests::test_str_thread_safety ... ok
[INFO] [stdout] test compact_arc::tests::test_str_equality ... ok
[INFO] [stdout] test compact_vec::tests::test_with_capacity ... ok
[INFO] [stdout] test compact_vec::tests::test_truncate ... ok
[INFO] [stdout] test compact_vec::tests::test_iteration ... ok
[INFO] [stdout] test compact_vec::tests::test_mutation_state_before_unwind_compact_vec_clear ... ok
[INFO] [stdout] test cow_btree::tests::test_cow_semantics ... ok
[INFO] [stdout] test cow_btree::tests::test_cow_with_deletion ... ok
[INFO] [stdout] test cow_btree::tests::test_contains_key ... ok
[INFO] [stdout] test cow_btree::tests::test_delete_all_keys ... ok
[INFO] [stdout] test cow_btree::tests::test_cow_with_get_mut ... ok
[INFO] [stdout] test cow_btree::tests::test_deletion_triggers_borrow_from_right ... ok
[INFO] [stdout] test cow_btree::tests::test_drop_is_called ... ok
[INFO] [stdout] test cow_btree::tests::test_and_modify_on_vacant ... ok
[INFO] [stdout] test cow_btree::tests::test_drop_with_splits ... ok
[INFO] [stdout] test compact_vec::tests::test_swap_remove ... ok
[INFO] [stdout] test cow_btree::tests::test_clear ... ok
[INFO] [stdout] test cow_btree::tests::test_drop_with_clone ... ok
[INFO] [stdout] test cow_btree::tests::test_deletion_triggers_borrow_from_left ... ok
[INFO] [stdout] test cow_btree::tests::test_deletion_triggers_merge ... ok
[INFO] [stdout] test cow_btree::tests::test_deep_tree_internal_node_split ... ok
[INFO] [stdout] test cow_btree::tests::test_deep_tree_random_deletion ... ok
[INFO] [stdout] test cow_btree::tests::test_deep_tree_cow_semantics ... ok
[INFO] [stdout] test cow_btree::tests::test_deep_tree_delete_from_left_internal ... ok
[INFO] [stdout] test cow_btree::tests::test_cow_during_internal_rebalancing ... ok
[INFO] [stdout] test cow_btree::tests::test_default_trait ... ok
[INFO] [stdout] test compact_arc::tests::test_last_reference_drops_before_workers_are_joined ... ok
[INFO] [stdout] test cow_btree::tests::test_deep_tree_internal_node_rebalancing ... ok
[INFO] [stdout] test cow_btree::tests::test_entry_api ... ok
[INFO] [stdout] test cow_btree::tests::test_deep_tree_delete_alternating_pattern ... ok
[INFO] [stdout] test cow_btree::tests::test_entry_sequential_optimization ... ok
[INFO] [stdout] test cow_btree::tests::test_empty_tree_range_iteration ... ok
[INFO] [stdout] test cow_btree::tests::test_entry_vacant ... ok
[INFO] [stdout] test cow_btree::tests::test_entry_api_reverse_order ... ok
[INFO] [stdout] test cow_btree::tests::test_entry_api_root_split ... ok
[INFO] [stdout] test cow_btree::tests::test_entry_key_method ... ok
[INFO] [stdout] test cow_btree::tests::test_get_mut_on_deep_tree ... ok
[INFO] [stdout] test cow_btree::tests::test_entry_many_inserts ... ok
[INFO] [stdout] test cow_btree::tests::test_entry_occupied ... ok
[INFO] [stdout] test cow_btree::tests::test_alternating_sides_deletion ... ok
[INFO] [stdout] test cow_btree::tests::test_entry_cow_semantics ... ok
[INFO] [stdout] test cow_btree::tests::test_entry_on_deep_tree_random ... ok
[INFO] [stdout] test cow_btree::tests::test_get_mut ... ok
[INFO] [stdout] test cow_btree::tests::test_iter_rev ... ok
[INFO] [stdout] test cow_btree::tests::test_random_inserts ... ok
[INFO] [stdout] test cow_btree::tests::test_heavy_deletion_rebalancing ... ok
[INFO] [stdout] test cow_btree::tests::test_random_order_entry_api ... ok
[INFO] [stdout] test cow_btree::tests::test_middle_insert_split ... ok
[INFO] [stdout] test cow_btree::tests::test_iter_on_deep_tree ... ok
[INFO] [stdout] test cow_btree::tests::test_many_inserts_sequential ... ok
[INFO] [stdout] test cow_btree::tests::test_range_rev ... ok
[INFO] [stdout] test cow_btree::tests::test_iter_rev_on_deep_tree ... ok
[INFO] [stdout] test cow_btree::tests::test_iteration ... ok
[INFO] [stdout] test cow_btree::tests::test_memory_size ... ok
[INFO] [stdout] test cow_btree::tests::test_node_path_limit ... ok
[INFO] [stdout] test cow_btree::tests::test_range_on_deep_tree ... ok
[INFO] [stdout] test cow_btree::tests::test_range_unbounded ... ok
[INFO] [stdout] test cow_btree::tests::test_range_rev_on_deep_tree ... ok
[INFO] [stdout] test cow_btree::tests::test_range ... ok
[INFO] [stdout] test cow_btree::tests::test_internal_node_merge_cascade ... ok
[INFO] [stdout] test cow_btree::tests::test_random_order_entry_api_large ... ok
[INFO] [stdout] test cow_btree::tests::test_range_chunks_on_deep_tree ... ok
[INFO] [stdout] test cow_btree::tests::test_remove_from_internal_node ... ok
[INFO] [stdout] test error::tests::navigation_errors_have_stable_machine_categories ... ok
[INFO] [stdout] test error::tests::neutral_context_does_not_depend_on_presentation_text ... ok
[INFO] [stdout] test cow_btree::tests::test_update_separator_keys ... ok
[INFO] [stdout] test cow_btree::tests::test_values_iterator ... ok
[INFO] [stdout] test error::tests::test_error_classification ... ok
[INFO] [stdout] test cow_btree::tests::test_rightmost_split_with_entry_api ... ok
[INFO] [stdout] test cow_btree::tests::test_remove_leaf ... ok
[INFO] [stdout] test cow_btree::tests::test_update ... ok
[INFO] [stdout] test cow_btree::tests::test_remove_many ... ok
[INFO] [stdout] test cow_btree::tests::test_rightmost_split_optimization ... ok
[INFO] [stdout] test cow_btree::tests::test_reverse_order_inserts ... ok
[INFO] [stdout] test cow_btree::tests::test_zigzag_insert_pattern ... ok
[INFO] [stdout] test i64_map::tests::test_basic_operations ... ok
[INFO] [stdout] test i64_map::tests::test_clear ... ok
[INFO] [stdout] test i64_map::tests::test_drain ... ok
[INFO] [stdout] test error::tests::test_structured_error_display ... ok
[INFO] [stdout] test error::tests::test_io_error_conversion ... ok
[INFO] [stdout] test error::tests::test_transaction_classifier_covers_retryable_transaction_variants ... ok
[INFO] [stdout] test cow_btree::tests::test_left_heavy_deletion ... ok
[INFO] [stdout] test i64_map::tests::test_i64_min_full_map_domain ... ok
[INFO] [stdout] test error::tests::test_error_equality ... ok
[INFO] [stdout] test i64_map::tests::test_deletion ... ok
[INFO] [stdout] test cow_btree::tests::test_right_heavy_deletion ... ok
[INFO] [stdout] test cow_btree::tests::test_shuffled_inserts_large ... ok
[INFO] [stdout] test cow_btree::tests::test_reverse_insert_internal_node_split ... ok
[INFO] [stdout] test form_descriptor::tests::form_projection_contains_only_schema_metadata ... ok
[INFO] [stdout] test i64_map::tests::test_grow ... ok
[INFO] [stdout] test i64_map::tests::test_drain_partial_consume_drops_remaining ... ok
[INFO] [stdout] test i64_map::tests::test_edge_values ... ok
[INFO] [stdout] test i64_map::tests::test_entry_api ... ok
[INFO] [stdout] test i64_map::tests::test_i64set_edge_values ... ok
[INFO] [stdout] test i64_map::tests::test_i64set_from_iter ... ok
[INFO] [stdout] test i64_map::tests::test_i64set_partial_drain_finishes_on_drop ... ok
[INFO] [stdout] test i64_map::tests::test_into_iter_full_consume ... ok
[INFO] [stdout] test i64_map::tests::test_i64set_min_full_domain ... ok
[INFO] [stdout] test i64_map::tests::test_i64set_into_iter ... ok
[INFO] [stdout] test i64_map::tests::test_i64set_strided_keys ... ok
[INFO] [stdout] test i64_map::tests::test_mutation_state_before_unwind_i64_map_clear ... ok
[INFO] [stdout] test i64_map::tests::test_shrink_to_fit ... ok
[INFO] [stdout] test i64_map::tests::test_into_iter_no_consume_drops_all ... ok
[INFO] [stdout] test identity::tests::durable_identity_bytes_are_uuid_v7_and_distinct ... ok
[INFO] [stdout] test identity::tests::identities_preserve_scope_generation_name_and_ordinal ... ok
[INFO] [stdout] test row::tests::test_row_concat ... ok
[INFO] [stdout] test row::tests::test_row_combined ... ok
[INFO] [stdout] test error::tests::test_error_display ... ok
[INFO] [stdout] test row::tests::test_row_copy_on_write ... ok
[INFO] [stdout] test i64_map::tests::test_into_iter_partial_consume_drops_remaining ... ok
[INFO] [stdout] test i64_map::tests::test_strided_keys_no_collision_catastrophe ... ok
[INFO] [stdout] test row::tests::test_row_clone_subset ... ok
[INFO] [stdout] test i64_map::tests::test_i64set_shrink_after_delete ... ok
[INFO] [stdout] test row::tests::test_row_get_set ... ok
[INFO] [stdout] test row::tests::test_row_creation ... ok
[INFO] [stdout] test row::tests::test_row_index ... ok
[INFO] [stdout] test row::tests::test_row_display ... ok
[INFO] [stdout] test row::tests::test_row_equality ... ok
[INFO] [stdout] test i64_map::tests::test_i64set_basic_operations ... ok
[INFO] [stdout] test i64_map::tests::test_shrink_after_delete ... ok
[INFO] [stdout] test i64_map::tests::test_iterators ... ok
[INFO] [stdout] test row::tests::test_row_into_arc ... ok
[INFO] [stdout] test row::tests::test_row_into_values ... ok
[INFO] [stdout] test row::tests::test_row_repeat ... ok
[INFO] [stdout] test i64_map::tests::test_i64set_grow ... ok
[INFO] [stdout] test row::tests::test_row_projection_helpers_reject_invalid_indices_consistently ... ok
[INFO] [stdout] test row::tests::test_row_select_columns ... ok
[INFO] [stdout] test row_vec::tests::test_row_vec_basic ... ok
[INFO] [stdout] test i64_map::tests::test_i64set_shrink_to_fit ... ok
[INFO] [stdout] test row::tests::test_row_from_values ... ok
[INFO] [stdout] test row::tests::test_row_null_row ... ok
[INFO] [stdout] test cow_btree::tests::test_internal_node_borrow_from_right ... ok
[INFO] [stdout] test row_vec::tests::test_reused_buffers_guarantee_adjacent_requested_capacity ... ok
[INFO] [stdout] test row::tests::test_row_push_pop ... ok
[INFO] [stdout] test row::tests::test_row_from_arc ... ok
[INFO] [stdout] test row::tests::test_row_validate ... ok
[INFO] [stdout] test row::tests::test_shared_owned_equality ... ok
[INFO] [stdout] test row::tests::test_row_from_iterator ... ok
[INFO] [stdout] test row_vec::tests::test_row_vec_skip_take_rev ... ok
[INFO] [stdout] test schema::tests::orm_01_long_constraint_name_is_utf8_bounded_and_deterministic ... ok
[INFO] [stdout] test schema::tests::composite_primary_key_preserves_declared_order_and_disables_row_id_fast_path ... ok
[INFO] [stdout] test schema::tests::schema_constructor_rebuilds_authoritative_column_identity ... ok
[INFO] [stdout] test row_vec::tests::test_row_vec_pool_keeps_buffers ... ok
[INFO] [stdout] test row_vec::tests::test_row_vec_cache_reuse ... ok
[INFO] [stdout] test row_vec::tests::test_row_vec_into_iter ... ok
[INFO] [stdout] test row_vec::tests::test_row_vec_pool_concurrent_usage ... ok
[INFO] [stdout] test row::tests::test_row_iteration ... ok
[INFO] [stdout] test row_vec::tests::test_row_vec_rev ... ok
[INFO] [stdout] test schema::tests::test_schema_creation ... ok
[INFO] [stdout] test schema::tests::structural_validation_rejects_impossible_key_and_vector_metadata ... ok
[INFO] [stdout] test row_vec::tests::test_row_vec_pool_respects_max_capacity ... ok
[INFO] [stdout] test schema::tests::test_schema_display ... ok
[INFO] [stdout] test schema::tests::test_schema_builder ... ok
[INFO] [stdout] test schema::tests::test_schema_find_column ... ok
[INFO] [stdout] test schema::tests::test_schema_column_creation ... ok
[INFO] [stdout] test schema::tests::test_schema_modify_column ... ok
[INFO] [stdout] test schema::tests::test_schema_remove_column ... ok
[INFO] [stdout] test schema::tests::test_schema_rename_column ... ok
[INFO] [stdout] test schema::tests::test_schema_validate_column_count ... ok
[INFO] [stdout] test schema_descriptor::tests::descriptor_envelope_round_trip_is_versioned_and_canonical ... ok
[INFO] [stdout] test schema::tests::test_schema_rejects_dropping_or_decoding_invalid_foreign_key_identity ... ok
[INFO] [stdout] test schema::tests::test_schema_primary_key ... ok
[INFO] [stdout] test schema::tests::test_schema_column_names ... ok
[INFO] [stdout] test schema_descriptor::tests::text_descriptor_preserves_old_unbounded_json_and_bounded_identity ... ok
[INFO] [stdout] test smart_string::tests::test_build_inline ... ok
[INFO] [stdout] test smart_string::tests::test_borrow_lookup ... ok
[INFO] [stdout] test smart_string::tests::test_ascii_case ... ok
[INFO] [stdout] test schema::tests::test_schema_column_display ... ok
[INFO] [stdout] test smart_string::tests::test_case_conversion ... ok
[INFO] [stdout] test smart_string::tests::test_default ... ok
[INFO] [stdout] test smart_string::tests::test_empty ... ok
[INFO] [stdout] test smart_string::tests::test_eq ... ok
[INFO] [stdout] test schema::tests::test_schema_mutation_preserves_foreign_key_identity ... ok
[INFO] [stdout] test smart_string::tests::test_hash ... ok
[INFO] [stdout] test schema::tests::test_schema_get_column_type ... ok
[INFO] [stdout] test smart_string::tests::test_into_string ... ok
[INFO] [stdout] test schema::tests::test_schema_column_helpers ... ok
[INFO] [stdout] test smart_string::tests::test_heap ... ok
[INFO] [stdout] test smart_string::tests::test_ord ... ok
[INFO] [stdout] test smart_string::tests::test_inline ... ok
[INFO] [stdout] test smart_string::tests::test_push_str ... ok
[INFO] [stdout] test smart_string::tests::test_clone_heap ... ok
[INFO] [stdout] test schema_descriptor::tests::double_precision_has_a_distinct_stable_descriptor_identity ... ok
[INFO] [stdout] test smart_string::tests::test_push ... ok
[INFO] [stdout] test smart_string::tests::test_inline_max ... ok
[INFO] [stdout] test smart_string::tests::test_concat ... ok
[INFO] [stdout] test smart_string::tests::test_push_str_to_heap ... ok
[INFO] [stdout] test smart_string::tests::test_from_arc_str ... ok
[INFO] [stdout] test smart_string::tests::test_from_string ... ok
[INFO] [stdout] test smart_string::tests::test_unicode ... ok
[INFO] [stdout] test timezone::tests::fixed_offset_round_trip_is_exact ... ok
[INFO] [stdout] test timezone::tests::named_zone_rejects_dst_gap_and_overlap ... ok
[INFO] [stdout] test timezone::tests::rejects_invalid_fixed_offsets ... ok
[INFO] [stdout] test types::tests::test_datatype_display ... ok
[INFO] [stdout] test types::tests::test_datatype_from_str ... ok
[INFO] [stdout] test types::tests::datatype_from_str_rejects_malformed_parameter_suffixes ... ok
[INFO] [stdout] test types::tests::test_datatype_is_orderable ... ok
[INFO] [stdout] test types::tests::test_datatype_size ... ok
[INFO] [stdout] test types::tests::test_datatype_u8_conversion ... ok
[INFO] [stdout] test types::tests::test_default_values ... ok
[INFO] [stdout] test types::tests::test_index_entry ... ok
[INFO] [stdout] test types::tests::test_indextype_display ... ok
[INFO] [stdout] test types::tests::test_isolationlevel_display ... ok
[INFO] [stdout] test types::tests::test_indextype_from_str ... ok
[INFO] [stdout] test types::tests::test_isolationlevel_from_str ... ok
[INFO] [stdout] test types::tests::test_isolationlevel_u8_conversion ... ok
[INFO] [stdout] test types::tests::test_operator_display ... ok
[INFO] [stdout] test types::tests::test_operator_from_str ... ok
[INFO] [stdout] test types::tests::test_operator_needs_value ... ok
[INFO] [stdout] test types::tests::test_operator_negate ... ok
[INFO] [stdout] test unicode::tests::canonicalizes_composed_case_equivalents ... ok
[INFO] [stdout] test smart_string::tests::test_size ... ok
[INFO] [stdout] test cow_btree::tests::test_massive_deletion_internal_rebalance ... ok
[INFO] [stdout] test string_map::tests::aliases_preserve_ahash_container_behavior ... ok
[INFO] [stdout] test schema::tests::orm_01_constraint_names_ids_collisions_and_ordinals_are_stable ... ok
[INFO] [stdout] test smart_string::tests::test_clone_inline ... ok
[INFO] [stdout] test timezone::tests::parses_and_canonicalizes_supported_zone_forms ... ok
[INFO] [stdout] test schema::tests::test_schema_get_column ... ok
[INFO] [stdout] test schema::tests::test_schema_add_column ... ok
[INFO] [stdout] test unicode::tests::normalizes_lowercase_expansion_output ... ok
[INFO] [stdout] test value::tests::checked_integer_coercion_never_saturates_or_invents_values ... ok
[INFO] [stdout] test value::tests::civil_temporal_ordering_uses_signed_nanos_not_little_endian_bytes ... ok
[INFO] [stdout] test value::tests::civil_temporal_parsers_reject_offsets_and_time_outside_one_day ... ok
[INFO] [stdout] test value::tests::civil_timestamp_cast_to_date_uses_its_calendar_date ... ok
[INFO] [stdout] test value::tests::date_to_timestamp_coercion_uses_utc_midnight ... ok
[INFO] [stdout] test value::tests::decimal_coercion_preserves_shortest_float_value ... ok
[INFO] [stdout] test types::tests::test_datatype_is_numeric ... ok
[INFO] [stdout] test timezone::tests::explicit_input_offset_wins_over_session_zone ... ok
[INFO] [stdout] test timezone::tests::named_zone_applies_historical_rules ... ok
[INFO] [stdout] test types::tests::compact_snapshot_isolation_alias_is_spelled_correctly ... ok
[INFO] [stdout] test schema::tests::test_schema_timestamps ... ok
[INFO] [stdout] test value::tests::test_compare_floats ... ok
[INFO] [stdout] test value::tests::negative_epoch_nanos_round_trip_exactly ... ok
[INFO] [stdout] test value::tests::test_as_boolean ... ok
[INFO] [stdout] test value::tests::external_marker_fast_path_preserves_the_plugin_comparison_boundary ... ok
[INFO] [stdout] test value::tests::decimal_compares_exactly_across_scales_and_numeric_types ... ok
[INFO] [stdout] test value::tests::decimal_identity_is_shared_by_hash_and_btree_containers ... ok
[INFO] [stdout] test value::tests::test_compare_null ... ok
[INFO] [stdout] test value::tests::decimal_identity_preserves_payload_but_ignores_scale_and_precision_metadata ... ok
[INFO] [stdout] test value::tests::temporal_logical_types_share_i64_storage_without_sharing_identity ... ok
[INFO] [stdout] test value::tests::test_as_string ... ok
[INFO] [stdout] test value::tests::test_constructors ... ok
[INFO] [stdout] test value::tests::test_data_type ... ok
[INFO] [stdout] test value::tests::mixed_non_numeric_values_are_not_structural_equalities ... ok
[INFO] [stdout] test value::tests::public_extension_builders_reject_malformed_shapes ... ok
[INFO] [stdout] test value::tests::test_as_int64 ... ok
[INFO] [stdout] test value::tests::test_as_float64 ... ok
[INFO] [stdout] test value::tests::test_compare_cross_type_numeric ... ok
[INFO] [stdout] test value::tests::test_compare_json_error ... ok
[INFO] [stdout] test value::tests::test_compare_strings ... ok
[INFO] [stdout] test value::tests::test_hash_integer_float_consistency ... ok
[INFO] [stdout] test value::tests::test_integer_float_exact_identity_boundaries ... ok
[INFO] [stdout] test value::tests::test_hash_in_hashmap ... ok
[INFO] [stdout] test value::tests::test_hash_nan_consistency ... ok
[INFO] [stdout] test value::tests::test_integer_float_exact_identity_in_hash_and_btree_containers ... ok
[INFO] [stdout] test vector::tests::malformed_and_mismatched_payloads_are_rejected ... ok
[INFO] [stdout] test vector::tests::zero_vector_cosine_contract_is_stable ... ok
[INFO] [stdout] test value::tests::test_display ... ok
[INFO] [stdout] test value::tests::test_float_nan_equality ... ok
[INFO] [stdout] test value::tests::test_integer_float_equality_order_hash_laws ... ok
[INFO] [stdout] test value::tests::test_hash ... ok
[INFO] [stdout] test value::tests::test_from_implementations ... ok
[INFO] [stdout] test vector::tests::byte_and_decoded_distances_are_identical ... ok
[INFO] [stdout] test value::tests::test_value_size ... ok
[INFO] [stdout] test value::tests::decimal_integer_float_equality_order_and_hash_laws ... ok
[INFO] [stdout] test value::tests::test_equality ... ok
[INFO] [stdout] test value::tests::test_parse_timestamp ... ok
[INFO] [stdout] test value::tests::test_compare_integers ... ok
[INFO] [stdout] 
[INFO] [stdout] test result: ok. 323 passed; 0 failed; 0 ignored; 0 measured; 0 filtered out; finished in 0.12s
[INFO] [stdout] 
[INFO] [stderr]      Running tests/boundary.rs (/opt/rustwide/target/release/deps/boundary-b69f1affb9ce50ee)
[INFO] [stdout] 
[INFO] [stdout] running 4 tests
[INFO] [stdout] test core_crate_is_an_internal_workspace_member ... FAILED
[INFO] [stdout] test core_manifest_has_no_radixdb_dependencies ... ok
[INFO] [stdout] test root_common_cow_btree_uses_the_canonical_module_directly ... FAILED
[INFO] [stdout] test root_core_is_a_direct_alias_without_a_mirror_tree ... FAILED
[INFO] [stdout] 
[INFO] [stdout] failures:
[INFO] [stdout] 
[INFO] [stdout] ---- core_crate_is_an_internal_workspace_member stdout ----
[INFO] [stdout] 
[INFO] [stdout] thread 'core_crate_is_an_internal_workspace_member' (1188) panicked at tests/boundary.rs:37:38:
[INFO] [stdout] index not found
[INFO] [stdout] stack backtrace:
[INFO] [stdout]    0:     0x653bf62405f1 - <<std[70759c8f55707aa4]::sys::backtrace::BacktraceLock>::print::DisplayBacktrace as core[df12db4294e9bfd3]::fmt::Display>::fmt
[INFO] [stdout]    1:     0x653bf625586a - core[df12db4294e9bfd3]::fmt::write
[INFO] [stdout]    2:     0x653bf6244a8c - <alloc[2182bb758b4b3781]::vec::Vec<u8> as core[df12db4294e9bfd3]::io::write::Write>::write_fmt
[INFO] [stdout]    3:     0x653bf621c666 - std[70759c8f55707aa4]::panicking::default_hook::{closure#0}
[INFO] [stdout]    4:     0x653bf62389e9 - std[70759c8f55707aa4]::panicking::default_hook
[INFO] [stdout]    5:     0x653bf61d4710 - test[9d35eded1c95d3be]::test_main_inner::<test[9d35eded1c95d3be]::test_main_static::{closure#0}>::{closure#0}
[INFO] [stdout]    6:     0x653bf6238ba2 - std[70759c8f55707aa4]::panicking::panic_with_hook
[INFO] [stdout]    7:     0x653bf621c712 - std[70759c8f55707aa4]::panicking::panic_handler::{closure#0}
[INFO] [stdout]    8:     0x653bf6215309 - std[70759c8f55707aa4]::sys::backtrace::__rust_end_short_backtrace::<std[70759c8f55707aa4]::panicking::panic_handler::{closure#0}, !>
[INFO] [stdout]    9:     0x653bf621d30d - __rustc[8fa7c3cbc660c2b3]::rust_begin_unwind
[INFO] [stdout]   10:     0x653bf6255f9c - core[df12db4294e9bfd3]::panicking::panic_fmt
[INFO] [stdout]   11:     0x653bf6255cf4 - core[df12db4294e9bfd3]::option::expect_failed
[INFO] [stdout]   12:     0x653bf6193bca - <boundary[1c7b95085461513b]::core_crate_is_an_internal_workspace_member::{closure#0} as core[df12db4294e9bfd3]::ops::function::FnOnce<()>>::call_once
[INFO] [stdout]   13:     0x653bf61c79fb - test[9d35eded1c95d3be]::__rust_begin_short_backtrace::<core[df12db4294e9bfd3]::result::Result<(), alloc[2182bb758b4b3781]::string::String>, fn() -> core[df12db4294e9bfd3]::result::Result<(), alloc[2182bb758b4b3781]::string::String>>
[INFO] [stdout]   14:     0x653bf61d5065 - test[9d35eded1c95d3be]::run_test::{closure#0}
[INFO] [stdout]   15:     0x653bf61ce924 - std[70759c8f55707aa4]::sys::backtrace::__rust_begin_short_backtrace::<test[9d35eded1c95d3be]::run_test::{closure#1}, ()>
[INFO] [stdout]   16:     0x653bf61d81c2 - <std[70759c8f55707aa4]::thread::lifecycle::spawn_unchecked<test[9d35eded1c95d3be]::run_test::{closure#1}, ()>::{closure#1} as core[df12db4294e9bfd3]::ops::function::FnOnce<()>>::call_once::{shim:vtable#0}
[INFO] [stdout]   17:     0x653bf623fb59 - <std[70759c8f55707aa4]::sys::thread::unix::Thread>::new::thread_start
[INFO] [stdout]   18:     0x744dcb4b1dfa - <unknown>
[INFO] [stdout]   19:     0x744dcb5453d4 - clone
[INFO] [stdout]   20:                0x0 - <unknown>
[INFO] [stdout] 
[INFO] [stdout] ---- root_common_cow_btree_uses_the_canonical_module_directly stdout ----
[INFO] [stdout] 
[INFO] [stdout] thread 'root_common_cow_btree_uses_the_canonical_module_directly' (1190) panicked at tests/boundary.rs:78:65:
[INFO] [stdout] read root common module: Os { code: 2, kind: NotFound, message: "No such file or directory" }
[INFO] [stdout] stack backtrace:
[INFO] [stdout]    0:     0x653bf62405f1 - <<std[70759c8f55707aa4]::sys::backtrace::BacktraceLock>::print::DisplayBacktrace as core[df12db4294e9bfd3]::fmt::Display>::fmt
[INFO] [stdout]    1:     0x653bf625586a - core[df12db4294e9bfd3]::fmt::write
[INFO] [stdout]    2:     0x653bf6244a8c - <alloc[2182bb758b4b3781]::vec::Vec<u8> as core[df12db4294e9bfd3]::io::write::Write>::write_fmt
[INFO] [stdout]    3:     0x653bf621c666 - std[70759c8f55707aa4]::panicking::default_hook::{closure#0}
[INFO] [stdout]    4:     0x653bf62389e9 - std[70759c8f55707aa4]::panicking::default_hook
[INFO] [stdout]    5:     0x653bf61d4710 - test[9d35eded1c95d3be]::test_main_inner::<test[9d35eded1c95d3be]::test_main_static::{closure#0}>::{closure#0}
[INFO] [stdout]    6:     0x653bf6238ba2 - std[70759c8f55707aa4]::panicking::panic_with_hook
[INFO] [stdout]    7:     0x653bf621c712 - std[70759c8f55707aa4]::panicking::panic_handler::{closure#0}
[INFO] [stdout]    8:     0x653bf6215309 - std[70759c8f55707aa4]::sys::backtrace::__rust_end_short_backtrace::<std[70759c8f55707aa4]::panicking::panic_handler::{closure#0}, !>
[INFO] [stdout]    9:     0x653bf621d30d - __rustc[8fa7c3cbc660c2b3]::rust_begin_unwind
[INFO] [stdout]   10:     0x653bf6255f9c - core[df12db4294e9bfd3]::panicking::panic_fmt
[INFO] [stdout]   11:     0x653bf6255d72 - core[df12db4294e9bfd3]::result::unwrap_failed
[INFO] [stdout]   12:     0x653bf6194430 - <boundary[1c7b95085461513b]::root_common_cow_btree_uses_the_canonical_module_directly::{closure#0} as core[df12db4294e9bfd3]::ops::function::FnOnce<()>>::call_once
[INFO] [stdout]   13:     0x653bf61c79fb - test[9d35eded1c95d3be]::__rust_begin_short_backtrace::<core[df12db4294e9bfd3]::result::Result<(), alloc[2182bb758b4b3781]::string::String>, fn() -> core[df12db4294e9bfd3]::result::Result<(), alloc[2182bb758b4b3781]::string::String>>
[INFO] [stdout]   14:     0x653bf61d5065 - test[9d35eded1c95d3be]::run_test::{closure#0}
[INFO] [stdout]   15:     0x653bf61ce924 - std[70759c8f55707aa4]::sys::backtrace::__rust_begin_short_backtrace::<test[9d35eded1c95d3be]::run_test::{closure#1}, ()>
[INFO] [stdout]   16:     0x653bf61d81c2 - <std[70759c8f55707aa4]::thread::lifecycle::spawn_unchecked<test[9d35eded1c95d3be]::run_test::{closure#1}, ()>::{closure#1} as core[df12db4294e9bfd3]::ops::function::FnOnce<()>>::call_once::{shim:vtable#0}
[INFO] [stdout]   17:     0x653bf623fb59 - <std[70759c8f55707aa4]::sys::thread::unix::Thread>::new::thread_start
[INFO] [stdout]   18:     0x744dcb4b1dfa - <unknown>
[INFO] [stdout]   19:     0x744dcb5453d4 - clone
[INFO] [stdout]   20:                0x0 - <unknown>
[INFO] [stdout] 
[INFO] [stdout] ---- root_core_is_a_direct_alias_without_a_mirror_tree stdout ----
[INFO] [stdout] 
[INFO] [stdout] thread 'root_core_is_a_direct_alias_without_a_mirror_tree' (1191) panicked at tests/boundary.rs:65:65:
[INFO] [stdout] read root facade: Os { code: 2, kind: NotFound, message: "No such file or directory" }
[INFO] [stdout] stack backtrace:
[INFO] [stdout]    0:     0x653bf62405f1 - <<std[70759c8f55707aa4]::sys::backtrace::BacktraceLock>::print::DisplayBacktrace as core[df12db4294e9bfd3]::fmt::Display>::fmt
[INFO] [stdout]    1:     0x653bf625586a - core[df12db4294e9bfd3]::fmt::write
[INFO] [stdout]    2:     0x653bf6244a8c - <alloc[2182bb758b4b3781]::vec::Vec<u8> as core[df12db4294e9bfd3]::io::write::Write>::write_fmt
[INFO] [stdout]    3:     0x653bf621c666 - std[70759c8f55707aa4]::panicking::default_hook::{closure#0}
[INFO] [stdout]    4:     0x653bf62389e9 - std[70759c8f55707aa4]::panicking::default_hook
[INFO] [stdout]    5:     0x653bf61d4710 - test[9d35eded1c95d3be]::test_main_inner::<test[9d35eded1c95d3be]::test_main_static::{closure#0}>::{closure#0}
[INFO] [stdout]    6:     0x653bf6238ba2 - std[70759c8f55707aa4]::panicking::panic_with_hook
[INFO] [stdout]    7:     0x653bf621c712 - std[70759c8f55707aa4]::panicking::panic_handler::{closure#0}
[INFO] [stdout]    8:     0x653bf6215309 - std[70759c8f55707aa4]::sys::backtrace::__rust_end_short_backtrace::<std[70759c8f55707aa4]::panicking::panic_handler::{closure#0}, !>
[INFO] [stdout]    9:     0x653bf621d30d - __rustc[8fa7c3cbc660c2b3]::rust_begin_unwind
[INFO] [stdout]   10:     0x653bf6255f9c - core[df12db4294e9bfd3]::panicking::panic_fmt
[INFO] [stdout]   11:     0x653bf6255d72 - core[df12db4294e9bfd3]::result::unwrap_failed
[INFO] [stdout]   12:     0x653bf6194101 - <boundary[1c7b95085461513b]::root_core_is_a_direct_alias_without_a_mirror_tree::{closure#0} as core[df12db4294e9bfd3]::ops::function::FnOnce<()>>::call_once
[INFO] [stdout]   13:     0x653bf61c79fb - test[9d35eded1c95d3be]::__rust_begin_short_backtrace::<core[df12db4294e9bfd3]::result::Result<(), alloc[2182bb758b4b3781]::string::String>, fn() -> core[df12db4294e9bfd3]::result::Result<(), alloc[2182bb758b4b3781]::string::String>>
[INFO] [stdout]   14:     0x653bf61d5065 - test[9d35eded1c95d3be]::run_test::{closure#0}
[INFO] [stdout]   15:     0x653bf61ce924 - std[70759c8f55707aa4]::sys::backtrace::__rust_begin_short_backtrace::<test[9d35eded1c95d3be]::run_test::{closure#1}, ()>
[INFO] [stdout]   16:     0x653bf61d81c2 - <std[70759c8f55707aa4]::thread::lifecycle::spawn_unchecked<test[9d35eded1c95d3be]::run_test::{closure#1}, ()>::{closure#1} as core[df12db4294e9bfd3]::ops::function::FnOnce<()>>::call_once::{shim:vtable#0}
[INFO] [stdout]   17:     0x653bf623fb59 - <std[70759c8f55707aa4]::sys::thread::unix::Thread>::new::thread_start
[INFO] [stdout]   18:     0x744dcb4b1dfa - <unknown>
[INFO] [stdout]   19:     0x744dcb5453d4 - clone
[INFO] [stdout]   20:                0x0 - <unknown>
[INFO] [stdout] 
[INFO] [stdout] 
[INFO] [stdout] failures:
[INFO] [stdout]     core_crate_is_an_internal_workspace_member
[INFO] [stdout]     root_common_cow_btree_uses_the_canonical_module_directly
[INFO] [stdout]     root_core_is_a_direct_alias_without_a_mirror_tree
[INFO] [stdout] 
[INFO] [stdout] test result: FAILED. 1 passed; 3 failed; 0 ignored; 0 measured; 0 filtered out; finished in 0.01s
[INFO] [stdout] 
[INFO] [stderr] error: test failed, to rerun pass `--test boundary`
[INFO] running `Command { std: "docker" "inspect" "8434c516469461a70e2426889c74b02b75086adcf13c914f47a4fa2c765a3688", kill_on_drop: false }`
[INFO] running `Command { std: "docker" "rm" "-f" "8434c516469461a70e2426889c74b02b75086adcf13c914f47a4fa2c765a3688", kill_on_drop: false }`
[INFO] [stdout] 8434c516469461a70e2426889c74b02b75086adcf13c914f47a4fa2c765a3688
