[INFO] fetching crate radius-rust 0.4.4...
[INFO] testing radius-rust-0.4.4 against 1.100.0-beta.1+cargoflags=--release for beta-release-1.100-2
[INFO] extracting crate radius-rust 0.4.4 into /workspace/builds/worker-7-tc2/source
[INFO] started tweaking crates.io crate radius-rust 0.4.4
[INFO] removed 0 missing examples
[INFO] finished tweaking crates.io crate radius-rust 0.4.4
[INFO] tweaked toml for crates.io crate radius-rust 0.4.4 written to /workspace/builds/worker-7-tc2/source/Cargo.toml
[INFO] validating manifest of crates.io crate radius-rust 0.4.4 on toolchain 1.100.0-beta.1
[INFO] running `Command { std: CARGO_HOME="/workspace/cargo-home" RUSTUP_HOME="/workspace/rustup-home" "/workspace/cargo-home/bin/cargo" "+1.100.0-beta.1" "metadata" "--manifest-path" "Cargo.toml" "--no-deps", kill_on_drop: false }`
[INFO] crate crates.io crate radius-rust 0.4.4 already has a lockfile, it will not be regenerated
[INFO] running `Command { std: CARGO_HOME="/workspace/cargo-home" RUSTUP_HOME="/workspace/rustup-home" "/workspace/cargo-home/bin/cargo" "+1.100.0-beta.1" "fetch" "--manifest-path" "Cargo.toml", kill_on_drop: false }`
[INFO] [stderr] warning: `package.homepage` is redundant with `package.repository`
[INFO] [stderr]   --> Cargo.toml:61:12
[INFO] [stderr]    |
[INFO] [stderr] 61 | homepage = "https://github.com/MikhailMS/rust-radius"
[INFO] [stderr]    |            ^^^^^^^^^^^^^^^^^^^^^^^^^^^^^^^^^^^^^^^^^^
[INFO] [stderr] ...
[INFO] [stderr] 67 | repository = "https://github.com/MikhailMS/rust-radius"
[INFO] [stderr]    |              ------------------------------------------
[INFO] [stderr]    |
[INFO] [stderr]    = note: `cargo::redundant_homepage` is set to `warn` by default
[INFO] [stderr] help: consider removing `package.homepage`
[INFO] [stderr] warning: `radius-rust` (manifest) generated 1 warning
[INFO] running `Command { std: "docker" "create" "-v" "/var/lib/crater-agent-workspace/builds/worker-7-tc2/source:/opt/rustwide/workdir:ro,Z" "-v" "/var/lib/crater-agent-workspace/builds/worker-7-tc2/target:/opt/rustwide/target:rw,Z" "-v" "/var/lib/crater-agent-workspace/cargo-home:/opt/rustwide/cargo-home:ro,Z" "-v" "/var/lib/crater-agent-workspace/rustup-home:/opt/rustwide/rustup-home:ro,Z" "-m" "1610612736" "--network" "none" "ghcr.io/rust-lang/crates-build-env/linux@sha256:77db811e55d90add9212f6832c23229e3de5f1c1f9905e8cb07319ea15df73ac" "sleep" "infinity", kill_on_drop: false }`
[INFO] [stdout] 01198b055f45eb0d62ea72a9b47577e085b2023b8263598b3784fa93cedc3131
[INFO] running `Command { std: "docker" "start" "01198b055f45eb0d62ea72a9b47577e085b2023b8263598b3784fa93cedc3131", kill_on_drop: false }`
[INFO] running `Command { std: "docker" "inspect" "01198b055f45eb0d62ea72a9b47577e085b2023b8263598b3784fa93cedc3131", kill_on_drop: false }`
[INFO] running `Command { std: "docker" "exec" "-e" "SOURCE_DIR=/opt/rustwide/workdir" "-e" "CARGO_HOME=/opt/rustwide/cargo-home" "-e" "RUSTUP_HOME=/opt/rustwide/rustup-home" "-e" "CARGO_TARGET_DIR=/opt/rustwide/target" "-w" "/opt/rustwide/workdir" "--user" "0:0" "01198b055f45eb0d62ea72a9b47577e085b2023b8263598b3784fa93cedc3131" "/opt/rustwide/cargo-home/bin/cargo" "+1.100.0-beta.1" "metadata" "--no-deps" "--format-version=1", kill_on_drop: false }`
[INFO] running `Command { std: "docker" "inspect" "01198b055f45eb0d62ea72a9b47577e085b2023b8263598b3784fa93cedc3131", kill_on_drop: false }`
[INFO] running `Command { std: "docker" "exec" "-e" "SOURCE_DIR=/opt/rustwide/workdir" "-e" "CARGO_HOME=/opt/rustwide/cargo-home" "-e" "RUSTUP_HOME=/opt/rustwide/rustup-home" "-e" "CARGO_TARGET_DIR=/opt/rustwide/target" "-e" "CARGO_INCREMENTAL=0" "-e" "RUST_BACKTRACE=full" "-e" "RUSTFLAGS=--cap-lints=warn" "-e" "RUSTDOCFLAGS=--cap-lints=warn" "-w" "/opt/rustwide/workdir" "--user" "0:0" "01198b055f45eb0d62ea72a9b47577e085b2023b8263598b3784fa93cedc3131" "/opt/rustwide/cargo-home/bin/cargo" "+1.100.0-beta.1" "build" "--frozen" "--message-format=json" "--release", kill_on_drop: false }`
[INFO] [stderr] warning: `package.homepage` is redundant with `package.repository`
[INFO] [stderr]   --> Cargo.toml:61:12
[INFO] [stderr]    |
[INFO] [stderr] 61 | homepage = "https://github.com/MikhailMS/rust-radius"
[INFO] [stderr]    |            ^^^^^^^^^^^^^^^^^^^^^^^^^^^^^^^^^^^^^^^^^^
[INFO] [stderr] ...
[INFO] [stderr] 67 | repository = "https://github.com/MikhailMS/rust-radius"
[INFO] [stderr]    |              ------------------------------------------
[INFO] [stderr]    |
[INFO] [stderr]    = note: `cargo::redundant_homepage` is set to `warn` by default
[INFO] [stderr] help: consider removing `package.homepage`
[INFO] [stderr] warning: `radius-rust` (manifest) generated 1 warning
[INFO] [stderr]    Compiling generic-array v0.14.5
[INFO] [stderr]    Compiling proc-macro2 v1.0.26
[INFO] [stderr]    Compiling libc v0.2.127
[INFO] [stderr]    Compiling unicode-xid v0.2.1
[INFO] [stderr]    Compiling syn v1.0.68
[INFO] [stderr]    Compiling subtle v2.4.1
[INFO] [stderr]    Compiling ppv-lite86 v0.2.8
[INFO] [stderr]    Compiling getrandom v0.2.7
[INFO] [stderr]    Compiling quote v1.0.7
[INFO] [stderr]    Compiling rand_core v0.6.3
[INFO] [stderr]    Compiling rand_chacha v0.3.1
[INFO] [stderr]    Compiling block-buffer v0.10.2
[INFO] [stderr]    Compiling crypto-common v0.1.6
[INFO] [stderr]    Compiling rand v0.8.5
[INFO] [stderr]    Compiling digest v0.10.3
[INFO] [stderr]    Compiling md-5 v0.10.1
[INFO] [stderr]    Compiling hmac v0.12.1
[INFO] [stderr]    Compiling thiserror-impl v1.0.32
[INFO] [stderr]    Compiling thiserror v1.0.32
[INFO] [stderr]    Compiling radius-rust v0.4.4 (/opt/rustwide/workdir)
[INFO] [stderr]     Finished `release` profile [optimized] target(s) in 7.91s
[INFO] running `Command { std: "docker" "inspect" "01198b055f45eb0d62ea72a9b47577e085b2023b8263598b3784fa93cedc3131", kill_on_drop: false }`
[INFO] running `Command { std: "docker" "exec" "-e" "SOURCE_DIR=/opt/rustwide/workdir" "-e" "CARGO_HOME=/opt/rustwide/cargo-home" "-e" "RUSTUP_HOME=/opt/rustwide/rustup-home" "-e" "CARGO_TARGET_DIR=/opt/rustwide/target" "-e" "CARGO_INCREMENTAL=0" "-e" "RUST_BACKTRACE=full" "-e" "RUSTFLAGS=--cap-lints=warn" "-e" "RUSTDOCFLAGS=--cap-lints=warn" "-w" "/opt/rustwide/workdir" "--user" "0:0" "01198b055f45eb0d62ea72a9b47577e085b2023b8263598b3784fa93cedc3131" "/opt/rustwide/cargo-home/bin/cargo" "+1.100.0-beta.1" "test" "--frozen" "--no-run" "--message-format=json" "--release", kill_on_drop: false }`
[INFO] [stderr] warning: `package.homepage` is redundant with `package.repository`
[INFO] [stderr]   --> Cargo.toml:61:12
[INFO] [stderr]    |
[INFO] [stderr] 61 | homepage = "https://github.com/MikhailMS/rust-radius"
[INFO] [stderr]    |            ^^^^^^^^^^^^^^^^^^^^^^^^^^^^^^^^^^^^^^^^^^
[INFO] [stderr] ...
[INFO] [stderr] 67 | repository = "https://github.com/MikhailMS/rust-radius"
[INFO] [stderr]    |              ------------------------------------------
[INFO] [stderr]    |
[INFO] [stderr]    = note: `cargo::redundant_homepage` is set to `warn` by default
[INFO] [stderr] help: consider removing `package.homepage`
[INFO] [stderr] warning: `radius-rust` (manifest) generated 1 warning
[INFO] [stderr]    Compiling log v0.4.17
[INFO] [stderr]    Compiling mio v0.7.7
[INFO] [stderr]    Compiling simple_logger v1.11.0
[INFO] [stderr]    Compiling radius-rust v0.4.4 (/opt/rustwide/workdir)
[INFO] [stdout] warning: use of deprecated method `radius_rust::Client::generate_message_hash`: This function may work incorrectly, please use radius_packet's `generate_message_authenticator` instead
[INFO] [stdout]    --> examples/sync_radius_client.rs:123:52
[INFO] [stdout]     |
[INFO] [stdout] 123 |     let message_authenticator = client.base_client.generate_message_hash(&mut auth_packet);
[INFO] [stdout]     |                                                    ^^^^^^^^^^^^^^^^^^^^^
[INFO] [stdout]     |
[INFO] [stdout]     = note: `#[warn(deprecated)]` on by default
[INFO] [stdout] 
[INFO] [stdout] 
[INFO] [stdout] warning: use of deprecated method `client::client::Client::generate_message_hash`: This function may work incorrectly, please use radius_packet's `generate_message_authenticator` instead
[INFO] [stdout]    --> src/client/client.rs:448:54
[INFO] [stdout]     |
[INFO] [stdout] 448 |         let generated_message_authenticator = client.generate_message_hash(&mut radius_packet);
[INFO] [stdout]     |                                                      ^^^^^^^^^^^^^^^^^^^^^
[INFO] [stdout]     |
[INFO] [stdout]     = note: `#[warn(deprecated)]` on by default
[INFO] [stdout] 
[INFO] [stdout] 
[INFO] [stderr]     Finished `release` profile [optimized] target(s) in 4.91s
[INFO] running `Command { std: "docker" "inspect" "01198b055f45eb0d62ea72a9b47577e085b2023b8263598b3784fa93cedc3131", kill_on_drop: false }`
[INFO] running `Command { std: "docker" "exec" "-e" "SOURCE_DIR=/opt/rustwide/workdir" "-e" "CARGO_HOME=/opt/rustwide/cargo-home" "-e" "RUSTUP_HOME=/opt/rustwide/rustup-home" "-e" "CARGO_TARGET_DIR=/opt/rustwide/target" "-e" "CARGO_INCREMENTAL=0" "-e" "RUST_BACKTRACE=full" "-e" "RUSTFLAGS=--cap-lints=warn" "-e" "RUSTDOCFLAGS=--cap-lints=warn" "-w" "/opt/rustwide/workdir" "--user" "0:0" "01198b055f45eb0d62ea72a9b47577e085b2023b8263598b3784fa93cedc3131" "/opt/rustwide/cargo-home/bin/cargo" "+1.100.0-beta.1" "test" "--frozen" "--release", kill_on_drop: false }`
[INFO] [stderr] warning: `package.homepage` is redundant with `package.repository`
[INFO] [stderr]   --> Cargo.toml:61:12
[INFO] [stderr]    |
[INFO] [stderr] 61 | homepage = "https://github.com/MikhailMS/rust-radius"
[INFO] [stderr]    |            ^^^^^^^^^^^^^^^^^^^^^^^^^^^^^^^^^^^^^^^^^^
[INFO] [stderr] ...
[INFO] [stderr] 67 | repository = "https://github.com/MikhailMS/rust-radius"
[INFO] [stderr]    |              ------------------------------------------
[INFO] [stderr]    |
[INFO] [stderr]    = note: `cargo::redundant_homepage` is set to `warn` by default
[INFO] [stderr] help: consider removing `package.homepage`
[INFO] [stderr] warning: `radius-rust` (manifest) generated 1 warning
[INFO] [stderr] warning: use of deprecated method `radius_rust::Client::generate_message_hash`: This function may work incorrectly, please use radius_packet's `generate_message_authenticator` instead
[INFO] [stderr]    --> examples/sync_radius_client.rs:123:52
[INFO] [stderr]     |
[INFO] [stderr] 123 |     let message_authenticator = client.base_client.generate_message_hash(&mut auth_packet);
[INFO] [stderr]     |                                                    ^^^^^^^^^^^^^^^^^^^^^
[INFO] [stderr]     |
[INFO] [stderr]     = note: `#[warn(deprecated)]` on by default
[INFO] [stderr] 
[INFO] [stderr] warning: `radius-rust` (example "sync_radius_client") generated 1 warning
[INFO] [stderr] warning: use of deprecated method `client::client::Client::generate_message_hash`: This function may work incorrectly, please use radius_packet's `generate_message_authenticator` instead
[INFO] [stderr]    --> src/client/client.rs:448:54
[INFO] [stderr]     |
[INFO] [stderr] 448 |         let generated_message_authenticator = client.generate_message_hash(&mut radius_packet);
[INFO] [stderr]     |                                                      ^^^^^^^^^^^^^^^^^^^^^
[INFO] [stderr]     |
[INFO] [stderr]     = note: `#[warn(deprecated)]` on by default
[INFO] [stderr] 
[INFO] [stderr] warning: `radius-rust` (lib test) generated 1 warning
[INFO] [stderr]     Finished `release` profile [optimized] target(s) in 0.08s
[INFO] [stderr]      Running unittests src/lib.rs (/opt/rustwide/target/release/build/radius-rust/c53e6c55e76e0618/out/radius_rust-c53e6c55e76e0618)
[INFO] [stdout] 
[INFO] [stdout] running 68 tests
[INFO] [stdout] test client::client::tests::test_generate_message_hash ... ok
[INFO] [stdout] test client::client::tests::test_get_radius_attr_original_string_value_error ... ok
[INFO] [stdout] test client::client::tests::test_get_radius_attr_original_integer_value ... ok
[INFO] [stdout] test client::client::tests::test_get_radius_attr_original_string_value ... ok
[INFO] [stdout] test client::client::tests::test_verify_empty_reply ... ok
[INFO] [stdout] test protocol::dictionary::tests::test_from_str ... ok
[INFO] [stdout] test client::client::tests::test_verify_malformed_reply ... ok
[INFO] [stdout] test protocol::host::tests::test_get_dictionary_value_by_attr_and_value_name ... ok
[INFO] [stdout] test client::client::tests::test_get_radius_attr_original_integer_value_error ... ok
[INFO] [stdout] test client::client::tests::test_verify_reply ... ok
[INFO] [stdout] test protocol::host::tests::test_get_dictionary_value_by_attr_and_value_name_error ... ok
[INFO] [stdout] test protocol::dictionary::tests::test_add_file ... ok
[INFO] [stdout] test protocol::dictionary::tests::test_add_str ... ok
[INFO] [stdout] test protocol::dictionary::tests::test_from_file ... ok
[INFO] [stdout] test protocol::host::tests::test_get_dictionary_attribute_by_id ... ok
[INFO] [stdout] test protocol::host::tests::test_get_dictionary_attribute_by_id_error ... ok
[INFO] [stdout] test protocol::radius_packet::tests::test_initialise_packet_from_bytes ... ok
[INFO] [stdout] test protocol::host::tests::test_verify_message_authenticator_valid ... ok
[INFO] [stdout] test protocol::radius_packet::tests::test_initialise_packet_from_bytes_missing_attr ... ok
[INFO] [stdout] test protocol::radius_packet::tests::test_initialise_packet_from_bytes_invalid_length_greater_than_4096 ... ok
[INFO] [stdout] test protocol::radius_packet::tests::test_initialise_packet_from_bytes_invalid_length ... ok
[INFO] [stdout] test protocol::radius_packet::tests::test_override_message_authenticator_fail ... ok
[INFO] [stdout] test protocol::radius_packet::tests::test_initialise_packet_from_bytes_invalid_length_less_than_20 ... ok
[INFO] [stdout] test protocol::host::tests::test_verify_message_authenticator_wo_authenticator ... ok
[INFO] [stdout] test protocol::host::tests::test_verify_packet_attributes_fail ... ok
[INFO] [stdout] test protocol::radius_packet::tests::test_override_message_authenticator_success ... ok
[INFO] [stdout] test protocol::host::tests::test_verify_message_authenticator_invalid ... ok
[INFO] [stdout] test protocol::radius_packet::tests::test_radius_attribute_create_by_id ... ok
[INFO] [stdout] test protocol::radius_packet::tests::test_radius_attribute_create_by_id_non_existing ... ok
[INFO] [stdout] test protocol::host::tests::test_verify_packet_attributes ... ok
[INFO] [stdout] test protocol::radius_packet::tests::test_generate_message_authenticator_success ... ok
[INFO] [stdout] test protocol::radius_packet::tests::test_initialise_packet_from_bytes_invalid_attr_length ... ok
[INFO] [stdout] test protocol::radius_packet::tests::test_radius_attribute_create_by_name ... ok
[INFO] [stdout] test server::server::tests::test_add_allowed_hosts_and_add_request_handler ... ok
[INFO] [stdout] test protocol::radius_packet::tests::test_radius_attribute_create_by_name_non_existing ... ok
[INFO] [stdout] test tools::tests::test_bytes_to_integer ... ok
[INFO] [stdout] test protocol::radius_packet::tests::test_radius_packet_override_authenticator ... ok
[INFO] [stdout] test tools::tests::test_bytes_to_interfaceid_string ... ok
[INFO] [stdout] test tools::tests::test_bytes_to_interfaceid_string_invalid ... ok
[INFO] [stdout] test tools::tests::test_decrypt_normal_data ... ok
[INFO] [stdout] test tools::tests::test_encrypt_empty_data ... ok
[INFO] [stdout] test tools::tests::test_encrypt_limit_long_data ... ok
[INFO] [stdout] test protocol::radius_packet::tests::test_radius_packet_override_id ... ok
[INFO] [stdout] test tools::tests::test_encrypt_long_data ... ok
[INFO] [stdout] test protocol::radius_packet::tests::test_radius_packet_to_bytes ... ok
[INFO] [stdout] test tools::tests::test_encrypt_normal_data ... ok
[INFO] [stdout] test tools::tests::test_bytes_to_timestamp ... ok
[INFO] [stdout] test tools::tests::test_integer_to_bytes ... ok
[INFO] [stdout] test tools::tests::test_ipv4_string_to_bytes ... ok
[INFO] [stdout] test tools::tests::test_bytes_to_ipv6_string_w_subnet ... ok
[INFO] [stdout] test tools::tests::test_interfaceid_string_to_bytes ... ok
[INFO] [stdout] test tools::tests::test_bytes_to_ipv6_string_wo_subnet ... ok
[INFO] [stdout] test tools::tests::test_decrypt_under16_data ... ok
[INFO] [stdout] test tools::tests::test_salt_encrypt_long_data ... ok
[INFO] [stdout] test tools::tests::test_timestamp_to_bytes ... ok
[INFO] [stdout] test tools::tests::test_salt_encrypt_normal_data ... ok
[INFO] [stdout] test tools::tests::test_salt_decrypt_data ... ok
[INFO] [stdout] test tools::tests::test_ipv6_to_bytes_wo_subnet ... ok
[INFO] [stdout] test tools::tests::test_salt_decrypt_long_data ... ok
[INFO] [stdout] test tools::tests::test_encrypt_small_data ... ok
[INFO] [stdout] test tools::tests::test_descrypt_long_data ... ok
[INFO] [stdout] test tools::tests::test_invalid_ipv6_string_to_bytes ... ok
[INFO] [stdout] test tools::tests::test_empty_ipv4_string_to_bytes ... ok
[INFO] [stdout] test tools::tests::test_ipv4_bytes_to_string ... ok
[INFO] [stdout] test tools::tests::test_empty_ipv6_string_to_bytes ... ok
[INFO] [stdout] test tools::tests::test_ipv6_to_bytes_w_subnet ... ok
[INFO] [stdout] test tools::tests::test_descrypt_limit_long_data ... ok
[INFO] [stdout] test tools::tests::test_interfaceid_string_to_bytes_invalid ... ok
[INFO] [stdout] 
[INFO] [stdout] test result: ok. 68 passed; 0 failed; 0 ignored; 0 measured; 0 filtered out; finished in 0.20s
[INFO] [stdout] 
[INFO] [stderr]      Running tests/test_async_client.rs (/opt/rustwide/target/release/build/radius-rust/47ffd5f726befa66/out/test_async_client-47ffd5f726befa66)
[INFO] [stderr]      Running tests/test_client.rs (/opt/rustwide/target/release/build/radius-rust/c4f8351790e96db8/out/test_client-c4f8351790e96db8)
[INFO] [stdout] 
[INFO] [stdout] running 0 tests
[INFO] [stdout] 
[INFO] [stdout] test result: ok. 0 passed; 0 failed; 0 ignored; 0 measured; 0 filtered out; finished in 0.00s
[INFO] [stdout] 
[INFO] [stdout] 
[INFO] [stdout] running 3 tests
[INFO] [stdout] test test_client_acct_request ... FAILED
[INFO] [stdout] test test_client_coa_request ... FAILED
[INFO] [stdout] test test_client_auth_request ... FAILED
[INFO] [stdout] 
[INFO] [stdout] failures:
[INFO] [stdout] 
[INFO] [stdout] ---- test_client_acct_request stdout ----
[INFO] [stdout] SocketConnectionError(Custom { kind: TimedOut, error: "" })
[INFO] [stdout] 
[INFO] [stdout] thread 'test_client_acct_request' (760) panicked at tests/test_client.rs:188:13:
[INFO] [stdout] assertion failed: false
[INFO] [stdout] stack backtrace:
[INFO] [stdout]    0:     0x64f2d865fd01 - <<std[617be2ca0a6fd877]::sys::backtrace::BacktraceLock>::print::DisplayBacktrace as core[a373ad73a504971]::fmt::Display>::fmt
[INFO] [stdout]    1:     0x64f2d8674c5a - core[a373ad73a504971]::fmt::write
[INFO] [stdout]    2:     0x64f2d8663fcc - <alloc[2e1b2a31b91974c5]::vec::Vec<u8> as core[a373ad73a504971]::io::write::Write>::write_fmt
[INFO] [stdout]    3:     0x64f2d863c016 - std[617be2ca0a6fd877]::panicking::default_hook::{closure#0}
[INFO] [stdout]    4:     0x64f2d8658399 - std[617be2ca0a6fd877]::panicking::default_hook
[INFO] [stdout]    5:     0x64f2d85ecf00 - test[aada8e7e76ba119b]::test_main_inner::{closure#0}
[INFO] [stdout]    6:     0x64f2d8658552 - std[617be2ca0a6fd877]::panicking::panic_with_hook
[INFO] [stdout]    7:     0x64f2d863c0f4 - std[617be2ca0a6fd877]::panicking::panic_handler::{closure#0}
[INFO] [stdout]    8:     0x64f2d8634da9 - std[617be2ca0a6fd877]::sys::backtrace::__rust_end_short_backtrace::<std[617be2ca0a6fd877]::panicking::panic_handler::{closure#0}, !>
[INFO] [stdout]    9:     0x64f2d863cccd - __rustc[ea4f61d10b84890b]::rust_begin_unwind
[INFO] [stdout]   10:     0x64f2d867538c - core[a373ad73a504971]::panicking::panic_fmt
[INFO] [stdout]   11:     0x64f2d8675352 - core[a373ad73a504971]::panicking::panic
[INFO] [stdout]   12:     0x64f2d85def10 - <test_client[e154c1c16529bb0d]::test_client_acct_request::{closure#0} as core[a373ad73a504971]::ops::function::FnOnce<()>>::call_once
[INFO] [stdout]   13:     0x64f2d85e034b - test[aada8e7e76ba119b]::__rust_begin_short_backtrace::<core[a373ad73a504971]::result::Result<(), alloc[2e1b2a31b91974c5]::string::String>, fn() -> core[a373ad73a504971]::result::Result<(), alloc[2e1b2a31b91974c5]::string::String>>
[INFO] [stdout]   14:     0x64f2d85ed525 - test[aada8e7e76ba119b]::run_test::{closure#0}
[INFO] [stdout]   15:     0x64f2d85e6e14 - std[617be2ca0a6fd877]::sys::backtrace::__rust_begin_short_backtrace::<test[aada8e7e76ba119b]::run_test::{closure#1}, ()>
[INFO] [stdout]   16:     0x64f2d85f05b2 - <std[617be2ca0a6fd877]::thread::lifecycle::spawn_unchecked<test[aada8e7e76ba119b]::run_test::{closure#1}, ()>::{closure#1} as core[a373ad73a504971]::ops::function::FnOnce<()>>::call_once::{shim:vtable#0}
[INFO] [stdout]   17:     0x64f2d865f55f - <std[617be2ca0a6fd877]::sys::thread::unix::Thread>::new::thread_start
[INFO] [stdout]   18:     0x7b0eaffe6dfa - <unknown>
[INFO] [stdout]   19:     0x7b0eb007a3d4 - clone
[INFO] [stdout]   20:                0x0 - <unknown>
[INFO] [stdout] 
[INFO] [stdout] ---- test_client_coa_request stdout ----
[INFO] [stdout] SocketConnectionError(Custom { kind: TimedOut, error: "" })
[INFO] [stdout] 
[INFO] [stdout] thread 'test_client_coa_request' (762) panicked at tests/test_client.rs:223:13:
[INFO] [stdout] assertion failed: false
[INFO] [stdout] stack backtrace:
[INFO] [stdout]    0:     0x64f2d865fd01 - <<std[617be2ca0a6fd877]::sys::backtrace::BacktraceLock>::print::DisplayBacktrace as core[a373ad73a504971]::fmt::Display>::fmt
[INFO] [stdout]    1:     0x64f2d8674c5a - core[a373ad73a504971]::fmt::write
[INFO] [stdout]    2:     0x64f2d8663fcc - <alloc[2e1b2a31b91974c5]::vec::Vec<u8> as core[a373ad73a504971]::io::write::Write>::write_fmt
[INFO] [stdout]    3:     0x64f2d863c016 - std[617be2ca0a6fd877]::panicking::default_hook::{closure#0}
[INFO] [stdout]    4:     0x64f2d8658399 - std[617be2ca0a6fd877]::panicking::default_hook
[INFO] [stdout]    5:     0x64f2d85ecf00 - test[aada8e7e76ba119b]::test_main_inner::{closure#0}
[INFO] [stdout]    6:     0x64f2d8658552 - std[617be2ca0a6fd877]::panicking::panic_with_hook
[INFO] [stdout]    7:     0x64f2d863c0f4 - std[617be2ca0a6fd877]::panicking::panic_handler::{closure#0}
[INFO] [stdout]    8:     0x64f2d8634da9 - std[617be2ca0a6fd877]::sys::backtrace::__rust_end_short_backtrace::<std[617be2ca0a6fd877]::panicking::panic_handler::{closure#0}, !>
[INFO] [stdout]    9:     0x64f2d863cccd - __rustc[ea4f61d10b84890b]::rust_begin_unwind
[INFO] [stdout]   10:     0x64f2d867538c - core[a373ad73a504971]::panicking::panic_fmt
[INFO] [stdout]   11:     0x64f2d8675352 - core[a373ad73a504971]::panicking::panic
[INFO] [stdout]   12:     0x64f2d85de0d0 - <test_client[e154c1c16529bb0d]::test_client_coa_request::{closure#0} as core[a373ad73a504971]::ops::function::FnOnce<()>>::call_once
[INFO] [stdout]   13:     0x64f2d85e034b - test[aada8e7e76ba119b]::__rust_begin_short_backtrace::<core[a373ad73a504971]::result::Result<(), alloc[2e1b2a31b91974c5]::string::String>, fn() -> core[a373ad73a504971]::result::Result<(), alloc[2e1b2a31b91974c5]::string::String>>
[INFO] [stdout]   14:     0x64f2d85ed525 - test[aada8e7e76ba119b]::run_test::{closure#0}
[INFO] [stdout]   15:     0x64f2d85e6e14 - std[617be2ca0a6fd877]::sys::backtrace::__rust_begin_short_backtrace::<test[aada8e7e76ba119b]::run_test::{closure#1}, ()>
[INFO] [stdout]   16:     0x64f2d85f05b2 - <std[617be2ca0a6fd877]::thread::lifecycle::spawn_unchecked<test[aada8e7e76ba119b]::run_test::{closure#1}, ()>::{closure#1} as core[a373ad73a504971]::ops::function::FnOnce<()>>::call_once::{shim:vtable#0}
[INFO] [stdout]   17:     0x64f2d865f55f - <std[617be2ca0a6fd877]::sys::thread::unix::Thread>::new::thread_start
[INFO] [stdout]   18:     0x7b0eaffe6dfa - <unknown>
[INFO] [stdout]   19:     0x7b0eb007a3d4 - clone
[INFO] [stdout]   20:                0x0 - <unknown>
[INFO] [stdout] 
[INFO] [stdout] ---- test_client_auth_request stdout ----
[INFO] [stdout] SocketConnectionError(Custom { kind: TimedOut, error: "" })
[INFO] [stdout] 
[INFO] [stdout] thread 'test_client_auth_request' (761) panicked at tests/test_client.rs:145:13:
[INFO] [stdout] assertion failed: false
[INFO] [stdout] stack backtrace:
[INFO] [stdout]    0:     0x64f2d865fd01 - <<std[617be2ca0a6fd877]::sys::backtrace::BacktraceLock>::print::DisplayBacktrace as core[a373ad73a504971]::fmt::Display>::fmt
[INFO] [stdout]    1:     0x64f2d8674c5a - core[a373ad73a504971]::fmt::write
[INFO] [stdout]    2:     0x64f2d8663fcc - <alloc[2e1b2a31b91974c5]::vec::Vec<u8> as core[a373ad73a504971]::io::write::Write>::write_fmt
[INFO] [stdout]    3:     0x64f2d863c016 - std[617be2ca0a6fd877]::panicking::default_hook::{closure#0}
[INFO] [stdout]    4:     0x64f2d8658399 - std[617be2ca0a6fd877]::panicking::default_hook
[INFO] [stdout]    5:     0x64f2d85ecf00 - test[aada8e7e76ba119b]::test_main_inner::{closure#0}
[INFO] [stdout]    6:     0x64f2d8658552 - std[617be2ca0a6fd877]::panicking::panic_with_hook
[INFO] [stdout]    7:     0x64f2d863c0f4 - std[617be2ca0a6fd877]::panicking::panic_handler::{closure#0}
[INFO] [stdout]    8:     0x64f2d8634da9 - std[617be2ca0a6fd877]::sys::backtrace::__rust_end_short_backtrace::<std[617be2ca0a6fd877]::panicking::panic_handler::{closure#0}, !>
[INFO] [stdout]    9:     0x64f2d863cccd - __rustc[ea4f61d10b84890b]::rust_begin_unwind
[INFO] [stdout]   10:     0x64f2d867538c - core[a373ad73a504971]::panicking::panic_fmt
[INFO] [stdout]   11:     0x64f2d8675352 - core[a373ad73a504971]::panicking::panic
[INFO] [stdout]   12:     0x64f2d85dffab - <test_client[e154c1c16529bb0d]::test_client_auth_request::{closure#0} as core[a373ad73a504971]::ops::function::FnOnce<()>>::call_once
[INFO] [stdout]   13:     0x64f2d85e034b - test[aada8e7e76ba119b]::__rust_begin_short_backtrace::<core[a373ad73a504971]::result::Result<(), alloc[2e1b2a31b91974c5]::string::String>, fn() -> core[a373ad73a504971]::result::Result<(), alloc[2e1b2a31b91974c5]::string::String>>
[INFO] [stdout]   14:     0x64f2d85ed525 - test[aada8e7e76ba119b]::run_test::{closure#0}
[INFO] [stdout]   15:     0x64f2d85e6e14 - std[617be2ca0a6fd877]::sys::backtrace::__rust_begin_short_backtrace::<test[aada8e7e76ba119b]::run_test::{closure#1}, ()>
[INFO] [stdout]   16:     0x64f2d85f05b2 - <std[617be2ca0a6fd877]::thread::lifecycle::spawn_unchecked<test[aada8e7e76ba119b]::run_test::{closure#1}, ()>::{closure#1} as core[a373ad73a504971]::ops::function::FnOnce<()>>::call_once::{shim:vtable#0}
[INFO] [stdout]   17:     0x64f2d865f55f - <std[617be2ca0a6fd877]::sys::thread::unix::Thread>::new::thread_start
[INFO] [stdout]   18:     0x7b0eaffe6dfa - <unknown>
[INFO] [stdout]   19:     0x7b0eb007a3d4 - clone
[INFO] [stdout]   20:                0x0 - <unknown>
[INFO] [stdout] 
[INFO] [stdout] 
[INFO] [stdout] failures:
[INFO] [stdout]     test_client_acct_request
[INFO] [stdout]     test_client_auth_request
[INFO] [stdout]     test_client_coa_request
[INFO] [stdout] 
[INFO] [stdout] test result: FAILED. 0 passed; 3 failed; 0 ignored; 0 measured; 0 filtered out; finished in 2.01s
[INFO] [stdout] 
[INFO] [stderr] error: test failed, to rerun pass `--test test_client`
[INFO] running `Command { std: "docker" "inspect" "01198b055f45eb0d62ea72a9b47577e085b2023b8263598b3784fa93cedc3131", kill_on_drop: false }`
[INFO] running `Command { std: "docker" "rm" "-f" "01198b055f45eb0d62ea72a9b47577e085b2023b8263598b3784fa93cedc3131", kill_on_drop: false }`
[INFO] [stdout] 01198b055f45eb0d62ea72a9b47577e085b2023b8263598b3784fa93cedc3131
