[INFO] fetching crate radicle-surf 0.29.0...
[INFO] testing radicle-surf-0.29.0 against 1.100.0-beta.1+cargoflags=--release for beta-release-1.100-2
[INFO] extracting crate radicle-surf 0.29.0 into /workspace/builds/worker-6-tc2/source
[INFO] started tweaking crates.io crate radicle-surf 0.29.0
[INFO] removed 0 missing examples
[INFO] finished tweaking crates.io crate radicle-surf 0.29.0
[INFO] tweaked toml for crates.io crate radicle-surf 0.29.0 written to /workspace/builds/worker-6-tc2/source/Cargo.toml
[INFO] validating manifest of crates.io crate radicle-surf 0.29.0 on toolchain 1.100.0-beta.1
[INFO] running `Command { std: CARGO_HOME="/workspace/cargo-home" RUSTUP_HOME="/workspace/rustup-home" "/workspace/cargo-home/bin/cargo" "+1.100.0-beta.1" "metadata" "--manifest-path" "Cargo.toml" "--no-deps", kill_on_drop: false }`
[INFO] crate crates.io crate radicle-surf 0.29.0 already has a lockfile, it will not be regenerated
[INFO] running `Command { std: CARGO_HOME="/workspace/cargo-home" RUSTUP_HOME="/workspace/rustup-home" "/workspace/cargo-home/bin/cargo" "+1.100.0-beta.1" "fetch" "--manifest-path" "Cargo.toml", kill_on_drop: false }`
[INFO] running `Command { std: "docker" "create" "-v" "/var/lib/crater-agent-workspace/builds/worker-6-tc2/source:/opt/rustwide/workdir:ro,Z" "-v" "/var/lib/crater-agent-workspace/builds/worker-6-tc2/target:/opt/rustwide/target:rw,Z" "-v" "/var/lib/crater-agent-workspace/cargo-home:/opt/rustwide/cargo-home:ro,Z" "-v" "/var/lib/crater-agent-workspace/rustup-home:/opt/rustwide/rustup-home:ro,Z" "-m" "1610612736" "--network" "none" "ghcr.io/rust-lang/crates-build-env/linux@sha256:77db811e55d90add9212f6832c23229e3de5f1c1f9905e8cb07319ea15df73ac" "sleep" "infinity", kill_on_drop: false }`
[INFO] [stdout] c490aabed88b0f33ae710d1378e6554934efe71864803425f76894d0de737219
[INFO] running `Command { std: "docker" "start" "c490aabed88b0f33ae710d1378e6554934efe71864803425f76894d0de737219", kill_on_drop: false }`
[INFO] running `Command { std: "docker" "inspect" "c490aabed88b0f33ae710d1378e6554934efe71864803425f76894d0de737219", kill_on_drop: false }`
[INFO] running `Command { std: "docker" "exec" "-e" "SOURCE_DIR=/opt/rustwide/workdir" "-e" "CARGO_HOME=/opt/rustwide/cargo-home" "-e" "RUSTUP_HOME=/opt/rustwide/rustup-home" "-e" "CARGO_TARGET_DIR=/opt/rustwide/target" "-w" "/opt/rustwide/workdir" "--user" "0:0" "c490aabed88b0f33ae710d1378e6554934efe71864803425f76894d0de737219" "/opt/rustwide/cargo-home/bin/cargo" "+1.100.0-beta.1" "metadata" "--no-deps" "--format-version=1", kill_on_drop: false }`
[INFO] running `Command { std: "docker" "inspect" "c490aabed88b0f33ae710d1378e6554934efe71864803425f76894d0de737219", kill_on_drop: false }`
[INFO] running `Command { std: "docker" "exec" "-e" "SOURCE_DIR=/opt/rustwide/workdir" "-e" "CARGO_HOME=/opt/rustwide/cargo-home" "-e" "RUSTUP_HOME=/opt/rustwide/rustup-home" "-e" "CARGO_TARGET_DIR=/opt/rustwide/target" "-e" "CARGO_INCREMENTAL=0" "-e" "RUST_BACKTRACE=full" "-e" "RUSTFLAGS=--cap-lints=warn" "-e" "RUSTDOCFLAGS=--cap-lints=warn" "-w" "/opt/rustwide/workdir" "--user" "0:0" "c490aabed88b0f33ae710d1378e6554934efe71864803425f76894d0de737219" "/opt/rustwide/cargo-home/bin/cargo" "+1.100.0-beta.1" "build" "--frozen" "--message-format=json" "--release", kill_on_drop: false }`
[INFO] [stderr]    Compiling litemap v0.8.1
[INFO] [stderr]    Compiling writeable v0.6.2
[INFO] [stderr]    Compiling icu_normalizer_data v2.1.1
[INFO] [stderr]    Compiling icu_properties_data v2.1.2
[INFO] [stderr]    Compiling libc v0.2.183
[INFO] [stderr]    Compiling nonempty v0.9.0
[INFO] [stderr]    Compiling syn v2.0.117
[INFO] [stderr]    Compiling form_urlencoded v1.2.2
[INFO] [stderr]    Compiling cc v1.2.57
[INFO] [stderr]    Compiling libz-sys v1.1.25
[INFO] [stderr]    Compiling libgit2-sys v0.18.4+1.9.3
[INFO] [stderr]    Compiling synstructure v0.13.2
[INFO] [stderr]    Compiling zerofrom-derive v0.1.6
[INFO] [stderr]    Compiling yoke-derive v0.8.1
[INFO] [stderr]    Compiling zerovec-derive v0.11.2
[INFO] [stderr]    Compiling displaydoc v0.2.5
[INFO] [stderr]    Compiling thiserror-impl v2.0.18
[INFO] [stderr]    Compiling thiserror-impl v1.0.69
[INFO] [stderr]    Compiling zerofrom v0.1.6
[INFO] [stderr]    Compiling yoke v0.8.1
[INFO] [stderr]    Compiling zerotrie v0.2.3
[INFO] [stderr]    Compiling zerovec v0.11.5
[INFO] [stderr]    Compiling tinystr v0.8.2
[INFO] [stderr]    Compiling potential_utf v0.1.4
[INFO] [stderr]    Compiling thiserror v2.0.18
[INFO] [stderr]    Compiling icu_locale_core v2.1.1
[INFO] [stderr]    Compiling radicle-git-ref-format v0.2.0
[INFO] [stderr]    Compiling icu_collections v2.1.1
[INFO] [stderr]    Compiling thiserror v1.0.69
[INFO] [stderr]    Compiling icu_provider v2.1.1
[INFO] [stderr]    Compiling icu_properties v2.1.2
[INFO] [stderr]    Compiling icu_normalizer v2.1.1
[INFO] [stderr]    Compiling idna_adapter v1.2.1
[INFO] [stderr]    Compiling idna v1.1.0
[INFO] [stderr]    Compiling url v2.5.8
[INFO] [stderr]    Compiling git2 v0.21.0
[INFO] [stderr]    Compiling radicle-git-metadata v0.2.1
[INFO] [stderr]    Compiling radicle-oid v0.2.2
[INFO] [stderr]    Compiling radicle-surf v0.29.0 (/opt/rustwide/workdir)
[INFO] [stderr] warning: unused dependency `base64`
[INFO] [stderr]  --> Cargo.toml:1:15
[INFO] [stderr]   |
[INFO] [stderr] 1 | [dependencies.base64]
[INFO] [stderr]   |               ^^^^^^^
[INFO] [stderr]   |
[INFO] [stderr]   = note: `cargo::unused_dependencies` is set to `warn` by default
[INFO] [stderr] help: consider removing the dependency on `base64`
[INFO] [stderr] warning: unused dependency `radicle-git-metadata`
[INFO] [stderr]   --> Cargo.toml:20:15
[INFO] [stderr]    |
[INFO] [stderr] 20 | [dependencies.radicle-git-metadata]
[INFO] [stderr]    |               ^^^^^^^^^^^^^^^^^^^^^
[INFO] [stderr]    |
[INFO] [stderr] help: consider removing the dependency on `radicle-git-metadata`
[INFO] [stderr] warning: `radicle-surf` (manifest) generated 2 warnings
[INFO] [stderr]     Finished `release` profile [optimized] target(s) in 1m 05s
[INFO] running `Command { std: "docker" "inspect" "c490aabed88b0f33ae710d1378e6554934efe71864803425f76894d0de737219", kill_on_drop: false }`
[INFO] running `Command { std: "docker" "exec" "-e" "SOURCE_DIR=/opt/rustwide/workdir" "-e" "CARGO_HOME=/opt/rustwide/cargo-home" "-e" "RUSTUP_HOME=/opt/rustwide/rustup-home" "-e" "CARGO_TARGET_DIR=/opt/rustwide/target" "-e" "CARGO_INCREMENTAL=0" "-e" "RUST_BACKTRACE=full" "-e" "RUSTFLAGS=--cap-lints=warn" "-e" "RUSTDOCFLAGS=--cap-lints=warn" "-w" "/opt/rustwide/workdir" "--user" "0:0" "c490aabed88b0f33ae710d1378e6554934efe71864803425f76894d0de737219" "/opt/rustwide/cargo-home/bin/cargo" "+1.100.0-beta.1" "test" "--frozen" "--no-run" "--message-format=json" "--release", kill_on_drop: false }`
[INFO] [stderr]    Compiling zerocopy v0.8.42
[INFO] [stderr]    Compiling getrandom v0.3.4
[INFO] [stderr]    Compiling getrandom v0.4.3
[INFO] [stderr]    Compiling rustix v1.1.4
[INFO] [stderr]    Compiling serde_core v1.0.228
[INFO] [stderr]    Compiling wait-timeout v0.2.1
[INFO] [stderr]    Compiling simd-adler32 v0.3.8
[INFO] [stderr]    Compiling itoa v1.0.17
[INFO] [stderr]    Compiling hex-literal v1.1.0
[INFO] [stderr]    Compiling git2 v0.21.0
[INFO] [stderr]    Compiling rand_core v0.9.5
[INFO] [stderr]    Compiling miniz_oxide v0.8.9
[INFO] [stderr]    Compiling rand_xorshift v0.4.0
[INFO] [stderr]    Compiling rand v0.9.2
[INFO] [stderr]    Compiling flate2 v1.1.9
[INFO] [stderr]    Compiling tempfile v3.27.0
[INFO] [stderr]    Compiling rusty-fork v0.3.1
[INFO] [stderr]    Compiling serde_json v1.0.149
[INFO] [stderr]    Compiling radicle-git-metadata v0.2.1
[INFO] [stderr]    Compiling radicle-oid v0.2.2
[INFO] [stderr]    Compiling radicle-surf v0.29.0 (/opt/rustwide/workdir)
[INFO] [stderr]    Compiling ppv-lite86 v0.2.21
[INFO] [stderr]    Compiling rand_chacha v0.9.0
[INFO] [stderr]    Compiling proptest v1.10.0
[INFO] [stderr] warning: unused dependency `base64`
[INFO] [stderr]  --> Cargo.toml:1:15
[INFO] [stderr]   |
[INFO] [stderr] 1 | [dependencies.base64]
[INFO] [stderr]   |               ^^^^^^^
[INFO] [stderr]   |
[INFO] [stderr]   = note: `cargo::unused_dependencies` is set to `warn` by default
[INFO] [stderr] help: consider removing the dependency on `base64`
[INFO] [stderr] warning: unused dependency `radicle-git-metadata`
[INFO] [stderr]   --> Cargo.toml:20:15
[INFO] [stderr]    |
[INFO] [stderr] 20 | [dependencies.radicle-git-metadata]
[INFO] [stderr]    |               ^^^^^^^^^^^^^^^^^^^^^
[INFO] [stderr]    |
[INFO] [stderr] help: consider removing the dependency on `radicle-git-metadata`
[INFO] [stderr] help: to still use for development builds, move to `dev-dependencies`
[INFO] [stderr] warning: `radicle-surf` (manifest) generated 2 warnings
[INFO] [stderr]     Finished `release` profile [optimized] target(s) in 39.35s
[INFO] running `Command { std: "docker" "inspect" "c490aabed88b0f33ae710d1378e6554934efe71864803425f76894d0de737219", kill_on_drop: false }`
[INFO] running `Command { std: "docker" "exec" "-e" "SOURCE_DIR=/opt/rustwide/workdir" "-e" "CARGO_HOME=/opt/rustwide/cargo-home" "-e" "RUSTUP_HOME=/opt/rustwide/rustup-home" "-e" "CARGO_TARGET_DIR=/opt/rustwide/target" "-e" "CARGO_INCREMENTAL=0" "-e" "RUST_BACKTRACE=full" "-e" "RUSTFLAGS=--cap-lints=warn" "-e" "RUSTDOCFLAGS=--cap-lints=warn" "-w" "/opt/rustwide/workdir" "--user" "0:0" "c490aabed88b0f33ae710d1378e6554934efe71864803425f76894d0de737219" "/opt/rustwide/cargo-home/bin/cargo" "+1.100.0-beta.1" "test" "--frozen" "--release", kill_on_drop: false }`
[INFO] [stderr] warning: unused dependency `base64`
[INFO] [stderr]  --> Cargo.toml:1:15
[INFO] [stderr]   |
[INFO] [stderr] 1 | [dependencies.base64]
[INFO] [stderr]   |               ^^^^^^^
[INFO] [stderr]   |
[INFO] [stderr]   = note: `cargo::unused_dependencies` is set to `warn` by default
[INFO] [stderr] help: consider removing the dependency on `base64`
[INFO] [stderr] warning: unused dependency `radicle-git-metadata`
[INFO] [stderr]   --> Cargo.toml:20:15
[INFO] [stderr]    |
[INFO] [stderr] 20 | [dependencies.radicle-git-metadata]
[INFO] [stderr]    |               ^^^^^^^^^^^^^^^^^^^^^
[INFO] [stderr]    |
[INFO] [stderr] help: consider removing the dependency on `radicle-git-metadata`
[INFO] [stderr] help: to still use for development builds, move to `dev-dependencies`
[INFO] [stderr] warning: `radicle-surf` (manifest) generated 2 warnings
[INFO] [stderr]     Finished `release` profile [optimized] target(s) in 0.15s
[INFO] [stderr]      Running unittests src/lib.rs (/opt/rustwide/target/release/build/radicle-surf/0677103b4970e092/out/radicle_surf-0677103b4970e092)
[INFO] [stdout] 
[INFO] [stdout] running 41 tests
[INFO] [stdout] test test::diff::test_new_missing_eof_newline ... ok
[INFO] [stdout] test test::diff::test_both_missing_eof_newline ... ok
[INFO] [stdout] test test::diff::test_none_missing_eof_newline ... ok
[INFO] [stdout] test test::diff::test_old_missing_eof_newline ... ok
[INFO] [stdout] test test::file_system::directory::directory_with_bracket_in_name ... ok
[INFO] [stdout] test test::file_system::directory::directory_find_file_and_directory ... ok
[INFO] [stdout] test test::code_browsing::test_commit_history ... ok
[INFO] [stdout] test test::diff::test_diff_file ... ok
[INFO] [stdout] test test::diff::test_initial_diff ... ok
[INFO] [stdout] test test::file_system::directory::directory_last_commit ... ok
[INFO] [stdout] test test::last_commit::can_get_last_commit_for_special_filenames ... ok
[INFO] [stdout] test test::diff::test_diff ... ok
[INFO] [stdout] test test::last_commit::nest_directory ... ok
[INFO] [stdout] test test::file_system::directory::directory_size ... ok
[INFO] [stdout] test test::last_commit::folder_svelte ... ok
[INFO] [stdout] test test::file_system::directory::file_last_commit ... ok
[INFO] [stdout] test test::last_commit::binary_file ... ok
[INFO] [stdout] test test::code_browsing::test_commit_signature ... ok
[INFO] [stdout] test test::code_browsing::test_file_history ... ok
[INFO] [stdout] test test::code_browsing::browse_repo_lazily ... ok
[INFO] [stdout] test test::file_system::directory::directory_find_entry ... ok
[INFO] [stdout] test test::diff::test_diff_of_rev ... ok
[INFO] [stdout] test test::code_browsing::iterate_root_dir_recursive ... ok
[INFO] [stdout] test test::last_commit::readme_missing_and_memory ... ok
[INFO] [stdout] test test::namespace::golden_namespace ... ok
[INFO] [stdout] test test::last_commit::root ... ok
[INFO] [stdout] test test::namespace::switch_to_banana ... ok
[INFO] [stdout] test test::namespace::silver_namespace ... ok
[INFO] [stdout] test test::namespace::me_namespace ... ok
[INFO] [stdout] test test::diff::test_branch_diff ... ok
[INFO] [stdout] test test::submodule::test_submodule_bare ... ignored, segfault
[INFO] [stdout] test test::reference::test_branches ... ok
[INFO] [stdout] test test::rev::commit_parents ... ok
[INFO] [stdout] test test::rev::tag ... ok
[INFO] [stdout] test test::rev::commit ... ok
[INFO] [stdout] test test::threading::basic_test ... ok
[INFO] [stdout] test test::rev::_master ... ok
[INFO] [stdout] test test::rev::commit_short ... ok
[INFO] [stdout] test test::reference::test_namespaces ... ok
[INFO] [stdout] test test::reference::test_tag_snapshot ... ok
[INFO] [stdout] test test::submodule::test_submodule ... ok
[INFO] [stderr]    Doc-tests radicle_surf
[INFO] [stdout] 
[INFO] [stdout] test result: ok. 40 passed; 0 failed; 1 ignored; 0 measured; 0 filtered out; finished in 15.52s
[INFO] [stdout] 
[INFO] [stdout] 
[INFO] [stdout] running 4 tests
[INFO] [stdout] test src/namespace.rs - namespace::Namespace::to_namespaced (line 48) - compile ... FAILED
[INFO] [stdout] test src/glob.rs - glob::Glob<Local>::branches (line 175) - compile ... FAILED
[INFO] [stdout] test src/namespace.rs - namespace::Namespace::to_namespaced_pattern (line 75) - compile ... FAILED
[INFO] [stdout] test src/glob.rs - glob::Glob<Remote>::branches (line 249) - compile ... FAILED
[INFO] [stdout] 
[INFO] [stdout] failures:
[INFO] [stdout] 
[INFO] [stdout] ---- src/namespace.rs - namespace::Namespace::to_namespaced (line 48) stdout ----
[INFO] [stdout] error: cannot find macro `qualified` in this scope
[INFO] [stdout]   --> src/namespace.rs:50:29
[INFO] [stdout]    |
[INFO] [stdout] 50 | let name = ns.to_namespaced(qualified!("refs/heads/main"));
[INFO] [stdout]    |                             ^^^^^^^^^
[INFO] [stdout] 
[INFO] [stdout] error[E0425]: cannot find type `Namespace` in this scope
[INFO] [stdout]   --> src/namespace.rs:49:29
[INFO] [stdout]    |
[INFO] [stdout] 49 | let ns = "surf/git".parse::<Namespace>();
[INFO] [stdout]    |                             ^^^^^^^^^ not found in this scope
[INFO] [stdout]    |
[INFO] [stdout] help: you might be missing a type parameter
[INFO] [stdout]    |
[INFO] [stdout] 48 | fn main() { #[allow(non_snake_case)] fn _doctest_main_src_namespace_rs_48_0<Namespace>() {
[INFO] [stdout]    |                                                                            +++++++++++
[INFO] [stdout] 
[INFO] [stdout] error: aborting due to 2 previous errors
[INFO] [stdout] 
[INFO] [stdout] For more information about this error, try `rustc --explain E0425`.
[INFO] [stdout] Couldn't compile the test.
[INFO] [stdout] ---- src/glob.rs - glob::Glob<Local>::branches (line 175) stdout ----
[INFO] [stdout] error: cannot find macro `pattern` in this scope
[INFO] [stdout]    --> src/glob.rs:176:13
[INFO] [stdout]     |
[INFO] [stdout] 176 | Glob::heads(pattern!("features/*"))
[INFO] [stdout]     |             ^^^^^^^
[INFO] [stdout] 
[INFO] [stdout] error: cannot find macro `pattern` in this scope
[INFO] [stdout]    --> src/glob.rs:177:13
[INFO] [stdout]     |
[INFO] [stdout] 177 |     .insert(pattern!("qa/*"))
[INFO] [stdout]     |             ^^^^^^^
[INFO] [stdout] 
[INFO] [stdout] error: cannot find macro `pattern` in this scope
[INFO] [stdout]    --> src/glob.rs:179:24
[INFO] [stdout]     |
[INFO] [stdout] 179 |     .and(Glob::remotes(pattern!("origin/features/*")))
[INFO] [stdout]     |                        ^^^^^^^
[INFO] [stdout] 
[INFO] [stdout] error[E0433]: cannot find type `Glob` in this scope
[INFO] [stdout]    --> src/glob.rs:176:1
[INFO] [stdout]     |
[INFO] [stdout] 176 | Glob::heads(pattern!("features/*"))
[INFO] [stdout]     | ^^^^ use of undeclared type `Glob`
[INFO] [stdout] 
[INFO] [stdout] error[E0433]: cannot find type `Glob` in this scope
[INFO] [stdout]    --> src/glob.rs:179:10
[INFO] [stdout]     |
[INFO] [stdout] 179 |     .and(Glob::remotes(pattern!("origin/features/*")))
[INFO] [stdout]     |          ^^^^ use of undeclared type `Glob`
[INFO] [stdout] 
[INFO] [stdout] error: aborting due to 5 previous errors
[INFO] [stdout] 
[INFO] [stdout] For more information about this error, try `rustc --explain E0433`.
[INFO] [stdout] Couldn't compile the test.
[INFO] [stdout] ---- src/namespace.rs - namespace::Namespace::to_namespaced_pattern (line 75) stdout ----
[INFO] [stdout] error: cannot find macro `pattern` in this scope
[INFO] [stdout]   --> src/namespace.rs:77:29
[INFO] [stdout]    |
[INFO] [stdout] 77 | let name = ns.to_namespaced(pattern!("refs/heads/*").to_qualified().unwrap());
[INFO] [stdout]    |                             ^^^^^^^
[INFO] [stdout] 
[INFO] [stdout] error[E0425]: cannot find type `Namespace` in this scope
[INFO] [stdout]   --> src/namespace.rs:76:29
[INFO] [stdout]    |
[INFO] [stdout] 76 | let ns = "surf/git".parse::<Namespace>();
[INFO] [stdout]    |                             ^^^^^^^^^ not found in this scope
[INFO] [stdout]    |
[INFO] [stdout] help: you might be missing a type parameter
[INFO] [stdout]    |
[INFO] [stdout] 75 | fn main() { #[allow(non_snake_case)] fn _doctest_main_src_namespace_rs_75_0<Namespace>() {
[INFO] [stdout]    |                                                                            +++++++++++
[INFO] [stdout] 
[INFO] [stdout] error: aborting due to 2 previous errors
[INFO] [stdout] 
[INFO] [stdout] For more information about this error, try `rustc --explain E0425`.
[INFO] [stdout] Couldn't compile the test.
[INFO] [stdout] ---- src/glob.rs - glob::Glob<Remote>::branches (line 249) stdout ----
[INFO] [stdout] error: cannot find macro `pattern` in this scope
[INFO] [stdout]    --> src/glob.rs:250:15
[INFO] [stdout]     |
[INFO] [stdout] 250 | Glob::remotes(pattern!("origin/features/*"))
[INFO] [stdout]     |               ^^^^^^^
[INFO] [stdout] 
[INFO] [stdout] error: cannot find macro `pattern` in this scope
[INFO] [stdout]    --> src/glob.rs:251:13
[INFO] [stdout]     |
[INFO] [stdout] 251 |     .insert(pattern!("origin/qa/*"))
[INFO] [stdout]     |             ^^^^^^^
[INFO] [stdout] 
[INFO] [stdout] error: cannot find macro `pattern` in this scope
[INFO] [stdout]    --> src/glob.rs:253:22
[INFO] [stdout]     |
[INFO] [stdout] 253 |     .and(Glob::heads(pattern!("features/*")))
[INFO] [stdout]     |                      ^^^^^^^
[INFO] [stdout] 
[INFO] [stdout] error[E0433]: cannot find type `Glob` in this scope
[INFO] [stdout]    --> src/glob.rs:250:1
[INFO] [stdout]     |
[INFO] [stdout] 250 | Glob::remotes(pattern!("origin/features/*"))
[INFO] [stdout]     | ^^^^ use of undeclared type `Glob`
[INFO] [stdout] 
[INFO] [stdout] error[E0433]: cannot find type `Glob` in this scope
[INFO] [stdout]    --> src/glob.rs:253:10
[INFO] [stdout]     |
[INFO] [stdout] 253 |     .and(Glob::heads(pattern!("features/*")))
[INFO] [stdout]     |          ^^^^ use of undeclared type `Glob`
[INFO] [stdout] 
[INFO] [stdout] error: aborting due to 5 previous errors
[INFO] [stdout] 
[INFO] [stdout] For more information about this error, try `rustc --explain E0433`.
[INFO] [stdout] Couldn't compile the test.
[INFO] [stdout] 
[INFO] [stdout] failures:
[INFO] [stdout]     src/glob.rs - glob::Glob<Local>::branches (line 175)
[INFO] [stdout]     src/glob.rs - glob::Glob<Remote>::branches (line 249)
[INFO] [stdout]     src/namespace.rs - namespace::Namespace::to_namespaced (line 48)
[INFO] [stdout]     src/namespace.rs - namespace::Namespace::to_namespaced_pattern (line 75)
[INFO] [stdout] 
[INFO] [stdout] test result: FAILED. 0 passed; 4 failed; 0 ignored; 0 measured; 0 filtered out; finished in 0.26s
[INFO] [stdout] 
[INFO] [stdout] all doctests ran in 0.46s; merged doctests compilation took 0.20s
[INFO] [stderr] error: doctest failed, to rerun pass `--doc`
[INFO] running `Command { std: "docker" "inspect" "c490aabed88b0f33ae710d1378e6554934efe71864803425f76894d0de737219", kill_on_drop: false }`
[INFO] running `Command { std: "docker" "rm" "-f" "c490aabed88b0f33ae710d1378e6554934efe71864803425f76894d0de737219", kill_on_drop: false }`
[INFO] [stdout] c490aabed88b0f33ae710d1378e6554934efe71864803425f76894d0de737219
