[INFO] fetching crate radicle-native-ci 0.14.0...
[INFO] testing radicle-native-ci-0.14.0 against 1.100.0-beta.1+cargoflags=--release for beta-release-1.100-2
[INFO] extracting crate radicle-native-ci 0.14.0 into /workspace/builds/worker-6-tc2/source
[INFO] started tweaking crates.io crate radicle-native-ci 0.14.0
[INFO] removed 0 missing tests
[INFO] finished tweaking crates.io crate radicle-native-ci 0.14.0
[INFO] tweaked toml for crates.io crate radicle-native-ci 0.14.0 written to /workspace/builds/worker-6-tc2/source/Cargo.toml
[INFO] validating manifest of crates.io crate radicle-native-ci 0.14.0 on toolchain 1.100.0-beta.1
[INFO] running `Command { std: CARGO_HOME="/workspace/cargo-home" RUSTUP_HOME="/workspace/rustup-home" "/workspace/cargo-home/bin/cargo" "+1.100.0-beta.1" "metadata" "--manifest-path" "Cargo.toml" "--no-deps", kill_on_drop: false }`
[INFO] crate crates.io crate radicle-native-ci 0.14.0 already has a lockfile, it will not be regenerated
[INFO] running `Command { std: CARGO_HOME="/workspace/cargo-home" RUSTUP_HOME="/workspace/rustup-home" "/workspace/cargo-home/bin/cargo" "+1.100.0-beta.1" "fetch" "--manifest-path" "Cargo.toml", kill_on_drop: false }`
[INFO] running `Command { std: "docker" "create" "-v" "/var/lib/crater-agent-workspace/builds/worker-6-tc2/source:/opt/rustwide/workdir:ro,Z" "-v" "/var/lib/crater-agent-workspace/builds/worker-6-tc2/target:/opt/rustwide/target:rw,Z" "-v" "/var/lib/crater-agent-workspace/cargo-home:/opt/rustwide/cargo-home:ro,Z" "-v" "/var/lib/crater-agent-workspace/rustup-home:/opt/rustwide/rustup-home:ro,Z" "-m" "1610612736" "--network" "none" "ghcr.io/rust-lang/crates-build-env/linux@sha256:77db811e55d90add9212f6832c23229e3de5f1c1f9905e8cb07319ea15df73ac" "sleep" "infinity", kill_on_drop: false }`
[INFO] [stdout] d6681e32d08fcfca30b02e2d270d71016d1af8db008a1409cd05518e0ca069cb
[INFO] running `Command { std: "docker" "start" "d6681e32d08fcfca30b02e2d270d71016d1af8db008a1409cd05518e0ca069cb", kill_on_drop: false }`
[INFO] running `Command { std: "docker" "inspect" "d6681e32d08fcfca30b02e2d270d71016d1af8db008a1409cd05518e0ca069cb", kill_on_drop: false }`
[INFO] running `Command { std: "docker" "exec" "-e" "SOURCE_DIR=/opt/rustwide/workdir" "-e" "CARGO_HOME=/opt/rustwide/cargo-home" "-e" "RUSTUP_HOME=/opt/rustwide/rustup-home" "-e" "CARGO_TARGET_DIR=/opt/rustwide/target" "-w" "/opt/rustwide/workdir" "--user" "0:0" "d6681e32d08fcfca30b02e2d270d71016d1af8db008a1409cd05518e0ca069cb" "/opt/rustwide/cargo-home/bin/cargo" "+1.100.0-beta.1" "metadata" "--no-deps" "--format-version=1", kill_on_drop: false }`
[INFO] running `Command { std: "docker" "inspect" "d6681e32d08fcfca30b02e2d270d71016d1af8db008a1409cd05518e0ca069cb", kill_on_drop: false }`
[INFO] running `Command { std: "docker" "exec" "-e" "SOURCE_DIR=/opt/rustwide/workdir" "-e" "CARGO_HOME=/opt/rustwide/cargo-home" "-e" "RUSTUP_HOME=/opt/rustwide/rustup-home" "-e" "CARGO_TARGET_DIR=/opt/rustwide/target" "-e" "CARGO_INCREMENTAL=0" "-e" "RUST_BACKTRACE=full" "-e" "RUSTFLAGS=--cap-lints=warn" "-e" "RUSTDOCFLAGS=--cap-lints=warn" "-w" "/opt/rustwide/workdir" "--user" "0:0" "d6681e32d08fcfca30b02e2d270d71016d1af8db008a1409cd05518e0ca069cb" "/opt/rustwide/cargo-home/bin/cargo" "+1.100.0-beta.1" "build" "--frozen" "--message-format=json" "--release", kill_on_drop: false }`
[INFO] [stderr]    Compiling libc v0.2.183
[INFO] [stderr]    Compiling serde_core v1.0.228
[INFO] [stderr]    Compiling zerofrom-derive v0.1.6
[INFO] [stderr]    Compiling yoke-derive v0.8.1
[INFO] [stderr]    Compiling zerovec-derive v0.11.2
[INFO] [stderr]    Compiling bitflags v2.11.0
[INFO] [stderr]    Compiling block-padding v0.3.3
[INFO] [stderr]    Compiling inout v0.1.4
[INFO] [stderr]    Compiling thiserror-impl v1.0.69
[INFO] [stderr]    Compiling zerocopy v0.8.47
[INFO] [stderr]    Compiling cipher v0.4.4
[INFO] [stderr]    Compiling syn v1.0.109
[INFO] [stderr]    Compiling rustix v1.1.4
[INFO] [stderr]    Compiling zerofrom v0.1.6
[INFO] [stderr]    Compiling jobserver v0.1.34
[INFO] [stderr]    Compiling universal-hash v0.5.1
[INFO] [stderr]    Compiling yoke v0.8.1
[INFO] [stderr]    Compiling thiserror v1.0.69
[INFO] [stderr]    Compiling zerovec v0.11.5
[INFO] [stderr]    Compiling zerotrie v0.2.3
[INFO] [stderr]    Compiling cc v1.2.57
[INFO] [stderr]    Compiling ed25519 v1.5.3
[INFO] [stderr]    Compiling tinystr v0.8.2
[INFO] [stderr]    Compiling potential_utf v0.1.4
[INFO] [stderr]    Compiling getrandom v0.2.17
[INFO] [stderr]    Compiling icu_collections v2.1.1
[INFO] [stderr]    Compiling icu_locale_core v2.1.1
[INFO] [stderr]    Compiling ahash v0.8.12
[INFO] [stderr]    Compiling ct-codecs v1.1.6
[INFO] [stderr]    Compiling amplify_num v0.5.3
[INFO] [stderr]    Compiling amplify_syn v2.0.1
[INFO] [stderr]    Compiling serde v1.0.228
[INFO] [stderr]    Compiling icu_provider v2.1.1
[INFO] [stderr]    Compiling libz-sys v1.1.25
[INFO] [stderr]    Compiling libgit2-sys v0.18.3+1.9.2
[INFO] [stderr]    Compiling amplify_derive v4.0.1
[INFO] [stderr]    Compiling ascii v1.1.0
[INFO] [stderr]    Compiling log v0.4.29
[INFO] [stderr]    Compiling icu_normalizer v2.1.1
[INFO] [stderr]    Compiling icu_properties v2.1.2
[INFO] [stderr]    Compiling git-ref-format-core v0.6.0
[INFO] [stderr]    Compiling sqlite3-src v0.7.0
[INFO] [stderr]    Compiling num-traits v0.2.19
[INFO] [stderr]    Compiling idna_adapter v1.2.1
[INFO] [stderr]    Compiling ec25519 v0.1.0
[INFO] [stderr]    Compiling idna v1.1.0
[INFO] [stderr]    Compiling polyval v0.6.2
[INFO] [stderr]    Compiling crossbeam-utils v0.8.21
[INFO] [stderr]    Compiling sha2 v0.10.9
[INFO] [stderr]    Compiling aho-corasick v1.1.4
[INFO] [stderr]    Compiling amplify v4.9.0
[INFO] [stderr]    Compiling hashbrown v0.16.1
[INFO] [stderr]    Compiling sha3 v0.10.8
[INFO] [stderr]    Compiling pem-rfc7468 v0.7.0
[INFO] [stderr]    Compiling cyphergraphy v0.3.0
[INFO] [stderr]    Compiling indexmap v2.13.0
[INFO] [stderr]    Compiling regex-automata v0.4.14
[INFO] [stderr]    Compiling url v2.5.8
[INFO] [stderr]    Compiling ghash v0.5.1
[INFO] [stderr]    Compiling rand_core v0.6.4
[INFO] [stderr]    Compiling ctr v0.9.2
[INFO] [stderr]    Compiling aes v0.8.4
[INFO] [stderr]    Compiling aead v0.5.2
[INFO] [stderr]    Compiling encoding_rs v0.8.35
[INFO] [stderr]    Compiling data-encoding v2.10.0
[INFO] [stderr]    Compiling serde_json v1.0.149
[INFO] [stderr]    Compiling base32 v0.4.0
[INFO] [stderr]    Compiling doc-comment v0.3.4
[INFO] [stderr]    Compiling arraydeque v0.5.1
[INFO] [stderr]    Compiling darling_core v0.20.11
[INFO] [stderr]    Compiling data-encoding-macro-internal v0.1.17
[INFO] [stderr]    Compiling aes-gcm v0.10.3
[INFO] [stderr]    Compiling blowfish v0.9.1
[INFO] [stderr]    Compiling cypheraddr v0.4.0
[INFO] [stderr]    Compiling crossbeam-epoch v0.9.18
[INFO] [stderr]    Compiling hashbrown v0.14.5
[INFO] [stderr]    Compiling ssh-encoding v0.2.0
[INFO] [stderr]    Compiling poly1305 v0.8.0
[INFO] [stderr]    Compiling cbc v0.1.2
[INFO] [stderr]    Compiling chacha20 v0.9.1
[INFO] [stderr]    Compiling pbkdf2 v0.12.2
[INFO] [stderr]    Compiling bstr v1.12.1
[INFO] [stderr]    Compiling match-lookup v0.1.2
[INFO] [stderr]    Compiling const-str v0.4.3
[INFO] [stderr]    Compiling hashbrown v0.15.5
[INFO] [stderr]    Compiling darling_macro v0.20.11
[INFO] [stderr]    Compiling data-encoding-macro v0.1.19
[INFO] [stderr]    Compiling globset v0.4.18
[INFO] [stderr]    Compiling libm v0.2.16
[INFO] [stderr]    Compiling ssh-cipher v0.2.0
[INFO] [stderr]    Compiling base256emoji v1.0.2
[INFO] [stderr]    Compiling bcrypt-pbkdf v0.10.0
[INFO] [stderr]    Compiling hashlink v0.9.1
[INFO] [stderr]    Compiling crossbeam-deque v0.8.6
[INFO] [stderr]    Compiling socks5-client v0.4.1
[INFO] [stderr]    Compiling rand v0.8.5
[INFO] [stderr]    Compiling serde_path_to_error v0.1.20
[INFO] [stderr]    Compiling ppv-lite86 v0.2.21
[INFO] [stderr]    Compiling getrandom v0.4.2
[INFO] [stderr]    Compiling zmij v1.0.21
[INFO] [stderr]    Compiling signature v2.2.0
[INFO] [stderr]    Compiling base-x v0.2.11
[INFO] [stderr]    Compiling nix v0.29.0
[INFO] [stderr]    Compiling ssh-key v0.6.7
[INFO] [stderr]    Compiling multibase v0.9.2
[INFO] [stderr]    Compiling rand_chacha v0.3.1
[INFO] [stderr]    Compiling qcheck v1.0.0
[INFO] [stderr]    Compiling pest_generator v2.8.6
[INFO] [stderr]    Compiling yaml-rust2 v0.9.0
[INFO] [stderr]    Compiling ignore v0.4.25
[INFO] [stderr]    Compiling cyphernet v0.5.2
[INFO] [stderr]    Compiling hashlink v0.10.0
[INFO] [stderr]    Compiling darling v0.20.11
[INFO] [stderr]    Compiling radicle-ssh v0.10.0
[INFO] [stderr]    Compiling chrono v0.4.44
[INFO] [stderr]    Compiling pikchr v0.1.4
[INFO] [stderr]    Compiling thiserror v2.0.18
[INFO] [stderr]    Compiling serde_derive_internals v0.29.1
[INFO] [stderr]    Compiling ref-cast-impl v1.0.25
[INFO] [stderr]    Compiling proc-macro-error-attr2 v2.0.0
[INFO] [stderr]    Compiling erased-serde v0.4.10
[INFO] [stderr]    Compiling simd-adler32 v0.3.8
[INFO] [stderr]    Compiling adler2 v2.0.1
[INFO] [stderr]    Compiling unicode-linebreak v0.1.5
[INFO] [stderr]    Compiling pulldown-cmark v0.13.3
[INFO] [stderr]    Compiling deunicode v1.6.2
[INFO] [stderr]    Compiling smawk v0.3.2
[INFO] [stderr]    Compiling fastrand v2.3.0
[INFO] [stderr]    Compiling slug v0.1.6
[INFO] [stderr]    Compiling textwrap v0.16.2
[INFO] [stderr]    Compiling tempfile v3.27.0
[INFO] [stderr]    Compiling miniz_oxide v0.8.9
[INFO] [stderr]    Compiling ref-cast v1.0.25
[INFO] [stderr]    Compiling schemars_derive v1.2.1
[INFO] [stderr]    Compiling proc-macro-error2 v2.0.1
[INFO] [stderr]    Compiling humansize v2.1.3
[INFO] [stderr]    Compiling globwalk v0.9.1
[INFO] [stderr]    Compiling derive_builder_core v0.20.2
[INFO] [stderr]    Compiling yaml-rust2 v0.10.4
[INFO] [stderr]    Compiling pest_derive v2.8.6
[INFO] [stderr]    Compiling marked-yaml v0.7.2
[INFO] [stderr]    Compiling getopts v0.2.24
[INFO] [stderr]    Compiling regex v1.12.3
[INFO] [stderr]    Compiling subplot v0.14.0
[INFO] [stderr]    Compiling tracing-core v0.1.36
[INFO] [stderr]    Compiling nonempty v0.9.0
[INFO] [stderr]    Compiling xattr v1.6.1
[INFO] [stderr]    Compiling filetime v0.2.27
[INFO] [stderr]    Compiling culpa-macros v1.0.2
[INFO] [stderr]    Compiling utf8-width v0.1.8
[INFO] [stderr]    Compiling pulldown-cmark-escape v0.11.0
[INFO] [stderr]    Compiling unicode-segmentation v1.12.0
[INFO] [stderr]    Compiling num-conv v0.2.0
[INFO] [stderr]    Compiling deranged v0.5.8
[INFO] [stderr]    Compiling time-macros v0.2.27
[INFO] [stderr]    Compiling tera v1.20.1
[INFO] [stderr]    Compiling tracing v0.1.44
[INFO] [stderr]    Compiling html-escape v0.2.13
[INFO] [stderr]    Compiling schemars v1.2.1
[INFO] [stderr]    Compiling tar v0.4.45
[INFO] [stderr]    Compiling git-ref-format-macro v0.6.0
[INFO] [stderr]    Compiling flate2 v1.1.9
[INFO] [stderr]    Compiling roadmap v0.7.0
[INFO] [stderr]    Compiling derive_builder_macro v0.20.2
[INFO] [stderr]    Compiling marked-yaml v0.8.0
[INFO] [stderr]    Compiling terminal_size v0.4.4
[INFO] [stderr]    Compiling radicle-dag v0.10.0
[INFO] [stderr]    Compiling radicle-git-metadata v0.1.0
[INFO] [stderr]    Compiling cvt v0.1.2
[INFO] [stderr]    Compiling rust_decimal v1.40.0
[INFO] [stderr]    Compiling base64 v0.21.7
[INFO] [stderr]    Compiling line-col v0.2.1
[INFO] [stderr]    Compiling descape v3.0.0
[INFO] [stderr]    Compiling time v0.3.47
[INFO] [stderr]    Compiling clap_derive v4.6.0
[INFO] [stderr]    Compiling clap_builder v4.6.0
[INFO] [stderr]    Compiling fs_at v0.2.1
[INFO] [stderr]    Compiling quick-xml v0.37.5
[INFO] [stderr]    Compiling derive_builder v0.20.2
[INFO] [stderr]    Compiling radicle-surf v0.27.0
[INFO] [stderr]    Compiling serde-untagged v0.1.9
[INFO] [stderr]    Compiling git-ref-format v0.6.0
[INFO] [stderr]    Compiling crossbeam-channel v0.5.15
[INFO] [stderr]    Compiling culpa v1.0.2
[INFO] [stderr]    Compiling diligent-date-parser v0.1.5
[INFO] [stderr]    Compiling radicle-git-metadata v0.2.0
[INFO] [stderr]    Compiling radicle-git-ref-format v0.1.0
[INFO] [stderr]    Compiling radicle-localtime v0.1.0
[INFO] [stderr]    Compiling bytesize v2.3.1
[INFO] [stderr]    Compiling normpath v1.5.0
[INFO] [stderr]    Compiling radicle-std-ext v0.2.0
[INFO] [stderr]    Compiling never v0.1.0
[INFO] [stderr]    Compiling arrayvec v0.7.6
[INFO] [stderr]    Compiling subplotlib v0.14.0
[INFO] [stderr]    Compiling fast-glob v0.3.3
[INFO] [stderr]    Compiling atom_syndication v0.12.7
[INFO] [stderr]    Compiling remove_dir_all v1.0.0
[INFO] [stderr]    Compiling subplotlib-derive v0.14.0
[INFO] [stderr]    Compiling clap v4.6.0
[INFO] [stderr]    Compiling sharded-slab v0.1.7
[INFO] [stderr]    Compiling matchers v0.2.0
[INFO] [stderr]    Compiling tracing-serde v0.2.0
[INFO] [stderr]    Compiling tracing-log v0.2.0
[INFO] [stderr]    Compiling uuid v1.22.0
[INFO] [stderr]    Compiling fs2 v0.4.3
[INFO] [stderr]    Compiling thread_local v1.1.9
[INFO] [stderr]    Compiling radicle-ci-broker v0.27.0
[INFO] [stderr]    Compiling unsafe-libyaml-norway v0.2.15
[INFO] [stderr]    Compiling state v0.6.0
[INFO] [stderr]    Compiling nonempty v0.11.0
[INFO] [stderr]    Compiling winnow v0.7.15
[INFO] [stderr]    Compiling tracing-subscriber v0.3.23
[INFO] [stderr]    Compiling serde_norway v0.9.42
[INFO] [stderr]    Compiling duration-str v0.21.0
[INFO] [stderr]    Compiling html-page v0.5.0
[INFO] [stderr]    Compiling rss v2.0.12
[INFO] [stderr]    Compiling radicle-native-ci v0.14.0 (/opt/rustwide/workdir)
[INFO] [stderr]    Compiling nonempty v0.12.0
[INFO] [stderr]    Compiling git2 v0.20.4
[INFO] [stderr]    Compiling radicle-oid v0.1.0
[INFO] [stderr]    Compiling radicle-git-ext v0.12.0
[INFO] [stderr]    Compiling sqlite3-sys v0.18.0
[INFO] [stderr]    Compiling sqlite v0.37.0
[INFO] [stderr]    Compiling radicle-crypto v0.16.0
[INFO] [stderr]    Compiling radicle-cob v0.19.0
[INFO] [stderr]    Compiling radicle-core v0.2.0
[INFO] [stderr]    Compiling radicle v0.22.1
[INFO] [stderr]    Compiling radicle-job v0.5.2
[INFO] [stderr] warning: unused dependency `walkdir`
[INFO] [stderr]   --> Cargo.toml:46:15
[INFO] [stderr]    |
[INFO] [stderr] 46 | [dependencies.walkdir]
[INFO] [stderr]    |               ^^^^^^^^
[INFO] [stderr]    |
[INFO] [stderr]    = note: `cargo::unused_dependencies` is set to `warn` by default
[INFO] [stderr] help: consider removing the dependency on `walkdir`
[INFO] [stderr] warning: `radicle-native-ci` (manifest) generated 1 warning
[INFO] [stderr]     Finished `release` profile [optimized] target(s) in 8m 46s
[INFO] [stderr] warning: the following packages contain code that will be rejected by a future version of Rust: nix v0.29.0, proc-macro-error2 v2.0.1
[INFO] [stderr] note: to see what the problems were, use the option `--future-incompat-report`, or run `cargo report future-incompatibilities --id 5`
[INFO] running `Command { std: "docker" "inspect" "d6681e32d08fcfca30b02e2d270d71016d1af8db008a1409cd05518e0ca069cb", kill_on_drop: false }`
[INFO] running `Command { std: "docker" "exec" "-e" "SOURCE_DIR=/opt/rustwide/workdir" "-e" "CARGO_HOME=/opt/rustwide/cargo-home" "-e" "RUSTUP_HOME=/opt/rustwide/rustup-home" "-e" "CARGO_TARGET_DIR=/opt/rustwide/target" "-e" "CARGO_INCREMENTAL=0" "-e" "RUST_BACKTRACE=full" "-e" "RUSTFLAGS=--cap-lints=warn" "-e" "RUSTDOCFLAGS=--cap-lints=warn" "-w" "/opt/rustwide/workdir" "--user" "0:0" "d6681e32d08fcfca30b02e2d270d71016d1af8db008a1409cd05518e0ca069cb" "/opt/rustwide/cargo-home/bin/cargo" "+1.100.0-beta.1" "test" "--frozen" "--no-run" "--message-format=json" "--release", kill_on_drop: false }`
[INFO] [stderr]    Compiling radicle-native-ci v0.14.0 (/opt/rustwide/workdir)
[INFO] [stderr]     Finished `release` profile [optimized] target(s) in 6.04s
[INFO] [stderr] warning: the following packages contain code that will be rejected by a future version of Rust: nix v0.29.0, proc-macro-error2 v2.0.1
[INFO] [stderr] note: to see what the problems were, use the option `--future-incompat-report`, or run `cargo report future-incompatibilities --id 5`
[INFO] running `Command { std: "docker" "inspect" "d6681e32d08fcfca30b02e2d270d71016d1af8db008a1409cd05518e0ca069cb", kill_on_drop: false }`
[INFO] running `Command { std: "docker" "exec" "-e" "SOURCE_DIR=/opt/rustwide/workdir" "-e" "CARGO_HOME=/opt/rustwide/cargo-home" "-e" "RUSTUP_HOME=/opt/rustwide/rustup-home" "-e" "CARGO_TARGET_DIR=/opt/rustwide/target" "-e" "CARGO_INCREMENTAL=0" "-e" "RUST_BACKTRACE=full" "-e" "RUSTFLAGS=--cap-lints=warn" "-e" "RUSTDOCFLAGS=--cap-lints=warn" "-w" "/opt/rustwide/workdir" "--user" "0:0" "d6681e32d08fcfca30b02e2d270d71016d1af8db008a1409cd05518e0ca069cb" "/opt/rustwide/cargo-home/bin/cargo" "+1.100.0-beta.1" "test" "--frozen" "--release", kill_on_drop: false }`
[INFO] [stderr]     Finished `release` profile [optimized] target(s) in 0.46s
[INFO] [stderr] warning: the following packages contain code that will be rejected by a future version of Rust: nix v0.29.0, proc-macro-error2 v2.0.1
[INFO] [stderr] note: to see what the problems were, use the option `--future-incompat-report`, or run `cargo report future-incompatibilities --id 5`
[INFO] [stderr]      Running unittests src/lib.rs (/opt/rustwide/target/release/build/radicle-native-ci/a769396981eb170b/out/radicle_native_ci-a769396981eb170b)
[INFO] [stdout] 
[INFO] [stdout] running 0 tests
[INFO] [stdout] 
[INFO] [stdout] test result: ok. 0 passed; 0 failed; 0 ignored; 0 measured; 0 filtered out; finished in 0.00s
[INFO] [stdout] 
[INFO] [stderr]      Running unittests src/bin/radicle-native-ci.rs (/opt/rustwide/target/release/build/radicle-native-ci/cfab36ba46acd0b0/out/radicle_native_ci-cfab36ba46acd0b0)
[INFO] [stdout] 
[INFO] [stdout] running 0 tests
[INFO] [stdout] 
[INFO] [stdout] test result: ok. 0 passed; 0 failed; 0 ignored; 0 measured; 0 filtered out; finished in 0.00s
[INFO] [stdout] 
[INFO] [stderr]      Running unittests src/bin/run_log.rs (/opt/rustwide/target/release/build/radicle-native-ci/90189b1d29e60337/out/run_log-90189b1d29e60337)
[INFO] [stdout] 
[INFO] [stdout] running 0 tests
[INFO] [stdout] 
[INFO] [stdout] test result: ok. 0 passed; 0 failed; 0 ignored; 0 measured; 0 filtered out; finished in 0.00s
[INFO] [stdout] 
[INFO] [stderr]      Running tests/integration.rs (/opt/rustwide/target/release/build/radicle-native-ci/97362a1fa802a01d/out/integration-97362a1fa802a01d)
[INFO] [stdout] 
[INFO] [stdout] running 9 tests
[INFO] [stdout] test config_does_not_exist ... FAILED
[INFO] [stdout] test no_config_env_var ... FAILED
[INFO] [stdout] test commit_doesnt_exist ... FAILED
[INFO] [stdout] test empty_config ... FAILED
[INFO] [stdout] test command_fails ... FAILED
[INFO] [stdout] test repo_doesnt_exist ... FAILED
[INFO] [stdout] test happy_path ... FAILED
[INFO] [stdout] test happy_path_with_log_url ... FAILED
[INFO] [stdout] test empty_request ... FAILED
[INFO] [stdout] 
[INFO] [stdout] failures:
[INFO] [stdout] 
[INFO] [stdout] ---- config_does_not_exist stdout ----
[INFO] [stdout] run rad ["auth", "--alias=test-node"] in /tmp/.tmpXTfxKb/dot-radicle
[INFO] [stdout] Error: Os { code: 2, kind: NotFound, message: "No such file or directory" }
[INFO] [stdout] 
[INFO] [stdout] ---- no_config_env_var stdout ----
[INFO] [stdout] run rad ["auth", "--alias=test-node"] in /tmp/.tmp9gIULN/dot-radicle
[INFO] [stdout] Error: Os { code: 2, kind: NotFound, message: "No such file or directory" }
[INFO] [stdout] 
[INFO] [stdout] ---- commit_doesnt_exist stdout ----
[INFO] [stdout] run rad ["auth", "--alias=test-node"] in /tmp/.tmpQFHnEL/dot-radicle
[INFO] [stdout] Error: Os { code: 2, kind: NotFound, message: "No such file or directory" }
[INFO] [stdout] 
[INFO] [stdout] ---- empty_config stdout ----
[INFO] [stdout] run rad ["auth", "--alias=test-node"] in /tmp/.tmpBBdww5/dot-radicle
[INFO] [stdout] Error: Os { code: 2, kind: NotFound, message: "No such file or directory" }
[INFO] [stdout] 
[INFO] [stdout] ---- command_fails stdout ----
[INFO] [stdout] run rad ["auth", "--alias=test-node"] in /tmp/.tmpwTs4VL/dot-radicle
[INFO] [stdout] Error: Os { code: 2, kind: NotFound, message: "No such file or directory" }
[INFO] [stdout] 
[INFO] [stdout] ---- repo_doesnt_exist stdout ----
[INFO] [stdout] run rad ["auth", "--alias=test-node"] in /tmp/.tmpBVryvS/dot-radicle
[INFO] [stdout] Error: Os { code: 2, kind: NotFound, message: "No such file or directory" }
[INFO] [stdout] 
[INFO] [stdout] ---- happy_path stdout ----
[INFO] [stdout] run rad ["auth", "--alias=test-node"] in /tmp/.tmpSwMYop/dot-radicle
[INFO] [stdout] Error: Os { code: 2, kind: NotFound, message: "No such file or directory" }
[INFO] [stdout] 
[INFO] [stdout] ---- happy_path_with_log_url stdout ----
[INFO] [stdout] run rad ["auth", "--alias=test-node"] in /tmp/.tmp5DJoAB/dot-radicle
[INFO] [stdout] Error: Os { code: 2, kind: NotFound, message: "No such file or directory" }
[INFO] [stdout] 
[INFO] [stdout] ---- empty_request stdout ----
[INFO] [stdout] run rad ["auth", "--alias=test-node"] in /tmp/.tmpaQeh77/dot-radicle
[INFO] [stdout] Error: Os { code: 2, kind: NotFound, message: "No such file or directory" }
[INFO] [stdout] 
[INFO] [stdout] 
[INFO] [stdout] failures:
[INFO] [stdout]     command_fails
[INFO] [stdout]     commit_doesnt_exist
[INFO] [stdout]     config_does_not_exist
[INFO] [stdout]     empty_config
[INFO] [stdout]     empty_request
[INFO] [stdout]     happy_path
[INFO] [stdout]     happy_path_with_log_url
[INFO] [stdout]     no_config_env_var
[INFO] [stdout]     repo_doesnt_exist
[INFO] [stdout] 
[INFO] [stdout] test result: FAILED. 0 passed; 9 failed; 0 ignored; 0 measured; 0 filtered out; finished in 0.06s
[INFO] [stdout] 
[INFO] [stderr] error: test failed, to rerun pass `--test integration`
[INFO] running `Command { std: "docker" "inspect" "d6681e32d08fcfca30b02e2d270d71016d1af8db008a1409cd05518e0ca069cb", kill_on_drop: false }`
[INFO] running `Command { std: "docker" "rm" "-f" "d6681e32d08fcfca30b02e2d270d71016d1af8db008a1409cd05518e0ca069cb", kill_on_drop: false }`
[INFO] [stdout] d6681e32d08fcfca30b02e2d270d71016d1af8db008a1409cd05518e0ca069cb
