[INFO] fetching crate radicle-git-ref-format 0.2.0...
[INFO] testing radicle-git-ref-format-0.2.0 against 1.100.0-beta.1+cargoflags=--release for beta-release-1.100-2
[INFO] extracting crate radicle-git-ref-format 0.2.0 into /workspace/builds/worker-2-tc2/source
[INFO] started tweaking crates.io crate radicle-git-ref-format 0.2.0
[INFO] finished tweaking crates.io crate radicle-git-ref-format 0.2.0
[INFO] tweaked toml for crates.io crate radicle-git-ref-format 0.2.0 written to /workspace/builds/worker-2-tc2/source/Cargo.toml
[INFO] validating manifest of crates.io crate radicle-git-ref-format 0.2.0 on toolchain 1.100.0-beta.1
[INFO] running `Command { std: CARGO_HOME="/workspace/cargo-home" RUSTUP_HOME="/workspace/rustup-home" "/workspace/cargo-home/bin/cargo" "+1.100.0-beta.1" "metadata" "--manifest-path" "Cargo.toml" "--no-deps", kill_on_drop: false }`
[INFO] crate crates.io crate radicle-git-ref-format 0.2.0 already has a lockfile, it will not be regenerated
[INFO] running `Command { std: CARGO_HOME="/workspace/cargo-home" RUSTUP_HOME="/workspace/rustup-home" "/workspace/cargo-home/bin/cargo" "+1.100.0-beta.1" "fetch" "--manifest-path" "Cargo.toml", kill_on_drop: false }`
[INFO] running `Command { std: "docker" "create" "-v" "/var/lib/crater-agent-workspace/builds/worker-2-tc2/source:/opt/rustwide/workdir:ro,Z" "-v" "/var/lib/crater-agent-workspace/builds/worker-2-tc2/target:/opt/rustwide/target:rw,Z" "-v" "/var/lib/crater-agent-workspace/cargo-home:/opt/rustwide/cargo-home:ro,Z" "-v" "/var/lib/crater-agent-workspace/rustup-home:/opt/rustwide/rustup-home:ro,Z" "-m" "1610612736" "--network" "none" "ghcr.io/rust-lang/crates-build-env/linux@sha256:77db811e55d90add9212f6832c23229e3de5f1c1f9905e8cb07319ea15df73ac" "sleep" "infinity", kill_on_drop: false }`
[INFO] [stdout] 01b11a062af58924db7468e33da9cbf9e1b15b9adfd5246a102945c3e7ccfdf1
[INFO] running `Command { std: "docker" "start" "01b11a062af58924db7468e33da9cbf9e1b15b9adfd5246a102945c3e7ccfdf1", kill_on_drop: false }`
[INFO] running `Command { std: "docker" "inspect" "01b11a062af58924db7468e33da9cbf9e1b15b9adfd5246a102945c3e7ccfdf1", kill_on_drop: false }`
[INFO] running `Command { std: "docker" "exec" "-e" "SOURCE_DIR=/opt/rustwide/workdir" "-e" "CARGO_HOME=/opt/rustwide/cargo-home" "-e" "RUSTUP_HOME=/opt/rustwide/rustup-home" "-e" "CARGO_TARGET_DIR=/opt/rustwide/target" "-w" "/opt/rustwide/workdir" "--user" "0:0" "01b11a062af58924db7468e33da9cbf9e1b15b9adfd5246a102945c3e7ccfdf1" "/opt/rustwide/cargo-home/bin/cargo" "+1.100.0-beta.1" "metadata" "--no-deps" "--format-version=1", kill_on_drop: false }`
[INFO] running `Command { std: "docker" "inspect" "01b11a062af58924db7468e33da9cbf9e1b15b9adfd5246a102945c3e7ccfdf1", kill_on_drop: false }`
[INFO] running `Command { std: "docker" "exec" "-e" "SOURCE_DIR=/opt/rustwide/workdir" "-e" "CARGO_HOME=/opt/rustwide/cargo-home" "-e" "RUSTUP_HOME=/opt/rustwide/rustup-home" "-e" "CARGO_TARGET_DIR=/opt/rustwide/target" "-e" "CARGO_INCREMENTAL=0" "-e" "RUST_BACKTRACE=full" "-e" "RUSTFLAGS=--cap-lints=warn" "-e" "RUSTDOCFLAGS=--cap-lints=warn" "-w" "/opt/rustwide/workdir" "--user" "0:0" "01b11a062af58924db7468e33da9cbf9e1b15b9adfd5246a102945c3e7ccfdf1" "/opt/rustwide/cargo-home/bin/cargo" "+1.100.0-beta.1" "build" "--frozen" "--message-format=json" "--release", kill_on_drop: false }`
[INFO] [stderr]    Compiling thiserror v2.0.18
[INFO] [stderr]    Compiling syn v2.0.117
[INFO] [stderr]    Compiling thiserror-impl v2.0.18
[INFO] [stderr]    Compiling radicle-git-ref-format v0.2.0 (/opt/rustwide/workdir)
[INFO] [stderr]     Finished `release` profile [optimized] target(s) in 4.99s
[INFO] running `Command { std: "docker" "inspect" "01b11a062af58924db7468e33da9cbf9e1b15b9adfd5246a102945c3e7ccfdf1", kill_on_drop: false }`
[INFO] running `Command { std: "docker" "exec" "-e" "SOURCE_DIR=/opt/rustwide/workdir" "-e" "CARGO_HOME=/opt/rustwide/cargo-home" "-e" "RUSTUP_HOME=/opt/rustwide/rustup-home" "-e" "CARGO_TARGET_DIR=/opt/rustwide/target" "-e" "CARGO_INCREMENTAL=0" "-e" "RUST_BACKTRACE=full" "-e" "RUSTFLAGS=--cap-lints=warn" "-e" "RUSTDOCFLAGS=--cap-lints=warn" "-w" "/opt/rustwide/workdir" "--user" "0:0" "01b11a062af58924db7468e33da9cbf9e1b15b9adfd5246a102945c3e7ccfdf1" "/opt/rustwide/cargo-home/bin/cargo" "+1.100.0-beta.1" "test" "--frozen" "--no-run" "--message-format=json" "--release", kill_on_drop: false }`
[INFO] [stderr]    Compiling radicle-git-ref-format v0.2.0 (/opt/rustwide/workdir)
[INFO] [stderr]     Finished `release` profile [optimized] target(s) in 0.53s
[INFO] running `Command { std: "docker" "inspect" "01b11a062af58924db7468e33da9cbf9e1b15b9adfd5246a102945c3e7ccfdf1", kill_on_drop: false }`
[INFO] running `Command { std: "docker" "exec" "-e" "SOURCE_DIR=/opt/rustwide/workdir" "-e" "CARGO_HOME=/opt/rustwide/cargo-home" "-e" "RUSTUP_HOME=/opt/rustwide/rustup-home" "-e" "CARGO_TARGET_DIR=/opt/rustwide/target" "-e" "CARGO_INCREMENTAL=0" "-e" "RUST_BACKTRACE=full" "-e" "RUSTFLAGS=--cap-lints=warn" "-e" "RUSTDOCFLAGS=--cap-lints=warn" "-w" "/opt/rustwide/workdir" "--user" "0:0" "01b11a062af58924db7468e33da9cbf9e1b15b9adfd5246a102945c3e7ccfdf1" "/opt/rustwide/cargo-home/bin/cargo" "+1.100.0-beta.1" "test" "--frozen" "--release", kill_on_drop: false }`
[INFO] [stderr]     Finished `release` profile [optimized] target(s) in 0.05s
[INFO] [stderr]      Running unittests src/lib.rs (/opt/rustwide/target/release/build/radicle-git-ref-format/b943e9fbfbcde198/out/radicle_git_ref_format-b943e9fbfbcde198)
[INFO] [stdout] 
[INFO] [stdout] running 9 tests
[INFO] [stdout] test test::qualified_pattern_invalid - should panic ... FAILED
[INFO] [stdout] test test::refname_invalid - should panic ... FAILED
[INFO] [stdout] test test::qualified ... ok
[INFO] [stdout] test test::pattern ... ok
[INFO] [stdout] test test::qualified_invalid - should panic ... FAILED
[INFO] [stderr] error: test failed, to rerun pass `--lib`
[INFO] [stdout] test test::refname ... ok
[INFO] [stdout] test test::component_invalid - should panic ... FAILED
[INFO] [stdout] test test::qualified_pattern ... ok
[INFO] [stdout] test test::component ... ok
[INFO] [stdout] 
[INFO] [stdout] failures:
[INFO] [stdout] 
[INFO] [stdout] ---- test::qualified_pattern_invalid stdout ----
[INFO] [stdout] note: test did not panic as expected at src/lib.rs:313:8
[INFO] [stdout] ---- test::refname_invalid stdout ----
[INFO] [stdout] note: test did not panic as expected at src/lib.rs:257:8
[INFO] [stdout] ---- test::qualified_invalid stdout ----
[INFO] [stdout] note: test did not panic as expected at src/lib.rs:270:8
[INFO] [stdout] ---- test::component_invalid stdout ----
[INFO] [stdout] note: test did not panic as expected at src/lib.rs:281:8
[INFO] [stdout] 
[INFO] [stdout] failures:
[INFO] [stdout]     test::component_invalid
[INFO] [stdout]     test::qualified_invalid
[INFO] [stdout]     test::qualified_pattern_invalid
[INFO] [stdout]     test::refname_invalid
[INFO] [stdout] 
[INFO] [stdout] test result: FAILED. 5 passed; 4 failed; 0 ignored; 0 measured; 0 filtered out; finished in 0.01s
[INFO] [stdout] 
[INFO] running `Command { std: "docker" "inspect" "01b11a062af58924db7468e33da9cbf9e1b15b9adfd5246a102945c3e7ccfdf1", kill_on_drop: false }`
[INFO] running `Command { std: "docker" "rm" "-f" "01b11a062af58924db7468e33da9cbf9e1b15b9adfd5246a102945c3e7ccfdf1", kill_on_drop: false }`
[INFO] [stdout] 01b11a062af58924db7468e33da9cbf9e1b15b9adfd5246a102945c3e7ccfdf1
