[INFO] fetching crate radial 0.1.0...
[INFO] testing radial-0.1.0 against 1.100.0-beta.1+cargoflags=--release for beta-release-1.100-2
[INFO] extracting crate radial 0.1.0 into /workspace/builds/worker-1-tc2/source
[INFO] started tweaking crates.io crate radial 0.1.0
[INFO] removed 0 missing tests
[INFO] finished tweaking crates.io crate radial 0.1.0
[INFO] tweaked toml for crates.io crate radial 0.1.0 written to /workspace/builds/worker-1-tc2/source/Cargo.toml
[INFO] validating manifest of crates.io crate radial 0.1.0 on toolchain 1.100.0-beta.1
[INFO] running `Command { std: CARGO_HOME="/workspace/cargo-home" RUSTUP_HOME="/workspace/rustup-home" "/workspace/cargo-home/bin/cargo" "+1.100.0-beta.1" "metadata" "--manifest-path" "Cargo.toml" "--no-deps", kill_on_drop: false }`
[INFO] crate crates.io crate radial 0.1.0 already has a lockfile, it will not be regenerated
[INFO] running `Command { std: CARGO_HOME="/workspace/cargo-home" RUSTUP_HOME="/workspace/rustup-home" "/workspace/cargo-home/bin/cargo" "+1.100.0-beta.1" "fetch" "--manifest-path" "Cargo.toml", kill_on_drop: false }`
[INFO] [stderr] warning: `package.homepage` is redundant with `package.repository`
[INFO] [stderr]   --> Cargo.toml:68:12
[INFO] [stderr]    |
[INFO] [stderr] 68 | homepage = "https://github.com/devsquared/radial"
[INFO] [stderr]    |            ^^^^^^^^^^^^^^^^^^^^^^^^^^^^^^^^^^^^^^
[INFO] [stderr] ...
[INFO] [stderr] 73 | repository = "https://github.com/devsquared/radial"
[INFO] [stderr]    |              --------------------------------------
[INFO] [stderr]    |
[INFO] [stderr]    = note: `cargo::redundant_homepage` is set to `warn` by default
[INFO] [stderr] help: consider removing `package.homepage`
[INFO] [stderr] warning: `radial` (manifest) generated 1 warning
[INFO] running `Command { std: "docker" "create" "-v" "/var/lib/crater-agent-workspace/builds/worker-1-tc2/source:/opt/rustwide/workdir:ro,Z" "-v" "/var/lib/crater-agent-workspace/builds/worker-1-tc2/target:/opt/rustwide/target:rw,Z" "-v" "/var/lib/crater-agent-workspace/cargo-home:/opt/rustwide/cargo-home:ro,Z" "-v" "/var/lib/crater-agent-workspace/rustup-home:/opt/rustwide/rustup-home:ro,Z" "-m" "1610612736" "--network" "none" "ghcr.io/rust-lang/crates-build-env/linux@sha256:77db811e55d90add9212f6832c23229e3de5f1c1f9905e8cb07319ea15df73ac" "sleep" "infinity", kill_on_drop: false }`
[INFO] [stdout] 3a04e8863cba3ce07277559807b4d5edb2ee76391b5fa813dd70fb8f55321274
[INFO] running `Command { std: "docker" "start" "3a04e8863cba3ce07277559807b4d5edb2ee76391b5fa813dd70fb8f55321274", kill_on_drop: false }`
[INFO] running `Command { std: "docker" "inspect" "3a04e8863cba3ce07277559807b4d5edb2ee76391b5fa813dd70fb8f55321274", kill_on_drop: false }`
[INFO] running `Command { std: "docker" "exec" "-e" "SOURCE_DIR=/opt/rustwide/workdir" "-e" "CARGO_HOME=/opt/rustwide/cargo-home" "-e" "RUSTUP_HOME=/opt/rustwide/rustup-home" "-e" "CARGO_TARGET_DIR=/opt/rustwide/target" "-w" "/opt/rustwide/workdir" "--user" "0:0" "3a04e8863cba3ce07277559807b4d5edb2ee76391b5fa813dd70fb8f55321274" "/opt/rustwide/cargo-home/bin/cargo" "+1.100.0-beta.1" "metadata" "--no-deps" "--format-version=1", kill_on_drop: false }`
[INFO] running `Command { std: "docker" "inspect" "3a04e8863cba3ce07277559807b4d5edb2ee76391b5fa813dd70fb8f55321274", kill_on_drop: false }`
[INFO] running `Command { std: "docker" "exec" "-e" "SOURCE_DIR=/opt/rustwide/workdir" "-e" "CARGO_HOME=/opt/rustwide/cargo-home" "-e" "RUSTUP_HOME=/opt/rustwide/rustup-home" "-e" "CARGO_TARGET_DIR=/opt/rustwide/target" "-e" "CARGO_INCREMENTAL=0" "-e" "RUST_BACKTRACE=full" "-e" "RUSTFLAGS=--cap-lints=warn" "-e" "RUSTDOCFLAGS=--cap-lints=warn" "-w" "/opt/rustwide/workdir" "--user" "0:0" "3a04e8863cba3ce07277559807b4d5edb2ee76391b5fa813dd70fb8f55321274" "/opt/rustwide/cargo-home/bin/cargo" "+1.100.0-beta.1" "build" "--frozen" "--message-format=json" "--release", kill_on_drop: false }`
[INFO] [stderr] warning: `package.homepage` is redundant with `package.repository`
[INFO] [stderr]   --> Cargo.toml:68:12
[INFO] [stderr]    |
[INFO] [stderr] 68 | homepage = "https://github.com/devsquared/radial"
[INFO] [stderr]    |            ^^^^^^^^^^^^^^^^^^^^^^^^^^^^^^^^^^^^^^
[INFO] [stderr] ...
[INFO] [stderr] 73 | repository = "https://github.com/devsquared/radial"
[INFO] [stderr]    |              --------------------------------------
[INFO] [stderr]    |
[INFO] [stderr]    = note: `cargo::redundant_homepage` is set to `warn` by default
[INFO] [stderr] help: consider removing `package.homepage`
[INFO] [stderr] warning: `radial` (manifest) generated 1 warning
[INFO] [stderr]    Compiling proc-macro2 v1.0.106
[INFO] [stderr]    Compiling libc v0.2.180
[INFO] [stderr]    Compiling zerocopy v0.8.37
[INFO] [stderr]    Compiling zmij v1.0.18
[INFO] [stderr]    Compiling clap_lex v0.7.7
[INFO] [stderr]    Compiling anyhow v1.0.100
[INFO] [stderr]    Compiling winnow v0.7.14
[INFO] [stderr]    Compiling toml_writer v1.0.6+spec-1.1.0
[INFO] [stderr]    Compiling toml_datetime v1.0.0+spec-1.1.0
[INFO] [stderr]    Compiling serde_spanned v1.0.4
[INFO] [stderr]    Compiling jiff v0.2.18
[INFO] [stderr]    Compiling clap_builder v4.5.56
[INFO] [stderr]    Compiling serde_json v1.0.149
[INFO] [stderr]    Compiling quote v1.0.44
[INFO] [stderr]    Compiling syn v2.0.114
[INFO] [stderr]    Compiling getrandom v0.2.17
[INFO] [stderr]    Compiling fs2 v0.4.3
[INFO] [stderr]    Compiling console v0.15.11
[INFO] [stderr]    Compiling rand_core v0.6.4
[INFO] [stderr]    Compiling toml_parser v1.0.9+spec-1.1.0
[INFO] [stderr]    Compiling toml v1.0.3+spec-1.1.0
[INFO] [stderr]    Compiling clap_derive v4.5.55
[INFO] [stderr]    Compiling serde_derive v1.0.228
[INFO] [stderr]    Compiling strum_macros v0.26.4
[INFO] [stderr]    Compiling ppv-lite86 v0.2.21
[INFO] [stderr]    Compiling rand_chacha v0.3.1
[INFO] [stderr]    Compiling rand v0.8.8
[INFO] [stderr]    Compiling clap v4.5.56
[INFO] [stderr]    Compiling clap_complete v4.6.9
[INFO] [stderr]    Compiling strum v0.26.3
[INFO] [stderr]    Compiling nanoid v0.4.0
[INFO] [stderr]    Compiling serde v1.0.228
[INFO] [stderr]    Compiling radial v0.1.0 (/opt/rustwide/workdir)
[INFO] [stderr]     Finished `release` profile [optimized] target(s) in 50.30s
[INFO] running `Command { std: "docker" "inspect" "3a04e8863cba3ce07277559807b4d5edb2ee76391b5fa813dd70fb8f55321274", kill_on_drop: false }`
[INFO] running `Command { std: "docker" "exec" "-e" "SOURCE_DIR=/opt/rustwide/workdir" "-e" "CARGO_HOME=/opt/rustwide/cargo-home" "-e" "RUSTUP_HOME=/opt/rustwide/rustup-home" "-e" "CARGO_TARGET_DIR=/opt/rustwide/target" "-e" "CARGO_INCREMENTAL=0" "-e" "RUST_BACKTRACE=full" "-e" "RUSTFLAGS=--cap-lints=warn" "-e" "RUSTDOCFLAGS=--cap-lints=warn" "-w" "/opt/rustwide/workdir" "--user" "0:0" "3a04e8863cba3ce07277559807b4d5edb2ee76391b5fa813dd70fb8f55321274" "/opt/rustwide/cargo-home/bin/cargo" "+1.100.0-beta.1" "test" "--frozen" "--no-run" "--message-format=json" "--release", kill_on_drop: false }`
[INFO] [stderr] warning: `package.homepage` is redundant with `package.repository`
[INFO] [stderr]   --> Cargo.toml:68:12
[INFO] [stderr]    |
[INFO] [stderr] 68 | homepage = "https://github.com/devsquared/radial"
[INFO] [stderr]    |            ^^^^^^^^^^^^^^^^^^^^^^^^^^^^^^^^^^^^^^
[INFO] [stderr] ...
[INFO] [stderr] 73 | repository = "https://github.com/devsquared/radial"
[INFO] [stderr]    |              --------------------------------------
[INFO] [stderr]    |
[INFO] [stderr]    = note: `cargo::redundant_homepage` is set to `warn` by default
[INFO] [stderr] help: consider removing `package.homepage`
[INFO] [stderr] warning: `radial` (manifest) generated 1 warning
[INFO] [stderr]    Compiling winnow v0.7.14
[INFO] [stderr]    Compiling syn v2.0.114
[INFO] [stderr]    Compiling memchr v2.7.6
[INFO] [stderr]    Compiling toml_datetime v0.7.5+spec-1.1.0
[INFO] [stderr]    Compiling regex-syntax v0.8.9
[INFO] [stderr]    Compiling rstest_macros v0.26.1
[INFO] [stderr]    Compiling bitflags v2.10.0
[INFO] [stderr]    Compiling futures-core v0.3.32
[INFO] [stderr]    Compiling relative-path v1.9.3
[INFO] [stderr]    Compiling getrandom v0.3.4
[INFO] [stderr]    Compiling rustix v1.1.3
[INFO] [stderr]    Compiling aho-corasick v1.1.4
[INFO] [stderr]    Compiling toml_parser v1.0.9+spec-1.1.0
[INFO] [stderr]    Compiling regex-automata v0.4.14
[INFO] [stderr]    Compiling toml_edit v0.23.10+spec-1.0.0
[INFO] [stderr]    Compiling tempfile v3.24.0
[INFO] [stderr]    Compiling proc-macro-crate v3.4.0
[INFO] [stderr]    Compiling regex v1.12.3
[INFO] [stderr]    Compiling clap_derive v4.5.55
[INFO] [stderr]    Compiling strum_macros v0.26.4
[INFO] [stderr]    Compiling serde_derive v1.0.228
[INFO] [stderr]    Compiling futures-macro v0.3.32
[INFO] [stderr]    Compiling futures-util v0.3.32
[INFO] [stderr]    Compiling strum v0.26.3
[INFO] [stderr]    Compiling clap v4.5.56
[INFO] [stderr]    Compiling clap_complete v4.6.9
[INFO] [stderr]    Compiling serde v1.0.228
[INFO] [stderr]    Compiling radial v0.1.0 (/opt/rustwide/workdir)
[INFO] [stderr]    Compiling rstest v0.26.1
[INFO] [stderr]     Finished `release` profile [optimized] target(s) in 49.51s
[INFO] running `Command { std: "docker" "inspect" "3a04e8863cba3ce07277559807b4d5edb2ee76391b5fa813dd70fb8f55321274", kill_on_drop: false }`
[INFO] running `Command { std: "docker" "exec" "-e" "SOURCE_DIR=/opt/rustwide/workdir" "-e" "CARGO_HOME=/opt/rustwide/cargo-home" "-e" "RUSTUP_HOME=/opt/rustwide/rustup-home" "-e" "CARGO_TARGET_DIR=/opt/rustwide/target" "-e" "CARGO_INCREMENTAL=0" "-e" "RUST_BACKTRACE=full" "-e" "RUSTFLAGS=--cap-lints=warn" "-e" "RUSTDOCFLAGS=--cap-lints=warn" "-w" "/opt/rustwide/workdir" "--user" "0:0" "3a04e8863cba3ce07277559807b4d5edb2ee76391b5fa813dd70fb8f55321274" "/opt/rustwide/cargo-home/bin/cargo" "+1.100.0-beta.1" "test" "--frozen" "--release", kill_on_drop: false }`
[INFO] [stderr] warning: `package.homepage` is redundant with `package.repository`
[INFO] [stderr]   --> Cargo.toml:68:12
[INFO] [stderr]    |
[INFO] [stderr] 68 | homepage = "https://github.com/devsquared/radial"
[INFO] [stderr]    |            ^^^^^^^^^^^^^^^^^^^^^^^^^^^^^^^^^^^^^^
[INFO] [stderr] ...
[INFO] [stderr] 73 | repository = "https://github.com/devsquared/radial"
[INFO] [stderr]    |              --------------------------------------
[INFO] [stderr]    |
[INFO] [stderr]    = note: `cargo::redundant_homepage` is set to `warn` by default
[INFO] [stderr] help: consider removing `package.homepage`
[INFO] [stderr] warning: `radial` (manifest) generated 1 warning
[INFO] [stderr]     Finished `release` profile [optimized] target(s) in 0.17s
[INFO] [stderr]      Running unittests src/lib.rs (/opt/rustwide/target/release/build/radial/3f21ab64f764c9b7/out/radial-3f21ab64f764c9b7)
[INFO] [stdout] 
[INFO] [stdout] running 136 tests
[INFO] [stdout] test db::tests::dblock_raii_releases_on_drop ... ok
[INFO] [stdout] test db::tests::delete_task_nonexistent_succeeds ... ok
[INFO] [stdout] test db::tests::compute_goal_metrics_empty ... ok
[INFO] [stdout] test db::tests::atomic_write_persists_content::case_1_plain_text ... ok
[INFO] [stdout] test db::tests::atomic_write_persists_content::case_2_with_newlines ... ok
[INFO] [stdout] test db::tests::create_goal_duplicate_fails ... ok
[INFO] [stdout] test db::tests::concurrent_write_locks_serialize ... ok
[INFO] [stdout] test db::tests::atomic_write_persists_content::case_3_empty ... ok
[INFO] [stdout] test db::tests::atomic_write_no_leftover_tmp ... ok
[INFO] [stdout] test db::tests::create_goal_persists_to_disk ... ok
[INFO] [stdout] test db::tests::atomic_write_overwrites_existing ... ok
[INFO] [stdout] test db::tests::next_goal_seq_empty_db ... ok
[INFO] [stdout] test db::tests::create_task_duplicate_fails ... ok
[INFO] [stdout] test db::tests::delete_task_cleans_orphaned_file ... ok
[INFO] [stdout] test db::tests::delete_task_removes_from_memory_and_disk ... ok
[INFO] [stdout] test db::tests::get_goal_returns_reference ... ok
[INFO] [stdout] test db::tests::get_task_returns_reference ... ok
[INFO] [stdout] test db::tests::get_goal_mut_allows_mutation ... ok
[INFO] [stdout] test db::tests::open_nonexistent_dir_fails ... ok
[INFO] [stdout] test db::tests::concurrent_read_locks_allowed ... ok
[INFO] [stdout] test db::tests::create_task_persists_to_disk ... ok
[INFO] [stdout] test db::tests::next_task_seq_empty_goal ... ok
[INFO] [stdout] test db::tests::resolve_goal_display_ref_invalid_format ... ok
[INFO] [stdout] test db::tests::resolve_any_goal_display_ref_wins ... ok
[INFO] [stdout] test db::tests::get_task_mut_allows_mutation ... ok
[INFO] [stdout] test db::tests::list_goals_sorted_by_created_at_desc ... ok
[INFO] [stdout] test db::tests::resolve_any_goal_falls_back_to_nanoid ... ok
[INFO] [stdout] test db::tests::open_loads_persisted_data ... ok
[INFO] [stdout] test db::tests::next_task_seq_with_existing_tasks ... ok
[INFO] [stdout] test db::tests::resolve_goal_case_insensitive ... ok
[INFO] [stdout] test db::tests::resolve_any_task_display_ref_wins ... ok
[INFO] [stdout] test db::tests::next_goal_seq_with_gaps ... ok
[INFO] [stdout] test db::tests::next_goal_seq_with_existing_goals ... ok
[INFO] [stdout] test db::tests::resolve_goal_not_found ... ok
[INFO] [stdout] test db::tests::resolve_any_task_falls_back_to_nanoid ... ok
[INFO] [stdout] test db::tests::resolve_goal_display_ref_not_found ... ok
[INFO] [stdout] test db::tests::compute_goal_metrics_aggregates ... ok
[INFO] [stdout] test db::tests::resolve_goal_exact_match ... ok
[INFO] [stdout] test db::tests::resolve_goal_ambiguous_prefix ... ok
[INFO] [stdout] test duration::tests::format_hours_and_minutes ... ok
[INFO] [stdout] test duration::tests::format_just_hours ... ok
[INFO] [stdout] test duration::tests::format_just_minutes ... ok
[INFO] [stdout] test db::tests::resolve_goal_id_legacy_mixed_case ... ok
[INFO] [stdout] test db::tests::resolve_goal_unique_prefix ... ok
[INFO] [stdout] test db::tests::resolve_goal_display_ref_valid ... ok
[INFO] [stdout] test duration::tests::parse_all_units ... ok
[INFO] [stdout] test duration::tests::parse_combined ... ok
[INFO] [stdout] test duration::tests::parse_empty_fails ... ok
[INFO] [stdout] test duration::tests::parse_hours ... ok
[INFO] [stdout] test duration::tests::format_seconds_only ... ok
[INFO] [stdout] test duration::tests::parse_invalid_unit_fails ... ok
[INFO] [stdout] test duration::tests::parse_minutes ... ok
[INFO] [stdout] test db::tests::save_task_persists_to_disk ... ok
[INFO] [stdout] test db::tests::next_task_seq_isolated_per_goal ... ok
[INFO] [stdout] test db::tests::save_goal_persists_to_disk ... ok
[INFO] [stdout] test db::tests::resolve_task_display_ref_not_found ... ok
[INFO] [stdout] test helpers::tests::test_find_similar_id ... ok
[INFO] [stdout] test duration::tests::parse_no_unit_fails ... ok
[INFO] [stdout] test helpers::tests::test_direct_cycle ... ok
[INFO] [stdout] test duration::tests::parse_seconds ... ok
[INFO] [stdout] test duration::tests::parse_zero ... ok
[INFO] [stdout] test id::tests::test_from_str_preserves_case ... ok
[INFO] [stdout] test duration::tests::parse_no_number_fails ... ok
[INFO] [stdout] test id::tests::test_generate_goal_id ... ok
[INFO] [stdout] test id::tests::test_generate_task_id ... ok
[INFO] [stdout] test helpers::tests::test_longer_cycle ... ok
[INFO] [stdout] test helpers::tests::test_no_cycle ... ok
[INFO] [stdout] test helpers::tests::test_transitive_cycle ... ok
[INFO] [stdout] test id::tests::test_error_message_includes_value ... ok
[INFO] [stdout] test db::tests::list_tasks_filters_by_goal_and_sorts ... ok
[INFO] [stdout] test id::tests::test_rejects_special_characters ... ok
[INFO] [stdout] test id::tests::test_legacy_mixed_case_ids_parse ... ok
[INFO] [stdout] test id::tests::test_goal_id_display ... ok
[INFO] [stdout] test id::tests::test_goal_id_from_str ... ok
[INFO] [stdout] test id::tests::test_rejects_empty_string ... ok
[INFO] [stdout] test id::tests::test_rejects_wrong_length ... ok
[INFO] [stdout] test id::tests::test_new_unchecked_bypasses_validation ... ok
[INFO] [stdout] test db::tests::resolve_task_unique_prefix ... ok
[INFO] [stdout] test id::tests::test_prefix_lengths_validate ... ok
[INFO] [stdout] test db::tests::resolve_task_id_legacy_mixed_case ... ok
[INFO] [stdout] test db::tests::resolve_task_display_ref_valid ... ok
[INFO] [stdout] test id::tests::test_task_id_display ... ok
[INFO] [stdout] test id::tests::test_task_id_from_str ... ok
[INFO] [stdout] test models::goal::tests::display_ref_with_seq ... ok
[INFO] [stdout] test models::goal::tests::display_ref_without_seq ... ok
[INFO] [stdout] test models::goal::tests::metrics_parses_without_tasks_cancelled ... ok
[INFO] [stdout] test models::task::tests::add_comment_appends_and_updates_timestamp ... ok
[INFO] [stdout] test models::goal::tests::goal_parses_with_legacy_metrics_table ... ok
[INFO] [stdout] test models::task::tests::cancel_succeeds_from_valid_states::case_3_from_in_progress ... ok
[INFO] [stdout] test models::task::tests::cancel_rejects_already_cancelled ... ok
[INFO] [stdout] test models::task::tests::cancel_rejects_completed ... ok
[INFO] [stdout] test models::task::tests::compact_rejects_active_states::case_1_pending ... ok
[INFO] [stdout] test models::task::tests::compact_rejects_active_states::case_2_blocked ... ok
[INFO] [stdout] test models::task::tests::complete_rejects_non_in_progress::case_1_from_pending ... ok
[INFO] [stdout] test models::task::tests::complete_rejects_non_in_progress::case_2_from_blocked ... ok
[INFO] [stdout] test models::task::tests::complete_preserves_started_at ... ok
[INFO] [stdout] test models::task::tests::cancel_succeeds_from_valid_states::case_4_from_verifying ... ok
[INFO] [stdout] test models::task::tests::cancel_succeeds_from_valid_states::case_5_from_failed ... ok
[INFO] [stdout] test models::task::tests::display_ref_with_seq ... ok
[INFO] [stdout] test models::task::tests::complete_rejects_non_in_progress::case_4_from_failed ... ok
[INFO] [stdout] test models::task::tests::release_clears_assignee_and_sets_pending ... ok
[INFO] [stdout] test models::task::tests::complete_rejects_non_in_progress::case_3_from_completed ... ok
[INFO] [stdout] test models::task::tests::cancel_succeeds_from_valid_states::case_1_from_pending ... ok
[INFO] [stdout] test models::task::tests::cancel_succeeds_from_valid_states::case_2_from_blocked ... ok
[INFO] [stdout] test models::task::tests::compact_rejects_active_states::case_3_in_progress ... ok
[INFO] [stdout] test db::tests::save_goal_overwrites_existing ... ok
[INFO] [stdout] test models::task::tests::compact_rejects_already_compacted ... ok
[INFO] [stdout] test db::tests::resolve_task_ambiguous ... ok
[INFO] [stdout] test models::task::tests::retry_increments_and_transitions ... ok
[INFO] [stdout] test models::task::tests::retry_rejects_non_failed::case_2_from_in_progress ... ok
[INFO] [stdout] test models::task::tests::release_clears_started_at ... ok
[INFO] [stdout] test models::task::tests::release_rejects_unassigned ... ok
[INFO] [stdout] test models::task::tests::release_works_from_failed ... ok
[INFO] [stdout] test models::task::tests::retry_rejects_non_failed::case_1_from_pending ... ok
[INFO] [stdout] test db::tests::save_task_overwrites_existing ... ok
[INFO] [stdout] test models::task::tests::compact_failed_task ... ok
[INFO] [stdout] test models::task::tests::compact_completed_task ... ok
[INFO] [stdout] test models::task::tests::display_ref_without_seq ... ok
[INFO] [stdout] test models::task::tests::complete_sets_all_fields ... ok
[INFO] [stdout] test models::task::tests::retry_rejects_non_failed::case_3_from_completed ... ok
[INFO] [stdout] test models::task::tests::transition_from_any_checks_current_state::case_3_mismatch_completed ... ok
[INFO] [stdout] test models::task::tests::transition_from_any_checks_current_state::case_1_matching_pending ... ok
[INFO] [stdout] test models::task::tests::transition_from_any_checks_current_state::case_4_mismatch_failed ... ok
[INFO] [stdout] test models::task::tests::transition_from_any_matches_list::case_3_pending_rejected ... ok
[INFO] [stdout] test models::task::tests::transition_from_any_checks_current_state::case_2_matching_in_progress ... ok
[INFO] [stdout] test models::task::tests::unblock_sets_pending ... ok
[INFO] [stdout] test models::task::tests::transition_from_any_matches_list::case_1_in_progress_matches ... ok
[INFO] [stdout] test models::task::tests::transition_from_any_matches_list::case_2_verifying_matches ... ok
[INFO] [stdout] test models::task::tests::transition_to_other_state_does_not_set_started_at ... ok
[INFO] [stdout] test models::task::tests::retry_rejects_non_failed::case_4_from_blocked ... ok
[INFO] [stdout] test models::task::tests::retry_sets_started_at ... ok
[INFO] [stdout] test models::task::tests::set_assignee_stores_value ... ok
[INFO] [stdout] test models::task::tests::set_assignee_clears_value ... ok
[INFO] [stdout] test models::task::tests::transition_to_in_progress_sets_started_at ... ok
[INFO] [stdout] test models::task::tests::transition_from_any_matches_list::case_4_completed_rejected ... ok
[INFO] [stdout] test db::tests::write_lock_blocks_write_lock ... ok
[INFO] [stdout] 
[INFO] [stdout] test result: ok. 136 passed; 0 failed; 0 ignored; 0 measured; 0 filtered out; finished in 0.11s
[INFO] [stdout] 
[INFO] [stderr]      Running unittests src/main.rs (/opt/rustwide/target/release/build/radial/93d2c18fc84b2c96/out/rd-93d2c18fc84b2c96)
[INFO] [stdout] 
[INFO] [stdout] running 0 tests
[INFO] [stdout] 
[INFO] [stdout] test result: ok. 0 passed; 0 failed; 0 ignored; 0 measured; 0 filtered out; finished in 0.00s
[INFO] [stdout] 
[INFO] [stderr]      Running tests/archive_tests.rs (/opt/rustwide/target/release/build/radial/70b439dd57b64156/out/archive_tests-70b439dd57b64156)
[INFO] [stdout] 
[INFO] [stdout] running 7 tests
[INFO] [stdout] test test_archive_cancelled_goal ... ok
[INFO] [stdout] test test_purge_permanently_deletes ... ok
[INFO] [stdout] test test_archive_completed_goal ... ok
[INFO] [stdout] test test_archive_directory_skipped_during_load ... ok
[INFO] [stdout] test test_restore_archived_goal ... ok
[INFO] [stdout] test test_restore_fails_if_goal_exists ... ok
[INFO] [stdout] test test_list_archived_goals ... ok
[INFO] [stdout] 
[INFO] [stdout] test result: ok. 7 passed; 0 failed; 0 ignored; 0 measured; 0 filtered out; finished in 0.14s
[INFO] [stdout] 
[INFO] [stderr]      Running tests/cancel_tests.rs (/opt/rustwide/target/release/build/radial/bd3d5708650d4604/out/cancel_tests-bd3d5708650d4604)
[INFO] [stdout] 
[INFO] [stdout] running 5 tests
[INFO] [stdout] test test_task_cancel_basic ... ok
[INFO] [stdout] test test_cancel_unblocks_dependent ... ok
[INFO] [stdout] test test_task_cancel_rejects_completed ... ok
[INFO] [stdout] test test_cancel_with_parent_task ... ok
[INFO] [stdout] test test_cancel_cascade ... ok
[INFO] [stdout] 
[INFO] [stdout] test result: ok. 5 passed; 0 failed; 0 ignored; 0 measured; 0 filtered out; finished in 0.11s
[INFO] [stdout] 
[INFO] [stderr]      Running tests/integration_test.rs (/opt/rustwide/target/release/build/radial/89a2d1735601492a/out/integration_test-89a2d1735601492a)
[INFO] [stdout] 
[INFO] [stdout] running 58 tests
[INFO] [stdout] test test_blocked_by_mixed_comma_and_space ... FAILED
[INFO] [stdout] test test_commands_fail_without_init ... FAILED
[INFO] [stdout] test test_compact_analyze_empty ... FAILED
[INFO] [stdout] test test_compact_analyze_filter_by_goal ... FAILED
[INFO] [stdout] test test_blocked_tasks ... FAILED
[INFO] [stdout] test test_blocked_by_comma_separated ... FAILED
[INFO] [stdout] test test_blocked_by_space_separated_unquoted ... FAILED
[INFO] [stdout] test test_compact_analyze_finds_completed_tasks ... FAILED
[INFO] [stdout] test test_directory_walkup ... FAILED
[INFO] [stdout] test test_concurrent_task_claim_race ... FAILED
[INFO] [stdout] test test_create_task_and_workflow ... FAILED
[INFO] [stdout] test test_edit_task_blocked_by_rejects_cycles ... FAILED
[INFO] [stdout] test test_goal_completion ... FAILED
[INFO] [stdout] test test_compact_apply_rejects_pending_task ... FAILED
[INFO] [stdout] test test_delete_cascades_blocked_by_cleanup ... FAILED
[INFO] [stdout] test test_compact_analyze_json ... FAILED
[INFO] [stdout] test test_goal_stays_pending_until_task_start ... FAILED
[INFO] [stdout] test test_compact_not_in_analyze_after_compaction ... FAILED
[INFO] [stdout] test test_compact_apply_success ... FAILED
[INFO] [stdout] test test_compact_apply_already_compacted ... FAILED
[INFO] [stdout] test test_display_ref_usage ... FAILED
[INFO] [stdout] test test_init_creates_radial_directory ... FAILED
[INFO] [stdout] test test_init_is_idempotent ... FAILED
[INFO] [stdout] test test_json_output_task_list ... FAILED
[INFO] [stdout] test test_edit_task_blocked_by_validates_ids ... FAILED
[INFO] [stdout] test test_create_task_blocked_by_completed_task_yields_pending ... FAILED
[INFO] [stdout] test test_json_output_init ... FAILED
[INFO] [stdout] test test_multiple_goals_and_tasks ... FAILED
[INFO] [stdout] test test_create_and_list_goals ... FAILED
[INFO] [stdout] test test_list_full_shows_complete_descriptions ... FAILED
[INFO] [stdout] test test_json_output_edit_and_task_lifecycle_mutations ... FAILED
[INFO] [stdout] test test_json_output_status ... FAILED
[INFO] [stdout] test test_release_unassigned_task_fails ... FAILED
[INFO] [stdout] test test_json_output_goal_list ... FAILED
[INFO] [stdout] test test_json_output_task_comment_and_comments ... FAILED
[INFO] [stdout] test test_json_output_goal_lifecycle_and_prep_and_compact ... FAILED
[INFO] [stdout] test test_list_truncates_descriptions_by_default ... FAILED
[INFO] [stdout] test test_shell_completions ... FAILED
[INFO] [stdout] test test_prefix_resolution ... FAILED
[INFO] [stdout] test test_status_compact_vs_show_detail ... FAILED
[INFO] [stdout] test test_json_output_task_start_and_complete ... FAILED
[INFO] [stdout] test test_redirect_file ... FAILED
[INFO] [stdout] test test_ready_and_task_list_default_to_single_active_goal ... FAILED
[INFO] [stdout] test test_status_commands ... FAILED
[INFO] [stdout] test test_task_comments ... FAILED
[INFO] [stdout] test test_task_comments_nonexistent_task ... FAILED
[INFO] [stdout] test test_task_list_filter_by_assignee ... FAILED
[INFO] [stdout] test test_task_comments_json_output ... FAILED
[INFO] [stdout] test test_task_list_full_shows_complete_descriptions ... FAILED
[INFO] [stdout] test test_prep_is_static ... FAILED
[INFO] [stdout] test test_task_comments_one_comment ... FAILED
[INFO] [stdout] test test_task_comments_no_comments ... FAILED
[INFO] [stdout] test test_task_comments_multiple_comments ... FAILED
[INFO] [stdout] test test_task_release_from_failed ... FAILED
[INFO] [stdout] test test_task_state_transitions ... FAILED
[INFO] [stdout] test test_task_assignee_and_release ... FAILED
[INFO] [stdout] test test_task_with_artifacts ... FAILED
[INFO] [stdout] test test_stealth_mode_with_git_repo ... FAILED
[INFO] [stdout] 
[INFO] [stdout] failures:
[INFO] [stdout] 
[INFO] [stdout] ---- test_blocked_by_mixed_comma_and_space stdout ----
[INFO] [stdout] 
[INFO] [stdout] thread 'test_blocked_by_mixed_comma_and_space' (1869) panicked at tests/integration_test.rs:37:14:
[INFO] [stdout] Failed to execute radial command: Os { code: 2, kind: NotFound, message: "No such file or directory" }
[INFO] [stdout] stack backtrace:
[INFO] [stdout]    0:     0x626a438f54f1 - <<std[617be2ca0a6fd877]::sys::backtrace::BacktraceLock>::print::DisplayBacktrace as core[a373ad73a504971]::fmt::Display>::fmt
[INFO] [stdout]    1:     0x626a4390abea - core[a373ad73a504971]::fmt::write
[INFO] [stdout]    2:     0x626a438f996c - <alloc[2e1b2a31b91974c5]::vec::Vec<u8> as core[a373ad73a504971]::io::write::Write>::write_fmt
[INFO] [stdout]    3:     0x626a438cfcc6 - std[617be2ca0a6fd877]::panicking::default_hook::{closure#0}
[INFO] [stdout]    4:     0x626a438ecf29 - std[617be2ca0a6fd877]::panicking::default_hook
[INFO] [stdout]    5:     0x626a43881e00 - test[aada8e7e76ba119b]::test_main_inner::{closure#0}
[INFO] [stdout]    6:     0x626a438ed0e2 - std[617be2ca0a6fd877]::panicking::panic_with_hook
[INFO] [stdout]    7:     0x626a438cfd72 - std[617be2ca0a6fd877]::panicking::panic_handler::{closure#0}
[INFO] [stdout]    8:     0x626a438c87d9 - std[617be2ca0a6fd877]::sys::backtrace::__rust_end_short_backtrace::<std[617be2ca0a6fd877]::panicking::panic_handler::{closure#0}, !>
[INFO] [stdout]    9:     0x626a438d097d - __rustc[ea4f61d10b84890b]::rust_begin_unwind
[INFO] [stdout]   10:     0x626a4390b31c - core[a373ad73a504971]::panicking::panic_fmt
[INFO] [stdout]   11:     0x626a4390b0f2 - core[a373ad73a504971]::result::unwrap_failed
[INFO] [stdout]   12:     0x626a43849849 - <integration_test[2939aa730381b4da]::TestEnv>::run
[INFO] [stdout]   13:     0x626a43860d3d - <integration_test[2939aa730381b4da]::test_blocked_by_mixed_comma_and_space::{closure#0} as core[a373ad73a504971]::ops::function::FnOnce<()>>::call_once
[INFO] [stdout]   14:     0x626a4387524b - test[aada8e7e76ba119b]::__rust_begin_short_backtrace::<core[a373ad73a504971]::result::Result<(), alloc[2e1b2a31b91974c5]::string::String>, fn() -> core[a373ad73a504971]::result::Result<(), alloc[2e1b2a31b91974c5]::string::String>>
[INFO] [stdout]   15:     0x626a43882425 - test[aada8e7e76ba119b]::run_test::{closure#0}
[INFO] [stdout]   16:     0x626a4387bd14 - std[617be2ca0a6fd877]::sys::backtrace::__rust_begin_short_backtrace::<test[aada8e7e76ba119b]::run_test::{closure#1}, ()>
[INFO] [stdout]   17:     0x626a438854b2 - <std[617be2ca0a6fd877]::thread::lifecycle::spawn_unchecked<test[aada8e7e76ba119b]::run_test::{closure#1}, ()>::{closure#1} as core[a373ad73a504971]::ops::function::FnOnce<()>>::call_once::{shim:vtable#0}
[INFO] [stdout]   18:     0x626a438f480f - <std[617be2ca0a6fd877]::sys::thread::unix::Thread>::new::thread_start
[INFO] [stdout]   19:     0x7ede9c528dfa - <unknown>
[INFO] [stdout]   20:     0x7ede9c5bc3d4 - clone
[INFO] [stdout]   21:                0x0 - <unknown>
[INFO] [stdout] 
[INFO] [stdout] ---- test_commands_fail_without_init stdout ----
[INFO] [stdout] 
[INFO] [stdout] thread 'test_commands_fail_without_init' (1873) panicked at tests/integration_test.rs:37:14:
[INFO] [stdout] Failed to execute radial command: Os { code: 2, kind: NotFound, message: "No such file or directory" }
[INFO] [stdout] stack backtrace:
[INFO] [stdout]    0:     0x626a438f54f1 - <<std[617be2ca0a6fd877]::sys::backtrace::BacktraceLock>::print::DisplayBacktrace as core[a373ad73a504971]::fmt::Display>::fmt
[INFO] [stdout]    1:     0x626a4390abea - core[a373ad73a504971]::fmt::write
[INFO] [stdout]    2:     0x626a438f996c - <alloc[2e1b2a31b91974c5]::vec::Vec<u8> as core[a373ad73a504971]::io::write::Write>::write_fmt
[INFO] [stdout]    3:     0x626a438cfcc6 - std[617be2ca0a6fd877]::panicking::default_hook::{closure#0}
[INFO] [stdout]    4:     0x626a438ecf29 - std[617be2ca0a6fd877]::panicking::default_hook
[INFO] [stdout]    5:     0x626a43881e00 - test[aada8e7e76ba119b]::test_main_inner::{closure#0}
[INFO] [stdout]    6:     0x626a438ed0e2 - std[617be2ca0a6fd877]::panicking::panic_with_hook
[INFO] [stdout]    7:     0x626a438cfd72 - std[617be2ca0a6fd877]::panicking::panic_handler::{closure#0}
[INFO] [stdout]    8:     0x626a438c87d9 - std[617be2ca0a6fd877]::sys::backtrace::__rust_end_short_backtrace::<std[617be2ca0a6fd877]::panicking::panic_handler::{closure#0}, !>
[INFO] [stdout]    9:     0x626a438d097d - __rustc[ea4f61d10b84890b]::rust_begin_unwind
[INFO] [stdout]   10:     0x626a4390b31c - core[a373ad73a504971]::panicking::panic_fmt
[INFO] [stdout]   11:     0x626a4390b0f2 - core[a373ad73a504971]::result::unwrap_failed
[INFO] [stdout]   12:     0x626a43849849 - <integration_test[2939aa730381b4da]::TestEnv>::run
[INFO] [stdout]   13:     0x626a4385b7a2 - <integration_test[2939aa730381b4da]::test_commands_fail_without_init::{closure#0} as core[a373ad73a504971]::ops::function::FnOnce<()>>::call_once
[INFO] [stdout]   14:     0x626a4387524b - test[aada8e7e76ba119b]::__rust_begin_short_backtrace::<core[a373ad73a504971]::result::Result<(), alloc[2e1b2a31b91974c5]::string::String>, fn() -> core[a373ad73a504971]::result::Result<(), alloc[2e1b2a31b91974c5]::string::String>>
[INFO] [stdout]   15:     0x626a43882425 - test[aada8e7e76ba119b]::run_test::{closure#0}
[INFO] [stdout]   16:     0x626a4387bd14 - std[617be2ca0a6fd877]::sys::backtrace::__rust_begin_short_backtrace::<test[aada8e7e76ba119b]::run_test::{closure#1}, ()>
[INFO] [stdout]   17:     0x626a438854b2 - <std[617be2ca0a6fd877]::thread::lifecycle::spawn_unchecked<test[aada8e7e76ba119b]::run_test::{closure#1}, ()>::{closure#1} as core[a373ad73a504971]::ops::function::FnOnce<()>>::call_once::{shim:vtable#0}
[INFO] [stdout]   18:     0x626a438f480f - <std[617be2ca0a6fd877]::sys::thread::unix::Thread>::new::thread_start
[INFO] [stdout]   19:     0x7ede9c528dfa - <unknown>
[INFO] [stdout]   20:     0x7ede9c5bc3d4 - clone
[INFO] [stdout]   21:                0x0 - <unknown>
[INFO] [stdout] 
[INFO] [stdout] ---- test_compact_analyze_empty stdout ----
[INFO] [stdout] 
[INFO] [stdout] thread 'test_compact_analyze_empty' (1874) panicked at tests/integration_test.rs:37:14:
[INFO] [stdout] Failed to execute radial command: Os { code: 2, kind: NotFound, message: "No such file or directory" }
[INFO] [stdout] stack backtrace:
[INFO] [stdout]    0:     0x626a438f54f1 - <<std[617be2ca0a6fd877]::sys::backtrace::BacktraceLock>::print::DisplayBacktrace as core[a373ad73a504971]::fmt::Display>::fmt
[INFO] [stdout]    1:     0x626a4390abea - core[a373ad73a504971]::fmt::write
[INFO] [stdout]    2:     0x626a438f996c - <alloc[2e1b2a31b91974c5]::vec::Vec<u8> as core[a373ad73a504971]::io::write::Write>::write_fmt
[INFO] [stdout]    3:     0x626a438cfcc6 - std[617be2ca0a6fd877]::panicking::default_hook::{closure#0}
[INFO] [stdout]    4:     0x626a438ecf29 - std[617be2ca0a6fd877]::panicking::default_hook
[INFO] [stdout]    5:     0x626a43881e00 - test[aada8e7e76ba119b]::test_main_inner::{closure#0}
[INFO] [stdout]    6:     0x626a438ed0e2 - std[617be2ca0a6fd877]::panicking::panic_with_hook
[INFO] [stdout]    7:     0x626a438cfd72 - std[617be2ca0a6fd877]::panicking::panic_handler::{closure#0}
[INFO] [stdout]    8:     0x626a438c87d9 - std[617be2ca0a6fd877]::sys::backtrace::__rust_end_short_backtrace::<std[617be2ca0a6fd877]::panicking::panic_handler::{closure#0}, !>
[INFO] [stdout]    9:     0x626a438d097d - __rustc[ea4f61d10b84890b]::rust_begin_unwind
[INFO] [stdout]   10:     0x626a4390b31c - core[a373ad73a504971]::panicking::panic_fmt
[INFO] [stdout]   11:     0x626a4390b0f2 - core[a373ad73a504971]::result::unwrap_failed
[INFO] [stdout]   12:     0x626a43849849 - <integration_test[2939aa730381b4da]::TestEnv>::run
[INFO] [stdout]   13:     0x626a43852be5 - <integration_test[2939aa730381b4da]::test_compact_analyze_empty::{closure#0} as core[a373ad73a504971]::ops::function::FnOnce<()>>::call_once
[INFO] [stdout]   14:     0x626a4387524b - test[aada8e7e76ba119b]::__rust_begin_short_backtrace::<core[a373ad73a504971]::result::Result<(), alloc[2e1b2a31b91974c5]::string::String>, fn() -> core[a373ad73a504971]::result::Result<(), alloc[2e1b2a31b91974c5]::string::String>>
[INFO] [stdout]   15:     0x626a43882425 - test[aada8e7e76ba119b]::run_test::{closure#0}
[INFO] [stdout]   16:     0x626a4387bd14 - std[617be2ca0a6fd877]::sys::backtrace::__rust_begin_short_backtrace::<test[aada8e7e76ba119b]::run_test::{closure#1}, ()>
[INFO] [stdout]   17:     0x626a438854b2 - <std[617be2ca0a6fd877]::thread::lifecycle::spawn_unchecked<test[aada8e7e76ba119b]::run_test::{closure#1}, ()>::{closure#1} as core[a373ad73a504971]::ops::function::FnOnce<()>>::call_once::{shim:vtable#0}
[INFO] [stdout]   18:     0x626a438f480f - <std[617be2ca0a6fd877]::sys::thread::unix::Thread>::new::thread_start
[INFO] [stdout]   19:     0x7ede9c528dfa - <unknown>
[INFO] [stdout]   20:     0x7ede9c5bc3d4 - clone
[INFO] [stdout]   21:                0x0 - <unknown>
[INFO] [stdout] 
[INFO] [stdout] ---- test_compact_analyze_filter_by_goal stdout ----
[INFO] [stdout] 
[INFO] [stdout] thread 'test_compact_analyze_filter_by_goal' (1876) panicked at tests/integration_test.rs:37:14:
[INFO] [stdout] Failed to execute radial command: Os { code: 2, kind: NotFound, message: "No such file or directory" }
[INFO] [stdout] stack backtrace:
[INFO] [stdout]    0:     0x626a438f54f1 - <<std[617be2ca0a6fd877]::sys::backtrace::BacktraceLock>::print::DisplayBacktrace as core[a373ad73a504971]::fmt::Display>::fmt
[INFO] [stdout]    1:     0x626a4390abea - core[a373ad73a504971]::fmt::write
[INFO] [stdout]    2:     0x626a438f996c - <alloc[2e1b2a31b91974c5]::vec::Vec<u8> as core[a373ad73a504971]::io::write::Write>::write_fmt
[INFO] [stdout]    3:     0x626a438cfcc6 - std[617be2ca0a6fd877]::panicking::default_hook::{closure#0}
[INFO] [stdout]    4:     0x626a438ecf29 - std[617be2ca0a6fd877]::panicking::default_hook
[INFO] [stdout]    5:     0x626a43881e00 - test[aada8e7e76ba119b]::test_main_inner::{closure#0}
[INFO] [stdout]    6:     0x626a438ed0e2 - std[617be2ca0a6fd877]::panicking::panic_with_hook
[INFO] [stdout]    7:     0x626a438cfd72 - std[617be2ca0a6fd877]::panicking::panic_handler::{closure#0}
[INFO] [stdout]    8:     0x626a438c87d9 - std[617be2ca0a6fd877]::sys::backtrace::__rust_end_short_backtrace::<std[617be2ca0a6fd877]::panicking::panic_handler::{closure#0}, !>
[INFO] [stdout]    9:     0x626a438d097d - __rustc[ea4f61d10b84890b]::rust_begin_unwind
[INFO] [stdout]   10:     0x626a4390b31c - core[a373ad73a504971]::panicking::panic_fmt
[INFO] [stdout]   11:     0x626a4390b0f2 - core[a373ad73a504971]::result::unwrap_failed
[INFO] [stdout]   12:     0x626a43849849 - <integration_test[2939aa730381b4da]::TestEnv>::run
[INFO] [stdout]   13:     0x626a4385efdd - <integration_test[2939aa730381b4da]::test_compact_analyze_filter_by_goal::{closure#0} as core[a373ad73a504971]::ops::function::FnOnce<()>>::call_once
[INFO] [stdout]   14:     0x626a4387524b - test[aada8e7e76ba119b]::__rust_begin_short_backtrace::<core[a373ad73a504971]::result::Result<(), alloc[2e1b2a31b91974c5]::string::String>, fn() -> core[a373ad73a504971]::result::Result<(), alloc[2e1b2a31b91974c5]::string::String>>
[INFO] [stdout]   15:     0x626a43882425 - test[aada8e7e76ba119b]::run_test::{closure#0}
[INFO] [stdout]   16:     0x626a4387bd14 - std[617be2ca0a6fd877]::sys::backtrace::__rust_begin_short_backtrace::<test[aada8e7e76ba119b]::run_test::{closure#1}, ()>
[INFO] [stdout]   17:     0x626a438854b2 - <std[617be2ca0a6fd877]::thread::lifecycle::spawn_unchecked<test[aada8e7e76ba119b]::run_test::{closure#1}, ()>::{closure#1} as core[a373ad73a504971]::ops::function::FnOnce<()>>::call_once::{shim:vtable#0}
[INFO] [stdout]   18:     0x626a438f480f - <std[617be2ca0a6fd877]::sys::thread::unix::Thread>::new::thread_start
[INFO] [stdout]   19:     0x7ede9c528dfa - <unknown>
[INFO] [stdout]   20:     0x7ede9c5bc3d4 - clone
[INFO] [stdout]   21:                0x0 - <unknown>
[INFO] [stdout] 
[INFO] [stdout] ---- test_blocked_tasks stdout ----
[INFO] [stdout] 
[INFO] [stdout] thread 'test_blocked_tasks' (1872) panicked at tests/integration_test.rs:37:14:
[INFO] [stdout] Failed to execute radial command: Os { code: 2, kind: NotFound, message: "No such file or directory" }
[INFO] [stdout] stack backtrace:
[INFO] [stdout]    0:     0x626a438f54f1 - <<std[617be2ca0a6fd877]::sys::backtrace::BacktraceLock>::print::DisplayBacktrace as core[a373ad73a504971]::fmt::Display>::fmt
[INFO] [stdout]    1:     0x626a4390abea - core[a373ad73a504971]::fmt::write
[INFO] [stdout]    2:     0x626a438f996c - <alloc[2e1b2a31b91974c5]::vec::Vec<u8> as core[a373ad73a504971]::io::write::Write>::write_fmt
[INFO] [stdout]    3:     0x626a438cfcc6 - std[617be2ca0a6fd877]::panicking::default_hook::{closure#0}
[INFO] [stdout]    4:     0x626a438ecf29 - std[617be2ca0a6fd877]::panicking::default_hook
[INFO] [stdout]    5:     0x626a43881e00 - test[aada8e7e76ba119b]::test_main_inner::{closure#0}
[INFO] [stdout]    6:     0x626a438ed0e2 - std[617be2ca0a6fd877]::panicking::panic_with_hook
[INFO] [stdout]    7:     0x626a438cfd72 - std[617be2ca0a6fd877]::panicking::panic_handler::{closure#0}
[INFO] [stdout]    8:     0x626a438c87d9 - std[617be2ca0a6fd877]::sys::backtrace::__rust_end_short_backtrace::<std[617be2ca0a6fd877]::panicking::panic_handler::{closure#0}, !>
[INFO] [stdout]    9:     0x626a438d097d - __rustc[ea4f61d10b84890b]::rust_begin_unwind
[INFO] [stdout]   10:     0x626a4390b31c - core[a373ad73a504971]::panicking::panic_fmt
[INFO] [stdout]   11:     0x626a4390b0f2 - core[a373ad73a504971]::result::unwrap_failed
[INFO] [stdout]   12:     0x626a43849849 - <integration_test[2939aa730381b4da]::TestEnv>::run
[INFO] [stdout]   13:     0x626a4384a360 - <integration_test[2939aa730381b4da]::test_blocked_tasks::{closure#0} as core[a373ad73a504971]::ops::function::FnOnce<()>>::call_once
[INFO] [stdout]   14:     0x626a4387524b - test[aada8e7e76ba119b]::__rust_begin_short_backtrace::<core[a373ad73a504971]::result::Result<(), alloc[2e1b2a31b91974c5]::string::String>, fn() -> core[a373ad73a504971]::result::Result<(), alloc[2e1b2a31b91974c5]::string::String>>
[INFO] [stdout]   15:     0x626a43882425 - test[aada8e7e76ba119b]::run_test::{closure#0}
[INFO] [stdout]   16:     0x626a4387bd14 - std[617be2ca0a6fd877]::sys::backtrace::__rust_begin_short_backtrace::<test[aada8e7e76ba119b]::run_test::{closure#1}, ()>
[INFO] [stdout]   17:     0x626a438854b2 - <std[617be2ca0a6fd877]::thread::lifecycle::spawn_unchecked<test[aada8e7e76ba119b]::run_test::{closure#1}, ()>::{closure#1} as core[a373ad73a504971]::ops::function::FnOnce<()>>::call_once::{shim:vtable#0}
[INFO] [stdout]   18:     0x626a438f480f - <std[617be2ca0a6fd877]::sys::thread::unix::Thread>::new::thread_start
[INFO] [stdout]   19:     0x7ede9c528dfa - <unknown>
[INFO] [stdout]   20:     0x7ede9c5bc3d4 - clone
[INFO] [stdout]   21:                0x0 - <unknown>
[INFO] [stdout] 
[INFO] [stdout] ---- test_blocked_by_comma_separated stdout ----
[INFO] [stdout] 
[INFO] [stdout] thread 'test_blocked_by_comma_separated' (1868) panicked at tests/integration_test.rs:37:14:
[INFO] [stdout] Failed to execute radial command: Os { code: 2, kind: NotFound, message: "No such file or directory" }
[INFO] [stdout] stack backtrace:
[INFO] [stdout]    0:     0x626a438f54f1 - <<std[617be2ca0a6fd877]::sys::backtrace::BacktraceLock>::print::DisplayBacktrace as core[a373ad73a504971]::fmt::Display>::fmt
[INFO] [stdout]    1:     0x626a4390abea - core[a373ad73a504971]::fmt::write
[INFO] [stdout]    2:     0x626a438f996c - <alloc[2e1b2a31b91974c5]::vec::Vec<u8> as core[a373ad73a504971]::io::write::Write>::write_fmt
[INFO] [stdout]    3:     0x626a438cfcc6 - std[617be2ca0a6fd877]::panicking::default_hook::{closure#0}
[INFO] [stdout]    4:     0x626a438ecf29 - std[617be2ca0a6fd877]::panicking::default_hook
[INFO] [stdout]    5:     0x626a43881e00 - test[aada8e7e76ba119b]::test_main_inner::{closure#0}
[INFO] [stdout]    6:     0x626a438ed0e2 - std[617be2ca0a6fd877]::panicking::panic_with_hook
[INFO] [stdout]    7:     0x626a438cfd72 - std[617be2ca0a6fd877]::panicking::panic_handler::{closure#0}
[INFO] [stdout]    8:     0x626a438c87d9 - std[617be2ca0a6fd877]::sys::backtrace::__rust_end_short_backtrace::<std[617be2ca0a6fd877]::panicking::panic_handler::{closure#0}, !>
[INFO] [stdout]    9:     0x626a438d097d - __rustc[ea4f61d10b84890b]::rust_begin_unwind
[INFO] [stdout]   10:     0x626a4390b31c - core[a373ad73a504971]::panicking::panic_fmt
[INFO] [stdout]   11:     0x626a4390b0f2 - core[a373ad73a504971]::result::unwrap_failed
[INFO] [stdout]   12:     0x626a43849849 - <integration_test[2939aa730381b4da]::TestEnv>::run
[INFO] [stdout]   13:     0x626a4385ac5d - <integration_test[2939aa730381b4da]::test_blocked_by_comma_separated::{closure#0} as core[a373ad73a504971]::ops::function::FnOnce<()>>::call_once
[INFO] [stdout]   14:     0x626a4387524b - test[aada8e7e76ba119b]::__rust_begin_short_backtrace::<core[a373ad73a504971]::result::Result<(), alloc[2e1b2a31b91974c5]::string::String>, fn() -> core[a373ad73a504971]::result::Result<(), alloc[2e1b2a31b91974c5]::string::String>>
[INFO] [stdout]   15:     0x626a43882425 - test[aada8e7e76ba119b]::run_test::{closure#0}
[INFO] [stdout]   16:     0x626a4387bd14 - std[617be2ca0a6fd877]::sys::backtrace::__rust_begin_short_backtrace::<test[aada8e7e76ba119b]::run_test::{closure#1}, ()>
[INFO] [stdout]   17:     0x626a438854b2 - <std[617be2ca0a6fd877]::thread::lifecycle::spawn_unchecked<test[aada8e7e76ba119b]::run_test::{closure#1}, ()>::{closure#1} as core[a373ad73a504971]::ops::function::FnOnce<()>>::call_once::{shim:vtable#0}
[INFO] [stdout]   18:     0x626a438f480f - <std[617be2ca0a6fd877]::sys::thread::unix::Thread>::new::thread_start
[INFO] [stdout]   19:     0x7ede9c528dfa - <unknown>
[INFO] [stdout]   20:     0x7ede9c5bc3d4 - clone
[INFO] [stdout]   21:                0x0 - <unknown>
[INFO] [stdout] 
[INFO] [stdout] ---- test_blocked_by_space_separated_unquoted stdout ----
[INFO] [stdout] 
[INFO] [stdout] thread 'test_blocked_by_space_separated_unquoted' (1870) panicked at tests/integration_test.rs:37:14:
[INFO] [stdout] Failed to execute radial command: Os { code: 2, kind: NotFound, message: "No such file or directory" }
[INFO] [stdout] stack backtrace:
[INFO] [stdout]    0:     0x626a438f54f1 - <<std[617be2ca0a6fd877]::sys::backtrace::BacktraceLock>::print::DisplayBacktrace as core[a373ad73a504971]::fmt::Display>::fmt
[INFO] [stdout]    1:     0x626a4390abea - core[a373ad73a504971]::fmt::write
[INFO] [stdout]    2:     0x626a438f996c - <alloc[2e1b2a31b91974c5]::vec::Vec<u8> as core[a373ad73a504971]::io::write::Write>::write_fmt
[INFO] [stdout]    3:     0x626a438cfcc6 - std[617be2ca0a6fd877]::panicking::default_hook::{closure#0}
[INFO] [stdout]    4:     0x626a438ecf29 - std[617be2ca0a6fd877]::panicking::default_hook
[INFO] [stdout]    5:     0x626a43881e00 - test[aada8e7e76ba119b]::test_main_inner::{closure#0}
[INFO] [stdout]    6:     0x626a438ed0e2 - std[617be2ca0a6fd877]::panicking::panic_with_hook
[INFO] [stdout]    7:     0x626a438cfd72 - std[617be2ca0a6fd877]::panicking::panic_handler::{closure#0}
[INFO] [stdout]    8:     0x626a438c87d9 - std[617be2ca0a6fd877]::sys::backtrace::__rust_end_short_backtrace::<std[617be2ca0a6fd877]::panicking::panic_handler::{closure#0}, !>
[INFO] [stdout]    9:     0x626a438d097d - __rustc[ea4f61d10b84890b]::rust_begin_unwind
[INFO] [stdout]   10:     0x626a4390b31c - core[a373ad73a504971]::panicking::panic_fmt
[INFO] [stdout]   11:     0x626a4390b0f2 - core[a373ad73a504971]::result::unwrap_failed
[INFO] [stdout]   12:     0x626a43849849 - <integration_test[2939aa730381b4da]::TestEnv>::run
[INFO] [stdout]   13:     0x626a43863a1d - <integration_test[2939aa730381b4da]::test_blocked_by_space_separated_unquoted::{closure#0} as core[a373ad73a504971]::ops::function::FnOnce<()>>::call_once
[INFO] [stdout]   14:     0x626a4387524b - test[aada8e7e76ba119b]::__rust_begin_short_backtrace::<core[a373ad73a504971]::result::Result<(), alloc[2e1b2a31b91974c5]::string::String>, fn() -> core[a373ad73a504971]::result::Result<(), alloc[2e1b2a31b91974c5]::string::String>>
[INFO] [stdout]   15:     0x626a43882425 - test[aada8e7e76ba119b]::run_test::{closure#0}
[INFO] [stdout]   16:     0x626a4387bd14 - std[617be2ca0a6fd877]::sys::backtrace::__rust_begin_short_backtrace::<test[aada8e7e76ba119b]::run_test::{closure#1}, ()>
[INFO] [stdout]   17:     0x626a438854b2 - <std[617be2ca0a6fd877]::thread::lifecycle::spawn_unchecked<test[aada8e7e76ba119b]::run_test::{closure#1}, ()>::{closure#1} as core[a373ad73a504971]::ops::function::FnOnce<()>>::call_once::{shim:vtable#0}
[INFO] [stdout]   18:     0x626a438f480f - <std[617be2ca0a6fd877]::sys::thread::unix::Thread>::new::thread_start
[INFO] [stdout]   19:     0x7ede9c528dfa - <unknown>
[INFO] [stdout]   20:     0x7ede9c5bc3d4 - clone
[INFO] [stdout]   21:                0x0 - <unknown>
[INFO] [stdout] 
[INFO] [stdout] ---- test_compact_analyze_finds_completed_tasks stdout ----
[INFO] [stdout] 
[INFO] [stdout] thread 'test_compact_analyze_finds_completed_tasks' (1882) panicked at tests/integration_test.rs:37:14:
[INFO] [stdout] Failed to execute radial command: Os { code: 2, kind: NotFound, message: "No such file or directory" }
[INFO] [stdout] stack backtrace:
[INFO] [stdout]    0:     0x626a438f54f1 - <<std[617be2ca0a6fd877]::sys::backtrace::BacktraceLock>::print::DisplayBacktrace as core[a373ad73a504971]::fmt::Display>::fmt
[INFO] [stdout]    1:     0x626a4390abea - core[a373ad73a504971]::fmt::write
[INFO] [stdout]    2:     0x626a438f996c - <alloc[2e1b2a31b91974c5]::vec::Vec<u8> as core[a373ad73a504971]::io::write::Write>::write_fmt
[INFO] [stdout]    3:     0x626a438cfcc6 - std[617be2ca0a6fd877]::panicking::default_hook::{closure#0}
[INFO] [stdout]    4:     0x626a438ecf29 - std[617be2ca0a6fd877]::panicking::default_hook
[INFO] [stdout]    5:     0x626a43881e00 - test[aada8e7e76ba119b]::test_main_inner::{closure#0}
[INFO] [stdout]    6:     0x626a438ed0e2 - std[617be2ca0a6fd877]::panicking::panic_with_hook
[INFO] [stdout]    7:     0x626a438cfd72 - std[617be2ca0a6fd877]::panicking::panic_handler::{closure#0}
[INFO] [stdout]    8:     0x626a438c87d9 - std[617be2ca0a6fd877]::sys::backtrace::__rust_end_short_backtrace::<std[617be2ca0a6fd877]::panicking::panic_handler::{closure#0}, !>
[INFO] [stdout]    9:     0x626a438d097d - __rustc[ea4f61d10b84890b]::rust_begin_unwind
[INFO] [stdout]   10:     0x626a4390b31c - core[a373ad73a504971]::panicking::panic_fmt
[INFO] [stdout]   11:     0x626a4390b0f2 - core[a373ad73a504971]::result::unwrap_failed
[INFO] [stdout]   12:     0x626a43849849 - <integration_test[2939aa730381b4da]::TestEnv>::run
[INFO] [stdout]   13:     0x626a43866d0a - <integration_test[2939aa730381b4da]::test_compact_analyze_finds_completed_tasks::{closure#0} as core[a373ad73a504971]::ops::function::FnOnce<()>>::call_once
[INFO] [stdout]   14:     0x626a4387524b - test[aada8e7e76ba119b]::__rust_begin_short_backtrace::<core[a373ad73a504971]::result::Result<(), alloc[2e1b2a31b91974c5]::string::String>, fn() -> core[a373ad73a504971]::result::Result<(), alloc[2e1b2a31b91974c5]::string::String>>
[INFO] [stdout]   15:     0x626a43882425 - test[aada8e7e76ba119b]::run_test::{closure#0}
[INFO] [stdout]   16:     0x626a4387bd14 - std[617be2ca0a6fd877]::sys::backtrace::__rust_begin_short_backtrace::<test[aada8e7e76ba119b]::run_test::{closure#1}, ()>
[INFO] [stdout]   17:     0x626a438854b2 - <std[617be2ca0a6fd877]::thread::lifecycle::spawn_unchecked<test[aada8e7e76ba119b]::run_test::{closure#1}, ()>::{closure#1} as core[a373ad73a504971]::ops::function::FnOnce<()>>::call_once::{shim:vtable#0}
[INFO] [stdout]   18:     0x626a438f480f - <std[617be2ca0a6fd877]::sys::thread::unix::Thread>::new::thread_start
[INFO] [stdout]   19:     0x7ede9c528dfa - <unknown>
[INFO] [stdout]   20:     0x7ede9c5bc3d4 - clone
[INFO] [stdout]   21:                0x0 - <unknown>
[INFO] [stdout] 
[INFO] [stdout] ---- test_directory_walkup stdout ----
[INFO] [stdout] 
[INFO] [stdout] thread 'test_directory_walkup' (1894) panicked at tests/integration_test.rs:37:14:
[INFO] [stdout] Failed to execute radial command: Os { code: 2, kind: NotFound, message: "No such file or directory" }
[INFO] [stdout] stack backtrace:
[INFO] [stdout]    0:     0x626a438f54f1 - <<std[617be2ca0a6fd877]::sys::backtrace::BacktraceLock>::print::DisplayBacktrace as core[a373ad73a504971]::fmt::Display>::fmt
[INFO] [stdout]    1:     0x626a4390abea - core[a373ad73a504971]::fmt::write
[INFO] [stdout]    2:     0x626a438f996c - <alloc[2e1b2a31b91974c5]::vec::Vec<u8> as core[a373ad73a504971]::io::write::Write>::write_fmt
[INFO] [stdout]    3:     0x626a438cfcc6 - std[617be2ca0a6fd877]::panicking::default_hook::{closure#0}
[INFO] [stdout]    4:     0x626a438ecf29 - std[617be2ca0a6fd877]::panicking::default_hook
[INFO] [stdout]    5:     0x626a43881e00 - test[aada8e7e76ba119b]::test_main_inner::{closure#0}
[INFO] [stdout]    6:     0x626a438ed0e2 - std[617be2ca0a6fd877]::panicking::panic_with_hook
[INFO] [stdout]    7:     0x626a438cfd72 - std[617be2ca0a6fd877]::panicking::panic_handler::{closure#0}
[INFO] [stdout]    8:     0x626a438c87d9 - std[617be2ca0a6fd877]::sys::backtrace::__rust_end_short_backtrace::<std[617be2ca0a6fd877]::panicking::panic_handler::{closure#0}, !>
[INFO] [stdout]    9:     0x626a438d097d - __rustc[ea4f61d10b84890b]::rust_begin_unwind
[INFO] [stdout]   10:     0x626a4390b31c - core[a373ad73a504971]::panicking::panic_fmt
[INFO] [stdout]   11:     0x626a4390b0f2 - core[a373ad73a504971]::result::unwrap_failed
[INFO] [stdout]   12:     0x626a43849849 - <integration_test[2939aa730381b4da]::TestEnv>::run
[INFO] [stdout]   13:     0x626a4384d970 - <integration_test[2939aa730381b4da]::test_directory_walkup::{closure#0} as core[a373ad73a504971]::ops::function::FnOnce<()>>::call_once
[INFO] [stdout]   14:     0x626a4387524b - test[aada8e7e76ba119b]::__rust_begin_short_backtrace::<core[a373ad73a504971]::result::Result<(), alloc[2e1b2a31b91974c5]::string::String>, fn() -> core[a373ad73a504971]::result::Result<(), alloc[2e1b2a31b91974c5]::string::String>>
[INFO] [stdout]   15:     0x626a43882425 - test[aada8e7e76ba119b]::run_test::{closure#0}
[INFO] [stdout]   16:     0x626a4387bd14 - std[617be2ca0a6fd877]::sys::backtrace::__rust_begin_short_backtrace::<test[aada8e7e76ba119b]::run_test::{closure#1}, ()>
[INFO] [stdout]   17:     0x626a438854b2 - <std[617be2ca0a6fd877]::thread::lifecycle::spawn_unchecked<test[aada8e7e76ba119b]::run_test::{closure#1}, ()>::{closure#1} as core[a373ad73a504971]::ops::function::FnOnce<()>>::call_once::{shim:vtable#0}
[INFO] [stdout]   18:     0x626a438f480f - <std[617be2ca0a6fd877]::sys::thread::unix::Thread>::new::thread_start
[INFO] [stdout]   19:     0x7ede9c528dfa - <unknown>
[INFO] [stdout]   20:     0x7ede9c5bc3d4 - clone
[INFO] [stdout]   21:                0x0 - <unknown>
[INFO] [stdout] 
[INFO] [stdout] ---- test_concurrent_task_claim_race stdout ----
[INFO] [stdout] 
[INFO] [stdout] thread 'test_concurrent_task_claim_race' (1889) panicked at tests/integration_test.rs:37:14:
[INFO] [stdout] Failed to execute radial command: Os { code: 2, kind: NotFound, message: "No such file or directory" }
[INFO] [stdout] stack backtrace:
[INFO] [stdout]    0:     0x626a438f54f1 - <<std[617be2ca0a6fd877]::sys::backtrace::BacktraceLock>::print::DisplayBacktrace as core[a373ad73a504971]::fmt::Display>::fmt
[INFO] [stdout]    1:     0x626a4390abea - core[a373ad73a504971]::fmt::write
[INFO] [stdout]    2:     0x626a438f996c - <alloc[2e1b2a31b91974c5]::vec::Vec<u8> as core[a373ad73a504971]::io::write::Write>::write_fmt
[INFO] [stdout]    3:     0x626a438cfcc6 - std[617be2ca0a6fd877]::panicking::default_hook::{closure#0}
[INFO] [stdout]    4:     0x626a438ecf29 - std[617be2ca0a6fd877]::panicking::default_hook
[INFO] [stdout]    5:     0x626a43881e00 - test[aada8e7e76ba119b]::test_main_inner::{closure#0}
[INFO] [stdout]    6:     0x626a438ed0e2 - std[617be2ca0a6fd877]::panicking::panic_with_hook
[INFO] [stdout]    7:     0x626a438cfd72 - std[617be2ca0a6fd877]::panicking::panic_handler::{closure#0}
[INFO] [stdout]    8:     0x626a438c87d9 - std[617be2ca0a6fd877]::sys::backtrace::__rust_end_short_backtrace::<std[617be2ca0a6fd877]::panicking::panic_handler::{closure#0}, !>
[INFO] [stdout]    9:     0x626a438d097d - __rustc[ea4f61d10b84890b]::rust_begin_unwind
[INFO] [stdout]   10:     0x626a4390b31c - core[a373ad73a504971]::panicking::panic_fmt
[INFO] [stdout]   11:     0x626a4390b0f2 - core[a373ad73a504971]::result::unwrap_failed
[INFO] [stdout]   12:     0x626a43849849 - <integration_test[2939aa730381b4da]::TestEnv>::run
[INFO] [stdout]   13:     0x626a4385b8ed - <integration_test[2939aa730381b4da]::test_concurrent_task_claim_race::{closure#0} as core[a373ad73a504971]::ops::function::FnOnce<()>>::call_once
[INFO] [stdout]   14:     0x626a4387524b - test[aada8e7e76ba119b]::__rust_begin_short_backtrace::<core[a373ad73a504971]::result::Result<(), alloc[2e1b2a31b91974c5]::string::String>, fn() -> core[a373ad73a504971]::result::Result<(), alloc[2e1b2a31b91974c5]::string::String>>
[INFO] [stdout]   15:     0x626a43882425 - test[aada8e7e76ba119b]::run_test::{closure#0}
[INFO] [stdout]   16:     0x626a4387bd14 - std[617be2ca0a6fd877]::sys::backtrace::__rust_begin_short_backtrace::<test[aada8e7e76ba119b]::run_test::{closure#1}, ()>
[INFO] [stdout]   17:     0x626a438854b2 - <std[617be2ca0a6fd877]::thread::lifecycle::spawn_unchecked<test[aada8e7e76ba119b]::run_test::{closure#1}, ()>::{closure#1} as core[a373ad73a504971]::ops::function::FnOnce<()>>::call_once::{shim:vtable#0}
[INFO] [stdout]   18:     0x626a438f480f - <std[617be2ca0a6fd877]::sys::thread::unix::Thread>::new::thread_start
[INFO] [stdout]   19:     0x7ede9c528dfa - <unknown>
[INFO] [stdout]   20:     0x7ede9c5bc3d4 - clone
[INFO] [stdout]   21:                0x0 - <unknown>
[INFO] [stdout] 
[INFO] [stdout] ---- test_create_task_and_workflow stdout ----
[INFO] [stdout] 
[INFO] [stdout] thread 'test_create_task_and_workflow' (1891) panicked at tests/integration_test.rs:37:14:
[INFO] [stdout] Failed to execute radial command: Os { code: 2, kind: NotFound, message: "No such file or directory" }
[INFO] [stdout] stack backtrace:
[INFO] [stdout]    0:     0x626a438f54f1 - <<std[617be2ca0a6fd877]::sys::backtrace::BacktraceLock>::print::DisplayBacktrace as core[a373ad73a504971]::fmt::Display>::fmt
[INFO] [stdout]    1:     0x626a4390abea - core[a373ad73a504971]::fmt::write
[INFO] [stdout]    2:     0x626a438f996c - <alloc[2e1b2a31b91974c5]::vec::Vec<u8> as core[a373ad73a504971]::io::write::Write>::write_fmt
[INFO] [stdout]    3:     0x626a438cfcc6 - std[617be2ca0a6fd877]::panicking::default_hook::{closure#0}
[INFO] [stdout]    4:     0x626a438ecf29 - std[617be2ca0a6fd877]::panicking::default_hook
[INFO] [stdout]    5:     0x626a43881e00 - test[aada8e7e76ba119b]::test_main_inner::{closure#0}
[INFO] [stdout]    6:     0x626a438ed0e2 - std[617be2ca0a6fd877]::panicking::panic_with_hook
[INFO] [stdout]    7:     0x626a438cfd72 - std[617be2ca0a6fd877]::panicking::panic_handler::{closure#0}
[INFO] [stdout]    8:     0x626a438c87d9 - std[617be2ca0a6fd877]::sys::backtrace::__rust_end_short_backtrace::<std[617be2ca0a6fd877]::panicking::panic_handler::{closure#0}, !>
[INFO] [stdout]    9:     0x626a438d097d - __rustc[ea4f61d10b84890b]::rust_begin_unwind
[INFO] [stdout]   10:     0x626a4390b31c - core[a373ad73a504971]::panicking::panic_fmt
[INFO] [stdout]   11:     0x626a4390b0f2 - core[a373ad73a504971]::result::unwrap_failed
[INFO] [stdout]   12:     0x626a43849849 - <integration_test[2939aa730381b4da]::TestEnv>::run
[INFO] [stdout]   13:     0x626a43855a0d - <integration_test[2939aa730381b4da]::test_create_task_and_workflow::{closure#0} as core[a373ad73a504971]::ops::function::FnOnce<()>>::call_once
[INFO] [stdout]   14:     0x626a4387524b - test[aada8e7e76ba119b]::__rust_begin_short_backtrace::<core[a373ad73a504971]::result::Result<(), alloc[2e1b2a31b91974c5]::string::String>, fn() -> core[a373ad73a504971]::result::Result<(), alloc[2e1b2a31b91974c5]::string::String>>
[INFO] [stdout]   15:     0x626a43882425 - test[aada8e7e76ba119b]::run_test::{closure#0}
[INFO] [stdout]   16:     0x626a4387bd14 - std[617be2ca0a6fd877]::sys::backtrace::__rust_begin_short_backtrace::<test[aada8e7e76ba119b]::run_test::{closure#1}, ()>
[INFO] [stdout]   17:     0x626a438854b2 - <std[617be2ca0a6fd877]::thread::lifecycle::spawn_unchecked<test[aada8e7e76ba119b]::run_test::{closure#1}, ()>::{closure#1} as core[a373ad73a504971]::ops::function::FnOnce<()>>::call_once::{shim:vtable#0}
[INFO] [stdout]   18:     0x626a438f480f - <std[617be2ca0a6fd877]::sys::thread::unix::Thread>::new::thread_start
[INFO] [stdout]   19:     0x7ede9c528dfa - <unknown>
[INFO] [stdout]   20:     0x7ede9c5bc3d4 - clone
[INFO] [stdout]   21:                0x0 - <unknown>
[INFO] [stdout] 
[INFO] [stdout] ---- test_edit_task_blocked_by_rejects_cycles stdout ----
[INFO] [stdout] 
[INFO] [stdout] thread 'test_edit_task_blocked_by_rejects_cycles' (1897) panicked at tests/integration_test.rs:37:14:
[INFO] [stdout] Failed to execute radial command: Os { code: 2, kind: NotFound, message: "No such file or directory" }
[INFO] [stdout] stack backtrace:
[INFO] [stdout]    0:     0x626a438f54f1 - <<std[617be2ca0a6fd877]::sys::backtrace::BacktraceLock>::print::DisplayBacktrace as core[a373ad73a504971]::fmt::Display>::fmt
[INFO] [stdout]    1:     0x626a4390abea - core[a373ad73a504971]::fmt::write
[INFO] [stdout]    2:     0x626a438f996c - <alloc[2e1b2a31b91974c5]::vec::Vec<u8> as core[a373ad73a504971]::io::write::Write>::write_fmt
[INFO] [stdout]    3:     0x626a438cfcc6 - std[617be2ca0a6fd877]::panicking::default_hook::{closure#0}
[INFO] [stdout]    4:     0x626a438ecf29 - std[617be2ca0a6fd877]::panicking::default_hook
[INFO] [stdout]    5:     0x626a43881e00 - test[aada8e7e76ba119b]::test_main_inner::{closure#0}
[INFO] [stdout]    6:     0x626a438ed0e2 - std[617be2ca0a6fd877]::panicking::panic_with_hook
[INFO] [stdout]    7:     0x626a438cfd72 - std[617be2ca0a6fd877]::panicking::panic_handler::{closure#0}
[INFO] [stdout]    8:     0x626a438c87d9 - std[617be2ca0a6fd877]::sys::backtrace::__rust_end_short_backtrace::<std[617be2ca0a6fd877]::panicking::panic_handler::{closure#0}, !>
[INFO] [stdout]    9:     0x626a438d097d - __rustc[ea4f61d10b84890b]::rust_begin_unwind
[INFO] [stdout]   10:     0x626a4390b31c - core[a373ad73a504971]::panicking::panic_fmt
[INFO] [stdout]   11:     0x626a4390b0f2 - core[a373ad73a504971]::result::unwrap_failed
[INFO] [stdout]   12:     0x626a43849849 - <integration_test[2939aa730381b4da]::TestEnv>::run
[INFO] [stdout]   13:     0x626a4386451d - <integration_test[2939aa730381b4da]::test_edit_task_blocked_by_rejects_cycles::{closure#0} as core[a373ad73a504971]::ops::function::FnOnce<()>>::call_once
[INFO] [stdout]   14:     0x626a4387524b - test[aada8e7e76ba119b]::__rust_begin_short_backtrace::<core[a373ad73a504971]::result::Result<(), alloc[2e1b2a31b91974c5]::string::String>, fn() -> core[a373ad73a504971]::result::Result<(), alloc[2e1b2a31b91974c5]::string::String>>
[INFO] [stdout]   15:     0x626a43882425 - test[aada8e7e76ba119b]::run_test::{closure#0}
[INFO] [stdout]   16:     0x626a4387bd14 - std[617be2ca0a6fd877]::sys::backtrace::__rust_begin_short_backtrace::<test[aada8e7e76ba119b]::run_test::{closure#1}, ()>
[INFO] [stdout]   17:     0x626a438854b2 - <std[617be2ca0a6fd877]::thread::lifecycle::spawn_unchecked<test[aada8e7e76ba119b]::run_test::{closure#1}, ()>::{closure#1} as core[a373ad73a504971]::ops::function::FnOnce<()>>::call_once::{shim:vtable#0}
[INFO] [stdout]   18:     0x626a438f480f - <std[617be2ca0a6fd877]::sys::thread::unix::Thread>::new::thread_start
[INFO] [stdout]   19:     0x7ede9c528dfa - <unknown>
[INFO] [stdout]   20:     0x7ede9c5bc3d4 - clone
[INFO] [stdout]   21:                0x0 - <unknown>
[INFO] [stdout] 
[INFO] [stdout] ---- test_goal_completion stdout ----
[INFO] [stdout] 
[INFO] [stdout] thread 'test_goal_completion' (1900) panicked at tests/integration_test.rs:37:14:
[INFO] [stdout] Failed to execute radial command: Os { code: 2, kind: NotFound, message: "No such file or directory" }
[INFO] [stdout] stack backtrace:
[INFO] [stdout]    0:     0x626a438f54f1 - <<std[617be2ca0a6fd877]::sys::backtrace::BacktraceLock>::print::DisplayBacktrace as core[a373ad73a504971]::fmt::Display>::fmt
[INFO] [stdout]    1:     0x626a4390abea - core[a373ad73a504971]::fmt::write
[INFO] [stdout]    2:     0x626a438f996c - <alloc[2e1b2a31b91974c5]::vec::Vec<u8> as core[a373ad73a504971]::io::write::Write>::write_fmt
[INFO] [stdout]    3:     0x626a438cfcc6 - std[617be2ca0a6fd877]::panicking::default_hook::{closure#0}
[INFO] [stdout]    4:     0x626a438ecf29 - std[617be2ca0a6fd877]::panicking::default_hook
[INFO] [stdout]    5:     0x626a43881e00 - test[aada8e7e76ba119b]::test_main_inner::{closure#0}
[INFO] [stdout]    6:     0x626a438ed0e2 - std[617be2ca0a6fd877]::panicking::panic_with_hook
[INFO] [stdout]    7:     0x626a438cfd72 - std[617be2ca0a6fd877]::panicking::panic_handler::{closure#0}
[INFO] [stdout]    8:     0x626a438c87d9 - std[617be2ca0a6fd877]::sys::backtrace::__rust_end_short_backtrace::<std[617be2ca0a6fd877]::panicking::panic_handler::{closure#0}, !>
[INFO] [stdout]    9:     0x626a438d097d - __rustc[ea4f61d10b84890b]::rust_begin_unwind
[INFO] [stdout]   10:     0x626a4390b31c - core[a373ad73a504971]::panicking::panic_fmt
[INFO] [stdout]   11:     0x626a4390b0f2 - core[a373ad73a504971]::result::unwrap_failed
[INFO] [stdout]   12:     0x626a43849849 - <integration_test[2939aa730381b4da]::TestEnv>::run
[INFO] [stdout]   13:     0x626a4384c91d - <integration_test[2939aa730381b4da]::test_goal_completion::{closure#0} as core[a373ad73a504971]::ops::function::FnOnce<()>>::call_once
[INFO] [stdout]   14:     0x626a4387524b - test[aada8e7e76ba119b]::__rust_begin_short_backtrace::<core[a373ad73a504971]::result::Result<(), alloc[2e1b2a31b91974c5]::string::String>, fn() -> core[a373ad73a504971]::result::Result<(), alloc[2e1b2a31b91974c5]::string::String>>
[INFO] [stdout]   15:     0x626a43882425 - test[aada8e7e76ba119b]::run_test::{closure#0}
[INFO] [stdout]   16:     0x626a4387bd14 - std[617be2ca0a6fd877]::sys::backtrace::__rust_begin_short_backtrace::<test[aada8e7e76ba119b]::run_test::{closure#1}, ()>
[INFO] [stdout]   17:     0x626a438854b2 - <std[617be2ca0a6fd877]::thread::lifecycle::spawn_unchecked<test[aada8e7e76ba119b]::run_test::{closure#1}, ()>::{closure#1} as core[a373ad73a504971]::ops::function::FnOnce<()>>::call_once::{shim:vtable#0}
[INFO] [stdout]   18:     0x626a438f480f - <std[617be2ca0a6fd877]::sys::thread::unix::Thread>::new::thread_start
[INFO] [stdout]   19:     0x7ede9c528dfa - <unknown>
[INFO] [stdout]   20:     0x7ede9c5bc3d4 - clone
[INFO] [stdout]   21:                0x0 - <unknown>
[INFO] [stdout] 
[INFO] [stdout] ---- test_compact_apply_rejects_pending_task stdout ----
[INFO] [stdout] 
[INFO] [stdout] thread 'test_compact_apply_rejects_pending_task' (1886) panicked at tests/integration_test.rs:37:14:
[INFO] [stdout] Failed to execute radial command: Os { code: 2, kind: NotFound, message: "No such file or directory" }
[INFO] [stdout] stack backtrace:
[INFO] [stdout]    0:     0x626a438f54f1 - <<std[617be2ca0a6fd877]::sys::backtrace::BacktraceLock>::print::DisplayBacktrace as core[a373ad73a504971]::fmt::Display>::fmt
[INFO] [stdout]    1:     0x626a4390abea - core[a373ad73a504971]::fmt::write
[INFO] [stdout]    2:     0x626a438f996c - <alloc[2e1b2a31b91974c5]::vec::Vec<u8> as core[a373ad73a504971]::io::write::Write>::write_fmt
[INFO] [stdout]    3:     0x626a438cfcc6 - std[617be2ca0a6fd877]::panicking::default_hook::{closure#0}
[INFO] [stdout]    4:     0x626a438ecf29 - std[617be2ca0a6fd877]::panicking::default_hook
[INFO] [stdout]    5:     0x626a43881e00 - test[aada8e7e76ba119b]::test_main_inner::{closure#0}
[INFO] [stdout]    6:     0x626a438ed0e2 - std[617be2ca0a6fd877]::panicking::panic_with_hook
[INFO] [stdout]    7:     0x626a438cfd72 - std[617be2ca0a6fd877]::panicking::panic_handler::{closure#0}
[INFO] [stdout]    8:     0x626a438c87d9 - std[617be2ca0a6fd877]::sys::backtrace::__rust_end_short_backtrace::<std[617be2ca0a6fd877]::panicking::panic_handler::{closure#0}, !>
[INFO] [stdout]    9:     0x626a438d097d - __rustc[ea4f61d10b84890b]::rust_begin_unwind
[INFO] [stdout]   10:     0x626a4390b31c - core[a373ad73a504971]::panicking::panic_fmt
[INFO] [stdout]   11:     0x626a4390b0f2 - core[a373ad73a504971]::result::unwrap_failed
[INFO] [stdout]   12:     0x626a43849849 - <integration_test[2939aa730381b4da]::TestEnv>::run
[INFO] [stdout]   13:     0x626a438619ed - <integration_test[2939aa730381b4da]::test_compact_apply_rejects_pending_task::{closure#0} as core[a373ad73a504971]::ops::function::FnOnce<()>>::call_once
[INFO] [stdout]   14:     0x626a4387524b - test[aada8e7e76ba119b]::__rust_begin_short_backtrace::<core[a373ad73a504971]::result::Result<(), alloc[2e1b2a31b91974c5]::string::String>, fn() -> core[a373ad73a504971]::result::Result<(), alloc[2e1b2a31b91974c5]::string::String>>
[INFO] [stdout]   15:     0x626a43882425 - test[aada8e7e76ba119b]::run_test::{closure#0}
[INFO] [stdout]   16:     0x626a4387bd14 - std[617be2ca0a6fd877]::sys::backtrace::__rust_begin_short_backtrace::<test[aada8e7e76ba119b]::run_test::{closure#1}, ()>
[INFO] [stdout]   17:     0x626a438854b2 - <std[617be2ca0a6fd877]::thread::lifecycle::spawn_unchecked<test[aada8e7e76ba119b]::run_test::{closure#1}, ()>::{closure#1} as core[a373ad73a504971]::ops::function::FnOnce<()>>::call_once::{shim:vtable#0}
[INFO] [stdout]   18:     0x626a438f480f - <std[617be2ca0a6fd877]::sys::thread::unix::Thread>::new::thread_start
[INFO] [stdout]   19:     0x7ede9c528dfa - <unknown>
[INFO] [stdout]   20:     0x7ede9c5bc3d4 - clone
[INFO] [stdout]   21:                0x0 - <unknown>
[INFO] [stdout] 
[INFO] [stdout] ---- test_delete_cascades_blocked_by_cleanup stdout ----
[INFO] [stdout] 
[INFO] [stdout] thread 'test_delete_cascades_blocked_by_cleanup' (1893) panicked at tests/integration_test.rs:37:14:
[INFO] [stdout] Failed to execute radial command: Os { code: 2, kind: NotFound, message: "No such file or directory" }
[INFO] [stdout] stack backtrace:
[INFO] [stdout]    0:     0x626a438f54f1 - <<std[617be2ca0a6fd877]::sys::backtrace::BacktraceLock>::print::DisplayBacktrace as core[a373ad73a504971]::fmt::Display>::fmt
[INFO] [stdout]    1:     0x626a4390abea - core[a373ad73a504971]::fmt::write
[INFO] [stdout]    2:     0x626a438f996c - <alloc[2e1b2a31b91974c5]::vec::Vec<u8> as core[a373ad73a504971]::io::write::Write>::write_fmt
[INFO] [stdout]    3:     0x626a438cfcc6 - std[617be2ca0a6fd877]::panicking::default_hook::{closure#0}
[INFO] [stdout]    4:     0x626a438ecf29 - std[617be2ca0a6fd877]::panicking::default_hook
[INFO] [stdout]    5:     0x626a43881e00 - test[aada8e7e76ba119b]::test_main_inner::{closure#0}
[INFO] [stdout]    6:     0x626a438ed0e2 - std[617be2ca0a6fd877]::panicking::panic_with_hook
[INFO] [stdout]    7:     0x626a438cfd72 - std[617be2ca0a6fd877]::panicking::panic_handler::{closure#0}
[INFO] [stdout]    8:     0x626a438c87d9 - std[617be2ca0a6fd877]::sys::backtrace::__rust_end_short_backtrace::<std[617be2ca0a6fd877]::panicking::panic_handler::{closure#0}, !>
[INFO] [stdout]    9:     0x626a438d097d - __rustc[ea4f61d10b84890b]::rust_begin_unwind
[INFO] [stdout]   10:     0x626a4390b31c - core[a373ad73a504971]::panicking::panic_fmt
[INFO] [stdout]   11:     0x626a4390b0f2 - core[a373ad73a504971]::result::unwrap_failed
[INFO] [stdout]   12:     0x626a43849849 - <integration_test[2939aa730381b4da]::TestEnv>::run
[INFO] [stdout]   13:     0x626a438620c5 - <integration_test[2939aa730381b4da]::test_delete_cascades_blocked_by_cleanup::{closure#0} as core[a373ad73a504971]::ops::function::FnOnce<()>>::call_once
[INFO] [stdout]   14:     0x626a4387524b - test[aada8e7e76ba119b]::__rust_begin_short_backtrace::<core[a373ad73a504971]::result::Result<(), alloc[2e1b2a31b91974c5]::string::String>, fn() -> core[a373ad73a504971]::result::Result<(), alloc[2e1b2a31b91974c5]::string::String>>
[INFO] [stdout]   15:     0x626a43882425 - test[aada8e7e76ba119b]::run_test::{closure#0}
[INFO] [stdout]   16:     0x626a4387bd14 - std[617be2ca0a6fd877]::sys::backtrace::__rust_begin_short_backtrace::<test[aada8e7e76ba119b]::run_test::{closure#1}, ()>
[INFO] [stdout]   17:     0x626a438854b2 - <std[617be2ca0a6fd877]::thread::lifecycle::spawn_unchecked<test[aada8e7e76ba119b]::run_test::{closure#1}, ()>::{closure#1} as core[a373ad73a504971]::ops::function::FnOnce<()>>::call_once::{shim:vtable#0}
[INFO] [stdout]   18:     0x626a438f480f - <std[617be2ca0a6fd877]::sys::thread::unix::Thread>::new::thread_start
[INFO] [stdout]   19:     0x7ede9c528dfa - <unknown>
[INFO] [stdout]   20:     0x7ede9c5bc3d4 - clone
[INFO] [stdout]   21:                0x0 - <unknown>
[INFO] [stdout] 
[INFO] [stdout] ---- test_compact_analyze_json stdout ----
[INFO] [stdout] 
[INFO] [stdout] thread 'test_compact_analyze_json' (1883) panicked at tests/integration_test.rs:37:14:
[INFO] [stdout] Failed to execute radial command: Os { code: 2, kind: NotFound, message: "No such file or directory" }
[INFO] [stdout] stack backtrace:
[INFO] [stdout]    0:     0x626a438f54f1 - <<std[617be2ca0a6fd877]::sys::backtrace::BacktraceLock>::print::DisplayBacktrace as core[a373ad73a504971]::fmt::Display>::fmt
[INFO] [stdout]    1:     0x626a4390abea - core[a373ad73a504971]::fmt::write
[INFO] [stdout]    2:     0x626a438f996c - <alloc[2e1b2a31b91974c5]::vec::Vec<u8> as core[a373ad73a504971]::io::write::Write>::write_fmt
[INFO] [stdout]    3:     0x626a438cfcc6 - std[617be2ca0a6fd877]::panicking::default_hook::{closure#0}
[INFO] [stdout]    4:     0x626a438ecf29 - std[617be2ca0a6fd877]::panicking::default_hook
[INFO] [stdout]    5:     0x626a43881e00 - test[aada8e7e76ba119b]::test_main_inner::{closure#0}
[INFO] [stdout]    6:     0x626a438ed0e2 - std[617be2ca0a6fd877]::panicking::panic_with_hook
[INFO] [stdout]    7:     0x626a438cfd72 - std[617be2ca0a6fd877]::panicking::panic_handler::{closure#0}
[INFO] [stdout]    8:     0x626a438c87d9 - std[617be2ca0a6fd877]::sys::backtrace::__rust_end_short_backtrace::<std[617be2ca0a6fd877]::panicking::panic_handler::{closure#0}, !>
[INFO] [stdout]    9:     0x626a438d097d - __rustc[ea4f61d10b84890b]::rust_begin_unwind
[INFO] [stdout]   10:     0x626a4390b31c - core[a373ad73a504971]::panicking::panic_fmt
[INFO] [stdout]   11:     0x626a4390b0f2 - core[a373ad73a504971]::result::unwrap_failed
[INFO] [stdout]   12:     0x626a43849849 - <integration_test[2939aa730381b4da]::TestEnv>::run
[INFO] [stdout]   13:     0x626a43852712 - <integration_test[2939aa730381b4da]::test_compact_analyze_json::{closure#0} as core[a373ad73a504971]::ops::function::FnOnce<()>>::call_once
[INFO] [stdout]   14:     0x626a4387524b - test[aada8e7e76ba119b]::__rust_begin_short_backtrace::<core[a373ad73a504971]::result::Result<(), alloc[2e1b2a31b91974c5]::string::String>, fn() -> core[a373ad73a504971]::result::Result<(), alloc[2e1b2a31b91974c5]::string::String>>
[INFO] [stdout]   15:     0x626a43882425 - test[aada8e7e76ba119b]::run_test::{closure#0}
[INFO] [stdout]   16:     0x626a4387bd14 - std[617be2ca0a6fd877]::sys::backtrace::__rust_begin_short_backtrace::<test[aada8e7e76ba119b]::run_test::{closure#1}, ()>
[INFO] [stdout]   17:     0x626a438854b2 - <std[617be2ca0a6fd877]::thread::lifecycle::spawn_unchecked<test[aada8e7e76ba119b]::run_test::{closure#1}, ()>::{closure#1} as core[a373ad73a504971]::ops::function::FnOnce<()>>::call_once::{shim:vtable#0}
[INFO] [stdout]   18:     0x626a438f480f - <std[617be2ca0a6fd877]::sys::thread::unix::Thread>::new::thread_start
[INFO] [stdout]   19:     0x7ede9c528dfa - <unknown>
[INFO] [stdout]   20:     0x7ede9c5bc3d4 - clone
[INFO] [stdout]   21:                0x0 - <unknown>
[INFO] [stdout] 
[INFO] [stdout] ---- test_goal_stays_pending_until_task_start stdout ----
[INFO] [stdout] 
[INFO] [stdout] thread 'test_goal_stays_pending_until_task_start' (1904) panicked at tests/integration_test.rs:37:14:
[INFO] [stdout] Failed to execute radial command: Os { code: 2, kind: NotFound, message: "No such file or directory" }
[INFO] [stdout] stack backtrace:
[INFO] [stdout]    0:     0x626a438f54f1 - <<std[617be2ca0a6fd877]::sys::backtrace::BacktraceLock>::print::DisplayBacktrace as core[a373ad73a504971]::fmt::Display>::fmt
[INFO] [stdout]    1:     0x626a4390abea - core[a373ad73a504971]::fmt::write
[INFO] [stdout]    2:     0x626a438f996c - <alloc[2e1b2a31b91974c5]::vec::Vec<u8> as core[a373ad73a504971]::io::write::Write>::write_fmt
[INFO] [stdout]    3:     0x626a438cfcc6 - std[617be2ca0a6fd877]::panicking::default_hook::{closure#0}
[INFO] [stdout]    4:     0x626a438ecf29 - std[617be2ca0a6fd877]::panicking::default_hook
[INFO] [stdout]    5:     0x626a43881e00 - test[aada8e7e76ba119b]::test_main_inner::{closure#0}
[INFO] [stdout]    6:     0x626a438ed0e2 - std[617be2ca0a6fd877]::panicking::panic_with_hook
[INFO] [stdout]    7:     0x626a438cfd72 - std[617be2ca0a6fd877]::panicking::panic_handler::{closure#0}
[INFO] [stdout]    8:     0x626a438c87d9 - std[617be2ca0a6fd877]::sys::backtrace::__rust_end_short_backtrace::<std[617be2ca0a6fd877]::panicking::panic_handler::{closure#0}, !>
[INFO] [stdout]    9:     0x626a438d097d - __rustc[ea4f61d10b84890b]::rust_begin_unwind
[INFO] [stdout]   10:     0x626a4390b31c - core[a373ad73a504971]::panicking::panic_fmt
[INFO] [stdout]   11:     0x626a4390b0f2 - core[a373ad73a504971]::result::unwrap_failed
[INFO] [stdout]   12:     0x626a43849849 - <integration_test[2939aa730381b4da]::TestEnv>::run
[INFO] [stdout]   13:     0x626a4386548d - <integration_test[2939aa730381b4da]::test_goal_stays_pending_until_task_start::{closure#0} as core[a373ad73a504971]::ops::function::FnOnce<()>>::call_once
[INFO] [stdout]   14:     0x626a4387524b - test[aada8e7e76ba119b]::__rust_begin_short_backtrace::<core[a373ad73a504971]::result::Result<(), alloc[2e1b2a31b91974c5]::string::String>, fn() -> core[a373ad73a504971]::result::Result<(), alloc[2e1b2a31b91974c5]::string::String>>
[INFO] [stdout]   15:     0x626a43882425 - test[aada8e7e76ba119b]::run_test::{closure#0}
[INFO] [stdout]   16:     0x626a4387bd14 - std[617be2ca0a6fd877]::sys::backtrace::__rust_begin_short_backtrace::<test[aada8e7e76ba119b]::run_test::{closure#1}, ()>
[INFO] [stdout]   17:     0x626a438854b2 - <std[617be2ca0a6fd877]::thread::lifecycle::spawn_unchecked<test[aada8e7e76ba119b]::run_test::{closure#1}, ()>::{closure#1} as core[a373ad73a504971]::ops::function::FnOnce<()>>::call_once::{shim:vtable#0}
[INFO] [stdout]   18:     0x626a438f480f - <std[617be2ca0a6fd877]::sys::thread::unix::Thread>::new::thread_start
[INFO] [stdout]   19:     0x7ede9c528dfa - <unknown>
[INFO] [stdout]   20:     0x7ede9c5bc3d4 - clone
[INFO] [stdout]   21:                0x0 - <unknown>
[INFO] [stdout] 
[INFO] [stdout] ---- test_compact_not_in_analyze_after_compaction stdout ----
[INFO] [stdout] 
[INFO] [stdout] thread 'test_compact_not_in_analyze_after_compaction' (1888) panicked at tests/integration_test.rs:37:14:
[INFO] [stdout] Failed to execute radial command: Os { code: 2, kind: NotFound, message: "No such file or directory" }
[INFO] [stdout] stack backtrace:
[INFO] [stdout]    0:     0x626a438f54f1 - <<std[617be2ca0a6fd877]::sys::backtrace::BacktraceLock>::print::DisplayBacktrace as core[a373ad73a504971]::fmt::Display>::fmt
[INFO] [stdout]    1:     0x626a4390abea - core[a373ad73a504971]::fmt::write
[INFO] [stdout]    2:     0x626a438f996c - <alloc[2e1b2a31b91974c5]::vec::Vec<u8> as core[a373ad73a504971]::io::write::Write>::write_fmt
[INFO] [stdout]    3:     0x626a438cfcc6 - std[617be2ca0a6fd877]::panicking::default_hook::{closure#0}
[INFO] [stdout]    4:     0x626a438ecf29 - std[617be2ca0a6fd877]::panicking::default_hook
[INFO] [stdout]    5:     0x626a43881e00 - test[aada8e7e76ba119b]::test_main_inner::{closure#0}
[INFO] [stdout]    6:     0x626a438ed0e2 - std[617be2ca0a6fd877]::panicking::panic_with_hook
[INFO] [stdout]    7:     0x626a438cfd72 - std[617be2ca0a6fd877]::panicking::panic_handler::{closure#0}
[INFO] [stdout]    8:     0x626a438c87d9 - std[617be2ca0a6fd877]::sys::backtrace::__rust_end_short_backtrace::<std[617be2ca0a6fd877]::panicking::panic_handler::{closure#0}, !>
[INFO] [stdout]    9:     0x626a438d097d - __rustc[ea4f61d10b84890b]::rust_begin_unwind
[INFO] [stdout]   10:     0x626a4390b31c - core[a373ad73a504971]::panicking::panic_fmt
[INFO] [stdout]   11:     0x626a4390b0f2 - core[a373ad73a504971]::result::unwrap_failed
[INFO] [stdout]   12:     0x626a43849849 - <integration_test[2939aa730381b4da]::TestEnv>::run
[INFO] [stdout]   13:     0x626a4386874d - <integration_test[2939aa730381b4da]::test_compact_not_in_analyze_after_compaction::{closure#0} as core[a373ad73a504971]::ops::function::FnOnce<()>>::call_once
[INFO] [stdout]   14:     0x626a4387524b - test[aada8e7e76ba119b]::__rust_begin_short_backtrace::<core[a373ad73a504971]::result::Result<(), alloc[2e1b2a31b91974c5]::string::String>, fn() -> core[a373ad73a504971]::result::Result<(), alloc[2e1b2a31b91974c5]::string::String>>
[INFO] [stdout]   15:     0x626a43882425 - test[aada8e7e76ba119b]::run_test::{closure#0}
[INFO] [stdout]   16:     0x626a4387bd14 - std[617be2ca0a6fd877]::sys::backtrace::__rust_begin_short_backtrace::<test[aada8e7e76ba119b]::run_test::{closure#1}, ()>
[INFO] [stdout]   17:     0x626a438854b2 - <std[617be2ca0a6fd877]::thread::lifecycle::spawn_unchecked<test[aada8e7e76ba119b]::run_test::{closure#1}, ()>::{closure#1} as core[a373ad73a504971]::ops::function::FnOnce<()>>::call_once::{shim:vtable#0}
[INFO] [stdout]   18:     0x626a438f480f - <std[617be2ca0a6fd877]::sys::thread::unix::Thread>::new::thread_start
[INFO] [stdout]   19:     0x7ede9c528dfa - <unknown>
[INFO] [stdout]   20:     0x7ede9c5bc3d4 - clone
[INFO] [stdout]   21:                0x0 - <unknown>
[INFO] [stdout] 
[INFO] [stdout] ---- test_compact_apply_success stdout ----
[INFO] [stdout] 
[INFO] [stdout] thread 'test_compact_apply_success' (1887) panicked at tests/integration_test.rs:37:14:
[INFO] [stdout] Failed to execute radial command: Os { code: 2, kind: NotFound, message: "No such file or directory" }
[INFO] [stdout] stack backtrace:
[INFO] [stdout]    0:     0x626a438f54f1 - <<std[617be2ca0a6fd877]::sys::backtrace::BacktraceLock>::print::DisplayBacktrace as core[a373ad73a504971]::fmt::Display>::fmt
[INFO] [stdout]    1:     0x626a4390abea - core[a373ad73a504971]::fmt::write
[INFO] [stdout]    2:     0x626a438f996c - <alloc[2e1b2a31b91974c5]::vec::Vec<u8> as core[a373ad73a504971]::io::write::Write>::write_fmt
[INFO] [stdout]    3:     0x626a438cfcc6 - std[617be2ca0a6fd877]::panicking::default_hook::{closure#0}
[INFO] [stdout]    4:     0x626a438ecf29 - std[617be2ca0a6fd877]::panicking::default_hook
[INFO] [stdout]    5:     0x626a43881e00 - test[aada8e7e76ba119b]::test_main_inner::{closure#0}
[INFO] [stdout]    6:     0x626a438ed0e2 - std[617be2ca0a6fd877]::panicking::panic_with_hook
[INFO] [stdout]    7:     0x626a438cfd72 - std[617be2ca0a6fd877]::panicking::panic_handler::{closure#0}
[INFO] [stdout]    8:     0x626a438c87d9 - std[617be2ca0a6fd877]::sys::backtrace::__rust_end_short_backtrace::<std[617be2ca0a6fd877]::panicking::panic_handler::{closure#0}, !>
[INFO] [stdout]    9:     0x626a438d097d - __rustc[ea4f61d10b84890b]::rust_begin_unwind
[INFO] [stdout]   10:     0x626a4390b31c - core[a373ad73a504971]::panicking::panic_fmt
[INFO] [stdout]   11:     0x626a4390b0f2 - core[a373ad73a504971]::result::unwrap_failed
[INFO] [stdout]   12:     0x626a43849849 - <integration_test[2939aa730381b4da]::TestEnv>::run
[INFO] [stdout]   13:     0x626a43852dad - <integration_test[2939aa730381b4da]::test_compact_apply_success::{closure#0} as core[a373ad73a504971]::ops::function::FnOnce<()>>::call_once
[INFO] [stdout]   14:     0x626a4387524b - test[aada8e7e76ba119b]::__rust_begin_short_backtrace::<core[a373ad73a504971]::result::Result<(), alloc[2e1b2a31b91974c5]::string::String>, fn() -> core[a373ad73a504971]::result::Result<(), alloc[2e1b2a31b91974c5]::string::String>>
[INFO] [stdout]   15:     0x626a43882425 - test[aada8e7e76ba119b]::run_test::{closure#0}
[INFO] [stdout]   16:     0x626a4387bd14 - std[617be2ca0a6fd877]::sys::backtrace::__rust_begin_short_backtrace::<test[aada8e7e76ba119b]::run_test::{closure#1}, ()>
[INFO] [stdout]   17:     0x626a438854b2 - <std[617be2ca0a6fd877]::thread::lifecycle::spawn_unchecked<test[aada8e7e76ba119b]::run_test::{closure#1}, ()>::{closure#1} as core[a373ad73a504971]::ops::function::FnOnce<()>>::call_once::{shim:vtable#0}
[INFO] [stdout]   18:     0x626a438f480f - <std[617be2ca0a6fd877]::sys::thread::unix::Thread>::new::thread_start
[INFO] [stdout]   19:     0x7ede9c528dfa - <unknown>
[INFO] [stdout]   20:     0x7ede9c5bc3d4 - clone
[INFO] [stdout]   21:                0x0 - <unknown>
[INFO] [stdout] 
[INFO] [stdout] ---- test_compact_apply_already_compacted stdout ----
[INFO] [stdout] 
[INFO] [stdout] thread 'test_compact_apply_already_compacted' (1884) panicked at tests/integration_test.rs:37:14:
[INFO] [stdout] Failed to execute radial command: Os { code: 2, kind: NotFound, message: "No such file or directory" }
[INFO] [stdout] stack backtrace:
[INFO] [stdout]    0:     0x626a438f54f1 - <<std[617be2ca0a6fd877]::sys::backtrace::BacktraceLock>::print::DisplayBacktrace as core[a373ad73a504971]::fmt::Display>::fmt
[INFO] [stdout]    1:     0x626a4390abea - core[a373ad73a504971]::fmt::write
[INFO] [stdout]    2:     0x626a438f996c - <alloc[2e1b2a31b91974c5]::vec::Vec<u8> as core[a373ad73a504971]::io::write::Write>::write_fmt
[INFO] [stdout]    3:     0x626a438cfcc6 - std[617be2ca0a6fd877]::panicking::default_hook::{closure#0}
[INFO] [stdout]    4:     0x626a438ecf29 - std[617be2ca0a6fd877]::panicking::default_hook
[INFO] [stdout]    5:     0x626a43881e00 - test[aada8e7e76ba119b]::test_main_inner::{closure#0}
[INFO] [stdout]    6:     0x626a438ed0e2 - std[617be2ca0a6fd877]::panicking::panic_with_hook
[INFO] [stdout]    7:     0x626a438cfd72 - std[617be2ca0a6fd877]::panicking::panic_handler::{closure#0}
[INFO] [stdout]    8:     0x626a438c87d9 - std[617be2ca0a6fd877]::sys::backtrace::__rust_end_short_backtrace::<std[617be2ca0a6fd877]::panicking::panic_handler::{closure#0}, !>
[INFO] [stdout]    9:     0x626a438d097d - __rustc[ea4f61d10b84890b]::rust_begin_unwind
[INFO] [stdout]   10:     0x626a4390b31c - core[a373ad73a504971]::panicking::panic_fmt
[INFO] [stdout]   11:     0x626a4390b0f2 - core[a373ad73a504971]::result::unwrap_failed
[INFO] [stdout]   12:     0x626a43849849 - <integration_test[2939aa730381b4da]::TestEnv>::run
[INFO] [stdout]   13:     0x626a4385f9ad - <integration_test[2939aa730381b4da]::test_compact_apply_already_compacted::{closure#0} as core[a373ad73a504971]::ops::function::FnOnce<()>>::call_once
[INFO] [stdout]   14:     0x626a4387524b - test[aada8e7e76ba119b]::__rust_begin_short_backtrace::<core[a373ad73a504971]::result::Result<(), alloc[2e1b2a31b91974c5]::string::String>, fn() -> core[a373ad73a504971]::result::Result<(), alloc[2e1b2a31b91974c5]::string::String>>
[INFO] [stdout]   15:     0x626a43882425 - test[aada8e7e76ba119b]::run_test::{closure#0}
[INFO] [stdout]   16:     0x626a4387bd14 - std[617be2ca0a6fd877]::sys::backtrace::__rust_begin_short_backtrace::<test[aada8e7e76ba119b]::run_test::{closure#1}, ()>
[INFO] [stdout]   17:     0x626a438854b2 - <std[617be2ca0a6fd877]::thread::lifecycle::spawn_unchecked<test[aada8e7e76ba119b]::run_test::{closure#1}, ()>::{closure#1} as core[a373ad73a504971]::ops::function::FnOnce<()>>::call_once::{shim:vtable#0}
[INFO] [stdout]   18:     0x626a438f480f - <std[617be2ca0a6fd877]::sys::thread::unix::Thread>::new::thread_start
[INFO] [stdout]   19:     0x7ede9c528dfa - <unknown>
[INFO] [stdout]   20:     0x7ede9c5bc3d4 - clone
[INFO] [stdout]   21:                0x0 - <unknown>
[INFO] [stdout] 
[INFO] [stdout] ---- test_display_ref_usage stdout ----
[INFO] [stdout] 
[INFO] [stdout] thread 'test_display_ref_usage' (1896) panicked at tests/integration_test.rs:37:14:
[INFO] [stdout] Failed to execute radial command: Os { code: 2, kind: NotFound, message: "No such file or directory" }
[INFO] [stdout] stack backtrace:
[INFO] [stdout]    0:     0x626a438f54f1 - <<std[617be2ca0a6fd877]::sys::backtrace::BacktraceLock>::print::DisplayBacktrace as core[a373ad73a504971]::fmt::Display>::fmt
[INFO] [stdout]    1:     0x626a4390abea - core[a373ad73a504971]::fmt::write
[INFO] [stdout]    2:     0x626a438f996c - <alloc[2e1b2a31b91974c5]::vec::Vec<u8> as core[a373ad73a504971]::io::write::Write>::write_fmt
[INFO] [stdout]    3:     0x626a438cfcc6 - std[617be2ca0a6fd877]::panicking::default_hook::{closure#0}
[INFO] [stdout]    4:     0x626a438ecf29 - std[617be2ca0a6fd877]::panicking::default_hook
[INFO] [stdout]    5:     0x626a43881e00 - test[aada8e7e76ba119b]::test_main_inner::{closure#0}
[INFO] [stdout]    6:     0x626a438ed0e2 - std[617be2ca0a6fd877]::panicking::panic_with_hook
[INFO] [stdout]    7:     0x626a438cfd72 - std[617be2ca0a6fd877]::panicking::panic_handler::{closure#0}
[INFO] [stdout]    8:     0x626a438c87d9 - std[617be2ca0a6fd877]::sys::backtrace::__rust_end_short_backtrace::<std[617be2ca0a6fd877]::panicking::panic_handler::{closure#0}, !>
[INFO] [stdout]    9:     0x626a438d097d - __rustc[ea4f61d10b84890b]::rust_begin_unwind
[INFO] [stdout]   10:     0x626a4390b31c - core[a373ad73a504971]::panicking::panic_fmt
[INFO] [stdout]   11:     0x626a4390b0f2 - core[a373ad73a504971]::result::unwrap_failed
[INFO] [stdout]   12:     0x626a43849849 - <integration_test[2939aa730381b4da]::TestEnv>::run
[INFO] [stdout]   13:     0x626a4384e45d - <integration_test[2939aa730381b4da]::test_display_ref_usage::{closure#0} as core[a373ad73a504971]::ops::function::FnOnce<()>>::call_once
[INFO] [stdout]   14:     0x626a4387524b - test[aada8e7e76ba119b]::__rust_begin_short_backtrace::<core[a373ad73a504971]::result::Result<(), alloc[2e1b2a31b91974c5]::string::String>, fn() -> core[a373ad73a504971]::result::Result<(), alloc[2e1b2a31b91974c5]::string::String>>
[INFO] [stdout]   15:     0x626a43882425 - test[aada8e7e76ba119b]::run_test::{closure#0}
[INFO] [stdout]   16:     0x626a4387bd14 - std[617be2ca0a6fd877]::sys::backtrace::__rust_begin_short_backtrace::<test[aada8e7e76ba119b]::run_test::{closure#1}, ()>
[INFO] [stdout]   17:     0x626a438854b2 - <std[617be2ca0a6fd877]::thread::lifecycle::spawn_unchecked<test[aada8e7e76ba119b]::run_test::{closure#1}, ()>::{closure#1} as core[a373ad73a504971]::ops::function::FnOnce<()>>::call_once::{shim:vtable#0}
[INFO] [stdout]   18:     0x626a438f480f - <std[617be2ca0a6fd877]::sys::thread::unix::Thread>::new::thread_start
[INFO] [stdout]   19:     0x7ede9c528dfa - <unknown>
[INFO] [stdout]   20:     0x7ede9c5bc3d4 - clone
[INFO] [stdout]   21:                0x0 - <unknown>
[INFO] [stdout] 
[INFO] [stdout] ---- test_init_creates_radial_directory stdout ----
[INFO] [stdout] 
[INFO] [stdout] thread 'test_init_creates_radial_directory' (1914) panicked at tests/integration_test.rs:37:14:
[INFO] [stdout] Failed to execute radial command: Os { code: 2, kind: NotFound, message: "No such file or directory" }
[INFO] [stdout] stack backtrace:
[INFO] [stdout]    0:     0x626a438f54f1 - <<std[617be2ca0a6fd877]::sys::backtrace::BacktraceLock>::print::DisplayBacktrace as core[a373ad73a504971]::fmt::Display>::fmt
[INFO] [stdout]    1:     0x626a4390abea - core[a373ad73a504971]::fmt::write
[INFO] [stdout]    2:     0x626a438f996c - <alloc[2e1b2a31b91974c5]::vec::Vec<u8> as core[a373ad73a504971]::io::write::Write>::write_fmt
[INFO] [stdout]    3:     0x626a438cfcc6 - std[617be2ca0a6fd877]::panicking::default_hook::{closure#0}
[INFO] [stdout]    4:     0x626a438ecf29 - std[617be2ca0a6fd877]::panicking::default_hook
[INFO] [stdout]    5:     0x626a43881e00 - test[aada8e7e76ba119b]::test_main_inner::{closure#0}
[INFO] [stdout]    6:     0x626a438ed0e2 - std[617be2ca0a6fd877]::panicking::panic_with_hook
[INFO] [stdout]    7:     0x626a438cfd72 - std[617be2ca0a6fd877]::panicking::panic_handler::{closure#0}
[INFO] [stdout]    8:     0x626a438c87d9 - std[617be2ca0a6fd877]::sys::backtrace::__rust_end_short_backtrace::<std[617be2ca0a6fd877]::panicking::panic_handler::{closure#0}, !>
[INFO] [stdout]    9:     0x626a438d097d - __rustc[ea4f61d10b84890b]::rust_begin_unwind
[INFO] [stdout]   10:     0x626a4390b31c - core[a373ad73a504971]::panicking::panic_fmt
[INFO] [stdout]   11:     0x626a4390b0f2 - core[a373ad73a504971]::result::unwrap_failed
[INFO] [stdout]   12:     0x626a43849849 - <integration_test[2939aa730381b4da]::TestEnv>::run
[INFO] [stdout]   13:     0x626a4385dbcc - <integration_test[2939aa730381b4da]::test_init_creates_radial_directory::{closure#0} as core[a373ad73a504971]::ops::function::FnOnce<()>>::call_once
[INFO] [stdout]   14:     0x626a4387524b - test[aada8e7e76ba119b]::__rust_begin_short_backtrace::<core[a373ad73a504971]::result::Result<(), alloc[2e1b2a31b91974c5]::string::String>, fn() -> core[a373ad73a504971]::result::Result<(), alloc[2e1b2a31b91974c5]::string::String>>
[INFO] [stdout]   15:     0x626a43882425 - test[aada8e7e76ba119b]::run_test::{closure#0}
[INFO] [stdout]   16:     0x626a4387bd14 - std[617be2ca0a6fd877]::sys::backtrace::__rust_begin_short_backtrace::<test[aada8e7e76ba119b]::run_test::{closure#1}, ()>
[INFO] [stdout]   17:     0x626a438854b2 - <std[617be2ca0a6fd877]::thread::lifecycle::spawn_unchecked<test[aada8e7e76ba119b]::run_test::{closure#1}, ()>::{closure#1} as core[a373ad73a504971]::ops::function::FnOnce<()>>::call_once::{shim:vtable#0}
[INFO] [stdout]   18:     0x626a438f480f - <std[617be2ca0a6fd877]::sys::thread::unix::Thread>::new::thread_start
[INFO] [stdout]   19:     0x7ede9c528dfa - <unknown>
[INFO] [stdout]   20:     0x7ede9c5bc3d4 - clone
[INFO] [stdout]   21:                0x0 - <unknown>
[INFO] [stdout] 
[INFO] [stdout] ---- test_init_is_idempotent stdout ----
[INFO] [stdout] 
[INFO] [stdout] thread 'test_init_is_idempotent' (1915) panicked at tests/integration_test.rs:37:14:
[INFO] [stdout] Failed to execute radial command: Os { code: 2, kind: NotFound, message: "No such file or directory" }
[INFO] [stdout] stack backtrace:
[INFO] [stdout]    0:     0x626a438f54f1 - <<std[617be2ca0a6fd877]::sys::backtrace::BacktraceLock>::print::DisplayBacktrace as core[a373ad73a504971]::fmt::Display>::fmt
[INFO] [stdout]    1:     0x626a4390abea - core[a373ad73a504971]::fmt::write
[INFO] [stdout]    2:     0x626a438f996c - <alloc[2e1b2a31b91974c5]::vec::Vec<u8> as core[a373ad73a504971]::io::write::Write>::write_fmt
[INFO] [stdout]    3:     0x626a438cfcc6 - std[617be2ca0a6fd877]::panicking::default_hook::{closure#0}
[INFO] [stdout]    4:     0x626a438ecf29 - std[617be2ca0a6fd877]::panicking::default_hook
[INFO] [stdout]    5:     0x626a43881e00 - test[aada8e7e76ba119b]::test_main_inner::{closure#0}
[INFO] [stdout]    6:     0x626a438ed0e2 - std[617be2ca0a6fd877]::panicking::panic_with_hook
[INFO] [stdout]    7:     0x626a438cfd72 - std[617be2ca0a6fd877]::panicking::panic_handler::{closure#0}
[INFO] [stdout]    8:     0x626a438c87d9 - std[617be2ca0a6fd877]::sys::backtrace::__rust_end_short_backtrace::<std[617be2ca0a6fd877]::panicking::panic_handler::{closure#0}, !>
[INFO] [stdout]    9:     0x626a438d097d - __rustc[ea4f61d10b84890b]::rust_begin_unwind
[INFO] [stdout]   10:     0x626a4390b31c - core[a373ad73a504971]::panicking::panic_fmt
[INFO] [stdout]   11:     0x626a4390b0f2 - core[a373ad73a504971]::result::unwrap_failed
[INFO] [stdout]   12:     0x626a43849849 - <integration_test[2939aa730381b4da]::TestEnv>::run
[INFO] [stdout]   13:     0x626a43850c65 - <integration_test[2939aa730381b4da]::test_init_is_idempotent::{closure#0} as core[a373ad73a504971]::ops::function::FnOnce<()>>::call_once
[INFO] [stdout]   14:     0x626a4387524b - test[aada8e7e76ba119b]::__rust_begin_short_backtrace::<core[a373ad73a504971]::result::Result<(), alloc[2e1b2a31b91974c5]::string::String>, fn() -> core[a373ad73a504971]::result::Result<(), alloc[2e1b2a31b91974c5]::string::String>>
[INFO] [stdout]   15:     0x626a43882425 - test[aada8e7e76ba119b]::run_test::{closure#0}
[INFO] [stdout]   16:     0x626a4387bd14 - std[617be2ca0a6fd877]::sys::backtrace::__rust_begin_short_backtrace::<test[aada8e7e76ba119b]::run_test::{closure#1}, ()>
[INFO] [stdout]   17:     0x626a438854b2 - <std[617be2ca0a6fd877]::thread::lifecycle::spawn_unchecked<test[aada8e7e76ba119b]::run_test::{closure#1}, ()>::{closure#1} as core[a373ad73a504971]::ops::function::FnOnce<()>>::call_once::{shim:vtable#0}
[INFO] [stdout]   18:     0x626a438f480f - <std[617be2ca0a6fd877]::sys::thread::unix::Thread>::new::thread_start
[INFO] [stdout]   19:     0x7ede9c528dfa - <unknown>
[INFO] [stdout]   20:     0x7ede9c5bc3d4 - clone
[INFO] [stdout]   21:                0x0 - <unknown>
[INFO] [stdout] 
[INFO] [stdout] ---- test_json_output_task_list stdout ----
[INFO] [stdout] 
[INFO] [stdout] thread 'test_json_output_task_list' (1922) panicked at tests/integration_test.rs:37:14:
[INFO] [stdout] Failed to execute radial command: Os { code: 2, kind: NotFound, message: "No such file or directory" }
[INFO] [stdout] stack backtrace:
[INFO] [stdout]    0:     0x626a438f54f1 - <<std[617be2ca0a6fd877]::sys::backtrace::BacktraceLock>::print::DisplayBacktrace as core[a373ad73a504971]::fmt::Display>::fmt
[INFO] [stdout]    1:     0x626a4390abea - core[a373ad73a504971]::fmt::write
[INFO] [stdout]    2:     0x626a438f996c - <alloc[2e1b2a31b91974c5]::vec::Vec<u8> as core[a373ad73a504971]::io::write::Write>::write_fmt
[INFO] [stdout]    3:     0x626a438cfcc6 - std[617be2ca0a6fd877]::panicking::default_hook::{closure#0}
[INFO] [stdout]    4:     0x626a438ecf29 - std[617be2ca0a6fd877]::panicking::default_hook
[INFO] [stdout]    5:     0x626a43881e00 - test[aada8e7e76ba119b]::test_main_inner::{closure#0}
[INFO] [stdout]    6:     0x626a438ed0e2 - std[617be2ca0a6fd877]::panicking::panic_with_hook
[INFO] [stdout]    7:     0x626a438cfd72 - std[617be2ca0a6fd877]::panicking::panic_handler::{closure#0}
[INFO] [stdout]    8:     0x626a438c87d9 - std[617be2ca0a6fd877]::sys::backtrace::__rust_end_short_backtrace::<std[617be2ca0a6fd877]::panicking::panic_handler::{closure#0}, !>
[INFO] [stdout]    9:     0x626a438d097d - __rustc[ea4f61d10b84890b]::rust_begin_unwind
[INFO] [stdout]   10:     0x626a4390b31c - core[a373ad73a504971]::panicking::panic_fmt
[INFO] [stdout]   11:     0x626a4390b0f2 - core[a373ad73a504971]::result::unwrap_failed
[INFO] [stdout]   12:     0x626a43849849 - <integration_test[2939aa730381b4da]::TestEnv>::run
[INFO] [stdout]   13:     0x626a4385422d - <integration_test[2939aa730381b4da]::test_json_output_task_list::{closure#0} as core[a373ad73a504971]::ops::function::FnOnce<()>>::call_once
[INFO] [stdout]   14:     0x626a4387524b - test[aada8e7e76ba119b]::__rust_begin_short_backtrace::<core[a373ad73a504971]::result::Result<(), alloc[2e1b2a31b91974c5]::string::String>, fn() -> core[a373ad73a504971]::result::Result<(), alloc[2e1b2a31b91974c5]::string::String>>
[INFO] [stdout]   15:     0x626a43882425 - test[aada8e7e76ba119b]::run_test::{closure#0}
[INFO] [stdout]   16:     0x626a4387bd14 - std[617be2ca0a6fd877]::sys::backtrace::__rust_begin_short_backtrace::<test[aada8e7e76ba119b]::run_test::{closure#1}, ()>
[INFO] [stdout]   17:     0x626a438854b2 - <std[617be2ca0a6fd877]::thread::lifecycle::spawn_unchecked<test[aada8e7e76ba119b]::run_test::{closure#1}, ()>::{closure#1} as core[a373ad73a504971]::ops::function::FnOnce<()>>::call_once::{shim:vtable#0}
[INFO] [stdout]   18:     0x626a438f480f - <std[617be2ca0a6fd877]::sys::thread::unix::Thread>::new::thread_start
[INFO] [stdout]   19:     0x7ede9c528dfa - <unknown>
[INFO] [stdout]   20:     0x7ede9c5bc3d4 - clone
[INFO] [stdout]   21:                0x0 - <unknown>
[INFO] [stdout] 
[INFO] [stdout] ---- test_edit_task_blocked_by_validates_ids stdout ----
[INFO] [stdout] 
[INFO] [stdout] thread 'test_edit_task_blocked_by_validates_ids' (1899) panicked at tests/integration_test.rs:37:14:
[INFO] [stdout] Failed to execute radial command: Os { code: 2, kind: NotFound, message: "No such file or directory" }
[INFO] [stdout] stack backtrace:
[INFO] [stdout]    0:     0x626a438f54f1 - <<std[617be2ca0a6fd877]::sys::backtrace::BacktraceLock>::print::DisplayBacktrace as core[a373ad73a504971]::fmt::Display>::fmt
[INFO] [stdout]    1:     0x626a4390abea - core[a373ad73a504971]::fmt::write
[INFO] [stdout]    2:     0x626a438f996c - <alloc[2e1b2a31b91974c5]::vec::Vec<u8> as core[a373ad73a504971]::io::write::Write>::write_fmt
[INFO] [stdout]    3:     0x626a438cfcc6 - std[617be2ca0a6fd877]::panicking::default_hook::{closure#0}
[INFO] [stdout]    4:     0x626a438ecf29 - std[617be2ca0a6fd877]::panicking::default_hook
[INFO] [stdout]    5:     0x626a43881e00 - test[aada8e7e76ba119b]::test_main_inner::{closure#0}
[INFO] [stdout]    6:     0x626a438ed0e2 - std[617be2ca0a6fd877]::panicking::panic_with_hook
[INFO] [stdout]    7:     0x626a438cfd72 - std[617be2ca0a6fd877]::panicking::panic_handler::{closure#0}
[INFO] [stdout]    8:     0x626a438c87d9 - std[617be2ca0a6fd877]::sys::backtrace::__rust_end_short_backtrace::<std[617be2ca0a6fd877]::panicking::panic_handler::{closure#0}, !>
[INFO] [stdout]    9:     0x626a438d097d - __rustc[ea4f61d10b84890b]::rust_begin_unwind
[INFO] [stdout]   10:     0x626a4390b31c - core[a373ad73a504971]::panicking::panic_fmt
[INFO] [stdout]   11:     0x626a4390b0f2 - core[a373ad73a504971]::result::unwrap_failed
[INFO] [stdout]   12:     0x626a43849849 - <integration_test[2939aa730381b4da]::TestEnv>::run
[INFO] [stdout]   13:     0x626a4386324d - <integration_test[2939aa730381b4da]::test_edit_task_blocked_by_validates_ids::{closure#0} as core[a373ad73a504971]::ops::function::FnOnce<()>>::call_once
[INFO] [stdout]   14:     0x626a4387524b - test[aada8e7e76ba119b]::__rust_begin_short_backtrace::<core[a373ad73a504971]::result::Result<(), alloc[2e1b2a31b91974c5]::string::String>, fn() -> core[a373ad73a504971]::result::Result<(), alloc[2e1b2a31b91974c5]::string::String>>
[INFO] [stdout]   15:     0x626a43882425 - test[aada8e7e76ba119b]::run_test::{closure#0}
[INFO] [stdout]   16:     0x626a4387bd14 - std[617be2ca0a6fd877]::sys::backtrace::__rust_begin_short_backtrace::<test[aada8e7e76ba119b]::run_test::{closure#1}, ()>
[INFO] [stdout]   17:     0x626a438854b2 - <std[617be2ca0a6fd877]::thread::lifecycle::spawn_unchecked<test[aada8e7e76ba119b]::run_test::{closure#1}, ()>::{closure#1} as core[a373ad73a504971]::ops::function::FnOnce<()>>::call_once::{shim:vtable#0}
[INFO] [stdout]   18:     0x626a438f480f - <std[617be2ca0a6fd877]::sys::thread::unix::Thread>::new::thread_start
[INFO] [stdout]   19:     0x7ede9c528dfa - <unknown>
[INFO] [stdout]   20:     0x7ede9c5bc3d4 - clone
[INFO] [stdout]   21:                0x0 - <unknown>
[INFO] [stdout] 
[INFO] [stdout] ---- test_create_task_blocked_by_completed_task_yields_pending stdout ----
[INFO] [stdout] 
[INFO] [stdout] thread 'test_create_task_blocked_by_completed_task_yields_pending' (1892) panicked at tests/integration_test.rs:37:14:
[INFO] [stdout] Failed to execute radial command: Os { code: 2, kind: NotFound, message: "No such file or directory" }
[INFO] [stdout] stack backtrace:
[INFO] [stdout]    0:     0x626a438f54f1 - <<std[617be2ca0a6fd877]::sys::backtrace::BacktraceLock>::print::DisplayBacktrace as core[a373ad73a504971]::fmt::Display>::fmt
[INFO] [stdout]    1:     0x626a4390abea - core[a373ad73a504971]::fmt::write
[INFO] [stdout]    2:     0x626a438f996c - <alloc[2e1b2a31b91974c5]::vec::Vec<u8> as core[a373ad73a504971]::io::write::Write>::write_fmt
[INFO] [stdout]    3:     0x626a438cfcc6 - std[617be2ca0a6fd877]::panicking::default_hook::{closure#0}
[INFO] [stdout]    4:     0x626a438ecf29 - std[617be2ca0a6fd877]::panicking::default_hook
[INFO] [stdout]    5:     0x626a43881e00 - test[aada8e7e76ba119b]::test_main_inner::{closure#0}
[INFO] [stdout]    6:     0x626a438ed0e2 - std[617be2ca0a6fd877]::panicking::panic_with_hook
[INFO] [stdout]    7:     0x626a438cfd72 - std[617be2ca0a6fd877]::panicking::panic_handler::{closure#0}
[INFO] [stdout]    8:     0x626a438c87d9 - std[617be2ca0a6fd877]::sys::backtrace::__rust_end_short_backtrace::<std[617be2ca0a6fd877]::panicking::panic_handler::{closure#0}, !>
[INFO] [stdout]    9:     0x626a438d097d - __rustc[ea4f61d10b84890b]::rust_begin_unwind
[INFO] [stdout]   10:     0x626a4390b31c - core[a373ad73a504971]::panicking::panic_fmt
[INFO] [stdout]   11:     0x626a4390b0f2 - core[a373ad73a504971]::result::unwrap_failed
[INFO] [stdout]   12:     0x626a43849849 - <integration_test[2939aa730381b4da]::TestEnv>::run
[INFO] [stdout]   13:     0x626a4386d825 - <integration_test[2939aa730381b4da]::test_create_task_blocked_by_completed_task_yields_pending::{closure#0} as core[a373ad73a504971]::ops::function::FnOnce<()>>::call_once
[INFO] [stdout]   14:     0x626a4387524b - test[aada8e7e76ba119b]::__rust_begin_short_backtrace::<core[a373ad73a504971]::result::Result<(), alloc[2e1b2a31b91974c5]::string::String>, fn() -> core[a373ad73a504971]::result::Result<(), alloc[2e1b2a31b91974c5]::string::String>>
[INFO] [stdout]   15:     0x626a43882425 - test[aada8e7e76ba119b]::run_test::{closure#0}
[INFO] [stdout]   16:     0x626a4387bd14 - std[617be2ca0a6fd877]::sys::backtrace::__rust_begin_short_backtrace::<test[aada8e7e76ba119b]::run_test::{closure#1}, ()>
[INFO] [stdout]   17:     0x626a438854b2 - <std[617be2ca0a6fd877]::thread::lifecycle::spawn_unchecked<test[aada8e7e76ba119b]::run_test::{closure#1}, ()>::{closure#1} as core[a373ad73a504971]::ops::function::FnOnce<()>>::call_once::{shim:vtable#0}
[INFO] [stdout]   18:     0x626a438f480f - <std[617be2ca0a6fd877]::sys::thread::unix::Thread>::new::thread_start
[INFO] [stdout]   19:     0x7ede9c528dfa - <unknown>
[INFO] [stdout]   20:     0x7ede9c5bc3d4 - clone
[INFO] [stdout]   21:                0x0 - <unknown>
[INFO] [stdout] 
[INFO] [stdout] ---- test_json_output_init stdout ----
[INFO] [stdout] 
[INFO] [stdout] thread 'test_json_output_init' (1919) panicked at tests/integration_test.rs:37:14:
[INFO] [stdout] Failed to execute radial command: Os { code: 2, kind: NotFound, message: "No such file or directory" }
[INFO] [stdout] stack backtrace:
[INFO] [stdout]    0:     0x626a438f54f1 - <<std[617be2ca0a6fd877]::sys::backtrace::BacktraceLock>::print::DisplayBacktrace as core[a373ad73a504971]::fmt::Display>::fmt
[INFO] [stdout]    1:     0x626a4390abea - core[a373ad73a504971]::fmt::write
[INFO] [stdout]    2:     0x626a438f996c - <alloc[2e1b2a31b91974c5]::vec::Vec<u8> as core[a373ad73a504971]::io::write::Write>::write_fmt
[INFO] [stdout]    3:     0x626a438cfcc6 - std[617be2ca0a6fd877]::panicking::default_hook::{closure#0}
[INFO] [stdout]    4:     0x626a438ecf29 - std[617be2ca0a6fd877]::panicking::default_hook
[INFO] [stdout]    5:     0x626a43881e00 - test[aada8e7e76ba119b]::test_main_inner::{closure#0}
[INFO] [stdout]    6:     0x626a438ed0e2 - std[617be2ca0a6fd877]::panicking::panic_with_hook
[INFO] [stdout]    7:     0x626a438cfd72 - std[617be2ca0a6fd877]::panicking::panic_handler::{closure#0}
[INFO] [stdout]    8:     0x626a438c87d9 - std[617be2ca0a6fd877]::sys::backtrace::__rust_end_short_backtrace::<std[617be2ca0a6fd877]::panicking::panic_handler::{closure#0}, !>
[INFO] [stdout]    9:     0x626a438d097d - __rustc[ea4f61d10b84890b]::rust_begin_unwind
[INFO] [stdout]   10:     0x626a4390b31c - core[a373ad73a504971]::panicking::panic_fmt
[INFO] [stdout]   11:     0x626a4390b0f2 - core[a373ad73a504971]::result::unwrap_failed
[INFO] [stdout]   12:     0x626a43849849 - <integration_test[2939aa730381b4da]::TestEnv>::run
[INFO] [stdout]   13:     0x626a4384e0a9 - <integration_test[2939aa730381b4da]::test_json_output_init::{closure#0} as core[a373ad73a504971]::ops::function::FnOnce<()>>::call_once
[INFO] [stdout]   14:     0x626a4387524b - test[aada8e7e76ba119b]::__rust_begin_short_backtrace::<core[a373ad73a504971]::result::Result<(), alloc[2e1b2a31b91974c5]::string::String>, fn() -> core[a373ad73a504971]::result::Result<(), alloc[2e1b2a31b91974c5]::string::String>>
[INFO] [stdout]   15:     0x626a43882425 - test[aada8e7e76ba119b]::run_test::{closure#0}
[INFO] [stdout]   16:     0x626a4387bd14 - std[617be2ca0a6fd877]::sys::backtrace::__rust_begin_short_backtrace::<test[aada8e7e76ba119b]::run_test::{closure#1}, ()>
[INFO] [stdout]   17:     0x626a438854b2 - <std[617be2ca0a6fd877]::thread::lifecycle::spawn_unchecked<test[aada8e7e76ba119b]::run_test::{closure#1}, ()>::{closure#1} as core[a373ad73a504971]::ops::function::FnOnce<()>>::call_once::{shim:vtable#0}
[INFO] [stdout]   18:     0x626a438f480f - <std[617be2ca0a6fd877]::sys::thread::unix::Thread>::new::thread_start
[INFO] [stdout]   19:     0x7ede9c528dfa - <unknown>
[INFO] [stdout]   20:     0x7ede9c5bc3d4 - clone
[INFO] [stdout]   21:                0x0 - <unknown>
[INFO] [stdout] 
[INFO] [stdout] ---- test_multiple_goals_and_tasks stdout ----
[INFO] [stdout] 
[INFO] [stdout] thread 'test_multiple_goals_and_tasks' (1933) panicked at tests/integration_test.rs:37:14:
[INFO] [stdout] Failed to execute radial command: Os { code: 2, kind: NotFound, message: "No such file or directory" }
[INFO] [stdout] stack backtrace:
[INFO] [stdout]    0:     0x626a438f54f1 - <<std[617be2ca0a6fd877]::sys::backtrace::BacktraceLock>::print::DisplayBacktrace as core[a373ad73a504971]::fmt::Display>::fmt
[INFO] [stdout]    1:     0x626a4390abea - core[a373ad73a504971]::fmt::write
[INFO] [stdout]    2:     0x626a438f996c - <alloc[2e1b2a31b91974c5]::vec::Vec<u8> as core[a373ad73a504971]::io::write::Write>::write_fmt
[INFO] [stdout]    3:     0x626a438cfcc6 - std[617be2ca0a6fd877]::panicking::default_hook::{closure#0}
[INFO] [stdout]    4:     0x626a438ecf29 - std[617be2ca0a6fd877]::panicking::default_hook
[INFO] [stdout]    5:     0x626a43881e00 - test[aada8e7e76ba119b]::test_main_inner::{closure#0}
[INFO] [stdout]    6:     0x626a438ed0e2 - std[617be2ca0a6fd877]::panicking::panic_with_hook
[INFO] [stdout]    7:     0x626a438cfd72 - std[617be2ca0a6fd877]::panicking::panic_handler::{closure#0}
[INFO] [stdout]    8:     0x626a438c87d9 - std[617be2ca0a6fd877]::sys::backtrace::__rust_end_short_backtrace::<std[617be2ca0a6fd877]::panicking::panic_handler::{closure#0}, !>
[INFO] [stdout]    9:     0x626a438d097d - __rustc[ea4f61d10b84890b]::rust_begin_unwind
[INFO] [stdout]   10:     0x626a4390b31c - core[a373ad73a504971]::panicking::panic_fmt
[INFO] [stdout]   11:     0x626a4390b0f2 - core[a373ad73a504971]::result::unwrap_failed
[INFO] [stdout]   12:     0x626a43849849 - <integration_test[2939aa730381b4da]::TestEnv>::run
[INFO] [stdout]   13:     0x626a438565bd - <integration_test[2939aa730381b4da]::test_multiple_goals_and_tasks::{closure#0} as core[a373ad73a504971]::ops::function::FnOnce<()>>::call_once
[INFO] [stdout]   14:     0x626a4387524b - test[aada8e7e76ba119b]::__rust_begin_short_backtrace::<core[a373ad73a504971]::result::Result<(), alloc[2e1b2a31b91974c5]::string::String>, fn() -> core[a373ad73a504971]::result::Result<(), alloc[2e1b2a31b91974c5]::string::String>>
[INFO] [stdout]   15:     0x626a43882425 - test[aada8e7e76ba119b]::run_test::{closure#0}
[INFO] [stdout]   16:     0x626a4387bd14 - std[617be2ca0a6fd877]::sys::backtrace::__rust_begin_short_backtrace::<test[aada8e7e76ba119b]::run_test::{closure#1}, ()>
[INFO] [stdout]   17:     0x626a438854b2 - <std[617be2ca0a6fd877]::thread::lifecycle::spawn_unchecked<test[aada8e7e76ba119b]::run_test::{closure#1}, ()>::{closure#1} as core[a373ad73a504971]::ops::function::FnOnce<()>>::call_once::{shim:vtable#0}
[INFO] [stdout]   18:     0x626a438f480f - <std[617be2ca0a6fd877]::sys::thread::unix::Thread>::new::thread_start
[INFO] [stdout]   19:     0x7ede9c528dfa - <unknown>
[INFO] [stdout]   20:     0x7ede9c5bc3d4 - clone
[INFO] [stdout]   21:                0x0 - <unknown>
[INFO] [stdout] 
[INFO] [stdout] ---- test_create_and_list_goals stdout ----
[INFO] [stdout] 
[INFO] [stdout] thread 'test_create_and_list_goals' (1890) panicked at tests/integration_test.rs:37:14:
[INFO] [stdout] Failed to execute radial command: Os { code: 2, kind: NotFound, message: "No such file or directory" }
[INFO] [stdout] stack backtrace:
[INFO] [stdout]    0:     0x626a438f54f1 - <<std[617be2ca0a6fd877]::sys::backtrace::BacktraceLock>::print::DisplayBacktrace as core[a373ad73a504971]::fmt::Display>::fmt
[INFO] [stdout]    1:     0x626a4390abea - core[a373ad73a504971]::fmt::write
[INFO] [stdout]    2:     0x626a438f996c - <alloc[2e1b2a31b91974c5]::vec::Vec<u8> as core[a373ad73a504971]::io::write::Write>::write_fmt
[INFO] [stdout]    3:     0x626a438cfcc6 - std[617be2ca0a6fd877]::panicking::default_hook::{closure#0}
[INFO] [stdout]    4:     0x626a438ecf29 - std[617be2ca0a6fd877]::panicking::default_hook
[INFO] [stdout]    5:     0x626a43881e00 - test[aada8e7e76ba119b]::test_main_inner::{closure#0}
[INFO] [stdout]    6:     0x626a438ed0e2 - std[617be2ca0a6fd877]::panicking::panic_with_hook
[INFO] [stdout]    7:     0x626a438cfd72 - std[617be2ca0a6fd877]::panicking::panic_handler::{closure#0}
[INFO] [stdout]    8:     0x626a438c87d9 - std[617be2ca0a6fd877]::sys::backtrace::__rust_end_short_backtrace::<std[617be2ca0a6fd877]::panicking::panic_handler::{closure#0}, !>
[INFO] [stdout]    9:     0x626a438d097d - __rustc[ea4f61d10b84890b]::rust_begin_unwind
[INFO] [stdout]   10:     0x626a4390b31c - core[a373ad73a504971]::panicking::panic_fmt
[INFO] [stdout]   11:     0x626a4390b0f2 - core[a373ad73a504971]::result::unwrap_failed
[INFO] [stdout]   12:     0x626a43849849 - <integration_test[2939aa730381b4da]::TestEnv>::run
[INFO] [stdout]   13:     0x626a4385364d - <integration_test[2939aa730381b4da]::test_create_and_list_goals::{closure#0} as core[a373ad73a504971]::ops::function::FnOnce<()>>::call_once
[INFO] [stdout]   14:     0x626a4387524b - test[aada8e7e76ba119b]::__rust_begin_short_backtrace::<core[a373ad73a504971]::result::Result<(), alloc[2e1b2a31b91974c5]::string::String>, fn() -> core[a373ad73a504971]::result::Result<(), alloc[2e1b2a31b91974c5]::string::String>>
[INFO] [stdout]   15:     0x626a43882425 - test[aada8e7e76ba119b]::run_test::{closure#0}
[INFO] [stdout]   16:     0x626a4387bd14 - std[617be2ca0a6fd877]::sys::backtrace::__rust_begin_short_backtrace::<test[aada8e7e76ba119b]::run_test::{closure#1}, ()>
[INFO] [stdout]   17:     0x626a438854b2 - <std[617be2ca0a6fd877]::thread::lifecycle::spawn_unchecked<test[aada8e7e76ba119b]::run_test::{closure#1}, ()>::{closure#1} as core[a373ad73a504971]::ops::function::FnOnce<()>>::call_once::{shim:vtable#0}
[INFO] [stdout]   18:     0x626a438f480f - <std[617be2ca0a6fd877]::sys::thread::unix::Thread>::new::thread_start
[INFO] [stdout]   19:     0x7ede9c528dfa - <unknown>
[INFO] [stdout]   20:     0x7ede9c5bc3d4 - clone
[INFO] [stdout]   21:                0x0 - <unknown>
[INFO] [stdout] 
[INFO] [stdout] ---- test_list_full_shows_complete_descriptions stdout ----
[INFO] [stdout] 
[INFO] [stdout] thread 'test_list_full_shows_complete_descriptions' (1930) panicked at tests/integration_test.rs:37:14:
[INFO] [stdout] Failed to execute radial command: Os { code: 2, kind: NotFound, message: "No such file or directory" }
[INFO] [stdout] stack backtrace:
[INFO] [stdout]    0:     0x626a438f54f1 - <<std[617be2ca0a6fd877]::sys::backtrace::BacktraceLock>::print::DisplayBacktrace as core[a373ad73a504971]::fmt::Display>::fmt
[INFO] [stdout]    1:     0x626a4390abea - core[a373ad73a504971]::fmt::write
[INFO] [stdout]    2:     0x626a438f996c - <alloc[2e1b2a31b91974c5]::vec::Vec<u8> as core[a373ad73a504971]::io::write::Write>::write_fmt
[INFO] [stdout]    3:     0x626a438cfcc6 - std[617be2ca0a6fd877]::panicking::default_hook::{closure#0}
[INFO] [stdout]    4:     0x626a438ecf29 - std[617be2ca0a6fd877]::panicking::default_hook
[INFO] [stdout]    5:     0x626a43881e00 - test[aada8e7e76ba119b]::test_main_inner::{closure#0}
[INFO] [stdout]    6:     0x626a438ed0e2 - std[617be2ca0a6fd877]::panicking::panic_with_hook
[INFO] [stdout]    7:     0x626a438cfd72 - std[617be2ca0a6fd877]::panicking::panic_handler::{closure#0}
[INFO] [stdout]    8:     0x626a438c87d9 - std[617be2ca0a6fd877]::sys::backtrace::__rust_end_short_backtrace::<std[617be2ca0a6fd877]::panicking::panic_handler::{closure#0}, !>
[INFO] [stdout]    9:     0x626a438d097d - __rustc[ea4f61d10b84890b]::rust_begin_unwind
[INFO] [stdout]   10:     0x626a4390b31c - core[a373ad73a504971]::panicking::panic_fmt
[INFO] [stdout]   11:     0x626a4390b0f2 - core[a373ad73a504971]::result::unwrap_failed
[INFO] [stdout]   12:     0x626a43849849 - <integration_test[2939aa730381b4da]::TestEnv>::run
[INFO] [stdout]   13:     0x626a43867c3f - <integration_test[2939aa730381b4da]::test_list_full_shows_complete_descriptions::{closure#0} as core[a373ad73a504971]::ops::function::FnOnce<()>>::call_once
[INFO] [stdout]   14:     0x626a4387524b - test[aada8e7e76ba119b]::__rust_begin_short_backtrace::<core[a373ad73a504971]::result::Result<(), alloc[2e1b2a31b91974c5]::string::String>, fn() -> core[a373ad73a504971]::result::Result<(), alloc[2e1b2a31b91974c5]::string::String>>
[INFO] [stdout]   15:     0x626a43882425 - test[aada8e7e76ba119b]::run_test::{closure#0}
[INFO] [stdout]   16:     0x626a4387bd14 - std[617be2ca0a6fd877]::sys::backtrace::__rust_begin_short_backtrace::<test[aada8e7e76ba119b]::run_test::{closure#1}, ()>
[INFO] [stdout]   17:     0x626a438854b2 - <std[617be2ca0a6fd877]::thread::lifecycle::spawn_unchecked<test[aada8e7e76ba119b]::run_test::{closure#1}, ()>::{closure#1} as core[a373ad73a504971]::ops::function::FnOnce<()>>::call_once::{shim:vtable#0}
[INFO] [stdout]   18:     0x626a438f480f - <std[617be2ca0a6fd877]::sys::thread::unix::Thread>::new::thread_start
[INFO] [stdout]   19:     0x7ede9c528dfa - <unknown>
[INFO] [stdout]   20:     0x7ede9c5bc3d4 - clone
[INFO] [stdout]   21:                0x0 - <unknown>
[INFO] [stdout] 
[INFO] [stdout] ---- test_json_output_edit_and_task_lifecycle_mutations stdout ----
[INFO] [stdout] 
[INFO] [stdout] thread 'test_json_output_edit_and_task_lifecycle_mutations' (1916) panicked at tests/integration_test.rs:37:14:
[INFO] [stdout] Failed to execute radial command: Os { code: 2, kind: NotFound, message: "No such file or directory" }
[INFO] [stdout] stack backtrace:
[INFO] [stdout]    0:     0x626a438f54f1 - <<std[617be2ca0a6fd877]::sys::backtrace::BacktraceLock>::print::DisplayBacktrace as core[a373ad73a504971]::fmt::Display>::fmt
[INFO] [stdout]    1:     0x626a4390abea - core[a373ad73a504971]::fmt::write
[INFO] [stdout]    2:     0x626a438f996c - <alloc[2e1b2a31b91974c5]::vec::Vec<u8> as core[a373ad73a504971]::io::write::Write>::write_fmt
[INFO] [stdout]    3:     0x626a438cfcc6 - std[617be2ca0a6fd877]::panicking::default_hook::{closure#0}
[INFO] [stdout]    4:     0x626a438ecf29 - std[617be2ca0a6fd877]::panicking::default_hook
[INFO] [stdout]    5:     0x626a43881e00 - test[aada8e7e76ba119b]::test_main_inner::{closure#0}
[INFO] [stdout]    6:     0x626a438ed0e2 - std[617be2ca0a6fd877]::panicking::panic_with_hook
[INFO] [stdout]    7:     0x626a438cfd72 - std[617be2ca0a6fd877]::panicking::panic_handler::{closure#0}
[INFO] [stdout]    8:     0x626a438c87d9 - std[617be2ca0a6fd877]::sys::backtrace::__rust_end_short_backtrace::<std[617be2ca0a6fd877]::panicking::panic_handler::{closure#0}, !>
[INFO] [stdout]    9:     0x626a438d097d - __rustc[ea4f61d10b84890b]::rust_begin_unwind
[INFO] [stdout]   10:     0x626a4390b31c - core[a373ad73a504971]::panicking::panic_fmt
[INFO] [stdout]   11:     0x626a4390b0f2 - core[a373ad73a504971]::result::unwrap_failed
[INFO] [stdout]   12:     0x626a43849849 - <integration_test[2939aa730381b4da]::TestEnv>::run
[INFO] [stdout]   13:     0x626a43869470 - <integration_test[2939aa730381b4da]::test_json_output_edit_and_task_lifecycle_mutations::{closure#0} as core[a373ad73a504971]::ops::function::FnOnce<()>>::call_once
[INFO] [stdout]   14:     0x626a4387524b - test[aada8e7e76ba119b]::__rust_begin_short_backtrace::<core[a373ad73a504971]::result::Result<(), alloc[2e1b2a31b91974c5]::string::String>, fn() -> core[a373ad73a504971]::result::Result<(), alloc[2e1b2a31b91974c5]::string::String>>
[INFO] [stdout]   15:     0x626a43882425 - test[aada8e7e76ba119b]::run_test::{closure#0}
[INFO] [stdout]   16:     0x626a4387bd14 - std[617be2ca0a6fd877]::sys::backtrace::__rust_begin_short_backtrace::<test[aada8e7e76ba119b]::run_test::{closure#1}, ()>
[INFO] [stdout]   17:     0x626a438854b2 - <std[617be2ca0a6fd877]::thread::lifecycle::spawn_unchecked<test[aada8e7e76ba119b]::run_test::{closure#1}, ()>::{closure#1} as core[a373ad73a504971]::ops::function::FnOnce<()>>::call_once::{shim:vtable#0}
[INFO] [stdout]   18:     0x626a438f480f - <std[617be2ca0a6fd877]::sys::thread::unix::Thread>::new::thread_start
[INFO] [stdout]   19:     0x7ede9c528dfa - <unknown>
[INFO] [stdout]   20:     0x7ede9c5bc3d4 - clone
[INFO] [stdout]   21:                0x0 - <unknown>
[INFO] [stdout] 
[INFO] [stdout] ---- test_json_output_status stdout ----
[INFO] [stdout] 
[INFO] [stdout] thread 'test_json_output_status' (1920) panicked at tests/integration_test.rs:37:14:
[INFO] [stdout] Failed to execute radial command: Os { code: 2, kind: NotFound, message: "No such file or directory" }
[INFO] [stdout] stack backtrace:
[INFO] [stdout]    0:     0x626a438f54f1 - <<std[617be2ca0a6fd877]::sys::backtrace::BacktraceLock>::print::DisplayBacktrace as core[a373ad73a504971]::fmt::Display>::fmt
[INFO] [stdout]    1:     0x626a4390abea - core[a373ad73a504971]::fmt::write
[INFO] [stdout]    2:     0x626a438f996c - <alloc[2e1b2a31b91974c5]::vec::Vec<u8> as core[a373ad73a504971]::io::write::Write>::write_fmt
[INFO] [stdout]    3:     0x626a438cfcc6 - std[617be2ca0a6fd877]::panicking::default_hook::{closure#0}
[INFO] [stdout]    4:     0x626a438ecf29 - std[617be2ca0a6fd877]::panicking::default_hook
[INFO] [stdout]    5:     0x626a43881e00 - test[aada8e7e76ba119b]::test_main_inner::{closure#0}
[INFO] [stdout]    6:     0x626a438ed0e2 - std[617be2ca0a6fd877]::panicking::panic_with_hook
[INFO] [stdout]    7:     0x626a438cfd72 - std[617be2ca0a6fd877]::panicking::panic_handler::{closure#0}
[INFO] [stdout]    8:     0x626a438c87d9 - std[617be2ca0a6fd877]::sys::backtrace::__rust_end_short_backtrace::<std[617be2ca0a6fd877]::panicking::panic_handler::{closure#0}, !>
[INFO] [stdout]    9:     0x626a438d097d - __rustc[ea4f61d10b84890b]::rust_begin_unwind
[INFO] [stdout]   10:     0x626a4390b31c - core[a373ad73a504971]::panicking::panic_fmt
[INFO] [stdout]   11:     0x626a4390b0f2 - core[a373ad73a504971]::result::unwrap_failed
[INFO] [stdout]   12:     0x626a43849849 - <integration_test[2939aa730381b4da]::TestEnv>::run
[INFO] [stdout]   13:     0x626a43850e2d - <integration_test[2939aa730381b4da]::test_json_output_status::{closure#0} as core[a373ad73a504971]::ops::function::FnOnce<()>>::call_once
[INFO] [stdout]   14:     0x626a4387524b - test[aada8e7e76ba119b]::__rust_begin_short_backtrace::<core[a373ad73a504971]::result::Result<(), alloc[2e1b2a31b91974c5]::string::String>, fn() -> core[a373ad73a504971]::result::Result<(), alloc[2e1b2a31b91974c5]::string::String>>
[INFO] [stdout]   15:     0x626a43882425 - test[aada8e7e76ba119b]::run_test::{closure#0}
[INFO] [stdout]   16:     0x626a4387bd14 - std[617be2ca0a6fd877]::sys::backtrace::__rust_begin_short_backtrace::<test[aada8e7e76ba119b]::run_test::{closure#1}, ()>
[INFO] [stdout]   17:     0x626a438854b2 - <std[617be2ca0a6fd877]::thread::lifecycle::spawn_unchecked<test[aada8e7e76ba119b]::run_test::{closure#1}, ()>::{closure#1} as core[a373ad73a504971]::ops::function::FnOnce<()>>::call_once::{shim:vtable#0}
[INFO] [stdout]   18:     0x626a438f480f - <std[617be2ca0a6fd877]::sys::thread::unix::Thread>::new::thread_start
[INFO] [stdout]   19:     0x7ede9c528dfa - <unknown>
[INFO] [stdout]   20:     0x7ede9c5bc3d4 - clone
[INFO] [stdout]   21:                0x0 - <unknown>
[INFO] [stdout] 
[INFO] [stdout] ---- test_release_unassigned_task_fails stdout ----
[INFO] [stdout] 
[INFO] [stdout] thread 'test_release_unassigned_task_fails' (1945) panicked at tests/integration_test.rs:37:14:
[INFO] [stdout] Failed to execute radial command: Os { code: 2, kind: NotFound, message: "No such file or directory" }
[INFO] [stdout] stack backtrace:
[INFO] [stdout]    0:     0x626a438f54f1 - <<std[617be2ca0a6fd877]::sys::backtrace::BacktraceLock>::print::DisplayBacktrace as core[a373ad73a504971]::fmt::Display>::fmt
[INFO] [stdout]    1:     0x626a4390abea - core[a373ad73a504971]::fmt::write
[INFO] [stdout]    2:     0x626a438f996c - <alloc[2e1b2a31b91974c5]::vec::Vec<u8> as core[a373ad73a504971]::io::write::Write>::write_fmt
[INFO] [stdout]    3:     0x626a438cfcc6 - std[617be2ca0a6fd877]::panicking::default_hook::{closure#0}
[INFO] [stdout]    4:     0x626a438ecf29 - std[617be2ca0a6fd877]::panicking::default_hook
[INFO] [stdout]    5:     0x626a43881e00 - test[aada8e7e76ba119b]::test_main_inner::{closure#0}
[INFO] [stdout]    6:     0x626a438ed0e2 - std[617be2ca0a6fd877]::panicking::panic_with_hook
[INFO] [stdout]    7:     0x626a438cfd72 - std[617be2ca0a6fd877]::panicking::panic_handler::{closure#0}
[INFO] [stderr] error: test failed, to rerun pass `--test integration_test`
[INFO] [stdout]    8:     0x626a438c87d9 - std[617be2ca0a6fd877]::sys::backtrace::__rust_end_short_backtrace::<std[617be2ca0a6fd877]::panicking::panic_handler::{closure#0}, !>
[INFO] [stdout]    9:     0x626a438d097d - __rustc[ea4f61d10b84890b]::rust_begin_unwind
[INFO] [stdout]   10:     0x626a4390b31c - core[a373ad73a504971]::panicking::panic_fmt
[INFO] [stdout]   11:     0x626a4390b0f2 - core[a373ad73a504971]::result::unwrap_failed
[INFO] [stdout]   12:     0x626a43849849 - <integration_test[2939aa730381b4da]::TestEnv>::run
[INFO] [stdout]   13:     0x626a4385ddfd - <integration_test[2939aa730381b4da]::test_release_unassigned_task_fails::{closure#0} as core[a373ad73a504971]::ops::function::FnOnce<()>>::call_once
[INFO] [stdout]   14:     0x626a4387524b - test[aada8e7e76ba119b]::__rust_begin_short_backtrace::<core[a373ad73a504971]::result::Result<(), alloc[2e1b2a31b91974c5]::string::String>, fn() -> core[a373ad73a504971]::result::Result<(), alloc[2e1b2a31b91974c5]::string::String>>
[INFO] [stdout]   15:     0x626a43882425 - test[aada8e7e76ba119b]::run_test::{closure#0}
[INFO] [stdout]   16:     0x626a4387bd14 - std[617be2ca0a6fd877]::sys::backtrace::__rust_begin_short_backtrace::<test[aada8e7e76ba119b]::run_test::{closure#1}, ()>
[INFO] [stdout]   17:     0x626a438854b2 - <std[617be2ca0a6fd877]::thread::lifecycle::spawn_unchecked<test[aada8e7e76ba119b]::run_test::{closure#1}, ()>::{closure#1} as core[a373ad73a504971]::ops::function::FnOnce<()>>::call_once::{shim:vtable#0}
[INFO] [stdout]   18:     0x626a438f480f - <std[617be2ca0a6fd877]::sys::thread::unix::Thread>::new::thread_start
[INFO] [stdout]   19:     0x7ede9c528dfa - <unknown>
[INFO] [stdout]   20:     0x7ede9c5bc3d4 - clone
[INFO] [stdout]   21:                0x0 - <unknown>
[INFO] [stdout] 
[INFO] [stdout] ---- test_json_output_goal_list stdout ----
[INFO] [stdout] 
[INFO] [stdout] thread 'test_json_output_goal_list' (1918) panicked at tests/integration_test.rs:37:14:
[INFO] [stdout] Failed to execute radial command: Os { code: 2, kind: NotFound, message: "No such file or directory" }
[INFO] [stdout] stack backtrace:
[INFO] [stdout]    0:     0x626a438f54f1 - <<std[617be2ca0a6fd877]::sys::backtrace::BacktraceLock>::print::DisplayBacktrace as core[a373ad73a504971]::fmt::Display>::fmt
[INFO] [stdout]    1:     0x626a4390abea - core[a373ad73a504971]::fmt::write
[INFO] [stdout]    2:     0x626a438f996c - <alloc[2e1b2a31b91974c5]::vec::Vec<u8> as core[a373ad73a504971]::io::write::Write>::write_fmt
[INFO] [stdout]    3:     0x626a438cfcc6 - std[617be2ca0a6fd877]::panicking::default_hook::{closure#0}
[INFO] [stdout]    4:     0x626a438ecf29 - std[617be2ca0a6fd877]::panicking::default_hook
[INFO] [stdout]    5:     0x626a43881e00 - test[aada8e7e76ba119b]::test_main_inner::{closure#0}
[INFO] [stdout]    6:     0x626a438ed0e2 - std[617be2ca0a6fd877]::panicking::panic_with_hook
[INFO] [stdout]    7:     0x626a438cfd72 - std[617be2ca0a6fd877]::panicking::panic_handler::{closure#0}
[INFO] [stdout]    8:     0x626a438c87d9 - std[617be2ca0a6fd877]::sys::backtrace::__rust_end_short_backtrace::<std[617be2ca0a6fd877]::panicking::panic_handler::{closure#0}, !>
[INFO] [stdout]    9:     0x626a438d097d - __rustc[ea4f61d10b84890b]::rust_begin_unwind
[INFO] [stdout]   10:     0x626a4390b31c - core[a373ad73a504971]::panicking::panic_fmt
[INFO] [stdout]   11:     0x626a4390b0f2 - core[a373ad73a504971]::result::unwrap_failed
[INFO] [stdout]   12:     0x626a43849849 - <integration_test[2939aa730381b4da]::TestEnv>::run
[INFO] [stdout]   13:     0x626a43853c2a - <integration_test[2939aa730381b4da]::test_json_output_goal_list::{closure#0} as core[a373ad73a504971]::ops::function::FnOnce<()>>::call_once
[INFO] [stdout]   14:     0x626a4387524b - test[aada8e7e76ba119b]::__rust_begin_short_backtrace::<core[a373ad73a504971]::result::Result<(), alloc[2e1b2a31b91974c5]::string::String>, fn() -> core[a373ad73a504971]::result::Result<(), alloc[2e1b2a31b91974c5]::string::String>>
[INFO] [stdout]   15:     0x626a43882425 - test[aada8e7e76ba119b]::run_test::{closure#0}
[INFO] [stdout]   16:     0x626a4387bd14 - std[617be2ca0a6fd877]::sys::backtrace::__rust_begin_short_backtrace::<test[aada8e7e76ba119b]::run_test::{closure#1}, ()>
[INFO] [stdout]   17:     0x626a438854b2 - <std[617be2ca0a6fd877]::thread::lifecycle::spawn_unchecked<test[aada8e7e76ba119b]::run_test::{closure#1}, ()>::{closure#1} as core[a373ad73a504971]::ops::function::FnOnce<()>>::call_once::{shim:vtable#0}
[INFO] [stdout]   18:     0x626a438f480f - <std[617be2ca0a6fd877]::sys::thread::unix::Thread>::new::thread_start
[INFO] [stdout]   19:     0x7ede9c528dfa - <unknown>
[INFO] [stdout]   20:     0x7ede9c5bc3d4 - clone
[INFO] [stdout]   21:                0x0 - <unknown>
[INFO] [stdout] 
[INFO] [stdout] ---- test_json_output_task_comment_and_comments stdout ----
[INFO] [stdout] 
[INFO] [stdout] thread 'test_json_output_task_comment_and_comments' (1921) panicked at tests/integration_test.rs:37:14:
[INFO] [stdout] Failed to execute radial command: Os { code: 2, kind: NotFound, message: "No such file or directory" }
[INFO] [stdout] stack backtrace:
[INFO] [stdout]    0:     0x626a438f54f1 - <<std[617be2ca0a6fd877]::sys::backtrace::BacktraceLock>::print::DisplayBacktrace as core[a373ad73a504971]::fmt::Display>::fmt
[INFO] [stdout]    1:     0x626a4390abea - core[a373ad73a504971]::fmt::write
[INFO] [stdout]    2:     0x626a438f996c - <alloc[2e1b2a31b91974c5]::vec::Vec<u8> as core[a373ad73a504971]::io::write::Write>::write_fmt
[INFO] [stdout]    3:     0x626a438cfcc6 - std[617be2ca0a6fd877]::panicking::default_hook::{closure#0}
[INFO] [stdout]    4:     0x626a438ecf29 - std[617be2ca0a6fd877]::panicking::default_hook
[INFO] [stdout]    5:     0x626a43881e00 - test[aada8e7e76ba119b]::test_main_inner::{closure#0}
[INFO] [stdout]    6:     0x626a438ed0e2 - std[617be2ca0a6fd877]::panicking::panic_with_hook
[INFO] [stdout]    7:     0x626a438cfd72 - std[617be2ca0a6fd877]::panicking::panic_handler::{closure#0}
[INFO] [stdout]    8:     0x626a438c87d9 - std[617be2ca0a6fd877]::sys::backtrace::__rust_end_short_backtrace::<std[617be2ca0a6fd877]::panicking::panic_handler::{closure#0}, !>
[INFO] [stdout]    9:     0x626a438d097d - __rustc[ea4f61d10b84890b]::rust_begin_unwind
[INFO] [stdout]   10:     0x626a4390b31c - core[a373ad73a504971]::panicking::panic_fmt
[INFO] [stdout]   11:     0x626a4390b0f2 - core[a373ad73a504971]::result::unwrap_failed
[INFO] [stdout]   12:     0x626a43849849 - <integration_test[2939aa730381b4da]::TestEnv>::run
[INFO] [stdout]   13:     0x626a43866fed - <integration_test[2939aa730381b4da]::test_json_output_task_comment_and_comments::{closure#0} as core[a373ad73a504971]::ops::function::FnOnce<()>>::call_once
[INFO] [stdout]   14:     0x626a4387524b - test[aada8e7e76ba119b]::__rust_begin_short_backtrace::<core[a373ad73a504971]::result::Result<(), alloc[2e1b2a31b91974c5]::string::String>, fn() -> core[a373ad73a504971]::result::Result<(), alloc[2e1b2a31b91974c5]::string::String>>
[INFO] [stdout]   15:     0x626a43882425 - test[aada8e7e76ba119b]::run_test::{closure#0}
[INFO] [stdout]   16:     0x626a4387bd14 - std[617be2ca0a6fd877]::sys::backtrace::__rust_begin_short_backtrace::<test[aada8e7e76ba119b]::run_test::{closure#1}, ()>
[INFO] [stdout]   17:     0x626a438854b2 - <std[617be2ca0a6fd877]::thread::lifecycle::spawn_unchecked<test[aada8e7e76ba119b]::run_test::{closure#1}, ()>::{closure#1} as core[a373ad73a504971]::ops::function::FnOnce<()>>::call_once::{shim:vtable#0}
[INFO] [stdout]   18:     0x626a438f480f - <std[617be2ca0a6fd877]::sys::thread::unix::Thread>::new::thread_start
[INFO] [stdout]   19:     0x7ede9c528dfa - <unknown>
[INFO] [stdout]   20:     0x7ede9c5bc3d4 - clone
[INFO] [stdout]   21:                0x0 - <unknown>
[INFO] [stdout] 
[INFO] [stdout] ---- test_json_output_goal_lifecycle_and_prep_and_compact stdout ----
[INFO] [stdout] 
[INFO] [stdout] thread 'test_json_output_goal_lifecycle_and_prep_and_compact' (1917) panicked at tests/integration_test.rs:37:14:
[INFO] [stdout] Failed to execute radial command: Os { code: 2, kind: NotFound, message: "No such file or directory" }
[INFO] [stdout] stack backtrace:
[INFO] [stdout]    0:     0x626a438f54f1 - <<std[617be2ca0a6fd877]::sys::backtrace::BacktraceLock>::print::DisplayBacktrace as core[a373ad73a504971]::fmt::Display>::fmt
[INFO] [stdout]    1:     0x626a4390abea - core[a373ad73a504971]::fmt::write
[INFO] [stdout]    2:     0x626a438f996c - <alloc[2e1b2a31b91974c5]::vec::Vec<u8> as core[a373ad73a504971]::io::write::Write>::write_fmt
[INFO] [stdout]    3:     0x626a438cfcc6 - std[617be2ca0a6fd877]::panicking::default_hook::{closure#0}
[INFO] [stdout]    4:     0x626a438ecf29 - std[617be2ca0a6fd877]::panicking::default_hook
[INFO] [stdout]    5:     0x626a43881e00 - test[aada8e7e76ba119b]::test_main_inner::{closure#0}
[INFO] [stdout]    6:     0x626a438ed0e2 - std[617be2ca0a6fd877]::panicking::panic_with_hook
[INFO] [stdout]    7:     0x626a438cfd72 - std[617be2ca0a6fd877]::panicking::panic_handler::{closure#0}
[INFO] [stdout]    8:     0x626a438c87d9 - std[617be2ca0a6fd877]::sys::backtrace::__rust_end_short_backtrace::<std[617be2ca0a6fd877]::panicking::panic_handler::{closure#0}, !>
[INFO] [stdout]    9:     0x626a438d097d - __rustc[ea4f61d10b84890b]::rust_begin_unwind
[INFO] [stdout]   10:     0x626a4390b31c - core[a373ad73a504971]::panicking::panic_fmt
[INFO] [stdout]   11:     0x626a4390b0f2 - core[a373ad73a504971]::result::unwrap_failed
[INFO] [stdout]   12:     0x626a43849849 - <integration_test[2939aa730381b4da]::TestEnv>::run
[INFO] [stdout]   13:     0x626a4386b6b2 - <integration_test[2939aa730381b4da]::test_json_output_goal_lifecycle_and_prep_and_compact::{closure#0} as core[a373ad73a504971]::ops::function::FnOnce<()>>::call_once
[INFO] [stdout]   14:     0x626a4387524b - test[aada8e7e76ba119b]::__rust_begin_short_backtrace::<core[a373ad73a504971]::result::Result<(), alloc[2e1b2a31b91974c5]::string::String>, fn() -> core[a373ad73a504971]::result::Result<(), alloc[2e1b2a31b91974c5]::string::String>>
[INFO] [stdout]   15:     0x626a43882425 - test[aada8e7e76ba119b]::run_test::{closure#0}
[INFO] [stdout]   16:     0x626a4387bd14 - std[617be2ca0a6fd877]::sys::backtrace::__rust_begin_short_backtrace::<test[aada8e7e76ba119b]::run_test::{closure#1}, ()>
[INFO] [stdout]   17:     0x626a438854b2 - <std[617be2ca0a6fd877]::thread::lifecycle::spawn_unchecked<test[aada8e7e76ba119b]::run_test::{closure#1}, ()>::{closure#1} as core[a373ad73a504971]::ops::function::FnOnce<()>>::call_once::{shim:vtable#0}
[INFO] [stdout]   18:     0x626a438f480f - <std[617be2ca0a6fd877]::sys::thread::unix::Thread>::new::thread_start
[INFO] [stdout]   19:     0x7ede9c528dfa - <unknown>
[INFO] [stdout]   20:     0x7ede9c5bc3d4 - clone
[INFO] [stdout]   21:                0x0 - <unknown>
[INFO] [stdout] 
[INFO] [stdout] ---- test_list_truncates_descriptions_by_default stdout ----
[INFO] [stdout] 
[INFO] [stdout] thread 'test_list_truncates_descriptions_by_default' (1931) panicked at tests/integration_test.rs:37:14:
[INFO] [stdout] Failed to execute radial command: Os { code: 2, kind: NotFound, message: "No such file or directory" }
[INFO] [stdout] stack backtrace:
[INFO] [stdout]    0:     0x626a438f54f1 - <<std[617be2ca0a6fd877]::sys::backtrace::BacktraceLock>::print::DisplayBacktrace as core[a373ad73a504971]::fmt::Display>::fmt
[INFO] [stdout]    1:     0x626a4390abea - core[a373ad73a504971]::fmt::write
[INFO] [stdout]    2:     0x626a438f996c - <alloc[2e1b2a31b91974c5]::vec::Vec<u8> as core[a373ad73a504971]::io::write::Write>::write_fmt
[INFO] [stdout]    3:     0x626a438cfcc6 - std[617be2ca0a6fd877]::panicking::default_hook::{closure#0}
[INFO] [stdout]    4:     0x626a438ecf29 - std[617be2ca0a6fd877]::panicking::default_hook
[INFO] [stdout]    5:     0x626a43881e00 - test[aada8e7e76ba119b]::test_main_inner::{closure#0}
[INFO] [stdout]    6:     0x626a438ed0e2 - std[617be2ca0a6fd877]::panicking::panic_with_hook
[INFO] [stdout]    7:     0x626a438cfd72 - std[617be2ca0a6fd877]::panicking::panic_handler::{closure#0}
[INFO] [stdout]    8:     0x626a438c87d9 - std[617be2ca0a6fd877]::sys::backtrace::__rust_end_short_backtrace::<std[617be2ca0a6fd877]::panicking::panic_handler::{closure#0}, !>
[INFO] [stdout]    9:     0x626a438d097d - __rustc[ea4f61d10b84890b]::rust_begin_unwind
[INFO] [stdout]   10:     0x626a4390b31c - core[a373ad73a504971]::panicking::panic_fmt
[INFO] [stdout]   11:     0x626a4390b0f2 - core[a373ad73a504971]::result::unwrap_failed
[INFO] [stdout]   12:     0x626a43849849 - <integration_test[2939aa730381b4da]::TestEnv>::run
[INFO] [stdout]   13:     0x626a438681ef - <integration_test[2939aa730381b4da]::test_list_truncates_descriptions_by_default::{closure#0} as core[a373ad73a504971]::ops::function::FnOnce<()>>::call_once
[INFO] [stdout]   14:     0x626a4387524b - test[aada8e7e76ba119b]::__rust_begin_short_backtrace::<core[a373ad73a504971]::result::Result<(), alloc[2e1b2a31b91974c5]::string::String>, fn() -> core[a373ad73a504971]::result::Result<(), alloc[2e1b2a31b91974c5]::string::String>>
[INFO] [stdout]   15:     0x626a43882425 - test[aada8e7e76ba119b]::run_test::{closure#0}
[INFO] [stdout]   16:     0x626a4387bd14 - std[617be2ca0a6fd877]::sys::backtrace::__rust_begin_short_backtrace::<test[aada8e7e76ba119b]::run_test::{closure#1}, ()>
[INFO] [stdout]   17:     0x626a438854b2 - <std[617be2ca0a6fd877]::thread::lifecycle::spawn_unchecked<test[aada8e7e76ba119b]::run_test::{closure#1}, ()>::{closure#1} as core[a373ad73a504971]::ops::function::FnOnce<()>>::call_once::{shim:vtable#0}
[INFO] [stdout]   18:     0x626a438f480f - <std[617be2ca0a6fd877]::sys::thread::unix::Thread>::new::thread_start
[INFO] [stdout]   19:     0x7ede9c528dfa - <unknown>
[INFO] [stdout]   20:     0x7ede9c5bc3d4 - clone
[INFO] [stdout]   21:                0x0 - <unknown>
[INFO] [stdout] 
[INFO] [stdout] ---- test_shell_completions stdout ----
[INFO] [stdout] 
[INFO] [stdout] thread 'test_shell_completions' (1946) panicked at tests/integration_test.rs:37:14:
[INFO] [stdout] Failed to execute radial command: Os { code: 2, kind: NotFound, message: "No such file or directory" }
[INFO] [stdout] stack backtrace:
[INFO] [stdout]    0:     0x626a438f54f1 - <<std[617be2ca0a6fd877]::sys::backtrace::BacktraceLock>::print::DisplayBacktrace as core[a373ad73a504971]::fmt::Display>::fmt
[INFO] [stdout]    1:     0x626a4390abea - core[a373ad73a504971]::fmt::write
[INFO] [stdout]    2:     0x626a438f996c - <alloc[2e1b2a31b91974c5]::vec::Vec<u8> as core[a373ad73a504971]::io::write::Write>::write_fmt
[INFO] [stdout]    3:     0x626a438cfcc6 - std[617be2ca0a6fd877]::panicking::default_hook::{closure#0}
[INFO] [stdout]    4:     0x626a438ecf29 - std[617be2ca0a6fd877]::panicking::default_hook
[INFO] [stdout]    5:     0x626a43881e00 - test[aada8e7e76ba119b]::test_main_inner::{closure#0}
[INFO] [stdout]    6:     0x626a438ed0e2 - std[617be2ca0a6fd877]::panicking::panic_with_hook
[INFO] [stdout]    7:     0x626a438cfd72 - std[617be2ca0a6fd877]::panicking::panic_handler::{closure#0}
[INFO] [stdout]    8:     0x626a438c87d9 - std[617be2ca0a6fd877]::sys::backtrace::__rust_end_short_backtrace::<std[617be2ca0a6fd877]::panicking::panic_handler::{closure#0}, !>
[INFO] [stdout]    9:     0x626a438d097d - __rustc[ea4f61d10b84890b]::rust_begin_unwind
[INFO] [stdout]   10:     0x626a4390b31c - core[a373ad73a504971]::panicking::panic_fmt
[INFO] [stdout]   11:     0x626a4390b0f2 - core[a373ad73a504971]::result::unwrap_failed
[INFO] [stdout]   12:     0x626a43849849 - <integration_test[2939aa730381b4da]::TestEnv>::run
[INFO] [stdout]   13:     0x626a4385081a - <integration_test[2939aa730381b4da]::test_shell_completions::{closure#0} as core[a373ad73a504971]::ops::function::FnOnce<()>>::call_once
[INFO] [stdout]   14:     0x626a4387524b - test[aada8e7e76ba119b]::__rust_begin_short_backtrace::<core[a373ad73a504971]::result::Result<(), alloc[2e1b2a31b91974c5]::string::String>, fn() -> core[a373ad73a504971]::result::Result<(), alloc[2e1b2a31b91974c5]::string::String>>
[INFO] [stdout]   15:     0x626a43882425 - test[aada8e7e76ba119b]::run_test::{closure#0}
[INFO] [stdout]   16:     0x626a4387bd14 - std[617be2ca0a6fd877]::sys::backtrace::__rust_begin_short_backtrace::<test[aada8e7e76ba119b]::run_test::{closure#1}, ()>
[INFO] [stdout]   17:     0x626a438854b2 - <std[617be2ca0a6fd877]::thread::lifecycle::spawn_unchecked<test[aada8e7e76ba119b]::run_test::{closure#1}, ()>::{closure#1} as core[a373ad73a504971]::ops::function::FnOnce<()>>::call_once::{shim:vtable#0}
[INFO] [stdout]   18:     0x626a438f480f - <std[617be2ca0a6fd877]::sys::thread::unix::Thread>::new::thread_start
[INFO] [stdout]   19:     0x7ede9c528dfa - <unknown>
[INFO] [stdout]   20:     0x7ede9c5bc3d4 - clone
[INFO] [stdout]   21:                0x0 - <unknown>
[INFO] [stdout] 
[INFO] [stdout] ---- test_prefix_resolution stdout ----
[INFO] [stdout] 
[INFO] [stdout] thread 'test_prefix_resolution' (1934) panicked at tests/integration_test.rs:37:14:
[INFO] [stdout] Failed to execute radial command: Os { code: 2, kind: NotFound, message: "No such file or directory" }
[INFO] [stdout] stack backtrace:
[INFO] [stdout]    0:     0x626a438f54f1 - <<std[617be2ca0a6fd877]::sys::backtrace::BacktraceLock>::print::DisplayBacktrace as core[a373ad73a504971]::fmt::Display>::fmt
[INFO] [stdout]    1:     0x626a4390abea - core[a373ad73a504971]::fmt::write
[INFO] [stdout]    2:     0x626a438f996c - <alloc[2e1b2a31b91974c5]::vec::Vec<u8> as core[a373ad73a504971]::io::write::Write>::write_fmt
[INFO] [stdout]    3:     0x626a438cfcc6 - std[617be2ca0a6fd877]::panicking::default_hook::{closure#0}
[INFO] [stdout]    4:     0x626a438ecf29 - std[617be2ca0a6fd877]::panicking::default_hook
[INFO] [stdout]    5:     0x626a43881e00 - test[aada8e7e76ba119b]::test_main_inner::{closure#0}
[INFO] [stdout]    6:     0x626a438ed0e2 - std[617be2ca0a6fd877]::panicking::panic_with_hook
[INFO] [stdout]    7:     0x626a438cfd72 - std[617be2ca0a6fd877]::panicking::panic_handler::{closure#0}
[INFO] [stdout]    8:     0x626a438c87d9 - std[617be2ca0a6fd877]::sys::backtrace::__rust_end_short_backtrace::<std[617be2ca0a6fd877]::panicking::panic_handler::{closure#0}, !>
[INFO] [stdout]    9:     0x626a438d097d - __rustc[ea4f61d10b84890b]::rust_begin_unwind
[INFO] [stdout]   10:     0x626a4390b31c - core[a373ad73a504971]::panicking::panic_fmt
[INFO] [stdout]   11:     0x626a4390b0f2 - core[a373ad73a504971]::result::unwrap_failed
[INFO] [stdout]   12:     0x626a43849849 - <integration_test[2939aa730381b4da]::TestEnv>::run
[INFO] [stdout]   13:     0x626a4384f28d - <integration_test[2939aa730381b4da]::test_prefix_resolution::{closure#0} as core[a373ad73a504971]::ops::function::FnOnce<()>>::call_once
[INFO] [stdout]   14:     0x626a4387524b - test[aada8e7e76ba119b]::__rust_begin_short_backtrace::<core[a373ad73a504971]::result::Result<(), alloc[2e1b2a31b91974c5]::string::String>, fn() -> core[a373ad73a504971]::result::Result<(), alloc[2e1b2a31b91974c5]::string::String>>
[INFO] [stdout]   15:     0x626a43882425 - test[aada8e7e76ba119b]::run_test::{closure#0}
[INFO] [stdout]   16:     0x626a4387bd14 - std[617be2ca0a6fd877]::sys::backtrace::__rust_begin_short_backtrace::<test[aada8e7e76ba119b]::run_test::{closure#1}, ()>
[INFO] [stdout]   17:     0x626a438854b2 - <std[617be2ca0a6fd877]::thread::lifecycle::spawn_unchecked<test[aada8e7e76ba119b]::run_test::{closure#1}, ()>::{closure#1} as core[a373ad73a504971]::ops::function::FnOnce<()>>::call_once::{shim:vtable#0}
[INFO] [stdout]   18:     0x626a438f480f - <std[617be2ca0a6fd877]::sys::thread::unix::Thread>::new::thread_start
[INFO] [stdout]   19:     0x7ede9c528dfa - <unknown>
[INFO] [stdout]   20:     0x7ede9c5bc3d4 - clone
[INFO] [stdout]   21:                0x0 - <unknown>
[INFO] [stdout] 
[INFO] [stdout] ---- test_status_compact_vs_show_detail stdout ----
[INFO] [stdout] 
[INFO] [stdout] thread 'test_status_compact_vs_show_detail' (1949) panicked at tests/integration_test.rs:37:14:
[INFO] [stdout] Failed to execute radial command: Os { code: 2, kind: NotFound, message: "No such file or directory" }
[INFO] [stdout] stack backtrace:
[INFO] [stdout]    0:     0x626a438f54f1 - <<std[617be2ca0a6fd877]::sys::backtrace::BacktraceLock>::print::DisplayBacktrace as core[a373ad73a504971]::fmt::Display>::fmt
[INFO] [stdout]    1:     0x626a4390abea - core[a373ad73a504971]::fmt::write
[INFO] [stdout]    2:     0x626a438f996c - <alloc[2e1b2a31b91974c5]::vec::Vec<u8> as core[a373ad73a504971]::io::write::Write>::write_fmt
[INFO] [stdout]    3:     0x626a438cfcc6 - std[617be2ca0a6fd877]::panicking::default_hook::{closure#0}
[INFO] [stdout]    4:     0x626a438ecf29 - std[617be2ca0a6fd877]::panicking::default_hook
[INFO] [stdout]    5:     0x626a43881e00 - test[aada8e7e76ba119b]::test_main_inner::{closure#0}
[INFO] [stdout]    6:     0x626a438ed0e2 - std[617be2ca0a6fd877]::panicking::panic_with_hook
[INFO] [stdout]    7:     0x626a438cfd72 - std[617be2ca0a6fd877]::panicking::panic_handler::{closure#0}
[INFO] [stdout]    8:     0x626a438c87d9 - std[617be2ca0a6fd877]::sys::backtrace::__rust_end_short_backtrace::<std[617be2ca0a6fd877]::panicking::panic_handler::{closure#0}, !>
[INFO] [stdout]    9:     0x626a438d097d - __rustc[ea4f61d10b84890b]::rust_begin_unwind
[INFO] [stdout]   10:     0x626a4390b31c - core[a373ad73a504971]::panicking::panic_fmt
[INFO] [stdout]   11:     0x626a4390b0f2 - core[a373ad73a504971]::result::unwrap_failed
[INFO] [stdout]   12:     0x626a43849849 - <integration_test[2939aa730381b4da]::TestEnv>::run
[INFO] [stdout]   13:     0x626a4385e4fd - <integration_test[2939aa730381b4da]::test_status_compact_vs_show_detail::{closure#0} as core[a373ad73a504971]::ops::function::FnOnce<()>>::call_once
[INFO] [stdout]   14:     0x626a4387524b - test[aada8e7e76ba119b]::__rust_begin_short_backtrace::<core[a373ad73a504971]::result::Result<(), alloc[2e1b2a31b91974c5]::string::String>, fn() -> core[a373ad73a504971]::result::Result<(), alloc[2e1b2a31b91974c5]::string::String>>
[INFO] [stdout]   15:     0x626a43882425 - test[aada8e7e76ba119b]::run_test::{closure#0}
[INFO] [stdout]   16:     0x626a4387bd14 - std[617be2ca0a6fd877]::sys::backtrace::__rust_begin_short_backtrace::<test[aada8e7e76ba119b]::run_test::{closure#1}, ()>
[INFO] [stdout]   17:     0x626a438854b2 - <std[617be2ca0a6fd877]::thread::lifecycle::spawn_unchecked<test[aada8e7e76ba119b]::run_test::{closure#1}, ()>::{closure#1} as core[a373ad73a504971]::ops::function::FnOnce<()>>::call_once::{shim:vtable#0}
[INFO] [stdout]   18:     0x626a438f480f - <std[617be2ca0a6fd877]::sys::thread::unix::Thread>::new::thread_start
[INFO] [stdout]   19:     0x7ede9c528dfa - <unknown>
[INFO] [stdout]   20:     0x7ede9c5bc3d4 - clone
[INFO] [stdout]   21:                0x0 - <unknown>
[INFO] [stdout] 
[INFO] [stdout] ---- test_json_output_task_start_and_complete stdout ----
[INFO] [stdout] 
[INFO] [stdout] thread 'test_json_output_task_start_and_complete' (1923) panicked at tests/integration_test.rs:37:14:
[INFO] [stdout] Failed to execute radial command: Os { code: 2, kind: NotFound, message: "No such file or directory" }
[INFO] [stdout] stack backtrace:
[INFO] [stdout]    0:     0x626a438f54f1 - <<std[617be2ca0a6fd877]::sys::backtrace::BacktraceLock>::print::DisplayBacktrace as core[a373ad73a504971]::fmt::Display>::fmt
[INFO] [stdout]    1:     0x626a4390abea - core[a373ad73a504971]::fmt::write
[INFO] [stdout]    2:     0x626a438f996c - <alloc[2e1b2a31b91974c5]::vec::Vec<u8> as core[a373ad73a504971]::io::write::Write>::write_fmt
[INFO] [stdout]    3:     0x626a438cfcc6 - std[617be2ca0a6fd877]::panicking::default_hook::{closure#0}
[INFO] [stdout]    4:     0x626a438ecf29 - std[617be2ca0a6fd877]::panicking::default_hook
[INFO] [stdout]    5:     0x626a43881e00 - test[aada8e7e76ba119b]::test_main_inner::{closure#0}
[INFO] [stdout]    6:     0x626a438ed0e2 - std[617be2ca0a6fd877]::panicking::panic_with_hook
[INFO] [stdout]    7:     0x626a438cfd72 - std[617be2ca0a6fd877]::panicking::panic_handler::{closure#0}
[INFO] [stdout]    8:     0x626a438c87d9 - std[617be2ca0a6fd877]::sys::backtrace::__rust_end_short_backtrace::<std[617be2ca0a6fd877]::panicking::panic_handler::{closure#0}, !>
[INFO] [stdout]    9:     0x626a438d097d - __rustc[ea4f61d10b84890b]::rust_begin_unwind
[INFO] [stdout]   10:     0x626a4390b31c - core[a373ad73a504971]::panicking::panic_fmt
[INFO] [stdout]   11:     0x626a4390b0f2 - core[a373ad73a504971]::result::unwrap_failed
[INFO] [stdout]   12:     0x626a43849849 - <integration_test[2939aa730381b4da]::TestEnv>::run
[INFO] [stdout]   13:     0x626a4386618d - <integration_test[2939aa730381b4da]::test_json_output_task_start_and_complete::{closure#0} as core[a373ad73a504971]::ops::function::FnOnce<()>>::call_once
[INFO] [stdout]   14:     0x626a4387524b - test[aada8e7e76ba119b]::__rust_begin_short_backtrace::<core[a373ad73a504971]::result::Result<(), alloc[2e1b2a31b91974c5]::string::String>, fn() -> core[a373ad73a504971]::result::Result<(), alloc[2e1b2a31b91974c5]::string::String>>
[INFO] [stdout]   15:     0x626a43882425 - test[aada8e7e76ba119b]::run_test::{closure#0}
[INFO] [stdout]   16:     0x626a4387bd14 - std[617be2ca0a6fd877]::sys::backtrace::__rust_begin_short_backtrace::<test[aada8e7e76ba119b]::run_test::{closure#1}, ()>
[INFO] [stdout]   17:     0x626a438854b2 - <std[617be2ca0a6fd877]::thread::lifecycle::spawn_unchecked<test[aada8e7e76ba119b]::run_test::{closure#1}, ()>::{closure#1} as core[a373ad73a504971]::ops::function::FnOnce<()>>::call_once::{shim:vtable#0}
[INFO] [stdout]   18:     0x626a438f480f - <std[617be2ca0a6fd877]::sys::thread::unix::Thread>::new::thread_start
[INFO] [stdout]   19:     0x7ede9c528dfa - <unknown>
[INFO] [stdout]   20:     0x7ede9c5bc3d4 - clone
[INFO] [stdout]   21:                0x0 - <unknown>
[INFO] [stdout] 
[INFO] [stdout] ---- test_redirect_file stdout ----
[INFO] [stdout] 
[INFO] [stdout] thread 'test_redirect_file' (1944) panicked at tests/integration_test.rs:617:10:
[INFO] [stdout] Failed to init project_a: Os { code: 2, kind: NotFound, message: "No such file or directory" }
[INFO] [stdout] stack backtrace:
[INFO] [stdout]    0:     0x626a438f54f1 - <<std[617be2ca0a6fd877]::sys::backtrace::BacktraceLock>::print::DisplayBacktrace as core[a373ad73a504971]::fmt::Display>::fmt
[INFO] [stdout]    1:     0x626a4390abea - core[a373ad73a504971]::fmt::write
[INFO] [stdout]    2:     0x626a438f996c - <alloc[2e1b2a31b91974c5]::vec::Vec<u8> as core[a373ad73a504971]::io::write::Write>::write_fmt
[INFO] [stdout]    3:     0x626a438cfcc6 - std[617be2ca0a6fd877]::panicking::default_hook::{closure#0}
[INFO] [stdout]    4:     0x626a438ecf29 - std[617be2ca0a6fd877]::panicking::default_hook
[INFO] [stdout]    5:     0x626a43881e00 - test[aada8e7e76ba119b]::test_main_inner::{closure#0}
[INFO] [stdout]    6:     0x626a438ed0e2 - std[617be2ca0a6fd877]::panicking::panic_with_hook
[INFO] [stdout]    7:     0x626a438cfd72 - std[617be2ca0a6fd877]::panicking::panic_handler::{closure#0}
[INFO] [stdout]    8:     0x626a438c87d9 - std[617be2ca0a6fd877]::sys::backtrace::__rust_end_short_backtrace::<std[617be2ca0a6fd877]::panicking::panic_handler::{closure#0}, !>
[INFO] [stdout]    9:     0x626a438d097d - __rustc[ea4f61d10b84890b]::rust_begin_unwind
[INFO] [stdout]   10:     0x626a4390b31c - core[a373ad73a504971]::panicking::panic_fmt
[INFO] [stdout]   11:     0x626a4390b0f2 - core[a373ad73a504971]::result::unwrap_failed
[INFO] [stdout]   12:     0x626a4384b6da - <integration_test[2939aa730381b4da]::test_redirect_file::{closure#0} as core[a373ad73a504971]::ops::function::FnOnce<()>>::call_once
[INFO] [stdout]   13:     0x626a4387524b - test[aada8e7e76ba119b]::__rust_begin_short_backtrace::<core[a373ad73a504971]::result::Result<(), alloc[2e1b2a31b91974c5]::string::String>, fn() -> core[a373ad73a504971]::result::Result<(), alloc[2e1b2a31b91974c5]::string::String>>
[INFO] [stdout]   14:     0x626a43882425 - test[aada8e7e76ba119b]::run_test::{closure#0}
[INFO] [stdout]   15:     0x626a4387bd14 - std[617be2ca0a6fd877]::sys::backtrace::__rust_begin_short_backtrace::<test[aada8e7e76ba119b]::run_test::{closure#1}, ()>
[INFO] [stdout]   16:     0x626a438854b2 - <std[617be2ca0a6fd877]::thread::lifecycle::spawn_unchecked<test[aada8e7e76ba119b]::run_test::{closure#1}, ()>::{closure#1} as core[a373ad73a504971]::ops::function::FnOnce<()>>::call_once::{shim:vtable#0}
[INFO] [stdout]   17:     0x626a438f480f - <std[617be2ca0a6fd877]::sys::thread::unix::Thread>::new::thread_start
[INFO] [stdout]   18:     0x7ede9c528dfa - <unknown>
[INFO] [stdout]   19:     0x7ede9c5bc3d4 - clone
[INFO] [stdout]   20:                0x0 - <unknown>
[INFO] [stdout] 
[INFO] [stdout] ---- test_ready_and_task_list_default_to_single_active_goal stdout ----
[INFO] [stdout] 
[INFO] [stdout] thread 'test_ready_and_task_list_default_to_single_active_goal' (1943) panicked at tests/integration_test.rs:37:14:
[INFO] [stdout] Failed to execute radial command: Os { code: 2, kind: NotFound, message: "No such file or directory" }
[INFO] [stdout] stack backtrace:
[INFO] [stdout]    0:     0x626a438f54f1 - <<std[617be2ca0a6fd877]::sys::backtrace::BacktraceLock>::print::DisplayBacktrace as core[a373ad73a504971]::fmt::Display>::fmt
[INFO] [stdout]    1:     0x626a4390abea - core[a373ad73a504971]::fmt::write
[INFO] [stdout]    2:     0x626a438f996c - <alloc[2e1b2a31b91974c5]::vec::Vec<u8> as core[a373ad73a504971]::io::write::Write>::write_fmt
[INFO] [stdout]    3:     0x626a438cfcc6 - std[617be2ca0a6fd877]::panicking::default_hook::{closure#0}
[INFO] [stdout]    4:     0x626a438ecf29 - std[617be2ca0a6fd877]::panicking::default_hook
[INFO] [stdout]    5:     0x626a43881e00 - test[aada8e7e76ba119b]::test_main_inner::{closure#0}
[INFO] [stdout]    6:     0x626a438ed0e2 - std[617be2ca0a6fd877]::panicking::panic_with_hook
[INFO] [stdout]    7:     0x626a438cfd72 - std[617be2ca0a6fd877]::panicking::panic_handler::{closure#0}
[INFO] [stdout]    8:     0x626a438c87d9 - std[617be2ca0a6fd877]::sys::backtrace::__rust_end_short_backtrace::<std[617be2ca0a6fd877]::panicking::panic_handler::{closure#0}, !>
[INFO] [stdout]    9:     0x626a438d097d - __rustc[ea4f61d10b84890b]::rust_begin_unwind
[INFO] [stdout]   10:     0x626a4390b31c - core[a373ad73a504971]::panicking::panic_fmt
[INFO] [stdout]   11:     0x626a4390b0f2 - core[a373ad73a504971]::result::unwrap_failed
[INFO] [stdout]   12:     0x626a43849849 - <integration_test[2939aa730381b4da]::TestEnv>::run
[INFO] [stdout]   13:     0x626a4386cc0b - <integration_test[2939aa730381b4da]::test_ready_and_task_list_default_to_single_active_goal::{closure#0} as core[a373ad73a504971]::ops::function::FnOnce<()>>::call_once
[INFO] [stdout]   14:     0x626a4387524b - test[aada8e7e76ba119b]::__rust_begin_short_backtrace::<core[a373ad73a504971]::result::Result<(), alloc[2e1b2a31b91974c5]::string::String>, fn() -> core[a373ad73a504971]::result::Result<(), alloc[2e1b2a31b91974c5]::string::String>>
[INFO] [stdout]   15:     0x626a43882425 - test[aada8e7e76ba119b]::run_test::{closure#0}
[INFO] [stdout]   16:     0x626a4387bd14 - std[617be2ca0a6fd877]::sys::backtrace::__rust_begin_short_backtrace::<test[aada8e7e76ba119b]::run_test::{closure#1}, ()>
[INFO] [stdout]   17:     0x626a438854b2 - <std[617be2ca0a6fd877]::thread::lifecycle::spawn_unchecked<test[aada8e7e76ba119b]::run_test::{closure#1}, ()>::{closure#1} as core[a373ad73a504971]::ops::function::FnOnce<()>>::call_once::{shim:vtable#0}
[INFO] [stdout]   18:     0x626a438f480f - <std[617be2ca0a6fd877]::sys::thread::unix::Thread>::new::thread_start
[INFO] [stdout]   19:     0x7ede9c528dfa - <unknown>
[INFO] [stdout]   20:     0x7ede9c5bc3d4 - clone
[INFO] [stdout]   21:                0x0 - <unknown>
[INFO] [stdout] 
[INFO] [stdout] ---- test_status_commands stdout ----
[INFO] [stdout] 
[INFO] [stdout] thread 'test_status_commands' (1948) panicked at tests/integration_test.rs:37:14:
[INFO] [stdout] Failed to execute radial command: Os { code: 2, kind: NotFound, message: "No such file or directory" }
[INFO] [stdout] stack backtrace:
[INFO] [stdout]    0:     0x626a438f54f1 - <<std[617be2ca0a6fd877]::sys::backtrace::BacktraceLock>::print::DisplayBacktrace as core[a373ad73a504971]::fmt::Display>::fmt
[INFO] [stdout]    1:     0x626a4390abea - core[a373ad73a504971]::fmt::write
[INFO] [stdout]    2:     0x626a438f996c - <alloc[2e1b2a31b91974c5]::vec::Vec<u8> as core[a373ad73a504971]::io::write::Write>::write_fmt
[INFO] [stdout]    3:     0x626a438cfcc6 - std[617be2ca0a6fd877]::panicking::default_hook::{closure#0}
[INFO] [stdout]    4:     0x626a438ecf29 - std[617be2ca0a6fd877]::panicking::default_hook
[INFO] [stdout]    5:     0x626a43881e00 - test[aada8e7e76ba119b]::test_main_inner::{closure#0}
[INFO] [stdout]    6:     0x626a438ed0e2 - std[617be2ca0a6fd877]::panicking::panic_with_hook
[INFO] [stdout]    7:     0x626a438cfd72 - std[617be2ca0a6fd877]::panicking::panic_handler::{closure#0}
[INFO] [stdout]    8:     0x626a438c87d9 - std[617be2ca0a6fd877]::sys::backtrace::__rust_end_short_backtrace::<std[617be2ca0a6fd877]::panicking::panic_handler::{closure#0}, !>
[INFO] [stdout]    9:     0x626a438d097d - __rustc[ea4f61d10b84890b]::rust_begin_unwind
[INFO] [stdout]   10:     0x626a4390b31c - core[a373ad73a504971]::panicking::panic_fmt
[INFO] [stdout]   11:     0x626a4390b0f2 - core[a373ad73a504971]::result::unwrap_failed
[INFO] [stdout]   12:     0x626a43849849 - <integration_test[2939aa730381b4da]::TestEnv>::run
[INFO] [stdout]   13:     0x626a4384d3ad - <integration_test[2939aa730381b4da]::test_status_commands::{closure#0} as core[a373ad73a504971]::ops::function::FnOnce<()>>::call_once
[INFO] [stdout]   14:     0x626a4387524b - test[aada8e7e76ba119b]::__rust_begin_short_backtrace::<core[a373ad73a504971]::result::Result<(), alloc[2e1b2a31b91974c5]::string::String>, fn() -> core[a373ad73a504971]::result::Result<(), alloc[2e1b2a31b91974c5]::string::String>>
[INFO] [stdout]   15:     0x626a43882425 - test[aada8e7e76ba119b]::run_test::{closure#0}
[INFO] [stdout]   16:     0x626a4387bd14 - std[617be2ca0a6fd877]::sys::backtrace::__rust_begin_short_backtrace::<test[aada8e7e76ba119b]::run_test::{closure#1}, ()>
[INFO] [stdout]   17:     0x626a438854b2 - <std[617be2ca0a6fd877]::thread::lifecycle::spawn_unchecked<test[aada8e7e76ba119b]::run_test::{closure#1}, ()>::{closure#1} as core[a373ad73a504971]::ops::function::FnOnce<()>>::call_once::{shim:vtable#0}
[INFO] [stdout]   18:     0x626a438f480f - <std[617be2ca0a6fd877]::sys::thread::unix::Thread>::new::thread_start
[INFO] [stdout]   19:     0x7ede9c528dfa - <unknown>
[INFO] [stdout]   20:     0x7ede9c5bc3d4 - clone
[INFO] [stdout]   21:                0x0 - <unknown>
[INFO] [stdout] 
[INFO] [stdout] ---- test_task_comments stdout ----
[INFO] [stdout] 
[INFO] [stdout] thread 'test_task_comments' (1959) panicked at tests/integration_test.rs:37:14:
[INFO] [stdout] Failed to execute radial command: Os { code: 2, kind: NotFound, message: "No such file or directory" }
[INFO] [stdout] stack backtrace:
[INFO] [stdout]    0:     0x626a438f54f1 - <<std[617be2ca0a6fd877]::sys::backtrace::BacktraceLock>::print::DisplayBacktrace as core[a373ad73a504971]::fmt::Display>::fmt
[INFO] [stdout]    1:     0x626a4390abea - core[a373ad73a504971]::fmt::write
[INFO] [stdout]    2:     0x626a438f996c - <alloc[2e1b2a31b91974c5]::vec::Vec<u8> as core[a373ad73a504971]::io::write::Write>::write_fmt
[INFO] [stdout]    3:     0x626a438cfcc6 - std[617be2ca0a6fd877]::panicking::default_hook::{closure#0}
[INFO] [stdout]    4:     0x626a438ecf29 - std[617be2ca0a6fd877]::panicking::default_hook
[INFO] [stdout]    5:     0x626a43881e00 - test[aada8e7e76ba119b]::test_main_inner::{closure#0}
[INFO] [stdout]    6:     0x626a438ed0e2 - std[617be2ca0a6fd877]::panicking::panic_with_hook
[INFO] [stdout]    7:     0x626a438cfd72 - std[617be2ca0a6fd877]::panicking::panic_handler::{closure#0}
[INFO] [stdout]    8:     0x626a438c87d9 - std[617be2ca0a6fd877]::sys::backtrace::__rust_end_short_backtrace::<std[617be2ca0a6fd877]::panicking::panic_handler::{closure#0}, !>
[INFO] [stdout]    9:     0x626a438d097d - __rustc[ea4f61d10b84890b]::rust_begin_unwind
[INFO] [stdout]   10:     0x626a4390b31c - core[a373ad73a504971]::panicking::panic_fmt
[INFO] [stdout]   11:     0x626a4390b0f2 - core[a373ad73a504971]::result::unwrap_failed
[INFO] [stdout]   12:     0x626a43849849 - <integration_test[2939aa730381b4da]::TestEnv>::run
[INFO] [stdout]   13:     0x626a4384bb5d - <integration_test[2939aa730381b4da]::test_task_comments::{closure#0} as core[a373ad73a504971]::ops::function::FnOnce<()>>::call_once
[INFO] [stdout]   14:     0x626a4387524b - test[aada8e7e76ba119b]::__rust_begin_short_backtrace::<core[a373ad73a504971]::result::Result<(), alloc[2e1b2a31b91974c5]::string::String>, fn() -> core[a373ad73a504971]::result::Result<(), alloc[2e1b2a31b91974c5]::string::String>>
[INFO] [stdout]   15:     0x626a43882425 - test[aada8e7e76ba119b]::run_test::{closure#0}
[INFO] [stdout]   16:     0x626a4387bd14 - std[617be2ca0a6fd877]::sys::backtrace::__rust_begin_short_backtrace::<test[aada8e7e76ba119b]::run_test::{closure#1}, ()>
[INFO] [stdout]   17:     0x626a438854b2 - <std[617be2ca0a6fd877]::thread::lifecycle::spawn_unchecked<test[aada8e7e76ba119b]::run_test::{closure#1}, ()>::{closure#1} as core[a373ad73a504971]::ops::function::FnOnce<()>>::call_once::{shim:vtable#0}
[INFO] [stdout]   18:     0x626a438f480f - <std[617be2ca0a6fd877]::sys::thread::unix::Thread>::new::thread_start
[INFO] [stdout]   19:     0x7ede9c528dfa - <unknown>
[INFO] [stdout]   20:     0x7ede9c5bc3d4 - clone
[INFO] [stdout]   21:                0x0 - <unknown>
[INFO] [stdout] 
[INFO] [stdout] ---- test_task_comments_nonexistent_task stdout ----
[INFO] [stdout] 
[INFO] [stdout] thread 'test_task_comments_nonexistent_task' (1963) panicked at tests/integration_test.rs:37:14:
[INFO] [stdout] Failed to execute radial command: Os { code: 2, kind: NotFound, message: "No such file or directory" }
[INFO] [stdout] stack backtrace:
[INFO] [stdout]    0:     0x626a438f54f1 - <<std[617be2ca0a6fd877]::sys::backtrace::BacktraceLock>::print::DisplayBacktrace as core[a373ad73a504971]::fmt::Display>::fmt
[INFO] [stdout]    1:     0x626a4390abea - core[a373ad73a504971]::fmt::write
[INFO] [stdout]    2:     0x626a438f996c - <alloc[2e1b2a31b91974c5]::vec::Vec<u8> as core[a373ad73a504971]::io::write::Write>::write_fmt
[INFO] [stdout]    3:     0x626a438cfcc6 - std[617be2ca0a6fd877]::panicking::default_hook::{closure#0}
[INFO] [stdout]    4:     0x626a438ecf29 - std[617be2ca0a6fd877]::panicking::default_hook
[INFO] [stdout]    5:     0x626a43881e00 - test[aada8e7e76ba119b]::test_main_inner::{closure#0}
[INFO] [stdout]    6:     0x626a438ed0e2 - std[617be2ca0a6fd877]::panicking::panic_with_hook
[INFO] [stdout]    7:     0x626a438cfd72 - std[617be2ca0a6fd877]::panicking::panic_handler::{closure#0}
[INFO] [stdout]    8:     0x626a438c87d9 - std[617be2ca0a6fd877]::sys::backtrace::__rust_end_short_backtrace::<std[617be2ca0a6fd877]::panicking::panic_handler::{closure#0}, !>
[INFO] [stdout]    9:     0x626a438d097d - __rustc[ea4f61d10b84890b]::rust_begin_unwind
[INFO] [stdout]   10:     0x626a4390b31c - core[a373ad73a504971]::panicking::panic_fmt
[INFO] [stdout]   11:     0x626a4390b0f2 - core[a373ad73a504971]::result::unwrap_failed
[INFO] [stdout]   12:     0x626a43849849 - <integration_test[2939aa730381b4da]::TestEnv>::run
[INFO] [stdout]   13:     0x626a4385f7c7 - <integration_test[2939aa730381b4da]::test_task_comments_nonexistent_task::{closure#0} as core[a373ad73a504971]::ops::function::FnOnce<()>>::call_once
[INFO] [stdout]   14:     0x626a4387524b - test[aada8e7e76ba119b]::__rust_begin_short_backtrace::<core[a373ad73a504971]::result::Result<(), alloc[2e1b2a31b91974c5]::string::String>, fn() -> core[a373ad73a504971]::result::Result<(), alloc[2e1b2a31b91974c5]::string::String>>
[INFO] [stdout]   15:     0x626a43882425 - test[aada8e7e76ba119b]::run_test::{closure#0}
[INFO] [stdout]   16:     0x626a4387bd14 - std[617be2ca0a6fd877]::sys::backtrace::__rust_begin_short_backtrace::<test[aada8e7e76ba119b]::run_test::{closure#1}, ()>
[INFO] [stdout]   17:     0x626a438854b2 - <std[617be2ca0a6fd877]::thread::lifecycle::spawn_unchecked<test[aada8e7e76ba119b]::run_test::{closure#1}, ()>::{closure#1} as core[a373ad73a504971]::ops::function::FnOnce<()>>::call_once::{shim:vtable#0}
[INFO] [stdout]   18:     0x626a438f480f - <std[617be2ca0a6fd877]::sys::thread::unix::Thread>::new::thread_start
[INFO] [stdout]   19:     0x7ede9c528dfa - <unknown>
[INFO] [stdout]   20:     0x7ede9c5bc3d4 - clone
[INFO] [stdout]   21:                0x0 - <unknown>
[INFO] [stdout] 
[INFO] [stdout] ---- test_task_list_filter_by_assignee stdout ----
[INFO] [stdout] 
[INFO] [stdout] thread 'test_task_list_filter_by_assignee' (1965) panicked at tests/integration_test.rs:37:14:
[INFO] [stdout] Failed to execute radial command: Os { code: 2, kind: NotFound, message: "No such file or directory" }
[INFO] [stdout] stack backtrace:
[INFO] [stdout]    0:     0x626a438f54f1 - <<std[617be2ca0a6fd877]::sys::backtrace::BacktraceLock>::print::DisplayBacktrace as core[a373ad73a504971]::fmt::Display>::fmt
[INFO] [stdout]    1:     0x626a4390abea - core[a373ad73a504971]::fmt::write
[INFO] [stdout]    2:     0x626a438f996c - <alloc[2e1b2a31b91974c5]::vec::Vec<u8> as core[a373ad73a504971]::io::write::Write>::write_fmt
[INFO] [stdout]    3:     0x626a438cfcc6 - std[617be2ca0a6fd877]::panicking::default_hook::{closure#0}
[INFO] [stdout]    4:     0x626a438ecf29 - std[617be2ca0a6fd877]::panicking::default_hook
[INFO] [stdout]    5:     0x626a43881e00 - test[aada8e7e76ba119b]::test_main_inner::{closure#0}
[INFO] [stdout]    6:     0x626a438ed0e2 - std[617be2ca0a6fd877]::panicking::panic_with_hook
[INFO] [stdout]    7:     0x626a438cfd72 - std[617be2ca0a6fd877]::panicking::panic_handler::{closure#0}
[INFO] [stdout]    8:     0x626a438c87d9 - std[617be2ca0a6fd877]::sys::backtrace::__rust_end_short_backtrace::<std[617be2ca0a6fd877]::panicking::panic_handler::{closure#0}, !>
[INFO] [stdout]    9:     0x626a438d097d - __rustc[ea4f61d10b84890b]::rust_begin_unwind
[INFO] [stdout]   10:     0x626a4390b31c - core[a373ad73a504971]::panicking::panic_fmt
[INFO] [stdout]   11:     0x626a4390b0f2 - core[a373ad73a504971]::result::unwrap_failed
[INFO] [stdout]   12:     0x626a43849849 - <integration_test[2939aa730381b4da]::TestEnv>::run
[INFO] [stdout]   13:     0x626a4385ca3d - <integration_test[2939aa730381b4da]::test_task_list_filter_by_assignee::{closure#0} as core[a373ad73a504971]::ops::function::FnOnce<()>>::call_once
[INFO] [stdout]   14:     0x626a4387524b - test[aada8e7e76ba119b]::__rust_begin_short_backtrace::<core[a373ad73a504971]::result::Result<(), alloc[2e1b2a31b91974c5]::string::String>, fn() -> core[a373ad73a504971]::result::Result<(), alloc[2e1b2a31b91974c5]::string::String>>
[INFO] [stdout]   15:     0x626a43882425 - test[aada8e7e76ba119b]::run_test::{closure#0}
[INFO] [stdout]   16:     0x626a4387bd14 - std[617be2ca0a6fd877]::sys::backtrace::__rust_begin_short_backtrace::<test[aada8e7e76ba119b]::run_test::{closure#1}, ()>
[INFO] [stdout]   17:     0x626a438854b2 - <std[617be2ca0a6fd877]::thread::lifecycle::spawn_unchecked<test[aada8e7e76ba119b]::run_test::{closure#1}, ()>::{closure#1} as core[a373ad73a504971]::ops::function::FnOnce<()>>::call_once::{shim:vtable#0}
[INFO] [stdout]   18:     0x626a438f480f - <std[617be2ca0a6fd877]::sys::thread::unix::Thread>::new::thread_start
[INFO] [stdout]   19:     0x7ede9c528dfa - <unknown>
[INFO] [stdout]   20:     0x7ede9c5bc3d4 - clone
[INFO] [stdout]   21:                0x0 - <unknown>
[INFO] [stdout] 
[INFO] [stdout] ---- test_task_comments_json_output stdout ----
[INFO] [stdout] 
[INFO] [stdout] thread 'test_task_comments_json_output' (1960) panicked at tests/integration_test.rs:37:14:
[INFO] [stdout] Failed to execute radial command: Os { code: 2, kind: NotFound, message: "No such file or directory" }
[INFO] [stdout] stack backtrace:
[INFO] [stdout]    0:     0x626a438f54f1 - <<std[617be2ca0a6fd877]::sys::backtrace::BacktraceLock>::print::DisplayBacktrace as core[a373ad73a504971]::fmt::Display>::fmt
[INFO] [stdout]    1:     0x626a4390abea - core[a373ad73a504971]::fmt::write
[INFO] [stdout]    2:     0x626a438f996c - <alloc[2e1b2a31b91974c5]::vec::Vec<u8> as core[a373ad73a504971]::io::write::Write>::write_fmt
[INFO] [stdout]    3:     0x626a438cfcc6 - std[617be2ca0a6fd877]::panicking::default_hook::{closure#0}
[INFO] [stdout]    4:     0x626a438ecf29 - std[617be2ca0a6fd877]::panicking::default_hook
[INFO] [stdout]    5:     0x626a43881e00 - test[aada8e7e76ba119b]::test_main_inner::{closure#0}
[INFO] [stdout]    6:     0x626a438ed0e2 - std[617be2ca0a6fd877]::panicking::panic_with_hook
[INFO] [stdout]    7:     0x626a438cfd72 - std[617be2ca0a6fd877]::panicking::panic_handler::{closure#0}
[INFO] [stdout]    8:     0x626a438c87d9 - std[617be2ca0a6fd877]::sys::backtrace::__rust_end_short_backtrace::<std[617be2ca0a6fd877]::panicking::panic_handler::{closure#0}, !>
[INFO] [stdout]    9:     0x626a438d097d - __rustc[ea4f61d10b84890b]::rust_begin_unwind
[INFO] [stdout]   10:     0x626a4390b31c - core[a373ad73a504971]::panicking::panic_fmt
[INFO] [stdout]   11:     0x626a4390b0f2 - core[a373ad73a504971]::result::unwrap_failed
[INFO] [stdout]   12:     0x626a43849849 - <integration_test[2939aa730381b4da]::TestEnv>::run
[INFO] [stdout]   13:     0x626a4385905d - <integration_test[2939aa730381b4da]::test_task_comments_json_output::{closure#0} as core[a373ad73a504971]::ops::function::FnOnce<()>>::call_once
[INFO] [stdout]   14:     0x626a4387524b - test[aada8e7e76ba119b]::__rust_begin_short_backtrace::<core[a373ad73a504971]::result::Result<(), alloc[2e1b2a31b91974c5]::string::String>, fn() -> core[a373ad73a504971]::result::Result<(), alloc[2e1b2a31b91974c5]::string::String>>
[INFO] [stdout]   15:     0x626a43882425 - test[aada8e7e76ba119b]::run_test::{closure#0}
[INFO] [stdout]   16:     0x626a4387bd14 - std[617be2ca0a6fd877]::sys::backtrace::__rust_begin_short_backtrace::<test[aada8e7e76ba119b]::run_test::{closure#1}, ()>
[INFO] [stdout]   17:     0x626a438854b2 - <std[617be2ca0a6fd877]::thread::lifecycle::spawn_unchecked<test[aada8e7e76ba119b]::run_test::{closure#1}, ()>::{closure#1} as core[a373ad73a504971]::ops::function::FnOnce<()>>::call_once::{shim:vtable#0}
[INFO] [stdout]   18:     0x626a438f480f - <std[617be2ca0a6fd877]::sys::thread::unix::Thread>::new::thread_start
[INFO] [stdout]   19:     0x7ede9c528dfa - <unknown>
[INFO] [stdout]   20:     0x7ede9c5bc3d4 - clone
[INFO] [stdout]   21:                0x0 - <unknown>
[INFO] [stdout] 
[INFO] [stdout] ---- test_task_list_full_shows_complete_descriptions stdout ----
[INFO] [stdout] 
[INFO] [stdout] thread 'test_task_list_full_shows_complete_descriptions' (1966) panicked at tests/integration_test.rs:37:14:
[INFO] [stdout] Failed to execute radial command: Os { code: 2, kind: NotFound, message: "No such file or directory" }
[INFO] [stdout] stack backtrace:
[INFO] [stdout]    0:     0x626a438f54f1 - <<std[617be2ca0a6fd877]::sys::backtrace::BacktraceLock>::print::DisplayBacktrace as core[a373ad73a504971]::fmt::Display>::fmt
[INFO] [stdout]    1:     0x626a4390abea - core[a373ad73a504971]::fmt::write
[INFO] [stdout]    2:     0x626a438f996c - <alloc[2e1b2a31b91974c5]::vec::Vec<u8> as core[a373ad73a504971]::io::write::Write>::write_fmt
[INFO] [stdout]    3:     0x626a438cfcc6 - std[617be2ca0a6fd877]::panicking::default_hook::{closure#0}
[INFO] [stdout]    4:     0x626a438ecf29 - std[617be2ca0a6fd877]::panicking::default_hook
[INFO] [stdout]    5:     0x626a43881e00 - test[aada8e7e76ba119b]::test_main_inner::{closure#0}
[INFO] [stdout]    6:     0x626a438ed0e2 - std[617be2ca0a6fd877]::panicking::panic_with_hook
[INFO] [stdout]    7:     0x626a438cfd72 - std[617be2ca0a6fd877]::panicking::panic_handler::{closure#0}
[INFO] [stdout]    8:     0x626a438c87d9 - std[617be2ca0a6fd877]::sys::backtrace::__rust_end_short_backtrace::<std[617be2ca0a6fd877]::panicking::panic_handler::{closure#0}, !>
[INFO] [stdout]    9:     0x626a438d097d - __rustc[ea4f61d10b84890b]::rust_begin_unwind
[INFO] [stdout]   10:     0x626a4390b31c - core[a373ad73a504971]::panicking::panic_fmt
[INFO] [stdout]   11:     0x626a4390b0f2 - core[a373ad73a504971]::result::unwrap_failed
[INFO] [stdout]   12:     0x626a43849849 - <integration_test[2939aa730381b4da]::TestEnv>::run
[INFO] [stdout]   13:     0x626a43868def - <integration_test[2939aa730381b4da]::test_task_list_full_shows_complete_descriptions::{closure#0} as core[a373ad73a504971]::ops::function::FnOnce<()>>::call_once
[INFO] [stdout]   14:     0x626a4387524b - test[aada8e7e76ba119b]::__rust_begin_short_backtrace::<core[a373ad73a504971]::result::Result<(), alloc[2e1b2a31b91974c5]::string::String>, fn() -> core[a373ad73a504971]::result::Result<(), alloc[2e1b2a31b91974c5]::string::String>>
[INFO] [stdout]   15:     0x626a43882425 - test[aada8e7e76ba119b]::run_test::{closure#0}
[INFO] [stdout]   16:     0x626a4387bd14 - std[617be2ca0a6fd877]::sys::backtrace::__rust_begin_short_backtrace::<test[aada8e7e76ba119b]::run_test::{closure#1}, ()>
[INFO] [stdout]   17:     0x626a438854b2 - <std[617be2ca0a6fd877]::thread::lifecycle::spawn_unchecked<test[aada8e7e76ba119b]::run_test::{closure#1}, ()>::{closure#1} as core[a373ad73a504971]::ops::function::FnOnce<()>>::call_once::{shim:vtable#0}
[INFO] [stdout]   18:     0x626a438f480f - <std[617be2ca0a6fd877]::sys::thread::unix::Thread>::new::thread_start
[INFO] [stdout]   19:     0x7ede9c528dfa - <unknown>
[INFO] [stdout]   20:     0x7ede9c5bc3d4 - clone
[INFO] [stdout]   21:                0x0 - <unknown>
[INFO] [stdout] 
[INFO] [stdout] ---- test_prep_is_static stdout ----
[INFO] [stdout] 
[INFO] [stdout] thread 'test_prep_is_static' (1939) panicked at tests/integration_test.rs:37:14:
[INFO] [stdout] Failed to execute radial command: Os { code: 2, kind: NotFound, message: "No such file or directory" }
[INFO] [stdout] stack backtrace:
[INFO] [stdout]    0:     0x626a438f54f1 - <<std[617be2ca0a6fd877]::sys::backtrace::BacktraceLock>::print::DisplayBacktrace as core[a373ad73a504971]::fmt::Display>::fmt
[INFO] [stdout]    1:     0x626a4390abea - core[a373ad73a504971]::fmt::write
[INFO] [stdout]    2:     0x626a438f996c - <alloc[2e1b2a31b91974c5]::vec::Vec<u8> as core[a373ad73a504971]::io::write::Write>::write_fmt
[INFO] [stdout]    3:     0x626a438cfcc6 - std[617be2ca0a6fd877]::panicking::default_hook::{closure#0}
[INFO] [stdout]    4:     0x626a438ecf29 - std[617be2ca0a6fd877]::panicking::default_hook
[INFO] [stdout]    5:     0x626a43881e00 - test[aada8e7e76ba119b]::test_main_inner::{closure#0}
[INFO] [stdout]    6:     0x626a438ed0e2 - std[617be2ca0a6fd877]::panicking::panic_with_hook
[INFO] [stdout]    7:     0x626a438cfd72 - std[617be2ca0a6fd877]::panicking::panic_handler::{closure#0}
[INFO] [stdout]    8:     0x626a438c87d9 - std[617be2ca0a6fd877]::sys::backtrace::__rust_end_short_backtrace::<std[617be2ca0a6fd877]::panicking::panic_handler::{closure#0}, !>
[INFO] [stdout]    9:     0x626a438d097d - __rustc[ea4f61d10b84890b]::rust_begin_unwind
[INFO] [stdout]   10:     0x626a4390b31c - core[a373ad73a504971]::panicking::panic_fmt
[INFO] [stdout]   11:     0x626a4390b0f2 - core[a373ad73a504971]::result::unwrap_failed
[INFO] [stdout]   12:     0x626a43849849 - <integration_test[2939aa730381b4da]::TestEnv>::run
[INFO] [stdout]   13:     0x626a4384c5d7 - <integration_test[2939aa730381b4da]::test_prep_is_static::{closure#0} as core[a373ad73a504971]::ops::function::FnOnce<()>>::call_once
[INFO] [stdout]   14:     0x626a4387524b - test[aada8e7e76ba119b]::__rust_begin_short_backtrace::<core[a373ad73a504971]::result::Result<(), alloc[2e1b2a31b91974c5]::string::String>, fn() -> core[a373ad73a504971]::result::Result<(), alloc[2e1b2a31b91974c5]::string::String>>
[INFO] [stdout]   15:     0x626a43882425 - test[aada8e7e76ba119b]::run_test::{closure#0}
[INFO] [stdout]   16:     0x626a4387bd14 - std[617be2ca0a6fd877]::sys::backtrace::__rust_begin_short_backtrace::<test[aada8e7e76ba119b]::run_test::{closure#1}, ()>
[INFO] [stdout]   17:     0x626a438854b2 - <std[617be2ca0a6fd877]::thread::lifecycle::spawn_unchecked<test[aada8e7e76ba119b]::run_test::{closure#1}, ()>::{closure#1} as core[a373ad73a504971]::ops::function::FnOnce<()>>::call_once::{shim:vtable#0}
[INFO] [stdout]   18:     0x626a438f480f - <std[617be2ca0a6fd877]::sys::thread::unix::Thread>::new::thread_start
[INFO] [stdout]   19:     0x7ede9c528dfa - <unknown>
[INFO] [stdout]   20:     0x7ede9c5bc3d4 - clone
[INFO] [stdout]   21:                0x0 - <unknown>
[INFO] [stdout] 
[INFO] [stdout] ---- test_task_comments_one_comment stdout ----
[INFO] [stdout] 
[INFO] [stdout] thread 'test_task_comments_one_comment' (1964) panicked at tests/integration_test.rs:37:14:
[INFO] [stdout] Failed to execute radial command: Os { code: 2, kind: NotFound, message: "No such file or directory" }
[INFO] [stdout] stack backtrace:
[INFO] [stdout]    0:     0x626a438f54f1 - <<std[617be2ca0a6fd877]::sys::backtrace::BacktraceLock>::print::DisplayBacktrace as core[a373ad73a504971]::fmt::Display>::fmt
[INFO] [stdout]    1:     0x626a4390abea - core[a373ad73a504971]::fmt::write
[INFO] [stdout]    2:     0x626a438f996c - <alloc[2e1b2a31b91974c5]::vec::Vec<u8> as core[a373ad73a504971]::io::write::Write>::write_fmt
[INFO] [stdout]    3:     0x626a438cfcc6 - std[617be2ca0a6fd877]::panicking::default_hook::{closure#0}
[INFO] [stdout]    4:     0x626a438ecf29 - std[617be2ca0a6fd877]::panicking::default_hook
[INFO] [stdout]    5:     0x626a43881e00 - test[aada8e7e76ba119b]::test_main_inner::{closure#0}
[INFO] [stdout]    6:     0x626a438ed0e2 - std[617be2ca0a6fd877]::panicking::panic_with_hook
[INFO] [stdout]    7:     0x626a438cfd72 - std[617be2ca0a6fd877]::panicking::panic_handler::{closure#0}
[INFO] [stdout]    8:     0x626a438c87d9 - std[617be2ca0a6fd877]::sys::backtrace::__rust_end_short_backtrace::<std[617be2ca0a6fd877]::panicking::panic_handler::{closure#0}, !>
[INFO] [stdout]    9:     0x626a438d097d - __rustc[ea4f61d10b84890b]::rust_begin_unwind
[INFO] [stdout]   10:     0x626a4390b31c - core[a373ad73a504971]::panicking::panic_fmt
[INFO] [stdout]   11:     0x626a4390b0f2 - core[a373ad73a504971]::result::unwrap_failed
[INFO] [stdout]   12:     0x626a43849849 - <integration_test[2939aa730381b4da]::TestEnv>::run
[INFO] [stdout]   13:     0x626a4385a69d - <integration_test[2939aa730381b4da]::test_task_comments_one_comment::{closure#0} as core[a373ad73a504971]::ops::function::FnOnce<()>>::call_once
[INFO] [stdout]   14:     0x626a4387524b - test[aada8e7e76ba119b]::__rust_begin_short_backtrace::<core[a373ad73a504971]::result::Result<(), alloc[2e1b2a31b91974c5]::string::String>, fn() -> core[a373ad73a504971]::result::Result<(), alloc[2e1b2a31b91974c5]::string::String>>
[INFO] [stdout]   15:     0x626a43882425 - test[aada8e7e76ba119b]::run_test::{closure#0}
[INFO] [stdout]   16:     0x626a4387bd14 - std[617be2ca0a6fd877]::sys::backtrace::__rust_begin_short_backtrace::<test[aada8e7e76ba119b]::run_test::{closure#1}, ()>
[INFO] [stdout]   17:     0x626a438854b2 - <std[617be2ca0a6fd877]::thread::lifecycle::spawn_unchecked<test[aada8e7e76ba119b]::run_test::{closure#1}, ()>::{closure#1} as core[a373ad73a504971]::ops::function::FnOnce<()>>::call_once::{shim:vtable#0}
[INFO] [stdout]   18:     0x626a438f480f - <std[617be2ca0a6fd877]::sys::thread::unix::Thread>::new::thread_start
[INFO] [stdout]   19:     0x7ede9c528dfa - <unknown>
[INFO] [stdout]   20:     0x7ede9c5bc3d4 - clone
[INFO] [stdout]   21:                0x0 - <unknown>
[INFO] [stdout] 
[INFO] [stdout] ---- test_task_comments_no_comments stdout ----
[INFO] [stdout] 
[INFO] [stdout] thread 'test_task_comments_no_comments' (1962) panicked at tests/integration_test.rs:37:14:
[INFO] [stdout] Failed to execute radial command: Os { code: 2, kind: NotFound, message: "No such file or directory" }
[INFO] [stdout] stack backtrace:
[INFO] [stdout]    0:     0x626a438f54f1 - <<std[617be2ca0a6fd877]::sys::backtrace::BacktraceLock>::print::DisplayBacktrace as core[a373ad73a504971]::fmt::Display>::fmt
[INFO] [stdout]    1:     0x626a4390abea - core[a373ad73a504971]::fmt::write
[INFO] [stdout]    2:     0x626a438f996c - <alloc[2e1b2a31b91974c5]::vec::Vec<u8> as core[a373ad73a504971]::io::write::Write>::write_fmt
[INFO] [stdout]    3:     0x626a438cfcc6 - std[617be2ca0a6fd877]::panicking::default_hook::{closure#0}
[INFO] [stdout]    4:     0x626a438ecf29 - std[617be2ca0a6fd877]::panicking::default_hook
[INFO] [stdout]    5:     0x626a43881e00 - test[aada8e7e76ba119b]::test_main_inner::{closure#0}
[INFO] [stdout]    6:     0x626a438ed0e2 - std[617be2ca0a6fd877]::panicking::panic_with_hook
[INFO] [stdout]    7:     0x626a438cfd72 - std[617be2ca0a6fd877]::panicking::panic_handler::{closure#0}
[INFO] [stdout]    8:     0x626a438c87d9 - std[617be2ca0a6fd877]::sys::backtrace::__rust_end_short_backtrace::<std[617be2ca0a6fd877]::panicking::panic_handler::{closure#0}, !>
[INFO] [stdout]    9:     0x626a438d097d - __rustc[ea4f61d10b84890b]::rust_begin_unwind
[INFO] [stdout]   10:     0x626a4390b31c - core[a373ad73a504971]::panicking::panic_fmt
[INFO] [stdout]   11:     0x626a4390b0f2 - core[a373ad73a504971]::result::unwrap_failed
[INFO] [stdout]   12:     0x626a43849849 - <integration_test[2939aa730381b4da]::TestEnv>::run
[INFO] [stdout]   13:     0x626a4385a1ad - <integration_test[2939aa730381b4da]::test_task_comments_no_comments::{closure#0} as core[a373ad73a504971]::ops::function::FnOnce<()>>::call_once
[INFO] [stdout]   14:     0x626a4387524b - test[aada8e7e76ba119b]::__rust_begin_short_backtrace::<core[a373ad73a504971]::result::Result<(), alloc[2e1b2a31b91974c5]::string::String>, fn() -> core[a373ad73a504971]::result::Result<(), alloc[2e1b2a31b91974c5]::string::String>>
[INFO] [stdout]   15:     0x626a43882425 - test[aada8e7e76ba119b]::run_test::{closure#0}
[INFO] [stdout]   16:     0x626a4387bd14 - std[617be2ca0a6fd877]::sys::backtrace::__rust_begin_short_backtrace::<test[aada8e7e76ba119b]::run_test::{closure#1}, ()>
[INFO] [stdout]   17:     0x626a438854b2 - <std[617be2ca0a6fd877]::thread::lifecycle::spawn_unchecked<test[aada8e7e76ba119b]::run_test::{closure#1}, ()>::{closure#1} as core[a373ad73a504971]::ops::function::FnOnce<()>>::call_once::{shim:vtable#0}
[INFO] [stdout]   18:     0x626a438f480f - <std[617be2ca0a6fd877]::sys::thread::unix::Thread>::new::thread_start
[INFO] [stdout]   19:     0x7ede9c528dfa - <unknown>
[INFO] [stdout]   20:     0x7ede9c5bc3d4 - clone
[INFO] [stdout]   21:                0x0 - <unknown>
[INFO] [stdout] 
[INFO] [stdout] ---- test_task_comments_multiple_comments stdout ----
[INFO] [stdout] 
[INFO] [stdout] thread 'test_task_comments_multiple_comments' (1961) panicked at tests/integration_test.rs:37:14:
[INFO] [stdout] Failed to execute radial command: Os { code: 2, kind: NotFound, message: "No such file or directory" }
[INFO] [stdout] stack backtrace:
[INFO] [stdout]    0:     0x626a438f54f1 - <<std[617be2ca0a6fd877]::sys::backtrace::BacktraceLock>::print::DisplayBacktrace as core[a373ad73a504971]::fmt::Display>::fmt
[INFO] [stdout]    1:     0x626a4390abea - core[a373ad73a504971]::fmt::write
[INFO] [stdout]    2:     0x626a438f996c - <alloc[2e1b2a31b91974c5]::vec::Vec<u8> as core[a373ad73a504971]::io::write::Write>::write_fmt
[INFO] [stdout]    3:     0x626a438cfcc6 - std[617be2ca0a6fd877]::panicking::default_hook::{closure#0}
[INFO] [stdout]    4:     0x626a438ecf29 - std[617be2ca0a6fd877]::panicking::default_hook
[INFO] [stdout]    5:     0x626a43881e00 - test[aada8e7e76ba119b]::test_main_inner::{closure#0}
[INFO] [stdout]    6:     0x626a438ed0e2 - std[617be2ca0a6fd877]::panicking::panic_with_hook
[INFO] [stdout]    7:     0x626a438cfd72 - std[617be2ca0a6fd877]::panicking::panic_handler::{closure#0}
[INFO] [stdout]    8:     0x626a438c87d9 - std[617be2ca0a6fd877]::sys::backtrace::__rust_end_short_backtrace::<std[617be2ca0a6fd877]::panicking::panic_handler::{closure#0}, !>
[INFO] [stdout]    9:     0x626a438d097d - __rustc[ea4f61d10b84890b]::rust_begin_unwind
[INFO] [stdout]   10:     0x626a4390b31c - core[a373ad73a504971]::panicking::panic_fmt
[INFO] [stdout]   11:     0x626a4390b0f2 - core[a373ad73a504971]::result::unwrap_failed
[INFO] [stdout]   12:     0x626a43849849 - <integration_test[2939aa730381b4da]::TestEnv>::run
[INFO] [stdout]   13:     0x626a438605bd - <integration_test[2939aa730381b4da]::test_task_comments_multiple_comments::{closure#0} as core[a373ad73a504971]::ops::function::FnOnce<()>>::call_once
[INFO] [stdout]   14:     0x626a4387524b - test[aada8e7e76ba119b]::__rust_begin_short_backtrace::<core[a373ad73a504971]::result::Result<(), alloc[2e1b2a31b91974c5]::string::String>, fn() -> core[a373ad73a504971]::result::Result<(), alloc[2e1b2a31b91974c5]::string::String>>
[INFO] [stdout]   15:     0x626a43882425 - test[aada8e7e76ba119b]::run_test::{closure#0}
[INFO] [stdout]   16:     0x626a4387bd14 - std[617be2ca0a6fd877]::sys::backtrace::__rust_begin_short_backtrace::<test[aada8e7e76ba119b]::run_test::{closure#1}, ()>
[INFO] [stdout]   17:     0x626a438854b2 - <std[617be2ca0a6fd877]::thread::lifecycle::spawn_unchecked<test[aada8e7e76ba119b]::run_test::{closure#1}, ()>::{closure#1} as core[a373ad73a504971]::ops::function::FnOnce<()>>::call_once::{shim:vtable#0}
[INFO] [stdout]   18:     0x626a438f480f - <std[617be2ca0a6fd877]::sys::thread::unix::Thread>::new::thread_start
[INFO] [stdout]   19:     0x7ede9c528dfa - <unknown>
[INFO] [stdout]   20:     0x7ede9c5bc3d4 - clone
[INFO] [stdout]   21:                0x0 - <unknown>
[INFO] [stdout] 
[INFO] [stdout] ---- test_task_release_from_failed stdout ----
[INFO] [stdout] 
[INFO] [stdout] thread 'test_task_release_from_failed' (1976) panicked at tests/integration_test.rs:37:14:
[INFO] [stdout] Failed to execute radial command: Os { code: 2, kind: NotFound, message: "No such file or directory" }
[INFO] [stdout] stack backtrace:
[INFO] [stdout]    0:     0x626a438f54f1 - <<std[617be2ca0a6fd877]::sys::backtrace::BacktraceLock>::print::DisplayBacktrace as core[a373ad73a504971]::fmt::Display>::fmt
[INFO] [stdout]    1:     0x626a4390abea - core[a373ad73a504971]::fmt::write
[INFO] [stdout]    2:     0x626a438f996c - <alloc[2e1b2a31b91974c5]::vec::Vec<u8> as core[a373ad73a504971]::io::write::Write>::write_fmt
[INFO] [stdout]    3:     0x626a438cfcc6 - std[617be2ca0a6fd877]::panicking::default_hook::{closure#0}
[INFO] [stdout]    4:     0x626a438ecf29 - std[617be2ca0a6fd877]::panicking::default_hook
[INFO] [stdout]    5:     0x626a43881e00 - test[aada8e7e76ba119b]::test_main_inner::{closure#0}
[INFO] [stdout]    6:     0x626a438ed0e2 - std[617be2ca0a6fd877]::panicking::panic_with_hook
[INFO] [stdout]    7:     0x626a438cfd72 - std[617be2ca0a6fd877]::panicking::panic_handler::{closure#0}
[INFO] [stdout]    8:     0x626a438c87d9 - std[617be2ca0a6fd877]::sys::backtrace::__rust_end_short_backtrace::<std[617be2ca0a6fd877]::panicking::panic_handler::{closure#0}, !>
[INFO] [stdout]    9:     0x626a438d097d - __rustc[ea4f61d10b84890b]::rust_begin_unwind
[INFO] [stdout]   10:     0x626a4390b31c - core[a373ad73a504971]::panicking::panic_fmt
[INFO] [stdout]   11:     0x626a4390b0f2 - core[a373ad73a504971]::result::unwrap_failed
[INFO] [stdout]   12:     0x626a43849849 - <integration_test[2939aa730381b4da]::TestEnv>::run
[INFO] [stdout]   13:     0x626a438572ad - <integration_test[2939aa730381b4da]::test_task_release_from_failed::{closure#0} as core[a373ad73a504971]::ops::function::FnOnce<()>>::call_once
[INFO] [stdout]   14:     0x626a4387524b - test[aada8e7e76ba119b]::__rust_begin_short_backtrace::<core[a373ad73a504971]::result::Result<(), alloc[2e1b2a31b91974c5]::string::String>, fn() -> core[a373ad73a504971]::result::Result<(), alloc[2e1b2a31b91974c5]::string::String>>
[INFO] [stdout]   15:     0x626a43882425 - test[aada8e7e76ba119b]::run_test::{closure#0}
[INFO] [stdout]   16:     0x626a4387bd14 - std[617be2ca0a6fd877]::sys::backtrace::__rust_begin_short_backtrace::<test[aada8e7e76ba119b]::run_test::{closure#1}, ()>
[INFO] [stdout]   17:     0x626a438854b2 - <std[617be2ca0a6fd877]::thread::lifecycle::spawn_unchecked<test[aada8e7e76ba119b]::run_test::{closure#1}, ()>::{closure#1} as core[a373ad73a504971]::ops::function::FnOnce<()>>::call_once::{shim:vtable#0}
[INFO] [stdout]   18:     0x626a438f480f - <std[617be2ca0a6fd877]::sys::thread::unix::Thread>::new::thread_start
[INFO] [stdout]   19:     0x7ede9c528dfa - <unknown>
[INFO] [stdout]   20:     0x7ede9c5bc3d4 - clone
[INFO] [stdout]   21:                0x0 - <unknown>
[INFO] [stdout] 
[INFO] [stdout] ---- test_task_state_transitions stdout ----
[INFO] [stdout] 
[INFO] [stdout] thread 'test_task_state_transitions' (1979) panicked at tests/integration_test.rs:37:14:
[INFO] [stdout] Failed to execute radial command: Os { code: 2, kind: NotFound, message: "No such file or directory" }
[INFO] [stdout] stack backtrace:
[INFO] [stdout]    0:     0x626a438f54f1 - <<std[617be2ca0a6fd877]::sys::backtrace::BacktraceLock>::print::DisplayBacktrace as core[a373ad73a504971]::fmt::Display>::fmt
[INFO] [stdout]    1:     0x626a4390abea - core[a373ad73a504971]::fmt::write
[INFO] [stdout]    2:     0x626a438f996c - <alloc[2e1b2a31b91974c5]::vec::Vec<u8> as core[a373ad73a504971]::io::write::Write>::write_fmt
[INFO] [stdout]    3:     0x626a438cfcc6 - std[617be2ca0a6fd877]::panicking::default_hook::{closure#0}
[INFO] [stdout]    4:     0x626a438ecf29 - std[617be2ca0a6fd877]::panicking::default_hook
[INFO] [stdout]    5:     0x626a43881e00 - test[aada8e7e76ba119b]::test_main_inner::{closure#0}
[INFO] [stdout]    6:     0x626a438ed0e2 - std[617be2ca0a6fd877]::panicking::panic_with_hook
[INFO] [stdout]    7:     0x626a438cfd72 - std[617be2ca0a6fd877]::panicking::panic_handler::{closure#0}
[INFO] [stdout]    8:     0x626a438c87d9 - std[617be2ca0a6fd877]::sys::backtrace::__rust_end_short_backtrace::<std[617be2ca0a6fd877]::panicking::panic_handler::{closure#0}, !>
[INFO] [stdout]    9:     0x626a438d097d - __rustc[ea4f61d10b84890b]::rust_begin_unwind
[INFO] [stdout]   10:     0x626a4390b31c - core[a373ad73a504971]::panicking::panic_fmt
[INFO] [stdout]   11:     0x626a4390b0f2 - core[a373ad73a504971]::result::unwrap_failed
[INFO] [stdout]   12:     0x626a43849849 - <integration_test[2939aa730381b4da]::TestEnv>::run
[INFO] [stdout]   13:     0x626a43854c80 - <integration_test[2939aa730381b4da]::test_task_state_transitions::{closure#0} as core[a373ad73a504971]::ops::function::FnOnce<()>>::call_once
[INFO] [stdout]   14:     0x626a4387524b - test[aada8e7e76ba119b]::__rust_begin_short_backtrace::<core[a373ad73a504971]::result::Result<(), alloc[2e1b2a31b91974c5]::string::String>, fn() -> core[a373ad73a504971]::result::Result<(), alloc[2e1b2a31b91974c5]::string::String>>
[INFO] [stdout]   15:     0x626a43882425 - test[aada8e7e76ba119b]::run_test::{closure#0}
[INFO] [stdout]   16:     0x626a4387bd14 - std[617be2ca0a6fd877]::sys::backtrace::__rust_begin_short_backtrace::<test[aada8e7e76ba119b]::run_test::{closure#1}, ()>
[INFO] [stdout]   17:     0x626a438854b2 - <std[617be2ca0a6fd877]::thread::lifecycle::spawn_unchecked<test[aada8e7e76ba119b]::run_test::{closure#1}, ()>::{closure#1} as core[a373ad73a504971]::ops::function::FnOnce<()>>::call_once::{shim:vtable#0}
[INFO] [stdout]   18:     0x626a438f480f - <std[617be2ca0a6fd877]::sys::thread::unix::Thread>::new::thread_start
[INFO] [stdout]   19:     0x7ede9c528dfa - <unknown>
[INFO] [stdout]   20:     0x7ede9c5bc3d4 - clone
[INFO] [stdout]   21:                0x0 - <unknown>
[INFO] [stdout] 
[INFO] [stdout] ---- test_task_assignee_and_release stdout ----
[INFO] [stdout] 
[INFO] [stdout] thread 'test_task_assignee_and_release' (1958) panicked at tests/integration_test.rs:37:14:
[INFO] [stdout] Failed to execute radial command: Os { code: 2, kind: NotFound, message: "No such file or directory" }
[INFO] [stdout] stack backtrace:
[INFO] [stdout]    0:     0x626a438f54f1 - <<std[617be2ca0a6fd877]::sys::backtrace::BacktraceLock>::print::DisplayBacktrace as core[a373ad73a504971]::fmt::Display>::fmt
[INFO] [stdout]    1:     0x626a4390abea - core[a373ad73a504971]::fmt::write
[INFO] [stdout]    2:     0x626a438f996c - <alloc[2e1b2a31b91974c5]::vec::Vec<u8> as core[a373ad73a504971]::io::write::Write>::write_fmt
[INFO] [stdout]    3:     0x626a438cfcc6 - std[617be2ca0a6fd877]::panicking::default_hook::{closure#0}
[INFO] [stdout]    4:     0x626a438ecf29 - std[617be2ca0a6fd877]::panicking::default_hook
[INFO] [stdout]    5:     0x626a43881e00 - test[aada8e7e76ba119b]::test_main_inner::{closure#0}
[INFO] [stdout]    6:     0x626a438ed0e2 - std[617be2ca0a6fd877]::panicking::panic_with_hook
[INFO] [stdout]    7:     0x626a438cfd72 - std[617be2ca0a6fd877]::panicking::panic_handler::{closure#0}
[INFO] [stdout]    8:     0x626a438c87d9 - std[617be2ca0a6fd877]::sys::backtrace::__rust_end_short_backtrace::<std[617be2ca0a6fd877]::panicking::panic_handler::{closure#0}, !>
[INFO] [stdout]    9:     0x626a438d097d - __rustc[ea4f61d10b84890b]::rust_begin_unwind
[INFO] [stdout]   10:     0x626a4390b31c - core[a373ad73a504971]::panicking::panic_fmt
[INFO] [stdout]   11:     0x626a4390b0f2 - core[a373ad73a504971]::result::unwrap_failed
[INFO] [stdout]   12:     0x626a43849849 - <integration_test[2939aa730381b4da]::TestEnv>::run
[INFO] [stdout]   13:     0x626a43857e40 - <integration_test[2939aa730381b4da]::test_task_assignee_and_release::{closure#0} as core[a373ad73a504971]::ops::function::FnOnce<()>>::call_once
[INFO] [stdout]   14:     0x626a4387524b - test[aada8e7e76ba119b]::__rust_begin_short_backtrace::<core[a373ad73a504971]::result::Result<(), alloc[2e1b2a31b91974c5]::string::String>, fn() -> core[a373ad73a504971]::result::Result<(), alloc[2e1b2a31b91974c5]::string::String>>
[INFO] [stdout]   15:     0x626a43882425 - test[aada8e7e76ba119b]::run_test::{closure#0}
[INFO] [stdout]   16:     0x626a4387bd14 - std[617be2ca0a6fd877]::sys::backtrace::__rust_begin_short_backtrace::<test[aada8e7e76ba119b]::run_test::{closure#1}, ()>
[INFO] [stdout]   17:     0x626a438854b2 - <std[617be2ca0a6fd877]::thread::lifecycle::spawn_unchecked<test[aada8e7e76ba119b]::run_test::{closure#1}, ()>::{closure#1} as core[a373ad73a504971]::ops::function::FnOnce<()>>::call_once::{shim:vtable#0}
[INFO] [stdout]   18:     0x626a438f480f - <std[617be2ca0a6fd877]::sys::thread::unix::Thread>::new::thread_start
[INFO] [stdout]   19:     0x7ede9c528dfa - <unknown>
[INFO] [stdout]   20:     0x7ede9c5bc3d4 - clone
[INFO] [stdout]   21:                0x0 - <unknown>
[INFO] [stdout] 
[INFO] [stdout] ---- test_task_with_artifacts stdout ----
[INFO] [stdout] 
[INFO] [stdout] thread 'test_task_with_artifacts' (1981) panicked at tests/integration_test.rs:37:14:
[INFO] [stdout] Failed to execute radial command: Os { code: 2, kind: NotFound, message: "No such file or directory" }
[INFO] [stdout] stack backtrace:
[INFO] [stdout]    0:     0x626a438f54f1 - <<std[617be2ca0a6fd877]::sys::backtrace::BacktraceLock>::print::DisplayBacktrace as core[a373ad73a504971]::fmt::Display>::fmt
[INFO] [stdout]    1:     0x626a4390abea - core[a373ad73a504971]::fmt::write
[INFO] [stdout]    2:     0x626a438f996c - <alloc[2e1b2a31b91974c5]::vec::Vec<u8> as core[a373ad73a504971]::io::write::Write>::write_fmt
[INFO] [stdout]    3:     0x626a438cfcc6 - std[617be2ca0a6fd877]::panicking::default_hook::{closure#0}
[INFO] [stdout]    4:     0x626a438ecf29 - std[617be2ca0a6fd877]::panicking::default_hook
[INFO] [stdout]    5:     0x626a43881e00 - test[aada8e7e76ba119b]::test_main_inner::{closure#0}
[INFO] [stdout]    6:     0x626a438ed0e2 - std[617be2ca0a6fd877]::panicking::panic_with_hook
[INFO] [stdout]    7:     0x626a438cfd72 - std[617be2ca0a6fd877]::panicking::panic_handler::{closure#0}
[INFO] [stdout]    8:     0x626a438c87d9 - std[617be2ca0a6fd877]::sys::backtrace::__rust_end_short_backtrace::<std[617be2ca0a6fd877]::panicking::panic_handler::{closure#0}, !>
[INFO] [stdout]    9:     0x626a438d097d - __rustc[ea4f61d10b84890b]::rust_begin_unwind
[INFO] [stdout]   10:     0x626a4390b31c - core[a373ad73a504971]::panicking::panic_fmt
[INFO] [stdout]   11:     0x626a4390b0f2 - core[a373ad73a504971]::result::unwrap_failed
[INFO] [stdout]   12:     0x626a43849849 - <integration_test[2939aa730381b4da]::TestEnv>::run
[INFO] [stdout]   13:     0x626a43851d6d - <integration_test[2939aa730381b4da]::test_task_with_artifacts::{closure#0} as core[a373ad73a504971]::ops::function::FnOnce<()>>::call_once
[INFO] [stdout]   14:     0x626a4387524b - test[aada8e7e76ba119b]::__rust_begin_short_backtrace::<core[a373ad73a504971]::result::Result<(), alloc[2e1b2a31b91974c5]::string::String>, fn() -> core[a373ad73a504971]::result::Result<(), alloc[2e1b2a31b91974c5]::string::String>>
[INFO] [stdout]   15:     0x626a43882425 - test[aada8e7e76ba119b]::run_test::{closure#0}
[INFO] [stdout]   16:     0x626a4387bd14 - std[617be2ca0a6fd877]::sys::backtrace::__rust_begin_short_backtrace::<test[aada8e7e76ba119b]::run_test::{closure#1}, ()>
[INFO] [stdout]   17:     0x626a438854b2 - <std[617be2ca0a6fd877]::thread::lifecycle::spawn_unchecked<test[aada8e7e76ba119b]::run_test::{closure#1}, ()>::{closure#1} as core[a373ad73a504971]::ops::function::FnOnce<()>>::call_once::{shim:vtable#0}
[INFO] [stdout]   18:     0x626a438f480f - <std[617be2ca0a6fd877]::sys::thread::unix::Thread>::new::thread_start
[INFO] [stdout]   19:     0x7ede9c528dfa - <unknown>
[INFO] [stdout]   20:     0x7ede9c5bc3d4 - clone
[INFO] [stdout]   21:                0x0 - <unknown>
[INFO] [stdout] 
[INFO] [stdout] ---- test_stealth_mode_with_git_repo stdout ----
[INFO] [stdout] 
[INFO] [stdout] thread 'test_stealth_mode_with_git_repo' (1957) panicked at tests/integration_test.rs:37:14:
[INFO] [stdout] Failed to execute radial command: Os { code: 2, kind: NotFound, message: "No such file or directory" }
[INFO] [stdout] stack backtrace:
[INFO] [stdout]    0:     0x626a438f54f1 - <<std[617be2ca0a6fd877]::sys::backtrace::BacktraceLock>::print::DisplayBacktrace as core[a373ad73a504971]::fmt::Display>::fmt
[INFO] [stdout]    1:     0x626a4390abea - core[a373ad73a504971]::fmt::write
[INFO] [stdout]    2:     0x626a438f996c - <alloc[2e1b2a31b91974c5]::vec::Vec<u8> as core[a373ad73a504971]::io::write::Write>::write_fmt
[INFO] [stdout]    3:     0x626a438cfcc6 - std[617be2ca0a6fd877]::panicking::default_hook::{closure#0}
[INFO] [stdout]    4:     0x626a438ecf29 - std[617be2ca0a6fd877]::panicking::default_hook
[INFO] [stdout]    5:     0x626a43881e00 - test[aada8e7e76ba119b]::test_main_inner::{closure#0}
[INFO] [stdout]    6:     0x626a438ed0e2 - std[617be2ca0a6fd877]::panicking::panic_with_hook
[INFO] [stdout]    7:     0x626a438cfd72 - std[617be2ca0a6fd877]::panicking::panic_handler::{closure#0}
[INFO] [stdout]    8:     0x626a438c87d9 - std[617be2ca0a6fd877]::sys::backtrace::__rust_end_short_backtrace::<std[617be2ca0a6fd877]::panicking::panic_handler::{closure#0}, !>
[INFO] [stdout]    9:     0x626a438d097d - __rustc[ea4f61d10b84890b]::rust_begin_unwind
[INFO] [stdout]   10:     0x626a4390b31c - core[a373ad73a504971]::panicking::panic_fmt
[INFO] [stdout]   11:     0x626a4390b0f2 - core[a373ad73a504971]::result::unwrap_failed
[INFO] [stdout]   12:     0x626a43849849 - <integration_test[2939aa730381b4da]::TestEnv>::run
[INFO] [stdout]   13:     0x626a4385c673 - <integration_test[2939aa730381b4da]::test_stealth_mode_with_git_repo::{closure#0} as core[a373ad73a504971]::ops::function::FnOnce<()>>::call_once
[INFO] [stdout]   14:     0x626a4387524b - test[aada8e7e76ba119b]::__rust_begin_short_backtrace::<core[a373ad73a504971]::result::Result<(), alloc[2e1b2a31b91974c5]::string::String>, fn() -> core[a373ad73a504971]::result::Result<(), alloc[2e1b2a31b91974c5]::string::String>>
[INFO] [stdout]   15:     0x626a43882425 - test[aada8e7e76ba119b]::run_test::{closure#0}
[INFO] [stdout]   16:     0x626a4387bd14 - std[617be2ca0a6fd877]::sys::backtrace::__rust_begin_short_backtrace::<test[aada8e7e76ba119b]::run_test::{closure#1}, ()>
[INFO] [stdout]   17:     0x626a438854b2 - <std[617be2ca0a6fd877]::thread::lifecycle::spawn_unchecked<test[aada8e7e76ba119b]::run_test::{closure#1}, ()>::{closure#1} as core[a373ad73a504971]::ops::function::FnOnce<()>>::call_once::{shim:vtable#0}
[INFO] [stdout]   18:     0x626a438f480f - <std[617be2ca0a6fd877]::sys::thread::unix::Thread>::new::thread_start
[INFO] [stdout]   19:     0x7ede9c528dfa - <unknown>
[INFO] [stdout]   20:     0x7ede9c5bc3d4 - clone
[INFO] [stdout]   21:                0x0 - <unknown>
[INFO] [stdout] 
[INFO] [stdout] 
[INFO] [stdout] failures:
[INFO] [stdout]     test_blocked_by_comma_separated
[INFO] [stdout]     test_blocked_by_mixed_comma_and_space
[INFO] [stdout]     test_blocked_by_space_separated_unquoted
[INFO] [stdout]     test_blocked_tasks
[INFO] [stdout]     test_commands_fail_without_init
[INFO] [stdout]     test_compact_analyze_empty
[INFO] [stdout]     test_compact_analyze_filter_by_goal
[INFO] [stdout]     test_compact_analyze_finds_completed_tasks
[INFO] [stdout]     test_compact_analyze_json
[INFO] [stdout]     test_compact_apply_already_compacted
[INFO] [stdout]     test_compact_apply_rejects_pending_task
[INFO] [stdout]     test_compact_apply_success
[INFO] [stdout]     test_compact_not_in_analyze_after_compaction
[INFO] [stdout]     test_concurrent_task_claim_race
[INFO] [stdout]     test_create_and_list_goals
[INFO] [stdout]     test_create_task_and_workflow
[INFO] [stdout]     test_create_task_blocked_by_completed_task_yields_pending
[INFO] [stdout]     test_delete_cascades_blocked_by_cleanup
[INFO] [stdout]     test_directory_walkup
[INFO] [stdout]     test_display_ref_usage
[INFO] [stdout]     test_edit_task_blocked_by_rejects_cycles
[INFO] [stdout]     test_edit_task_blocked_by_validates_ids
[INFO] [stdout]     test_goal_completion
[INFO] [stdout]     test_goal_stays_pending_until_task_start
[INFO] [stdout]     test_init_creates_radial_directory
[INFO] [stdout]     test_init_is_idempotent
[INFO] [stdout]     test_json_output_edit_and_task_lifecycle_mutations
[INFO] [stdout]     test_json_output_goal_lifecycle_and_prep_and_compact
[INFO] [stdout]     test_json_output_goal_list
[INFO] [stdout]     test_json_output_init
[INFO] [stdout]     test_json_output_status
[INFO] [stdout]     test_json_output_task_comment_and_comments
[INFO] [stdout]     test_json_output_task_list
[INFO] [stdout]     test_json_output_task_start_and_complete
[INFO] [stdout]     test_list_full_shows_complete_descriptions
[INFO] [stdout]     test_list_truncates_descriptions_by_default
[INFO] [stdout]     test_multiple_goals_and_tasks
[INFO] [stdout]     test_prefix_resolution
[INFO] [stdout]     test_prep_is_static
[INFO] [stdout]     test_ready_and_task_list_default_to_single_active_goal
[INFO] [stdout]     test_redirect_file
[INFO] [stdout]     test_release_unassigned_task_fails
[INFO] [stdout]     test_shell_completions
[INFO] [stdout]     test_status_commands
[INFO] [stdout]     test_status_compact_vs_show_detail
[INFO] [stdout]     test_stealth_mode_with_git_repo
[INFO] [stdout]     test_task_assignee_and_release
[INFO] [stdout]     test_task_comments
[INFO] [stdout]     test_task_comments_json_output
[INFO] [stdout]     test_task_comments_multiple_comments
[INFO] [stdout]     test_task_comments_no_comments
[INFO] [stdout]     test_task_comments_nonexistent_task
[INFO] [stdout]     test_task_comments_one_comment
[INFO] [stdout]     test_task_list_filter_by_assignee
[INFO] [stdout]     test_task_list_full_shows_complete_descriptions
[INFO] [stdout]     test_task_release_from_failed
[INFO] [stdout]     test_task_state_transitions
[INFO] [stdout]     test_task_with_artifacts
[INFO] [stdout] 
[INFO] [stdout] test result: FAILED. 0 passed; 58 failed; 0 ignored; 0 measured; 0 filtered out; finished in 0.07s
[INFO] [stdout] 
[INFO] running `Command { std: "docker" "inspect" "3a04e8863cba3ce07277559807b4d5edb2ee76391b5fa813dd70fb8f55321274", kill_on_drop: false }`
[INFO] running `Command { std: "docker" "rm" "-f" "3a04e8863cba3ce07277559807b4d5edb2ee76391b5fa813dd70fb8f55321274", kill_on_drop: false }`
[INFO] [stdout] 3a04e8863cba3ce07277559807b4d5edb2ee76391b5fa813dd70fb8f55321274
