[INFO] fetching crate race-test 0.2.6...
[INFO] testing race-test-0.2.6 against 1.99.0-beta.8+cargoflags=--release for beta-release-1.100-2
[INFO] extracting crate race-test 0.2.6 into /workspace/builds/worker-2-tc1/source
[INFO] started tweaking crates.io crate race-test 0.2.6
[INFO] finished tweaking crates.io crate race-test 0.2.6
[INFO] tweaked toml for crates.io crate race-test 0.2.6 written to /workspace/builds/worker-2-tc1/source/Cargo.toml
[INFO] validating manifest of crates.io crate race-test 0.2.6 on toolchain 1.99.0-beta.8
[INFO] running `Command { std: CARGO_HOME="/workspace/cargo-home" RUSTUP_HOME="/workspace/rustup-home" "/workspace/cargo-home/bin/cargo" "+1.99.0-beta.8" "metadata" "--manifest-path" "Cargo.toml" "--no-deps", kill_on_drop: false }`
[INFO] running `Command { std: CARGO_HOME="/workspace/cargo-home" RUSTUP_HOME="/workspace/rustup-home" "/workspace/cargo-home/bin/cargo" "+1.99.0-beta.8" "generate-lockfile" "--manifest-path" "Cargo.toml", kill_on_drop: false }`
[INFO] [stderr]     Updating crates.io index
[INFO] [stderr]      Locking 107 packages to highest compatible versions
[INFO] [stderr]       Adding base64 v0.21.7 (available: v0.23.1)
[INFO] [stderr]       Adding borsh v0.9.3 (available: v1.8.1)
[INFO] [stderr]       Adding generic-array v0.14.7 (available: v0.14.9)
[INFO] [stderr]       Adding rand v0.8.8 (available: v0.10.3)
[INFO] running `Command { std: CARGO_HOME="/workspace/cargo-home" RUSTUP_HOME="/workspace/rustup-home" "/workspace/cargo-home/bin/cargo" "+1.99.0-beta.8" "fetch" "--manifest-path" "Cargo.toml", kill_on_drop: false }`
[INFO] [stderr]  Downloading crates ...
[INFO] [stderr]   Downloaded race-encryptor v0.2.6
[INFO] [stderr]   Downloaded borsh-derive v0.9.3
[INFO] [stderr]   Downloaded race-api v0.2.6
[INFO] [stderr]   Downloaded borsh v0.9.3
[INFO] [stderr]   Downloaded race-core v0.2.6
[INFO] [stderr]   Downloaded project-root v0.2.2
[INFO] [stderr]   Downloaded borsh-schema-derive-internal v0.9.3
[INFO] [stderr]   Downloaded borsh-derive-internal v0.9.3
[INFO] [stderr]   Downloaded proc-macro-crate v0.1.5
[INFO] [stderr]   Downloaded race-client v0.2.6
[INFO] [stderr]   Downloaded openssl v0.10.81
[INFO] running `Command { std: "docker" "create" "-v" "/var/lib/crater-agent-workspace/builds/worker-2-tc1/source:/opt/rustwide/workdir:ro,Z" "-v" "/var/lib/crater-agent-workspace/builds/worker-2-tc1/target:/opt/rustwide/target:rw,Z" "-v" "/var/lib/crater-agent-workspace/cargo-home:/opt/rustwide/cargo-home:ro,Z" "-v" "/var/lib/crater-agent-workspace/rustup-home:/opt/rustwide/rustup-home:ro,Z" "-m" "1610612736" "--network" "none" "ghcr.io/rust-lang/crates-build-env/linux@sha256:77db811e55d90add9212f6832c23229e3de5f1c1f9905e8cb07319ea15df73ac" "sleep" "infinity", kill_on_drop: false }`
[INFO] [stdout] 63a02b8f4e68a927fdb3a73fd30e8741b60e0354ce2bf2b7b224d87153c0f3f0
[INFO] running `Command { std: "docker" "start" "63a02b8f4e68a927fdb3a73fd30e8741b60e0354ce2bf2b7b224d87153c0f3f0", kill_on_drop: false }`
[INFO] running `Command { std: "docker" "inspect" "63a02b8f4e68a927fdb3a73fd30e8741b60e0354ce2bf2b7b224d87153c0f3f0", kill_on_drop: false }`
[INFO] running `Command { std: "docker" "exec" "-e" "SOURCE_DIR=/opt/rustwide/workdir" "-e" "CARGO_HOME=/opt/rustwide/cargo-home" "-e" "RUSTUP_HOME=/opt/rustwide/rustup-home" "-e" "CARGO_TARGET_DIR=/opt/rustwide/target" "-w" "/opt/rustwide/workdir" "--user" "0:0" "63a02b8f4e68a927fdb3a73fd30e8741b60e0354ce2bf2b7b224d87153c0f3f0" "/opt/rustwide/cargo-home/bin/cargo" "+1.99.0-beta.8" "metadata" "--no-deps" "--format-version=1", kill_on_drop: false }`
[INFO] running `Command { std: "docker" "inspect" "63a02b8f4e68a927fdb3a73fd30e8741b60e0354ce2bf2b7b224d87153c0f3f0", kill_on_drop: false }`
[INFO] running `Command { std: "docker" "exec" "-e" "SOURCE_DIR=/opt/rustwide/workdir" "-e" "CARGO_HOME=/opt/rustwide/cargo-home" "-e" "RUSTUP_HOME=/opt/rustwide/rustup-home" "-e" "CARGO_TARGET_DIR=/opt/rustwide/target" "-e" "CARGO_INCREMENTAL=0" "-e" "RUST_BACKTRACE=full" "-e" "RUSTFLAGS=--cap-lints=warn" "-e" "RUSTDOCFLAGS=--cap-lints=warn" "-w" "/opt/rustwide/workdir" "--user" "0:0" "63a02b8f4e68a927fdb3a73fd30e8741b60e0354ce2bf2b7b224d87153c0f3f0" "/opt/rustwide/cargo-home/bin/cargo" "+1.99.0-beta.8" "build" "--frozen" "--message-format=json" "--release", kill_on_drop: false }`
[INFO] [stderr]    Compiling libc v0.2.191
[INFO] [stderr]    Compiling cfg-if v1.0.5
[INFO] [stderr]    Compiling serde v1.0.229
[INFO] [stderr]    Compiling syn v1.0.109
[INFO] [stderr]    Compiling typenum v1.20.1
[INFO] [stderr]    Compiling shlex v2.0.1
[INFO] [stderr]    Compiling once_cell v1.21.4
[INFO] [stderr]    Compiling find-msvc-tools v0.1.14
[INFO] [stderr]    Compiling zerocopy v0.8.63
[INFO] [stderr]    Compiling generic-array v0.14.7
[INFO] [stderr]    Compiling serde_core v1.0.229
[INFO] [stderr]    Compiling ahash v0.7.8
[INFO] [stderr]    Compiling pkg-config v0.3.34
[INFO] [stderr]    Compiling cpufeatures v0.2.17
[INFO] [stderr]    Compiling syn v2.0.119
[INFO] [stderr]    Compiling syn v3.0.9
[INFO] [stderr]    Compiling parking_lot_core v0.9.12
[INFO] [stderr]    Compiling const-oid v0.9.6
[INFO] [stderr]    Compiling foreign-types-shared v0.1.1
[INFO] [stderr]    Compiling openssl v0.10.81
[INFO] [stderr]    Compiling smallvec v1.16.3
[INFO] [stderr]    Compiling foreign-types v0.3.2
[INFO] [stderr]    Compiling lock_api v0.4.14
[INFO] [stderr]    Compiling bitflags v2.13.2
[INFO] [stderr]    Compiling chrono v0.4.45
[INFO] [stderr]    Compiling cc v1.8.0
[INFO] [stderr]    Compiling pin-project-lite v0.2.17
[INFO] [stderr]    Compiling bytes v1.12.1
[INFO] [stderr]    Compiling arrayref v0.3.9
[INFO] [stderr]    Compiling base64 v0.21.7
[INFO] [stderr]    Compiling project-root v0.2.2
[INFO] [stderr]    Compiling crypto-common v0.1.7
[INFO] [stderr]    Compiling inout v0.1.4
[INFO] [stderr]    Compiling block-buffer v0.10.4
[INFO] [stderr]    Compiling cipher v0.4.4
[INFO] [stderr]    Compiling digest v0.10.7
[INFO] [stderr]    Compiling getrandom v0.2.17
[INFO] [stderr]    Compiling errno v0.3.14
[INFO] [stderr]    Compiling mio v1.2.4
[INFO] [stderr]    Compiling socket2 v0.6.5
[INFO] [stderr]    Compiling sha1 v0.10.7
[INFO] [stderr]    Compiling signal-hook-registry v1.4.8
[INFO] [stderr]    Compiling aes v0.8.4
[INFO] [stderr]    Compiling rand_core v0.6.4
[INFO] [stderr]    Compiling chacha20 v0.9.1
[INFO] [stderr]    Compiling hashbrown v0.11.2
[INFO] [stderr]    Compiling parking_lot v0.12.5
[INFO] [stderr]    Compiling openssl-sys v0.9.117
[INFO] [stderr]    Compiling borsh-derive-internal v0.9.3
[INFO] [stderr]    Compiling borsh-schema-derive-internal v0.9.3
[INFO] [stderr]    Compiling toml v0.5.11
[INFO] [stderr]    Compiling thiserror-impl v1.0.69
[INFO] [stderr]    Compiling openssl-macros v0.1.1
[INFO] [stderr]    Compiling async-trait v0.1.92
[INFO] [stderr]    Compiling tokio-macros v2.7.2
[INFO] [stderr]    Compiling tokio v1.53.3
[INFO] [stderr]    Compiling proc-macro-crate v0.1.5
[INFO] [stderr]    Compiling thiserror v1.0.69
[INFO] [stderr]    Compiling borsh-derive v0.9.3
[INFO] [stderr]    Compiling borsh v0.9.3
[INFO] [stderr]    Compiling ppv-lite86 v0.2.21
[INFO] [stderr]    Compiling rand_chacha v0.3.1
[INFO] [stderr]    Compiling rand v0.8.8
[INFO] [stderr]    Compiling race-api v0.2.6
[INFO] [stderr]    Compiling race-core v0.2.6
[INFO] [stderr]    Compiling race-encryptor v0.2.6
[INFO] [stderr]    Compiling race-client v0.2.6
[INFO] [stderr]    Compiling race-test v0.2.6 (/opt/rustwide/workdir)
[INFO] [stderr]     Finished `release` profile [optimized] target(s) in 47.14s
[INFO] running `Command { std: "docker" "inspect" "63a02b8f4e68a927fdb3a73fd30e8741b60e0354ce2bf2b7b224d87153c0f3f0", kill_on_drop: false }`
[INFO] running `Command { std: "docker" "exec" "-e" "SOURCE_DIR=/opt/rustwide/workdir" "-e" "CARGO_HOME=/opt/rustwide/cargo-home" "-e" "RUSTUP_HOME=/opt/rustwide/rustup-home" "-e" "CARGO_TARGET_DIR=/opt/rustwide/target" "-e" "CARGO_INCREMENTAL=0" "-e" "RUST_BACKTRACE=full" "-e" "RUSTFLAGS=--cap-lints=warn" "-e" "RUSTDOCFLAGS=--cap-lints=warn" "-w" "/opt/rustwide/workdir" "--user" "0:0" "63a02b8f4e68a927fdb3a73fd30e8741b60e0354ce2bf2b7b224d87153c0f3f0" "/opt/rustwide/cargo-home/bin/cargo" "+1.99.0-beta.8" "test" "--frozen" "--no-run" "--message-format=json" "--release", kill_on_drop: false }`
[INFO] [stderr]    Compiling anyhow v1.0.104
[INFO] [stderr]    Compiling race-test v0.2.6 (/opt/rustwide/workdir)
[INFO] [stderr]     Finished `release` profile [optimized] target(s) in 4.31s
[INFO] running `Command { std: "docker" "inspect" "63a02b8f4e68a927fdb3a73fd30e8741b60e0354ce2bf2b7b224d87153c0f3f0", kill_on_drop: false }`
[INFO] running `Command { std: "docker" "exec" "-e" "SOURCE_DIR=/opt/rustwide/workdir" "-e" "CARGO_HOME=/opt/rustwide/cargo-home" "-e" "RUSTUP_HOME=/opt/rustwide/rustup-home" "-e" "CARGO_TARGET_DIR=/opt/rustwide/target" "-e" "CARGO_INCREMENTAL=0" "-e" "RUST_BACKTRACE=full" "-e" "RUSTFLAGS=--cap-lints=warn" "-e" "RUSTDOCFLAGS=--cap-lints=warn" "-w" "/opt/rustwide/workdir" "--user" "0:0" "63a02b8f4e68a927fdb3a73fd30e8741b60e0354ce2bf2b7b224d87153c0f3f0" "/opt/rustwide/cargo-home/bin/cargo" "+1.99.0-beta.8" "test" "--frozen" "--release", kill_on_drop: false }`
[INFO] [stderr]     Finished `release` profile [optimized] target(s) in 0.17s
[INFO] [stderr]      Running unittests src/lib.rs (/opt/rustwide/target/release/deps/race_test-c3c248a672c84f44)
[INFO] [stdout] 
[INFO] [stdout] running 5 tests
[INFO] [stdout] test client_helpers::tests::test_dummy_connection ... ok
[INFO] [stdout] test transport_helpers::tests::test_settle ... ok
[INFO] [stdout] test transport_helpers::tests::test_get_bundle ... FAILED
[INFO] [stdout] test transport_helpers::tests::test_fail_settle ... ok
[INFO] [stdout] test transport_helpers::tests::test_get_state ... ok
[INFO] [stdout] 
[INFO] [stdout] failures:
[INFO] [stdout] 
[INFO] [stdout] ---- transport_helpers::tests::test_get_bundle stdout ----
[INFO] [stdout] 
[INFO] [stdout] thread 'transport_helpers::tests::test_get_bundle' (1407) panicked at src/transport_helpers.rs:98:81:
[INFO] [stdout] called `Result::unwrap()` on an `Err` value: Os { code: 2, kind: NotFound, message: "No such file or directory" }
[INFO] [stdout] stack backtrace:
[INFO] [stdout]    0:     0x609c4d214d61 - <<std[70759c8f55707aa4]::sys::backtrace::BacktraceLock>::print::DisplayBacktrace as core[df12db4294e9bfd3]::fmt::Display>::fmt
[INFO] [stdout]    1:     0x609c4d22a6ba - core[df12db4294e9bfd3]::fmt::write
[INFO] [stdout]    2:     0x609c4d21989c - <alloc[2182bb758b4b3781]::vec::Vec<u8> as core[df12db4294e9bfd3]::io::write::Write>::write_fmt
[INFO] [stdout]    3:     0x609c4d1f0816 - std[70759c8f55707aa4]::panicking::default_hook::{closure#0}
[INFO] [stdout]    4:     0x609c4d20d1b9 - std[70759c8f55707aa4]::panicking::default_hook
[INFO] [stdout]    5:     0x609c4d175ea0 - test[9d35eded1c95d3be]::test_main_inner::<test[9d35eded1c95d3be]::test_main_static::{closure#0}>::{closure#0}
[INFO] [stdout]    6:     0x609c4d20d4e2 - std[70759c8f55707aa4]::panicking::panic_with_hook
[INFO] [stdout]    7:     0x609c4d1f08c2 - std[70759c8f55707aa4]::panicking::panic_handler::{closure#0}
[INFO] [stdout]    8:     0x609c4d1e90b9 - std[70759c8f55707aa4]::sys::backtrace::__rust_end_short_backtrace::<std[70759c8f55707aa4]::panicking::panic_handler::{closure#0}, !>
[INFO] [stdout]    9:     0x609c4d1f15cd - __rustc[8fa7c3cbc660c2b3]::rust_begin_unwind
[INFO] [stdout]   10:     0x609c4d22ae1c - core[df12db4294e9bfd3]::panicking::panic_fmt
[INFO] [stdout]   11:     0x609c4d22abf2 - core[df12db4294e9bfd3]::result::unwrap_failed
[INFO] [stdout]   12:     0x609c4d164a2b - <race_test[82e35567d418fc90]::transport_helpers::DummyTransport as race_core[6c8538a19d397e83]::transport::TransportT>::get_game_bundle::{closure#0}
[INFO] [stdout]   13:     0x609c4d15efa5 - race_test[82e35567d418fc90]::transport_helpers::tests::test_get_bundle::{closure#0}
[INFO] [stdout]   14:     0x609c4d1626c8 - <tokio[7e1442d19c2cb6f2]::runtime::scheduler::current_thread::Context>::enter::<core[df12db4294e9bfd3]::task::poll::Poll<core[df12db4294e9bfd3]::result::Result<(), anyhow[8c366fa371e7d33d]::Error>>, <tokio[7e1442d19c2cb6f2]::runtime::scheduler::current_thread::CoreGuard>::block_on<core[df12db4294e9bfd3]::pin::Pin<&mut core[df12db4294e9bfd3]::pin::Pin<&mut dyn core[df12db4294e9bfd3]::future::future::Future<Output = core[df12db4294e9bfd3]::result::Result<(), anyhow[8c366fa371e7d33d]::Error>>>>>::{closure#0}::{closure#0}>
[INFO] [stdout]   15:     0x609c4d157e34 - <std[70759c8f55707aa4]::thread::local::LocalKey<tokio[7e1442d19c2cb6f2]::runtime::context::Context>>::with::<tokio[7e1442d19c2cb6f2]::runtime::context::set_scheduler<(alloc[2182bb758b4b3781]::boxed::Box<tokio[7e1442d19c2cb6f2]::runtime::scheduler::current_thread::Core>, core[df12db4294e9bfd3]::option::Option<core[df12db4294e9bfd3]::result::Result<(), anyhow[8c366fa371e7d33d]::Error>>), <tokio[7e1442d19c2cb6f2]::runtime::scheduler::current_thread::CoreGuard>::enter<<tokio[7e1442d19c2cb6f2]::runtime::scheduler::current_thread::CoreGuard>::block_on<core[df12db4294e9bfd3]::pin::Pin<&mut core[df12db4294e9bfd3]::pin::Pin<&mut dyn core[df12db4294e9bfd3]::future::future::Future<Output = core[df12db4294e9bfd3]::result::Result<(), anyhow[8c366fa371e7d33d]::Error>>>>>::{closure#0}, core[df12db4294e9bfd3]::option::Option<core[df12db4294e9bfd3]::result::Result<(), anyhow[8c366fa371e7d33d]::Error>>>::{closure#0}>::{closure#0}, (alloc[2182bb758b4b3781]::boxed::Box<tokio[7e1442d19c2cb6f2]::runtime::scheduler::current_thread::Core>, core[df12db4294e9bfd3]::option::Option<core[df12db4294e9bfd3]::result::Result<(), anyhow[8c366fa371e7d33d]::Error>>)>
[INFO] [stdout]   16:     0x609c4d162c0e - <tokio[7e1442d19c2cb6f2]::runtime::scheduler::current_thread::CoreGuard>::block_on::<core[df12db4294e9bfd3]::pin::Pin<&mut core[df12db4294e9bfd3]::pin::Pin<&mut dyn core[df12db4294e9bfd3]::future::future::Future<Output = core[df12db4294e9bfd3]::result::Result<(), anyhow[8c366fa371e7d33d]::Error>>>>>
[INFO] [stdout]   17:     0x609c4d15024c - tokio[7e1442d19c2cb6f2]::runtime::context::runtime::enter_runtime::<<tokio[7e1442d19c2cb6f2]::runtime::scheduler::current_thread::CurrentThread>::block_on<core[df12db4294e9bfd3]::pin::Pin<&mut dyn core[df12db4294e9bfd3]::future::future::Future<Output = core[df12db4294e9bfd3]::result::Result<(), anyhow[8c366fa371e7d33d]::Error>>>>::{closure#0}, core[df12db4294e9bfd3]::result::Result<(), anyhow[8c366fa371e7d33d]::Error>>
[INFO] [stdout]   18:     0x609c4d166fc5 - <tokio[7e1442d19c2cb6f2]::runtime::runtime::Runtime>::block_on::<core[df12db4294e9bfd3]::pin::Pin<&mut dyn core[df12db4294e9bfd3]::future::future::Future<Output = core[df12db4294e9bfd3]::result::Result<(), anyhow[8c366fa371e7d33d]::Error>>>>
[INFO] [stdout]   19:     0x609c4d15f83b - race_test[82e35567d418fc90]::transport_helpers::tests::test_get_bundle
[INFO] [stdout]   20:     0x609c4d1524bf - <race_test[82e35567d418fc90]::transport_helpers::tests::test_get_bundle::{closure#0} as core[df12db4294e9bfd3]::ops::function::FnOnce<()>>::call_once
[INFO] [stdout]   21:     0x609c4d16918b - test[9d35eded1c95d3be]::__rust_begin_short_backtrace::<core[df12db4294e9bfd3]::result::Result<(), alloc[2182bb758b4b3781]::string::String>, fn() -> core[df12db4294e9bfd3]::result::Result<(), alloc[2182bb758b4b3781]::string::String>>
[INFO] [stdout]   22:     0x609c4d1767f5 - test[9d35eded1c95d3be]::run_test::{closure#0}
[INFO] [stdout]   23:     0x609c4d1700b4 - std[70759c8f55707aa4]::sys::backtrace::__rust_begin_short_backtrace::<test[9d35eded1c95d3be]::run_test::{closure#1}, ()>
[INFO] [stdout]   24:     0x609c4d179952 - <std[70759c8f55707aa4]::thread::lifecycle::spawn_unchecked<test[9d35eded1c95d3be]::run_test::{closure#1}, ()>::{closure#1} as core[df12db4294e9bfd3]::ops::function::FnOnce<()>>::call_once::{shim:vtable#0}
[INFO] [stdout]   25:     0x609c4d214629 - <std[70759c8f55707aa4]::sys::thread::unix::Thread>::new::thread_start
[INFO] [stdout]   26:     0x7bc3c14bcdfa - <unknown>
[INFO] [stdout]   27:     0x7bc3c15503d4 - clone
[INFO] [stdout]   28:                0x0 - <unknown>
[INFO] [stdout] 
[INFO] [stdout] 
[INFO] [stdout] failures:
[INFO] [stdout]     transport_helpers::tests::test_get_bundle
[INFO] [stdout] 
[INFO] [stdout] test result: FAILED. 4 passed; 1 failed; 0 ignored; 0 measured; 0 filtered out; finished in 0.08s
[INFO] [stdout] 
[INFO] [stderr] error: test failed, to rerun pass `--lib`
[INFO] running `Command { std: "docker" "inspect" "63a02b8f4e68a927fdb3a73fd30e8741b60e0354ce2bf2b7b224d87153c0f3f0", kill_on_drop: false }`
[INFO] running `Command { std: "docker" "rm" "-f" "63a02b8f4e68a927fdb3a73fd30e8741b60e0354ce2bf2b7b224d87153c0f3f0", kill_on_drop: false }`
[INFO] [stdout] 63a02b8f4e68a927fdb3a73fd30e8741b60e0354ce2bf2b7b224d87153c0f3f0
