[INFO] fetching crate rabbit-lib 0.1.0...
[INFO] testing rabbit-lib-0.1.0 against 1.100.0-beta.1+cargoflags=--release for beta-release-1.100-2
[INFO] extracting crate rabbit-lib 0.1.0 into /workspace/builds/worker-2-tc2/source
[INFO] started tweaking crates.io crate rabbit-lib 0.1.0
[INFO] removed 0 missing tests
[INFO] finished tweaking crates.io crate rabbit-lib 0.1.0
[INFO] tweaked toml for crates.io crate rabbit-lib 0.1.0 written to /workspace/builds/worker-2-tc2/source/Cargo.toml
[INFO] validating manifest of crates.io crate rabbit-lib 0.1.0 on toolchain 1.100.0-beta.1
[INFO] running `Command { std: CARGO_HOME="/workspace/cargo-home" RUSTUP_HOME="/workspace/rustup-home" "/workspace/cargo-home/bin/cargo" "+1.100.0-beta.1" "metadata" "--manifest-path" "Cargo.toml" "--no-deps", kill_on_drop: false }`
[INFO] crate crates.io crate rabbit-lib 0.1.0 already has a lockfile, it will not be regenerated
[INFO] running `Command { std: CARGO_HOME="/workspace/cargo-home" RUSTUP_HOME="/workspace/rustup-home" "/workspace/cargo-home/bin/cargo" "+1.100.0-beta.1" "fetch" "--manifest-path" "Cargo.toml", kill_on_drop: false }`
[INFO] [stderr] warning: `package.homepage` is redundant with `package.repository`
[INFO] [stderr]    --> Cargo.toml:108:12
[INFO] [stderr]     |
[INFO] [stderr] 108 | homepage = "https://github.com/Trolldemorted/warren"
[INFO] [stderr]     |            ^^^^^^^^^^^^^^^^^^^^^^^^^^^^^^^^^^^^^^^^^
[INFO] [stderr] ...
[INFO] [stderr] 114 | repository = "https://github.com/Trolldemorted/warren"
[INFO] [stderr]     |              -----------------------------------------
[INFO] [stderr]     |
[INFO] [stderr]     = note: `cargo::redundant_homepage` is set to `warn` by default
[INFO] [stderr] help: consider removing `package.homepage`
[INFO] [stderr] warning: `rabbit-lib` (manifest) generated 1 warning
[INFO] running `Command { std: "docker" "create" "-v" "/var/lib/crater-agent-workspace/builds/worker-2-tc2/source:/opt/rustwide/workdir:ro,Z" "-v" "/var/lib/crater-agent-workspace/builds/worker-2-tc2/target:/opt/rustwide/target:rw,Z" "-v" "/var/lib/crater-agent-workspace/cargo-home:/opt/rustwide/cargo-home:ro,Z" "-v" "/var/lib/crater-agent-workspace/rustup-home:/opt/rustwide/rustup-home:ro,Z" "-m" "1610612736" "--network" "none" "ghcr.io/rust-lang/crates-build-env/linux@sha256:77db811e55d90add9212f6832c23229e3de5f1c1f9905e8cb07319ea15df73ac" "sleep" "infinity", kill_on_drop: false }`
[INFO] [stdout] f4d722291c50c97abbdcfaaa6ec9791f3efed1c8fc45a5f884942559ef6962ab
[INFO] running `Command { std: "docker" "start" "f4d722291c50c97abbdcfaaa6ec9791f3efed1c8fc45a5f884942559ef6962ab", kill_on_drop: false }`
[INFO] running `Command { std: "docker" "inspect" "f4d722291c50c97abbdcfaaa6ec9791f3efed1c8fc45a5f884942559ef6962ab", kill_on_drop: false }`
[INFO] running `Command { std: "docker" "exec" "-e" "SOURCE_DIR=/opt/rustwide/workdir" "-e" "CARGO_HOME=/opt/rustwide/cargo-home" "-e" "RUSTUP_HOME=/opt/rustwide/rustup-home" "-e" "CARGO_TARGET_DIR=/opt/rustwide/target" "-w" "/opt/rustwide/workdir" "--user" "0:0" "f4d722291c50c97abbdcfaaa6ec9791f3efed1c8fc45a5f884942559ef6962ab" "/opt/rustwide/cargo-home/bin/cargo" "+1.100.0-beta.1" "metadata" "--no-deps" "--format-version=1", kill_on_drop: false }`
[INFO] running `Command { std: "docker" "inspect" "f4d722291c50c97abbdcfaaa6ec9791f3efed1c8fc45a5f884942559ef6962ab", kill_on_drop: false }`
[INFO] running `Command { std: "docker" "exec" "-e" "SOURCE_DIR=/opt/rustwide/workdir" "-e" "CARGO_HOME=/opt/rustwide/cargo-home" "-e" "RUSTUP_HOME=/opt/rustwide/rustup-home" "-e" "CARGO_TARGET_DIR=/opt/rustwide/target" "-e" "CARGO_INCREMENTAL=0" "-e" "RUST_BACKTRACE=full" "-e" "RUSTFLAGS=--cap-lints=warn" "-e" "RUSTDOCFLAGS=--cap-lints=warn" "-w" "/opt/rustwide/workdir" "--user" "0:0" "f4d722291c50c97abbdcfaaa6ec9791f3efed1c8fc45a5f884942559ef6962ab" "/opt/rustwide/cargo-home/bin/cargo" "+1.100.0-beta.1" "build" "--frozen" "--message-format=json" "--release", kill_on_drop: false }`
[INFO] [stderr] warning: `package.homepage` is redundant with `package.repository`
[INFO] [stderr]    --> Cargo.toml:108:12
[INFO] [stderr]     |
[INFO] [stderr] 108 | homepage = "https://github.com/Trolldemorted/warren"
[INFO] [stderr]     |            ^^^^^^^^^^^^^^^^^^^^^^^^^^^^^^^^^^^^^^^^^
[INFO] [stderr] ...
[INFO] [stderr] 114 | repository = "https://github.com/Trolldemorted/warren"
[INFO] [stderr]     |              -----------------------------------------
[INFO] [stderr]     |
[INFO] [stderr]     = note: `cargo::redundant_homepage` is set to `warn` by default
[INFO] [stderr] help: consider removing `package.homepage`
[INFO] [stderr] warning: `rabbit-lib` (manifest) generated 1 warning
[INFO] [stderr]    Compiling smallvec v1.15.2
[INFO] [stderr]    Compiling bytes v1.12.0
[INFO] [stderr]    Compiling syn v2.0.118
[INFO] [stderr]    Compiling getrandom v0.2.17
[INFO] [stderr]    Compiling errno v0.3.14
[INFO] [stderr]    Compiling cc v1.2.65
[INFO] [stderr]    Compiling log v0.4.33
[INFO] [stderr]    Compiling socket2 v0.6.4
[INFO] [stderr]    Compiling signal-hook-registry v1.4.8
[INFO] [stderr]    Compiling parking_lot_core v0.9.12
[INFO] [stderr]    Compiling mio v1.2.1
[INFO] [stderr]    Compiling zeroize v1.9.0
[INFO] [stderr]    Compiling rustls-pki-types v1.14.1
[INFO] [stderr]    Compiling parking_lot v0.12.5
[INFO] [stderr]    Compiling zerocopy v0.8.52
[INFO] [stderr]    Compiling http v1.4.2
[INFO] [stderr]    Compiling rustls v0.23.41
[INFO] [stderr]    Compiling tracing v0.1.44
[INFO] [stderr]    Compiling webpki-roots v1.0.8
[INFO] [stderr]    Compiling rand_core v0.6.4
[INFO] [stderr]    Compiling ring v0.17.14
[INFO] [stderr]    Compiling memoffset v0.6.5
[INFO] [stderr]    Compiling serde_json v1.0.150
[INFO] [stderr]    Compiling sha1 v0.10.6
[INFO] [stderr]    Compiling serial-core v0.4.0
[INFO] [stderr]    Compiling termios v0.2.2
[INFO] [stderr]    Compiling ioctl-rs v0.1.6
[INFO] [stderr]    Compiling time-core v0.1.9
[INFO] [stderr]    Compiling memchr v2.8.2
[INFO] [stderr]    Compiling anyhow v1.0.103
[INFO] [stderr]    Compiling num-conv v0.2.2
[INFO] [stderr]    Compiling data-encoding v2.11.0
[INFO] [stderr]    Compiling http-body v1.0.1
[INFO] [stderr]    Compiling http-body-util v0.1.3
[INFO] [stderr]    Compiling time-macros v0.2.30
[INFO] [stderr]    Compiling serial-unix v0.4.0
[INFO] [stderr]    Compiling webpki-roots v0.26.11
[INFO] [stderr]    Compiling num_threads v0.1.7
[INFO] [stderr]    Compiling bytemuck v1.25.0
[INFO] [stderr]    Compiling deranged v0.5.8
[INFO] [stderr]    Compiling bitflags v2.13.0
[INFO] [stderr]    Compiling nix v0.25.1
[INFO] [stderr]    Compiling rgb v0.8.53
[INFO] [stderr]    Compiling serial v0.4.0
[INFO] [stderr]    Compiling getrandom v0.4.3
[INFO] [stderr]    Compiling synstructure v0.13.2
[INFO] [stderr]    Compiling time v0.3.51
[INFO] [stderr]    Compiling serde_path_to_error v0.1.20
[INFO] [stderr]    Compiling shell-words v1.1.1
[INFO] [stderr]    Compiling downcast-rs v1.2.1
[INFO] [stderr]    Compiling colored v3.1.1
[INFO] [stderr]    Compiling ppv-lite86 v0.2.21
[INFO] [stderr]    Compiling avt v0.18.0
[INFO] [stderr]    Compiling dashmap v6.2.1
[INFO] [stderr]    Compiling uuid v1.23.4
[INFO] [stderr]    Compiling rand_chacha v0.3.1
[INFO] [stderr]    Compiling rand v0.8.6
[INFO] [stderr]    Compiling zerofrom-derive v0.1.7
[INFO] [stderr]    Compiling yoke-derive v0.8.2
[INFO] [stderr]    Compiling zerovec-derive v0.11.3
[INFO] [stderr]    Compiling displaydoc v0.2.6
[INFO] [stderr]    Compiling tokio-macros v2.7.0
[INFO] [stderr]    Compiling zerofrom v0.1.8
[INFO] [stderr]    Compiling futures-macro v0.3.32
[INFO] [stderr]    Compiling yoke v0.8.3
[INFO] [stderr]    Compiling thiserror-impl v1.0.69
[INFO] [stderr]    Compiling tokio v1.52.3
[INFO] [stderr]    Compiling zerovec v0.11.6
[INFO] [stderr]    Compiling zerotrie v0.2.4
[INFO] [stderr]    Compiling futures-util v0.3.32
[INFO] [stderr]    Compiling serde_derive v1.0.228
[INFO] [stderr]    Compiling async-trait v0.1.89
[INFO] [stderr]    Compiling tinystr v0.8.3
[INFO] [stderr]    Compiling potential_utf v0.1.5
[INFO] [stderr]    Compiling icu_collections v2.2.0
[INFO] [stderr]    Compiling icu_locale_core v2.2.0
[INFO] [stderr]    Compiling thiserror v1.0.69
[INFO] [stderr]    Compiling filedescriptor v0.8.3
[INFO] [stderr]    Compiling async-stream-impl v0.3.6
[INFO] [stderr]    Compiling portable-pty v0.8.1
[INFO] [stderr]    Compiling simple_logger v5.2.0
[INFO] [stderr]    Compiling async-stream v0.3.6
[INFO] [stderr]    Compiling icu_provider v2.2.0
[INFO] [stderr]    Compiling icu_normalizer v2.2.0
[INFO] [stderr]    Compiling icu_properties v2.2.0
[INFO] [stderr]    Compiling axum-core v0.4.5
[INFO] [stderr]    Compiling serde v1.0.228
[INFO] [stderr]    Compiling idna_adapter v1.2.2
[INFO] [stderr]    Compiling idna v1.1.0
[INFO] [stderr]    Compiling serde_urlencoded v0.7.1
[INFO] [stderr]    Compiling chrono v0.4.45
[INFO] [stderr]    Compiling url v2.5.8
[INFO] [stderr]    Compiling hyper v1.10.1
[INFO] [stderr]    Compiling tower v0.5.3
[INFO] [stderr]    Compiling tokio-stream v0.1.18
[INFO] [stderr]    Compiling rustls-webpki v0.103.13
[INFO] [stderr]    Compiling tower-http v0.6.11
[INFO] [stderr]    Compiling hyper-util v0.1.20
[INFO] [stderr]    Compiling tokio-rustls v0.26.4
[INFO] [stderr]    Compiling tungstenite v0.24.0
[INFO] [stderr]    Compiling hyper-rustls v0.27.9
[INFO] [stderr]    Compiling reqwest v0.12.28
[INFO] [stderr]    Compiling tokio-tungstenite v0.24.0
[INFO] [stderr]    Compiling axum v0.7.9
[INFO] [stderr]    Compiling rabbit-lib v0.1.0 (/opt/rustwide/workdir)
[INFO] [stderr] warning: unused dependency `tokio-stream`
[INFO] [stderr]   --> Cargo.toml:70:15
[INFO] [stderr]    |
[INFO] [stderr] 70 | [dependencies.tokio-stream]
[INFO] [stderr]    |               ^^^^^^^^^^^^^
[INFO] [stderr]    |
[INFO] [stderr]    = note: `cargo::unused_dependencies` is set to `warn` by default
[INFO] [stderr] help: consider removing the dependency on `tokio-stream`
[INFO] [stderr] warning: `rabbit-lib` (manifest) generated 1 warning
[INFO] [stderr]     Finished `release` profile [optimized] target(s) in 4m 06s
[INFO] running `Command { std: "docker" "inspect" "f4d722291c50c97abbdcfaaa6ec9791f3efed1c8fc45a5f884942559ef6962ab", kill_on_drop: false }`
[INFO] running `Command { std: "docker" "exec" "-e" "SOURCE_DIR=/opt/rustwide/workdir" "-e" "CARGO_HOME=/opt/rustwide/cargo-home" "-e" "RUSTUP_HOME=/opt/rustwide/rustup-home" "-e" "CARGO_TARGET_DIR=/opt/rustwide/target" "-e" "CARGO_INCREMENTAL=0" "-e" "RUST_BACKTRACE=full" "-e" "RUSTFLAGS=--cap-lints=warn" "-e" "RUSTDOCFLAGS=--cap-lints=warn" "-w" "/opt/rustwide/workdir" "--user" "0:0" "f4d722291c50c97abbdcfaaa6ec9791f3efed1c8fc45a5f884942559ef6962ab" "/opt/rustwide/cargo-home/bin/cargo" "+1.100.0-beta.1" "test" "--frozen" "--no-run" "--message-format=json" "--release", kill_on_drop: false }`
[INFO] [stderr] warning: `package.homepage` is redundant with `package.repository`
[INFO] [stderr]    --> Cargo.toml:108:12
[INFO] [stderr]     |
[INFO] [stderr] 108 | homepage = "https://github.com/Trolldemorted/warren"
[INFO] [stderr]     |            ^^^^^^^^^^^^^^^^^^^^^^^^^^^^^^^^^^^^^^^^^
[INFO] [stderr] ...
[INFO] [stderr] 114 | repository = "https://github.com/Trolldemorted/warren"
[INFO] [stderr]     |              -----------------------------------------
[INFO] [stderr]     |
[INFO] [stderr]     = note: `cargo::redundant_homepage` is set to `warn` by default
[INFO] [stderr] help: consider removing `package.homepage`
[INFO] [stderr] warning: `rabbit-lib` (manifest) generated 1 warning
[INFO] [stderr]    Compiling bitflags v2.13.0
[INFO] [stderr]    Compiling tower-http v0.6.11
[INFO] [stderr]    Compiling rustix v1.1.4
[INFO] [stderr]    Compiling reqwest v0.12.28
[INFO] [stderr]    Compiling rabbit-lib v0.1.0 (/opt/rustwide/workdir)
[INFO] [stderr]    Compiling tempfile v3.27.0
[INFO] [stderr] warning: unused dependency `tokio-stream`
[INFO] [stderr]   --> Cargo.toml:70:15
[INFO] [stderr]    |
[INFO] [stderr] 70 | [dependencies.tokio-stream]
[INFO] [stderr]    |               ^^^^^^^^^^^^^
[INFO] [stderr]    |
[INFO] [stderr]    = note: `cargo::unused_dependencies` is set to `warn` by default
[INFO] [stderr] help: consider removing the dependency on `tokio-stream`
[INFO] [stderr] warning: `rabbit-lib` (manifest) generated 1 warning
[INFO] [stderr]     Finished `release` profile [optimized] target(s) in 2m 42s
[INFO] running `Command { std: "docker" "inspect" "f4d722291c50c97abbdcfaaa6ec9791f3efed1c8fc45a5f884942559ef6962ab", kill_on_drop: false }`
[INFO] running `Command { std: "docker" "exec" "-e" "SOURCE_DIR=/opt/rustwide/workdir" "-e" "CARGO_HOME=/opt/rustwide/cargo-home" "-e" "RUSTUP_HOME=/opt/rustwide/rustup-home" "-e" "CARGO_TARGET_DIR=/opt/rustwide/target" "-e" "CARGO_INCREMENTAL=0" "-e" "RUST_BACKTRACE=full" "-e" "RUSTFLAGS=--cap-lints=warn" "-e" "RUSTDOCFLAGS=--cap-lints=warn" "-w" "/opt/rustwide/workdir" "--user" "0:0" "f4d722291c50c97abbdcfaaa6ec9791f3efed1c8fc45a5f884942559ef6962ab" "/opt/rustwide/cargo-home/bin/cargo" "+1.100.0-beta.1" "test" "--frozen" "--release", kill_on_drop: false }`
[INFO] [stderr] warning: `package.homepage` is redundant with `package.repository`
[INFO] [stderr]    --> Cargo.toml:108:12
[INFO] [stderr]     |
[INFO] [stderr] 108 | homepage = "https://github.com/Trolldemorted/warren"
[INFO] [stderr]     |            ^^^^^^^^^^^^^^^^^^^^^^^^^^^^^^^^^^^^^^^^^
[INFO] [stderr] ...
[INFO] [stderr] 114 | repository = "https://github.com/Trolldemorted/warren"
[INFO] [stderr]     |              -----------------------------------------
[INFO] [stderr]     |
[INFO] [stderr]     = note: `cargo::redundant_homepage` is set to `warn` by default
[INFO] [stderr] help: consider removing `package.homepage`
[INFO] [stderr] warning: `rabbit-lib` (manifest) generated 1 warning
[INFO] [stderr] warning: unused dependency `tokio-stream`
[INFO] [stderr]   --> Cargo.toml:70:15
[INFO] [stderr]    |
[INFO] [stderr] 70 | [dependencies.tokio-stream]
[INFO] [stderr]    |               ^^^^^^^^^^^^^
[INFO] [stderr]    |
[INFO] [stderr]    = note: `cargo::unused_dependencies` is set to `warn` by default
[INFO] [stderr] help: consider removing the dependency on `tokio-stream`
[INFO] [stderr] warning: `rabbit-lib` (manifest) generated 1 warning
[INFO] [stderr]     Finished `release` profile [optimized] target(s) in 0.27s
[INFO] [stderr]      Running unittests src/lib.rs (/opt/rustwide/target/release/build/rabbit-lib/b6ea671b21c9cd5f/out/rabbit_lib-b6ea671b21c9cd5f)
[INFO] [stdout] 
[INFO] [stdout] running 137 tests
[INFO] [stdout] test config::tests::https_without_tls_feature_is_rejected ... ok
[INFO] [stdout] test config::tests::https_url_accepted_when_tls_compiled_in ... ok
[INFO] [stdout] test config::tests::unknown_scheme_rejected ... ok
[INFO] [stdout] test config::tests::url_without_scheme_rejected ... ok
[INFO] [stdout] test config::tests::http_url_always_accepted ... ok
[INFO] [stdout] test hooks_install::tests::command_path_is_a_string_not_binary ... ok
[INFO] [stdout] test hooks_install::tests::error_on_unwritable_parent_dir ... ok
[INFO] [stdout] test hooks_install::tests::hook_env_has_no_duplicate_keys ... ok
[INFO] [stdout] test http_server::tests::filename_allowlist_accepts_cast ... ok
[INFO] [stdout] test http_server::tests::filename_allowlist_rejects_traversal_and_garbage ... ok
[INFO] [stdout] test hooks_install::tests::resolve_hook_bin_uses_current_exe_when_unset ... ok
[INFO] [stdout] test hooks_install::tests::resolve_hook_bin_prefers_explicit ... ok
[INFO] [stdout] test hooks_install::tests::overwrites_with_four_hooks_when_absent ... ok
[INFO] [stdout] test hooks_install::tests::overwrites_when_present_with_unrelated_keys ... ok
[INFO] [stdout] test http_server::tests::segment_index_orders_live_then_rotated ... ok
[INFO] [stdout] test input::tests::paste_emits_bracketed_sequence_with_ctrl_u_prefix_and_enter_suffix ... ok
[INFO] [stdout] test input::tests::paste_preserves_unicode_chars ... ok
[INFO] [stdout] test input::tests::paste_translates_newlines_to_cr_inside_paste ... ok
[INFO] [stdout] test hooks_install::tests::overwrite_is_idempotent ... ok
[INFO] [stdout] test input::tests::interrupt_writes_ctrl_c_byte ... ok
[INFO] [stdout] test input::tests::slash_writes_ctrl_u_then_cmd_then_enter ... ok
[INFO] [stdout] test link::tests::run_exits_immediately_when_shutdown_set_before_start ... ok
[INFO] [stdout] test meta_ring::tests::push_evicts_oldest_when_over_cap ... ok
[INFO] [stdout] test meta_ring::tests::snapshot_returns_empty_when_empty ... ok
[INFO] [stdout] test meta_ring::tests::trim_through_drops_acked_prefix ... ok
[INFO] [stdout] test meta_ring::tests::trim_through_partial_keeps_tail ... ok
[INFO] [stdout] test meta_ring::tests::push_appends_and_counts_bytes ... ok
[INFO] [stdout] test meta_ring::tests::trim_through_with_no_match_is_noop ... ok
[INFO] [stdout] test observer::hooks::tests::latest_state_starts_starting ... ok
[INFO] [stdout] test observer::hooks::tests::notification_does_not_clobber_running_state ... ok
[INFO] [stdout] test observer::hooks::tests::session_end_marks_ended ... ok
[INFO] [stdout] test observer::hooks::tests::user_prompt_submit_marks_running_then_stop_marks_idle ... ok
[INFO] [stdout] test observer::state::tests::from_label_rejects_unknown ... ok
[INFO] [stdout] test observer::state::tests::from_label_roundtrips_every_state ... ok
[INFO] [stdout] test observer::transcript::tests::context_pct_unknown_model_defaults_to_200k ... ok
[INFO] [stdout] test observer::transcript::tests::context_pct_caps_at_100 ... ok
[INFO] [stdout] test observer::transcript::tests::context_pct_uses_1m_window_for_sonnet_4 ... ok
[INFO] [stdout] test observer::transcript::tests::context_pct_uses_input_plus_cache_read ... ok
[INFO] [stdout] test observer::transcript::tests::context_pct_zero_when_empty ... ok
[INFO] [stdout] test pty::tests::exit_kind_clean_for_zero_code ... ok
[INFO] [stdout] test pty::tests::exit_kind_crashed_for_nonzero_code ... ok
[INFO] [stdout] test pty::tests::exit_kind_crashed_for_signal ... ok
[INFO] [stdout] test http_server::tests::healthz_returns_200 ... ok
[INFO] [stdout] test http_server::tests::serve_cast_returns_400_for_invalid_filename ... ok
[INFO] [stdout] test http_server::tests::serve_cast_returns_401_without_bearer ... ok
[INFO] [stdout] test recorder::tests::json_escape_handles_control_chars_and_quotes ... ok
[INFO] [stdout] test http_server::tests::serve_cast_returns_200_with_correct_content_type ... ok
[INFO] [stdout] test http_server::tests::list_sessions_groups_by_session_id_and_orders_by_mtime ... FAILED
[INFO] [stdout] test recorder::tests::broken_after_io_error_does_not_panic ... ok
[INFO] [stdout] test pty::tests::jiggle_handles_max_cols_without_overflow ... ok
[INFO] [stdout] test recorder::tests::start_session_closes_prior_and_opens_new ... ok
[INFO] [stdout] test respawn::tests::crash_window_evicts_old_entries_after_window ... ok
[INFO] [stdout] test respawn::tests::crash_window_does_not_trip_below_threshold ... ok
[INFO] [stdout] test respawn::tests::effective_args_appends_resume_when_session_and_not_fresh ... ok
[INFO] [stdout] test respawn::tests::effective_args_continue_when_session_unknown_fresh_false ... ok
[INFO] [stdout] test respawn::tests::effective_args_fresh_true_ignores_session ... ok
[INFO] [stdout] test respawn::tests::effective_args_passthrough_when_no_session ... ok
[INFO] [stdout] test respawn::tests::effective_args_preserves_base_order ... ok
[INFO] [stdout] test server::actor::tests::claim_leader_broadcasts_leader_changed_to_subscribers ... ok
[INFO] [stdout] test server::actor::tests::connection_closed_clears_leader_when_caller_was_leader ... ok
[INFO] [stdout] test server::actor::tests::connection_closed_no_op_when_caller_was_not_leader ... ok
[INFO] [stdout] test server::actor::tests::release_leader_broadcasts_with_none_id ... ok
[INFO] [stdout] test respawn::tests::crash_window_trips_on_overshoot ... ok
[INFO] [stdout] test recorder::tests::empty_chunk_is_noop ... ok
[INFO] [stdout] test server::actor::tests::resize_from_non_leader_dropped_at_handle_level ... ok
[INFO] [stdout] test recorder::tests::rotates_on_size_cap ... ok
[INFO] [stdout] test server::handle::tests::claim_leader_with_no_prior_leader_sets_it_and_returns_false ... ok
[INFO] [stdout] test server::handle::tests::clear_leader_if_only_clears_for_matching_id ... ok
[INFO] [stdout] test recorder::tests::replaces_invalid_utf8_with_replacement_char ... ok
[INFO] [stdout] test server::handle::tests::install_cmd_tx_changes_cmd_tx_return_on_clones ... ok
[INFO] [stdout] test server::handle::tests::install_cmd_tx_propagates_to_existing_clones ... ok
[INFO] [stdout] test server::handle::tests::release_leader_clears_when_caller_is_leader ... ok
[INFO] [stdout] test server::handle::tests::release_leader_no_op_when_caller_is_not_leader ... ok
[INFO] [stdout] test server::handle::tests::release_leader_no_op_when_no_leader ... ok
[INFO] [stdout] test server::handle::tests::second_claim_transfers_leadership_even_when_first_leader_is_connected ... ok
[INFO] [stdout] test server::handle::tests::subscribe_term_receives_term_frame_with_chan_seq_data ... ok
[INFO] [stdout] test server::handle::tests::term_frame_passes_through_publish_and_replay ... ok
[INFO] [stdout] test server::handle::tests::update_leader_size_only_updates_when_caller_is_leader ... ok
[INFO] [stdout] test server::handle::tests::initial_state_has_no_leader ... ok
[INFO] [stdout] test server::handle::tests::update_state_term_size_refreshed_when_provided ... ok
[INFO] [stdout] test server::handle::tests::update_state_term_size_sticky_when_omitted ... ok
[INFO] [stdout] test server::registry::tests::register_then_get_returns_handle ... ok
[INFO] [stdout] test server::ws_browser::tests::connection_assigned_and_leader_changed_inbound_silently_ignored ... ok
[INFO] [stdout] test server::ws_browser::tests::leader_resize_accepted ... ok
[INFO] [stdout] test server::ws_browser::tests::non_leader_resize_dropped_at_input ... ok
[INFO] [stdout] test server::ws_browser::tests::claim_leader_text_envelope_routes_to_command ... ok
[INFO] [stdout] test server::ws_browser::tests::release_leader_text_envelope_routes_to_command ... ok
[INFO] [stdout] test server::ws_browser::tests::viewer_does_not_drop_meta_state_or_usage ... ok
[INFO] [stdout] test server::ws_browser::tests::viewer_does_not_drop_rejection_outcomes ... ok
[INFO] [stdout] test server::ws_browser::tests::viewer_drops_all_control_input_frames ... ok
[INFO] [stdout] test server::ws_browser::tests::viewer_drops_claim_and_release_frames ... ok
[INFO] [stdout] test server::handle::tests::screen_snapshot_envelope_carries_after_seq_to_browser ... ok
[INFO] [stdout] test supervisor::tests::after_seq_zero_when_no_reads_yet_else_last_assigned ... ok
[INFO] [stdout] test server::ws_browser::tests::viewer_drops_prompt_frame ... ok
[INFO] [stdout] test recorder::tests::writes_v2_header_and_output_frames ... ok
[INFO] [stdout] test server::handle::tests::full_state_machine_walk ... ok
[INFO] [stdout] test supervisor::tests::exit_kind_maps_clean_zero ... ok
[INFO] [stdout] test supervisor::tests::exit_kind_maps_signal_to_crashed ... ok
[INFO] [stdout] test supervisor::tests::graceful_expired_false_while_within_grace_and_alive ... ok
[INFO] [stdout] test supervisor::tests::graceful_expired_true_at_exact_boundary ... ok
[INFO] [stdout] test supervisor::tests::graceful_expired_true_once_child_exits ... ok
[INFO] [stdout] test supervisor::tests::graceful_expired_true_when_grace_elapsed_even_if_alive ... ok
[INFO] [stdout] test supervisor::tests::handle_outcome_records_crashes_into_window ... ok
[INFO] [stdout] test supervisor::tests::blocking_read_sends_exited_on_natural_eof ... ok
[INFO] [stdout] test supervisor::tests::next_seq_starts_at_one_and_increments ... ok
[INFO] [stdout] test supervisor::tests::interrupt_reaches_pty_via_shared_writer ... ok
[INFO] [stdout] test supervisor::tests::send_state_advances_observer_latest_state ... ok
[INFO] [stdout] test pty::tests::jiggle_restores_original_size ... ok
[INFO] [stdout] test supervisor::tests::shutting_down_flag_blocks_readyz ... ok
[INFO] [stdout] test supervisor::tests::snapshot_before_any_read_carries_after_seq_zero ... ok
[INFO] [stdout] test supervisor::tests::pty_killer_terminates_child_independently ... ok
[INFO] [stdout] test supervisor::tests::trim_replay_drops_until_under_cap ... ok
[INFO] [stdout] test supervisor::tests::trim_replay_no_op_when_under_cap ... ok
[INFO] [stdout] test server::registry::tests::wait_for_arrival_wakes_after_register ... ok
[INFO] [stdout] test trust::tests::detects_marker_case_insensitively ... ok
[INFO] [stdout] test trust::tests::observe_accepts_once_on_marker ... ok
[INFO] [stdout] test trust::tests::observe_clears_window_so_one_render_is_one_accept ... ok
[INFO] [stdout] test trust::tests::observe_reassembles_across_chunk_boundary ... ok
[INFO] [stdout] test trust::tests::observe_respects_accept_budget ... ok
[INFO] [stdout] test trust::tests::window_is_bounded ... ok
[INFO] [stdout] test trust::tests::zero_budget_never_accepts ... ok
[INFO] [stdout] test vt::tests::clear_and_home_repositions ... ok
[INFO] [stdout] test vt::tests::invalid_bytes_do_not_wedge_the_tracker ... ok
[INFO] [stdout] test vt::tests::multibyte_emoji_split_three_ways_reassembles ... ok
[INFO] [stdout] test vt::tests::plain_text_lands_on_the_grid ... ok
[INFO] [stdout] test vt::tests::resize_changes_reported_dimensions ... ok
[INFO] [stdout] test vt::tests::text_includes_scrollback_not_just_visible_rows ... ok
[INFO] [stdout] test supervisor::tests::terminate_and_report_exited_unblocks_driver_after_grace_kill ... ok
[INFO] [stdout] test vt::tests::utf8_codepoint_split_across_chunks_is_reassembled ... ok
[INFO] [stdout] test wire::tests::screen_snapshot_body_v2_serializes_after_seq_field ... ok
[INFO] [stdout] test wire::tests::screen_snapshot_body_v1_json_without_after_seq_deserializes_to_zero ... ok
[INFO] [stdout] test supervisor::tests::backspace_byte_reaches_pty_via_shared_writer ... ok
[INFO] [stdout] test shell::tests::generation_round_trips_writes_on_shell_channel ... ok
[INFO] [stdout] test supervisor::tests::typed_bytes_reach_pty_via_shared_writer ... ok
[INFO] [stdout] test link::tests::run_exits_mid_backoff_when_shutdown_flipped ... ok
[INFO] [stdout] test supervisor::tests::snapshot_after_seq_reflects_last_fed_on_real_pty ... ok
[INFO] [stderr] error: test failed, to rerun pass `--lib`
[INFO] [stdout] test supervisor::tests::read_arm_assigns_monotonic_seqs_per_channel ... ok
[INFO] [stdout] 
[INFO] [stdout] failures:
[INFO] [stdout] 
[INFO] [stdout] ---- http_server::tests::list_sessions_groups_by_session_id_and_orders_by_mtime stdout ----
[INFO] [stdout] 
[INFO] [stdout] thread 'http_server::tests::list_sessions_groups_by_session_id_and_orders_by_mtime' (2468) panicked at src/http_server.rs:422:9:
[INFO] [stdout] assertion `left == right` failed
[INFO] [stdout]   left: "alpha.cast.0"
[INFO] [stdout]  right: "alpha.cast"
[INFO] [stdout] stack backtrace:
[INFO] [stdout]    0:     0x64b25a5738a1 - <<std[617be2ca0a6fd877]::sys::backtrace::BacktraceLock>::print::DisplayBacktrace as core[a373ad73a504971]::fmt::Display>::fmt
[INFO] [stdout]    1:     0x64b25a58b38a - core[a373ad73a504971]::fmt::write
[INFO] [stdout]    2:     0x64b25a5791ec - <alloc[2e1b2a31b91974c5]::vec::Vec<u8> as core[a373ad73a504971]::io::write::Write>::write_fmt
[INFO] [stdout]    3:     0x64b25a54b1e6 - std[617be2ca0a6fd877]::panicking::default_hook::{closure#0}
[INFO] [stdout]    4:     0x64b25a56a2a9 - std[617be2ca0a6fd877]::panicking::default_hook
[INFO] [stdout]    5:     0x64b25a358010 - test[aada8e7e76ba119b]::test_main_inner::{closure#0}
[INFO] [stdout]    6:     0x64b25a56a5d2 - std[617be2ca0a6fd877]::panicking::panic_with_hook
[INFO] [stdout]    7:     0x64b25a54b292 - std[617be2ca0a6fd877]::panicking::panic_handler::{closure#0}
[INFO] [stdout]    8:     0x64b25a543589 - std[617be2ca0a6fd877]::sys::backtrace::__rust_end_short_backtrace::<std[617be2ca0a6fd877]::panicking::panic_handler::{closure#0}, !>
[INFO] [stdout]    9:     0x64b25a54c28d - __rustc[ea4f61d10b84890b]::rust_begin_unwind
[INFO] [stdout]   10:     0x64b25a58baec - core[a373ad73a504971]::panicking::panic_fmt
[INFO] [stdout]   11:     0x64b25a58ba03 - core[a373ad73a504971]::panicking::assert_failed_inner
[INFO] [stdout]   12:     0x64b25a21eebd - core[a373ad73a504971]::panicking::assert_failed::<alloc[2e1b2a31b91974c5]::string::String, &str>
[INFO] [stdout]   13:     0x64b25a1e0088 - rabbit_lib[9d7187580e6ca922]::http_server::tests::list_sessions_groups_by_session_id_and_orders_by_mtime::{closure#0}
[INFO] [stdout]   14:     0x64b25a2519b3 - <tokio[ab76b43a333044cf]::runtime::scheduler::current_thread::Context>::enter::<core[a373ad73a504971]::task::poll::Poll<()>, <tokio[ab76b43a333044cf]::runtime::scheduler::current_thread::CoreGuard>::block_on<core[a373ad73a504971]::pin::Pin<&mut core[a373ad73a504971]::pin::Pin<&mut dyn core[a373ad73a504971]::future::future::Future<Output = ()>>>>::{closure#0}::{closure#0}>
[INFO] [stdout]   15:     0x64b25a22cf9c - <tokio[ab76b43a333044cf]::runtime::context::scoped::Scoped<tokio[ab76b43a333044cf]::runtime::scheduler::Context>>::set::<<tokio[ab76b43a333044cf]::runtime::scheduler::current_thread::CoreGuard>::enter<<tokio[ab76b43a333044cf]::runtime::scheduler::current_thread::CoreGuard>::block_on<core[a373ad73a504971]::pin::Pin<&mut core[a373ad73a504971]::pin::Pin<&mut dyn core[a373ad73a504971]::future::future::Future<Output = ()>>>>::{closure#0}, core[a373ad73a504971]::option::Option<()>>::{closure#0}, (alloc[2e1b2a31b91974c5]::boxed::Box<tokio[ab76b43a333044cf]::runtime::scheduler::current_thread::Core>, core[a373ad73a504971]::option::Option<()>)>
[INFO] [stdout]   16:     0x64b25a252107 - <tokio[ab76b43a333044cf]::runtime::scheduler::current_thread::CoreGuard>::block_on::<core[a373ad73a504971]::pin::Pin<&mut core[a373ad73a504971]::pin::Pin<&mut dyn core[a373ad73a504971]::future::future::Future<Output = ()>>>>
[INFO] [stdout]   17:     0x64b25a233287 - tokio[ab76b43a333044cf]::runtime::context::runtime::enter_runtime::<<tokio[ab76b43a333044cf]::runtime::scheduler::current_thread::CurrentThread>::block_on<core[a373ad73a504971]::pin::Pin<&mut dyn core[a373ad73a504971]::future::future::Future<Output = ()>>>::{closure#0}, ()>
[INFO] [stdout]   18:     0x64b25a251895 - <tokio[ab76b43a333044cf]::runtime::runtime::Runtime>::block_on::<core[a373ad73a504971]::pin::Pin<&mut dyn core[a373ad73a504971]::future::future::Future<Output = ()>>>
[INFO] [stdout]   19:     0x64b25a1ec25e - <rabbit_lib[9d7187580e6ca922]::http_server::tests::list_sessions_groups_by_session_id_and_orders_by_mtime::{closure#0} as core[a373ad73a504971]::ops::function::FnOnce<()>>::call_once
[INFO] [stdout]   20:     0x64b25a34b45b - test[aada8e7e76ba119b]::__rust_begin_short_backtrace::<core[a373ad73a504971]::result::Result<(), alloc[2e1b2a31b91974c5]::string::String>, fn() -> core[a373ad73a504971]::result::Result<(), alloc[2e1b2a31b91974c5]::string::String>>
[INFO] [stdout]   21:     0x64b25a358635 - test[aada8e7e76ba119b]::run_test::{closure#0}
[INFO] [stdout]   22:     0x64b25a351f24 - std[617be2ca0a6fd877]::sys::backtrace::__rust_begin_short_backtrace::<test[aada8e7e76ba119b]::run_test::{closure#1}, ()>
[INFO] [stdout]   23:     0x64b25a35b6c2 - <std[617be2ca0a6fd877]::thread::lifecycle::spawn_unchecked<test[aada8e7e76ba119b]::run_test::{closure#1}, ()>::{closure#1} as core[a373ad73a504971]::ops::function::FnOnce<()>>::call_once::{shim:vtable#0}
[INFO] [stdout]   24:     0x64b25a5724ff - <std[617be2ca0a6fd877]::sys::thread::unix::Thread>::new::thread_start
[INFO] [stdout]   25:     0x7197df1e0dfa - <unknown>
[INFO] [stdout]   26:     0x7197df2743d4 - clone
[INFO] [stdout]   27:                0x0 - <unknown>
[INFO] [stdout] 
[INFO] [stdout] 
[INFO] [stdout] failures:
[INFO] [stdout]     http_server::tests::list_sessions_groups_by_session_id_and_orders_by_mtime
[INFO] [stdout] 
[INFO] [stdout] test result: FAILED. 136 passed; 1 failed; 0 ignored; 0 measured; 0 filtered out; finished in 1.72s
[INFO] [stdout] 
[INFO] running `Command { std: "docker" "inspect" "f4d722291c50c97abbdcfaaa6ec9791f3efed1c8fc45a5f884942559ef6962ab", kill_on_drop: false }`
[INFO] running `Command { std: "docker" "rm" "-f" "f4d722291c50c97abbdcfaaa6ec9791f3efed1c8fc45a5f884942559ef6962ab", kill_on_drop: false }`
[INFO] [stdout] f4d722291c50c97abbdcfaaa6ec9791f3efed1c8fc45a5f884942559ef6962ab
