[INFO] fetching crate ra_ap_project_model 0.0.358...
[INFO] testing ra_ap_project_model-0.0.358 against 1.99.0-beta.8+cargoflags=--release for beta-release-1.100-2
[INFO] extracting crate ra_ap_project_model 0.0.358 into /workspace/builds/worker-1-tc1/source
[INFO] started tweaking crates.io crate ra_ap_project_model 0.0.358
[INFO] finished tweaking crates.io crate ra_ap_project_model 0.0.358
[INFO] tweaked toml for crates.io crate ra_ap_project_model 0.0.358 written to /workspace/builds/worker-1-tc1/source/Cargo.toml
[INFO] validating manifest of crates.io crate ra_ap_project_model 0.0.358 on toolchain 1.99.0-beta.8
[INFO] running `Command { std: CARGO_HOME="/workspace/cargo-home" RUSTUP_HOME="/workspace/rustup-home" "/workspace/cargo-home/bin/cargo" "+1.99.0-beta.8" "metadata" "--manifest-path" "Cargo.toml" "--no-deps", kill_on_drop: false }`
[INFO] crate crates.io crate ra_ap_project_model 0.0.358 already has a lockfile, it will not be regenerated
[INFO] running `Command { std: CARGO_HOME="/workspace/cargo-home" RUSTUP_HOME="/workspace/rustup-home" "/workspace/cargo-home/bin/cargo" "+1.99.0-beta.8" "fetch" "--manifest-path" "Cargo.toml", kill_on_drop: false }`
[INFO] [stderr]     Updating crates.io index
[INFO] [stderr]  Downloading crates ...
[INFO] [stderr]   Downloaded ra_ap_toolchain v0.0.358
[INFO] [stderr]   Downloaded jod-thread v1.0.0
[INFO] [stderr]   Downloaded miow v0.6.1
[INFO] [stderr]   Downloaded triomphe v0.1.17
[INFO] [stderr]   Downloaded ra_ap_stdx v0.0.358
[INFO] [stderr]   Downloaded ra_ap_cfg v0.0.358
[INFO] [stderr]   Downloaded inventory v0.3.25
[INFO] [stderr]   Downloaded ra_ap_paths v0.0.358
[INFO] [stderr]   Downloaded la-arena v0.3.1
[INFO] [stderr]   Downloaded ra_ap_base_db v0.0.358
[INFO] [stderr]   Downloaded ra-ap-rustc_lexer v0.166.0
[INFO] [stderr]   Downloaded ra_ap_edition v0.0.358
[INFO] [stderr]   Downloaded drop_bomb v0.1.5
[INFO] [stderr]   Downloaded rustc-literal-escaper v0.0.7
[INFO] [stderr]   Downloaded ra_ap_intern v0.0.358
[INFO] [stderr]   Downloaded ra_ap_tt v0.0.358
[INFO] [stderr]   Downloaded ra_ap_span v0.0.358
[INFO] [stderr]   Downloaded salsa-macro-rules v0.28.5
[INFO] [stderr]   Downloaded thin-vec v0.2.21
[INFO] [stderr]   Downloaded ra_ap_vfs v0.0.358
[INFO] [stderr]   Downloaded rowan v0.17.0
[INFO] [stderr]   Downloaded salsa-macros v0.28.5
[INFO] [stderr]   Downloaded intrusive-collections v0.10.3
[INFO] [stderr]   Downloaded ra_ap_syntax v0.0.358
[INFO] [stderr]   Downloaded ra_ap_parser v0.0.358
[INFO] [stderr]   Downloaded salsa v0.28.5
[INFO] running `Command { std: "docker" "create" "-v" "/var/lib/crater-agent-workspace/builds/worker-1-tc1/source:/opt/rustwide/workdir:ro,Z" "-v" "/var/lib/crater-agent-workspace/builds/worker-1-tc1/target:/opt/rustwide/target:rw,Z" "-v" "/var/lib/crater-agent-workspace/cargo-home:/opt/rustwide/cargo-home:ro,Z" "-v" "/var/lib/crater-agent-workspace/rustup-home:/opt/rustwide/rustup-home:ro,Z" "-m" "1610612736" "--network" "none" "ghcr.io/rust-lang/crates-build-env/linux@sha256:77db811e55d90add9212f6832c23229e3de5f1c1f9905e8cb07319ea15df73ac" "sleep" "infinity", kill_on_drop: false }`
[INFO] [stdout] 98ec48192b4de3f7e103c153d730baf8eda3834ba2785ce131385a1f4af57884
[INFO] running `Command { std: "docker" "start" "98ec48192b4de3f7e103c153d730baf8eda3834ba2785ce131385a1f4af57884", kill_on_drop: false }`
[INFO] running `Command { std: "docker" "inspect" "98ec48192b4de3f7e103c153d730baf8eda3834ba2785ce131385a1f4af57884", kill_on_drop: false }`
[INFO] running `Command { std: "docker" "exec" "-e" "SOURCE_DIR=/opt/rustwide/workdir" "-e" "CARGO_HOME=/opt/rustwide/cargo-home" "-e" "RUSTUP_HOME=/opt/rustwide/rustup-home" "-e" "CARGO_TARGET_DIR=/opt/rustwide/target" "-w" "/opt/rustwide/workdir" "--user" "0:0" "98ec48192b4de3f7e103c153d730baf8eda3834ba2785ce131385a1f4af57884" "/opt/rustwide/cargo-home/bin/cargo" "+1.99.0-beta.8" "metadata" "--no-deps" "--format-version=1", kill_on_drop: false }`
[INFO] running `Command { std: "docker" "inspect" "98ec48192b4de3f7e103c153d730baf8eda3834ba2785ce131385a1f4af57884", kill_on_drop: false }`
[INFO] running `Command { std: "docker" "exec" "-e" "SOURCE_DIR=/opt/rustwide/workdir" "-e" "CARGO_HOME=/opt/rustwide/cargo-home" "-e" "RUSTUP_HOME=/opt/rustwide/rustup-home" "-e" "CARGO_TARGET_DIR=/opt/rustwide/target" "-e" "CARGO_INCREMENTAL=0" "-e" "RUST_BACKTRACE=full" "-e" "RUSTFLAGS=--cap-lints=warn" "-e" "RUSTDOCFLAGS=--cap-lints=warn" "-w" "/opt/rustwide/workdir" "--user" "0:0" "98ec48192b4de3f7e103c153d730baf8eda3834ba2785ce131385a1f4af57884" "/opt/rustwide/cargo-home/bin/cargo" "+1.99.0-beta.8" "build" "--frozen" "--message-format=json" "--release", kill_on_drop: false }`
[INFO] [stderr]    Compiling syn v3.0.8
[INFO] [stderr]    Compiling syn v2.0.119
[INFO] [stderr]    Compiling either v1.19.0
[INFO] [stderr]    Compiling camino v1.2.6
[INFO] [stderr]    Compiling parking_lot_core v0.9.12
[INFO] [stderr]    Compiling hashbrown v0.14.5
[INFO] [stderr]    Compiling typeid v1.0.3
[INFO] [stderr]    Compiling jod-thread v1.0.0
[INFO] [stderr]    Compiling fst v0.4.7
[INFO] [stderr]    Compiling unicode-properties v0.1.4
[INFO] [stderr]    Compiling rustc-literal-escaper v0.0.7
[INFO] [stderr]    Compiling winnow v0.7.15
[INFO] [stderr]    Compiling ra_ap_edition v0.0.358
[INFO] [stderr]    Compiling countme v3.0.1
[INFO] [stderr]    Compiling text-size v1.1.1
[INFO] [stderr]    Compiling drop_bomb v0.1.5
[INFO] [stderr]    Compiling ra-ap-rustc_lexer v0.166.0
[INFO] [stderr]    Compiling hashlink v0.12.2
[INFO] [stderr]    Compiling salsa-macro-rules v0.28.5
[INFO] [stderr]    Compiling smol_str v0.3.6
[INFO] [stderr]    Compiling boxcar v0.2.14
[INFO] [stderr]    Compiling inventory v0.3.25
[INFO] [stderr]    Compiling itertools v0.15.0
[INFO] [stderr]    Compiling rayon v1.12.0
[INFO] [stderr]    Compiling parking_lot v0.12.5
[INFO] [stderr]    Compiling intrusive-collections v0.10.3
[INFO] [stderr]    Compiling thin-vec v0.2.21
[INFO] [stderr]    Compiling la-arena v0.3.1
[INFO] [stderr]    Compiling semver v1.0.28
[INFO] [stderr]    Compiling serde_json v1.0.154
[INFO] [stderr]    Compiling winnow v1.0.4
[INFO] [stderr]    Compiling ra_ap_paths v0.0.358
[INFO] [stderr]    Compiling serde_spanned v1.1.2
[INFO] [stderr]    Compiling toml_datetime v1.1.2+spec-1.1.0
[INFO] [stderr]    Compiling cargo-platform v0.3.3
[INFO] [stderr]    Compiling toml_writer v1.1.3+spec-1.1.0
[INFO] [stderr]    Compiling toml_parser v1.1.5+spec-1.1.0
[INFO] [stderr]    Compiling ra_ap_toolchain v0.0.358
[INFO] [stderr]    Compiling toml v1.1.8+spec-1.1.0
[INFO] [stderr]    Compiling rowan v0.17.0
[INFO] [stderr]    Compiling dashmap v6.2.1
[INFO] [stderr]    Compiling tracing-attributes v0.1.31
[INFO] [stderr]    Compiling serde_derive v1.0.229
[INFO] [stderr]    Compiling salsa-macros v0.28.5
[INFO] [stderr]    Compiling thiserror-impl v2.0.21
[INFO] [stderr]    Compiling tracing v0.1.44
[INFO] [stderr]    Compiling ra_ap_stdx v0.0.358
[INFO] [stderr]    Compiling ra_ap_parser v0.0.358
[INFO] [stderr]    Compiling ra_ap_vfs v0.0.358
[INFO] [stderr]    Compiling thiserror v2.0.21
[INFO] [stderr]    Compiling serde v1.0.229
[INFO] [stderr]    Compiling triomphe v0.1.17
[INFO] [stderr]    Compiling cargo_metadata v0.23.1
[INFO] [stderr]    Compiling salsa v0.28.5
[INFO] [stderr]    Compiling ra_ap_syntax v0.0.358
[INFO] [stderr]    Compiling ra_ap_intern v0.0.358
[INFO] [stderr]    Compiling ra_ap_span v0.0.358
[INFO] [stderr]    Compiling ra_ap_tt v0.0.358
[INFO] [stderr]    Compiling ra_ap_cfg v0.0.358
[INFO] [stderr]    Compiling ra_ap_base_db v0.0.358
[INFO] [stderr]    Compiling ra_ap_project_model v0.0.358 (/opt/rustwide/workdir)
[INFO] [stderr]     Finished `release` profile [optimized] target(s) in 1m 46s
[INFO] running `Command { std: "docker" "inspect" "98ec48192b4de3f7e103c153d730baf8eda3834ba2785ce131385a1f4af57884", kill_on_drop: false }`
[INFO] running `Command { std: "docker" "exec" "-e" "SOURCE_DIR=/opt/rustwide/workdir" "-e" "CARGO_HOME=/opt/rustwide/cargo-home" "-e" "RUSTUP_HOME=/opt/rustwide/rustup-home" "-e" "CARGO_TARGET_DIR=/opt/rustwide/target" "-e" "CARGO_INCREMENTAL=0" "-e" "RUST_BACKTRACE=full" "-e" "RUSTFLAGS=--cap-lints=warn" "-e" "RUSTDOCFLAGS=--cap-lints=warn" "-w" "/opt/rustwide/workdir" "--user" "0:0" "98ec48192b4de3f7e103c153d730baf8eda3834ba2785ce131385a1f4af57884" "/opt/rustwide/cargo-home/bin/cargo" "+1.99.0-beta.8" "test" "--frozen" "--no-run" "--message-format=json" "--release", kill_on_drop: false }`
[INFO] [stderr]    Compiling dissimilar v1.0.11
[INFO] [stderr]    Compiling expect-test v1.5.1
[INFO] [stderr]    Compiling ra_ap_project_model v0.0.358 (/opt/rustwide/workdir)
[INFO] [stderr]     Finished `release` profile [optimized] target(s) in 16.39s
[INFO] running `Command { std: "docker" "inspect" "98ec48192b4de3f7e103c153d730baf8eda3834ba2785ce131385a1f4af57884", kill_on_drop: false }`
[INFO] running `Command { std: "docker" "exec" "-e" "SOURCE_DIR=/opt/rustwide/workdir" "-e" "CARGO_HOME=/opt/rustwide/cargo-home" "-e" "RUSTUP_HOME=/opt/rustwide/rustup-home" "-e" "CARGO_TARGET_DIR=/opt/rustwide/target" "-e" "CARGO_INCREMENTAL=0" "-e" "RUST_BACKTRACE=full" "-e" "RUSTFLAGS=--cap-lints=warn" "-e" "RUSTDOCFLAGS=--cap-lints=warn" "-w" "/opt/rustwide/workdir" "--user" "0:0" "98ec48192b4de3f7e103c153d730baf8eda3834ba2785ce131385a1f4af57884" "/opt/rustwide/cargo-home/bin/cargo" "+1.99.0-beta.8" "test" "--frozen" "--release", kill_on_drop: false }`
[INFO] [stderr]     Finished `release` profile [optimized] target(s) in 0.11s
[INFO] [stderr]      Running unittests src/lib.rs (/opt/rustwide/target/release/deps/ra_ap_project_model-1801d6d249438b93)
[INFO] [stdout] 
[INFO] [stdout] running 21 tests
[INFO] [stdout] test cargo_config_file::cargo_config_file_reader_works ... ok
[INFO] [stdout] test tests::rust_project_cfg_groups ... ok
[INFO] [stdout] test tests::rust_project_labeled_project_model ... ok
[INFO] [stdout] test tests::rust_project_crate_attrs ... ok
[INFO] [stdout] test tests::rust_project_hello_world_project_model ... ok
[INFO] [stdout] test tests::cargo_hello_world_project_model_with_selective_overrides ... ok
[INFO] [stdout] test tests::cargo_hello_world_project_model_with_wildcard_overrides ... ok
[INFO] [stdout] test tests::cargo_hello_world_project_model ... ok
[INFO] [stdout] test env::cargo_config_env_respects_process_env ... ok
[INFO] [stdout] test env::parse_output_cargo_config_env_works ... ok
[INFO] [stdout] test toolchain_info::version::tests::rustc ... ok
[INFO] [stdout] test toolchain_info::target_tuple::tests::cargo ... ok
[INFO] [stdout] test toolchain_info::rustc_cfg::tests::cargo ... ok
[INFO] [stdout] test toolchain_info::target_tuple::tests::rustc ... ok
[INFO] [stdout] test tests::crate_graph_dedup_identical ... ok
[INFO] [stdout] test toolchain_info::version::tests::cargo ... ok
[INFO] [stdout] test tests::crate_graph_dedup ... ok
[INFO] [stdout] test toolchain_info::rustc_cfg::tests::rustc ... ok
[INFO] [stdout] test toolchain_info::target_data::tests::cargo ... ok
[INFO] [stdout] test toolchain_info::target_data::tests::rustc ... ok
[INFO] [stdout] test tests::smoke_test_real_sysroot_cargo ... FAILED
[INFO] [stdout] 
[INFO] [stdout] failures:
[INFO] [stdout] 
[INFO] [stdout] ---- tests::smoke_test_real_sysroot_cargo stdout ----
[INFO] [stderr] error: test failed, to rerun pass `--lib`
[INFO] [stdout] 
[INFO] [stdout] thread 'tests::smoke_test_real_sysroot_cargo' (1328) panicked at src/tests.rs:261:5:
[INFO] [stdout] got empty
[INFO] [stdout] stack backtrace:
[INFO] [stdout]    0:     0x632d5f10f5f1 - <<std[70759c8f55707aa4]::sys::backtrace::BacktraceLock>::print::DisplayBacktrace as core[df12db4294e9bfd3]::fmt::Display>::fmt
[INFO] [stdout]    1:     0x632d5f126c6a - core[df12db4294e9bfd3]::fmt::write
[INFO] [stdout]    2:     0x632d5f1159fc - <alloc[2182bb758b4b3781]::vec::Vec<u8> as core[df12db4294e9bfd3]::io::write::Write>::write_fmt
[INFO] [stdout]    3:     0x632d5f0e7756 - std[70759c8f55707aa4]::panicking::default_hook::{closure#0}
[INFO] [stdout]    4:     0x632d5f105cc9 - std[70759c8f55707aa4]::panicking::default_hook
[INFO] [stdout]    5:     0x632d5ef7eb80 - test[9d35eded1c95d3be]::test_main_inner::<test[9d35eded1c95d3be]::test_main_static::{closure#0}>::{closure#0}
[INFO] [stdout]    6:     0x632d5f105ff2 - std[70759c8f55707aa4]::panicking::panic_with_hook
[INFO] [stdout]    7:     0x632d5f0e7802 - std[70759c8f55707aa4]::panicking::panic_handler::{closure#0}
[INFO] [stdout]    8:     0x632d5f0dfbb9 - std[70759c8f55707aa4]::sys::backtrace::__rust_end_short_backtrace::<std[70759c8f55707aa4]::panicking::panic_handler::{closure#0}, !>
[INFO] [stdout]    9:     0x632d5f0e872d - __rustc[8fa7c3cbc660c2b3]::rust_begin_unwind
[INFO] [stdout]   10:     0x632d5f1273cc - core[df12db4294e9bfd3]::panicking::panic_fmt
[INFO] [stdout]   11:     0x632d5ef6f66d - ra_ap_project_model[6f7b36ab7db45d08]::tests::smoke_test_real_sysroot_cargo
[INFO] [stdout]   12:     0x632d5ef5ee79 - <ra_ap_project_model[6f7b36ab7db45d08]::tests::smoke_test_real_sysroot_cargo::{closure#0} as core[df12db4294e9bfd3]::ops::function::FnOnce<()>>::call_once
[INFO] [stdout]   13:     0x632d5ef71e6b - test[9d35eded1c95d3be]::__rust_begin_short_backtrace::<core[df12db4294e9bfd3]::result::Result<(), alloc[2182bb758b4b3781]::string::String>, fn() -> core[df12db4294e9bfd3]::result::Result<(), alloc[2182bb758b4b3781]::string::String>>
[INFO] [stdout]   14:     0x632d5ef7f4d5 - test[9d35eded1c95d3be]::run_test::{closure#0}
[INFO] [stdout]   15:     0x632d5ef78d94 - std[70759c8f55707aa4]::sys::backtrace::__rust_begin_short_backtrace::<test[9d35eded1c95d3be]::run_test::{closure#1}, ()>
[INFO] [stdout]   16:     0x632d5ef82632 - <std[70759c8f55707aa4]::thread::lifecycle::spawn_unchecked<test[9d35eded1c95d3be]::run_test::{closure#1}, ()>::{closure#1} as core[df12db4294e9bfd3]::ops::function::FnOnce<()>>::call_once::{shim:vtable#0}
[INFO] [stdout]   17:     0x632d5f10e7e9 - <std[70759c8f55707aa4]::sys::thread::unix::Thread>::new::thread_start
[INFO] [stdout]   18:     0x7af8f9107dfa - <unknown>
[INFO] [stdout]   19:     0x7af8f919b3d4 - clone
[INFO] [stdout]   20:                0x0 - <unknown>
[INFO] [stdout] 
[INFO] [stdout] 
[INFO] [stdout] failures:
[INFO] [stdout]     tests::smoke_test_real_sysroot_cargo
[INFO] [stdout] 
[INFO] [stdout] test result: FAILED. 20 passed; 1 failed; 0 ignored; 0 measured; 0 filtered out; finished in 0.34s
[INFO] [stdout] 
[INFO] running `Command { std: "docker" "inspect" "98ec48192b4de3f7e103c153d730baf8eda3834ba2785ce131385a1f4af57884", kill_on_drop: false }`
[INFO] running `Command { std: "docker" "rm" "-f" "98ec48192b4de3f7e103c153d730baf8eda3834ba2785ce131385a1f4af57884", kill_on_drop: false }`
[INFO] [stdout] 98ec48192b4de3f7e103c153d730baf8eda3834ba2785ce131385a1f4af57884
