[INFO] fetching crate r2l-api 0.0.2-rc2...
[INFO] testing r2l-api-0.0.2-rc2 against 1.100.0-beta.1+cargoflags=--release for beta-release-1.100-2
[INFO] extracting crate r2l-api 0.0.2-rc2 into /workspace/builds/worker-2-tc2/source
[INFO] started tweaking crates.io crate r2l-api 0.0.2-rc2
[INFO] removed 0 missing tests
[INFO] finished tweaking crates.io crate r2l-api 0.0.2-rc2
[INFO] tweaked toml for crates.io crate r2l-api 0.0.2-rc2 written to /workspace/builds/worker-2-tc2/source/Cargo.toml
[INFO] validating manifest of crates.io crate r2l-api 0.0.2-rc2 on toolchain 1.100.0-beta.1
[INFO] running `Command { std: CARGO_HOME="/workspace/cargo-home" RUSTUP_HOME="/workspace/rustup-home" "/workspace/cargo-home/bin/cargo" "+1.100.0-beta.1" "metadata" "--manifest-path" "Cargo.toml" "--no-deps", kill_on_drop: false }`
[INFO] crate crates.io crate r2l-api 0.0.2-rc2 already has a lockfile, it will not be regenerated
[INFO] running `Command { std: CARGO_HOME="/workspace/cargo-home" RUSTUP_HOME="/workspace/rustup-home" "/workspace/cargo-home/bin/cargo" "+1.100.0-beta.1" "fetch" "--manifest-path" "Cargo.toml", kill_on_drop: false }`
[INFO] running `Command { std: "docker" "create" "-v" "/var/lib/crater-agent-workspace/builds/worker-2-tc2/source:/opt/rustwide/workdir:ro,Z" "-v" "/var/lib/crater-agent-workspace/builds/worker-2-tc2/target:/opt/rustwide/target:rw,Z" "-v" "/var/lib/crater-agent-workspace/cargo-home:/opt/rustwide/cargo-home:ro,Z" "-v" "/var/lib/crater-agent-workspace/rustup-home:/opt/rustwide/rustup-home:ro,Z" "-m" "1610612736" "--network" "none" "ghcr.io/rust-lang/crates-build-env/linux@sha256:77db811e55d90add9212f6832c23229e3de5f1c1f9905e8cb07319ea15df73ac" "sleep" "infinity", kill_on_drop: false }`
[INFO] [stdout] 232c441d7a44fa30efb1d3c626f1d4772a7f468c61fdd43e235db1a64d6e9c5e
[INFO] running `Command { std: "docker" "start" "232c441d7a44fa30efb1d3c626f1d4772a7f468c61fdd43e235db1a64d6e9c5e", kill_on_drop: false }`
[INFO] running `Command { std: "docker" "inspect" "232c441d7a44fa30efb1d3c626f1d4772a7f468c61fdd43e235db1a64d6e9c5e", kill_on_drop: false }`
[INFO] running `Command { std: "docker" "exec" "-e" "SOURCE_DIR=/opt/rustwide/workdir" "-e" "CARGO_HOME=/opt/rustwide/cargo-home" "-e" "RUSTUP_HOME=/opt/rustwide/rustup-home" "-e" "CARGO_TARGET_DIR=/opt/rustwide/target" "-w" "/opt/rustwide/workdir" "--user" "0:0" "232c441d7a44fa30efb1d3c626f1d4772a7f468c61fdd43e235db1a64d6e9c5e" "/opt/rustwide/cargo-home/bin/cargo" "+1.100.0-beta.1" "metadata" "--no-deps" "--format-version=1", kill_on_drop: false }`
[INFO] running `Command { std: "docker" "inspect" "232c441d7a44fa30efb1d3c626f1d4772a7f468c61fdd43e235db1a64d6e9c5e", kill_on_drop: false }`
[INFO] running `Command { std: "docker" "exec" "-e" "SOURCE_DIR=/opt/rustwide/workdir" "-e" "CARGO_HOME=/opt/rustwide/cargo-home" "-e" "RUSTUP_HOME=/opt/rustwide/rustup-home" "-e" "CARGO_TARGET_DIR=/opt/rustwide/target" "-e" "CARGO_INCREMENTAL=0" "-e" "RUST_BACKTRACE=full" "-e" "RUSTFLAGS=--cap-lints=warn" "-e" "RUSTDOCFLAGS=--cap-lints=warn" "-w" "/opt/rustwide/workdir" "--user" "0:0" "232c441d7a44fa30efb1d3c626f1d4772a7f468c61fdd43e235db1a64d6e9c5e" "/opt/rustwide/cargo-home/bin/cargo" "+1.100.0-beta.1" "build" "--frozen" "--message-format=json" "--release", kill_on_drop: false }`
[INFO] [stderr]    Compiling serde_core v1.0.228
[INFO] [stderr]    Compiling zerocopy v0.8.48
[INFO] [stderr]    Compiling zerocopy-derive v0.8.48
[INFO] [stderr]    Compiling serde v1.0.228
[INFO] [stderr]    Compiling num-traits v0.2.19
[INFO] [stderr]    Compiling bytemuck_derive v1.10.2
[INFO] [stderr]    Compiling getrandom v0.3.4
[INFO] [stderr]    Compiling serde_json v1.0.149
[INFO] [stderr]    Compiling convert_case v0.10.0
[INFO] [stderr]    Compiling rand_core v0.9.5
[INFO] [stderr]    Compiling darling_core v0.21.3
[INFO] [stderr]    Compiling derive-new v0.7.0
[INFO] [stderr]    Compiling derive_more-impl v2.1.1
[INFO] [stderr]    Compiling portable-atomic v1.13.1
[INFO] [stderr]    Compiling simd-adler32 v0.3.9
[INFO] [stderr]    Compiling regex-syntax v0.8.10
[INFO] [stderr]    Compiling bytemuck v1.25.0
[INFO] [stderr]    Compiling miniz_oxide v0.8.9
[INFO] [stderr]    Compiling futures-core v0.3.32
[INFO] [stderr]    Compiling object v0.37.3
[INFO] [stderr]    Compiling bitflags v2.11.1
[INFO] [stderr]    Compiling darling_macro v0.21.3
[INFO] [stderr]    Compiling darling v0.21.3
[INFO] [stderr]    Compiling regex-automata v0.4.14
[INFO] [stderr]    Compiling ppv-lite86 v0.2.21
[INFO] [stderr]    Compiling cubecl-common v0.9.0
[INFO] [stderr]    Compiling concurrent-queue v2.5.0
[INFO] [stderr]    Compiling backtrace v0.3.76
[INFO] [stderr]    Compiling rand_chacha v0.9.0
[INFO] [stderr]    Compiling event-listener v5.4.1
[INFO] [stderr]    Compiling hashbrown v0.15.5
[INFO] [stderr]    Compiling futures-lite v2.6.1
[INFO] [stderr]    Compiling regex v1.12.3
[INFO] [stderr]    Compiling tracing v0.1.44
[INFO] [stderr]    Compiling rand v0.9.4
[INFO] [stderr]    Compiling sanitize-filename v0.6.0
[INFO] [stderr]    Compiling derive_more v2.1.1
[INFO] [stderr]    Compiling spin v0.10.0
[INFO] [stderr]    Compiling enumset_derive v0.14.0
[INFO] [stderr]    Compiling serde_bytes v0.11.19
[INFO] [stderr]    Compiling rand_distr v0.5.1
[INFO] [stderr]    Compiling winnow v1.0.2
[INFO] [stderr]    Compiling embassy-futures v0.1.2
[INFO] [stderr]    Compiling float4 v0.1.0
[INFO] [stderr]    Compiling bytes v1.11.1
[INFO] [stderr]    Compiling half v2.7.1
[INFO] [stderr]    Compiling toml_parser v1.1.2+spec-1.1.0
[INFO] [stderr]    Compiling enumset v1.1.10
[INFO] [stderr]    Compiling float8 v0.4.2
[INFO] [stderr]    Compiling event-listener-strategy v0.5.4
[INFO] [stderr]    Compiling cubecl-macros-internal v0.9.0
[INFO] [stderr]    Compiling serde_spanned v1.1.1
[INFO] [stderr]    Compiling toml_datetime v0.7.5+spec-1.1.0
[INFO] [stderr]    Compiling cubecl-runtime v0.9.0
[INFO] [stderr]    Compiling variadics_please v1.1.0
[INFO] [stderr]    Compiling winnow v0.7.15
[INFO] [stderr]    Compiling web-time v1.1.0
[INFO] [stderr]    Compiling float-ord v0.3.2
[INFO] [stderr]    Compiling cubecl-macros v0.9.0
[INFO] [stderr]    Compiling toml_writer v1.1.1+spec-1.1.0
[INFO] [stderr]    Compiling async-channel v2.5.0
[INFO] [stderr]    Compiling prettyplease v0.2.37
[INFO] [stderr]    Compiling num-complex v0.4.6
[INFO] [stderr]    Compiling md5 v0.8.0
[INFO] [stderr]    Compiling hashbrown v0.16.1
[INFO] [stderr]    Compiling rayon v1.12.0
[INFO] [stderr]    Compiling cubecl-ir v0.9.0
[INFO] [stderr]    Compiling cubecl v0.9.0
[INFO] [stderr]    Compiling pulp v0.22.2
[INFO] [stderr]    Compiling raw-cpuid v11.6.0
[INFO] [stderr]    Compiling pulp-wasm-simd-flag v0.1.0
[INFO] [stderr]    Compiling dyn-stack-macros v0.1.3
[INFO] [stderr]    Compiling crc32fast v1.5.0
[INFO] [stderr]    Compiling toml v0.9.12+spec-1.1.0
[INFO] [stderr]    Compiling reborrow v0.5.5
[INFO] [stderr]    Compiling target-lexicon v0.13.5
[INFO] [stderr]    Compiling dyn-stack v0.13.2
[INFO] [stderr]    Compiling crossbeam-channel v0.5.15
[INFO] [stderr]    Compiling pyo3-build-config v0.24.2
[INFO] [stderr]    Compiling tiny-keccak v2.0.2
[INFO] [stderr]    Compiling rmp v0.8.15
[INFO] [stderr]    Compiling matrixmultiply v0.3.10
[INFO] [stderr]    Compiling bincode v2.0.1
[INFO] [stderr]    Compiling rmp-serde v1.3.1
[INFO] [stderr]    Compiling getrandom v0.2.17
[INFO] [stderr]    Compiling ahash v0.8.12
[INFO] [stderr]    Compiling macerator v0.2.10
[INFO] [stderr]    Compiling zerofrom-derive v0.1.7
[INFO] [stderr]    Compiling thread-tree v0.3.3
[INFO] [stderr]    Compiling flate2 v1.1.9
[INFO] [stderr]    Compiling burn-derive v0.20.1
[INFO] [stderr]    Compiling hashbrown v0.17.0
[INFO] [stderr]    Compiling uuid v1.23.1
[INFO] [stderr]    Compiling rawpointer v0.2.1
[INFO] [stderr]    Compiling stable_deref_trait v1.2.1
[INFO] [stderr]    Compiling data-encoding v2.11.0
[INFO] [stderr]    Compiling indexmap v2.14.0
[INFO] [stderr]    Compiling zerofrom v0.1.7
[INFO] [stderr]    Compiling macerator-macros v0.1.5
[INFO] [stderr]    Compiling const-random-macro v0.1.16
[INFO] [stderr]    Compiling yoke-derive v0.8.2
[INFO] [stderr]    Compiling num-integer v0.1.46
[INFO] [stderr]    Compiling gemm-common v0.19.0
[INFO] [stderr]    Compiling typed-path v0.12.3
[INFO] [stderr]    Compiling moddef v0.3.0
[INFO] [stderr]    Compiling burn-ndarray v0.20.1
[INFO] [stderr]    Compiling cubecl-core v0.9.0
[INFO] [stderr]    Compiling yoke v0.8.2
[INFO] [stderr]    Compiling gemm-f32 v0.19.0
[INFO] [stderr]    Compiling gemm-f64 v0.19.0
[INFO] [stderr]    Compiling gemm-f16 v0.19.0
[INFO] [stderr]    Compiling gemm-c32 v0.19.0
[INFO] [stderr]    Compiling burn-std v0.20.1
[INFO] [stderr]    Compiling gemm-c64 v0.19.0
[INFO] [stderr]    Compiling zip v7.2.0
[INFO] [stderr]    Compiling ndarray v0.17.2
[INFO] [stderr]    Compiling burn-backend v0.20.1
[INFO] [stderr]    Compiling gemm v0.19.0
[INFO] [stderr]    Compiling burn-tensor v0.20.1
[INFO] [stderr]    Compiling burn-ir v0.20.1
[INFO] [stderr]    Compiling burn-autodiff v0.20.1
[INFO] [stderr]    Compiling const-random v0.1.18
[INFO] [stderr]    Compiling memmap2 v0.9.10
[INFO] [stderr]    Compiling safetensors v0.7.0
[INFO] [stderr]    Compiling itertools v0.14.0
[INFO] [stderr]    Compiling burn-core v0.20.1
[INFO] [stderr]    Compiling float8 v0.6.1
[INFO] [stderr]    Compiling atomic_float v1.1.0
[INFO] [stderr]    Compiling candle-core v0.9.2
[INFO] [stderr]    Compiling crossbeam-queue v0.3.12
[INFO] [stderr]    Compiling crossbeam v0.8.4
[INFO] [stderr]    Compiling safetensors v0.4.5
[INFO] [stderr]    Compiling burn-optim v0.20.1
[INFO] [stderr]    Compiling burn-nn v0.20.1
[INFO] [stderr]    Compiling ringbuffer v0.16.0
[INFO] [stderr]    Compiling bimodal-array v0.1.1
[INFO] [stderr]    Compiling pyo3-macros-backend v0.24.2
[INFO] [stderr]    Compiling pyo3-ffi v0.24.2
[INFO] [stderr]    Compiling memoffset v0.9.1
[INFO] [stderr]    Compiling pyo3 v0.24.2
[INFO] [stderr]    Compiling indoc v2.0.7
[INFO] [stderr]    Compiling unindent v0.2.4
[INFO] [stderr]    Compiling pyo3-macros v0.24.2
[INFO] [stderr]    Compiling burn v0.20.1
[INFO] [stderr]    Compiling r2l-core v0.0.2-rc2
[INFO] [stderr]    Compiling candle-nn v0.9.2
[INFO] [stderr]    Compiling r2l-agents v0.0.2-rc2
[INFO] [stderr]    Compiling r2l-gym v0.0.2-rc2
[INFO] [stderr]    Compiling r2l-burn v0.0.2-rc2
[INFO] [stderr]    Compiling r2l-sampler v0.0.2-rc2
[INFO] [stderr]    Compiling r2l-candle v0.0.2-rc2
[INFO] [stderr]    Compiling r2l-api v0.0.2-rc2 (/opt/rustwide/workdir)
[INFO] [stderr]     Finished `release` profile [optimized] target(s) in 8m 06s
[INFO] [stderr] warning: the following packages contain code that will be rejected by a future version of Rust: cubecl-common v0.9.0, cubecl-runtime v0.9.0, macerator v0.2.10
[INFO] [stderr] note: to see what the problems were, use the option `--future-incompat-report`, or run `cargo report future-incompatibilities --id 6`
[INFO] running `Command { std: "docker" "inspect" "232c441d7a44fa30efb1d3c626f1d4772a7f468c61fdd43e235db1a64d6e9c5e", kill_on_drop: false }`
[INFO] running `Command { std: "docker" "exec" "-e" "SOURCE_DIR=/opt/rustwide/workdir" "-e" "CARGO_HOME=/opt/rustwide/cargo-home" "-e" "RUSTUP_HOME=/opt/rustwide/rustup-home" "-e" "CARGO_TARGET_DIR=/opt/rustwide/target" "-e" "CARGO_INCREMENTAL=0" "-e" "RUST_BACKTRACE=full" "-e" "RUSTFLAGS=--cap-lints=warn" "-e" "RUSTDOCFLAGS=--cap-lints=warn" "-w" "/opt/rustwide/workdir" "--user" "0:0" "232c441d7a44fa30efb1d3c626f1d4772a7f468c61fdd43e235db1a64d6e9c5e" "/opt/rustwide/cargo-home/bin/cargo" "+1.100.0-beta.1" "test" "--frozen" "--no-run" "--message-format=json" "--release", kill_on_drop: false }`
[INFO] [stderr]    Compiling r2l-api v0.0.2-rc2 (/opt/rustwide/workdir)
[INFO] [stdout] warning: unused import: `r2l_gym::GymEnvBuilder`
[INFO] [stdout]  --> tests/a2c.rs:8:5
[INFO] [stdout]   |
[INFO] [stdout] 8 | use r2l_gym::GymEnvBuilder;
[INFO] [stdout]   |     ^^^^^^^^^^^^^^^^^^^^^^
[INFO] [stdout]   |
[INFO] [stdout]   = note: `#[warn(unused_imports)]` (part of `#[warn(unused)]`) on by default
[INFO] [stdout] 
[INFO] [stdout] 
[INFO] [stderr]     Finished `release` profile [optimized] target(s) in 7.03s
[INFO] [stderr] warning: the following packages contain code that will be rejected by a future version of Rust: cubecl-common v0.9.0, cubecl-runtime v0.9.0, macerator v0.2.10
[INFO] [stderr] note: to see what the problems were, use the option `--future-incompat-report`, or run `cargo report future-incompatibilities --id 6`
[INFO] running `Command { std: "docker" "inspect" "232c441d7a44fa30efb1d3c626f1d4772a7f468c61fdd43e235db1a64d6e9c5e", kill_on_drop: false }`
[INFO] running `Command { std: "docker" "exec" "-e" "SOURCE_DIR=/opt/rustwide/workdir" "-e" "CARGO_HOME=/opt/rustwide/cargo-home" "-e" "RUSTUP_HOME=/opt/rustwide/rustup-home" "-e" "CARGO_TARGET_DIR=/opt/rustwide/target" "-e" "CARGO_INCREMENTAL=0" "-e" "RUST_BACKTRACE=full" "-e" "RUSTFLAGS=--cap-lints=warn" "-e" "RUSTDOCFLAGS=--cap-lints=warn" "-w" "/opt/rustwide/workdir" "--user" "0:0" "232c441d7a44fa30efb1d3c626f1d4772a7f468c61fdd43e235db1a64d6e9c5e" "/opt/rustwide/cargo-home/bin/cargo" "+1.100.0-beta.1" "test" "--frozen" "--release", kill_on_drop: false }`
[INFO] [stderr] warning: unused import: `r2l_gym::GymEnvBuilder`
[INFO] [stderr]  --> tests/a2c.rs:8:5
[INFO] [stderr]   |
[INFO] [stderr] 8 | use r2l_gym::GymEnvBuilder;
[INFO] [stderr]   |     ^^^^^^^^^^^^^^^^^^^^^^
[INFO] [stderr]   |
[INFO] [stderr]   = note: `#[warn(unused_imports)]` (part of `#[warn(unused)]`) on by default
[INFO] [stderr] 
[INFO] [stderr] warning: `r2l-api` (test "a2c") generated 1 warning (run `cargo fix --test "a2c" -p r2l-api` to apply 1 suggestion)
[INFO] [stderr]     Finished `release` profile [optimized] target(s) in 0.58s
[INFO] [stderr] warning: the following packages contain code that will be rejected by a future version of Rust: cubecl-common v0.9.0, cubecl-runtime v0.9.0, macerator v0.2.10
[INFO] [stderr] note: to see what the problems were, use the option `--future-incompat-report`, or run `cargo report future-incompatibilities --id 6`
[INFO] [stderr]      Running unittests src/lib.rs (/opt/rustwide/target/release/build/r2l-api/a30bb1ba76b2c96c/out/r2l_api-a30bb1ba76b2c96c)
[INFO] [stdout] 
[INFO] [stdout] running 2 tests
[INFO] [stdout] test utils::running_mean::test::test_biased_var ... ok
[INFO] [stdout] test utils::running_mean::test::test_running_mean_std_running ... ok
[INFO] [stdout] 
[INFO] [stdout] test result: ok. 2 passed; 0 failed; 0 ignored; 0 measured; 0 filtered out; finished in 0.00s
[INFO] [stdout] 
[INFO] [stderr]      Running tests/a2c.rs (/opt/rustwide/target/release/build/r2l-api/e9f3c648748daada/out/a2c-e9f3c648748daada)
[INFO] [stdout] 
[INFO] [stderr]      Running tests/ppo.rs (/opt/rustwide/target/release/build/r2l-api/bde6ad642b8b3293/out/ppo-bde6ad642b8b3293)
[INFO] [stdout] running 0 tests
[INFO] [stdout] 
[INFO] [stdout] test result: ok. 0 passed; 0 failed; 0 ignored; 0 measured; 0 filtered out; finished in 0.00s
[INFO] [stdout] 
[INFO] [stdout] 
[INFO] [stdout] running 7 tests
[INFO] [stdout] test acrobot_candle ... FAILED
[INFO] [stdout] test pendulum_candle ... FAILED
[INFO] [stdout] test lunar_lander_candle ... FAILED
[INFO] [stdout] test mountain_car_continuous_candle ... FAILED
[INFO] [stdout] test cartpole_candle ... FAILED
[INFO] [stdout] test mountain_car_candle ... FAILED
[INFO] [stdout] test lunar_lander_continuous_candle ... FAILED
[INFO] [stdout] 
[INFO] [stdout] failures:
[INFO] [stdout] 
[INFO] [stdout] ---- acrobot_candle stdout ----
[INFO] [stdout] 
[INFO] [stdout] thread 'acrobot_candle' (3185) panicked at tests/ppo.rs:66:39:
[INFO] [stdout] called `Result::unwrap()` on an `Err` value: ModuleNotFoundError: No module named 'gymnasium'
[INFO] [stdout] 
[INFO] [stdout] Stack backtrace:
[INFO] [stdout]    0: <anyhow::Error as core::convert::From<pyo3::err::PyErr>>::from
[INFO] [stdout]    1: <r2l_gym::GymEnv>::new
[INFO] [stdout]    2: <r2l_gym::GymEnvBuilder as r2l_core::env::EnvBuilder>::build_env
[INFO] [stdout]    3: <r2l_core::env::EnvBuilderType<r2l_gym::GymEnvBuilder>>::env_description
[INFO] [stdout]    4: <r2l_api::builders::on_policy::OnPolicyAlgorithmBuilder<r2l_api::agents::ppo::PPOCandleAgent, r2l_api::builders::agent::OnPolicyAgentBuilder<r2l_agents::on_policy_algorithms::ppo::PPOParams, r2l_api::builders::ppo::hook::DefaultPPOHookBuilder, r2l_api::builders::agent::CandleBackend>, r2l_gym::GymEnvBuilder, r2l_sampler::StepTrajectoryBound<r2l_core::tensor::TensorData>>>::build
[INFO] [stdout]    5: ppo::configure_candle_ppo_test
[INFO] [stdout]    6: <ppo::acrobot_candle::{closure#0} as core::ops::function::FnOnce<()>>::call_once
[INFO] [stdout]    7: test::__rust_begin_short_backtrace::<core::result::Result<(), alloc::string::String>, fn() -> core::result::Result<(), alloc::string::String>>
[INFO] [stdout]    8: test::run_test::{closure#0}
[INFO] [stdout]    9: std::sys::backtrace::__rust_begin_short_backtrace::<test::run_test::{closure#1}, ()>
[INFO] [stdout]   10: <std::thread::lifecycle::spawn_unchecked<test::run_test::{closure#1}, ()>::{closure#1} as core::ops::function::FnOnce<()>>::call_once::{shim:vtable#0}
[INFO] [stdout]   11: <std::sys::thread::unix::Thread>::new::thread_start
[INFO] [stdout]   12: <unknown>
[INFO] [stdout]   13: clone
[INFO] [stdout] stack backtrace:
[INFO] [stdout]    0:     0x59de3655ebf1 - <<std[617be2ca0a6fd877]::sys::backtrace::BacktraceLock>::print::DisplayBacktrace as core[a373ad73a504971]::fmt::Display>::fmt
[INFO] [stdout]    1:     0x59de36574f0a - core[a373ad73a504971]::fmt::write
[INFO] [stdout]    2:     0x59de3656364c - <alloc[2e1b2a31b91974c5]::vec::Vec<u8> as core[a373ad73a504971]::io::write::Write>::write_fmt
[INFO] [stdout]    3:     0x59de36539aa6 - std[617be2ca0a6fd877]::panicking::default_hook::{closure#0}
[INFO] [stdout]    4:     0x59de365567c9 - std[617be2ca0a6fd877]::panicking::default_hook
[INFO] [stdout]    5:     0x59de3611f150 - test[aada8e7e76ba119b]::test_main_inner::{closure#0}
[INFO] [stdout]    6:     0x59de36556af2 - std[617be2ca0a6fd877]::panicking::panic_with_hook
[INFO] [stdout]    7:     0x59de36539b52 - std[617be2ca0a6fd877]::panicking::panic_handler::{closure#0}
[INFO] [stdout]    8:     0x59de365320a9 - std[617be2ca0a6fd877]::sys::backtrace::__rust_end_short_backtrace::<std[617be2ca0a6fd877]::panicking::panic_handler::{closure#0}, !>
[INFO] [stdout]    9:     0x59de3653a86d - __rustc[ea4f61d10b84890b]::rust_begin_unwind
[INFO] [stdout]   10:     0x59de3657563c - core[a373ad73a504971]::panicking::panic_fmt
[INFO] [stdout]   11:     0x59de36575412 - core[a373ad73a504971]::result::unwrap_failed
[INFO] [stdout]   12:     0x59de36111cb7 - ppo[813e2d13cbc61952]::configure_candle_ppo_test
[INFO] [stdout]   13:     0x59de36111fef - <ppo[813e2d13cbc61952]::acrobot_candle::{closure#0} as core[a373ad73a504971]::ops::function::FnOnce<()>>::call_once
[INFO] [stdout]   14:     0x59de3611259b - test[aada8e7e76ba119b]::__rust_begin_short_backtrace::<core[a373ad73a504971]::result::Result<(), alloc[2e1b2a31b91974c5]::string::String>, fn() -> core[a373ad73a504971]::result::Result<(), alloc[2e1b2a31b91974c5]::string::String>>
[INFO] [stdout]   15:     0x59de3611f775 - test[aada8e7e76ba119b]::run_test::{closure#0}
[INFO] [stdout]   16:     0x59de36119064 - std[617be2ca0a6fd877]::sys::backtrace::__rust_begin_short_backtrace::<test[aada8e7e76ba119b]::run_test::{closure#1}, ()>
[INFO] [stdout]   17:     0x59de36122802 - <std[617be2ca0a6fd877]::thread::lifecycle::spawn_unchecked<test[aada8e7e76ba119b]::run_test::{closure#1}, ()>::{closure#1} as core[a373ad73a504971]::ops::function::FnOnce<()>>::call_once::{shim:vtable#0}
[INFO] [stdout]   18:     0x59de3655e0af - <std[617be2ca0a6fd877]::sys::thread::unix::Thread>::new::thread_start
[INFO] [stdout]   19:     0x7de8ede1adfa - <unknown>
[INFO] [stdout]   20:     0x7de8edeae3d4 - clone
[INFO] [stdout]   21:                0x0 - <unknown>
[INFO] [stdout] 
[INFO] [stdout] ---- pendulum_candle stdout ----
[INFO] [stdout] 
[INFO] [stdout] thread 'pendulum_candle' (3191) panicked at tests/ppo.rs:66:39:
[INFO] [stdout] called `Result::unwrap()` on an `Err` value: ModuleNotFoundError: No module named 'gymnasium'
[INFO] [stdout] 
[INFO] [stdout] Stack backtrace:
[INFO] [stdout]    0: <anyhow::Error as core::convert::From<pyo3::err::PyErr>>::from
[INFO] [stdout]    1: <r2l_gym::GymEnv>::new
[INFO] [stdout]    2: <r2l_gym::GymEnvBuilder as r2l_core::env::EnvBuilder>::build_env
[INFO] [stdout]    3: <r2l_core::env::EnvBuilderType<r2l_gym::GymEnvBuilder>>::env_description
[INFO] [stdout]    4: <r2l_api::builders::on_policy::OnPolicyAlgorithmBuilder<r2l_api::agents::ppo::PPOCandleAgent, r2l_api::builders::agent::OnPolicyAgentBuilder<r2l_agents::on_policy_algorithms::ppo::PPOParams, r2l_api::builders::ppo::hook::DefaultPPOHookBuilder, r2l_api::builders::agent::CandleBackend>, r2l_gym::GymEnvBuilder, r2l_sampler::StepTrajectoryBound<r2l_core::tensor::TensorData>>>::build
[INFO] [stdout]    5: ppo::configure_candle_ppo_test
[INFO] [stdout]    6: <ppo::pendulum_candle::{closure#0} as core::ops::function::FnOnce<()>>::call_once
[INFO] [stdout]    7: test::__rust_begin_short_backtrace::<core::result::Result<(), alloc::string::String>, fn() -> core::result::Result<(), alloc::string::String>>
[INFO] [stdout]    8: test::run_test::{closure#0}
[INFO] [stdout]    9: std::sys::backtrace::__rust_begin_short_backtrace::<test::run_test::{closure#1}, ()>
[INFO] [stdout]   10: <std::thread::lifecycle::spawn_unchecked<test::run_test::{closure#1}, ()>::{closure#1} as core::ops::function::FnOnce<()>>::call_once::{shim:vtable#0}
[INFO] [stdout]   11: <std::sys::thread::unix::Thread>::new::thread_start
[INFO] [stdout]   12: <unknown>
[INFO] [stdout]   13: clone
[INFO] [stdout] stack backtrace:
[INFO] [stdout]    0:     0x59de3655ebf1 - <<std[617be2ca0a6fd877]::sys::backtrace::BacktraceLock>::print::DisplayBacktrace as core[a373ad73a504971]::fmt::Display>::fmt
[INFO] [stdout]    1:     0x59de36574f0a - core[a373ad73a504971]::fmt::write
[INFO] [stdout]    2:     0x59de3656364c - <alloc[2e1b2a31b91974c5]::vec::Vec<u8> as core[a373ad73a504971]::io::write::Write>::write_fmt
[INFO] [stdout]    3:     0x59de36539aa6 - std[617be2ca0a6fd877]::panicking::default_hook::{closure#0}
[INFO] [stdout]    4:     0x59de365567c9 - std[617be2ca0a6fd877]::panicking::default_hook
[INFO] [stdout]    5:     0x59de3611f150 - test[aada8e7e76ba119b]::test_main_inner::{closure#0}
[INFO] [stdout]    6:     0x59de36556af2 - std[617be2ca0a6fd877]::panicking::panic_with_hook
[INFO] [stdout]    7:     0x59de36539b52 - std[617be2ca0a6fd877]::panicking::panic_handler::{closure#0}
[INFO] [stdout]    8:     0x59de365320a9 - std[617be2ca0a6fd877]::sys::backtrace::__rust_end_short_backtrace::<std[617be2ca0a6fd877]::panicking::panic_handler::{closure#0}, !>
[INFO] [stdout]    9:     0x59de3653a86d - __rustc[ea4f61d10b84890b]::rust_begin_unwind
[INFO] [stdout]   10:     0x59de3657563c - core[a373ad73a504971]::panicking::panic_fmt
[INFO] [stdout]   11:     0x59de36575412 - core[a373ad73a504971]::result::unwrap_failed
[INFO] [stdout]   12:     0x59de36111cb7 - ppo[813e2d13cbc61952]::configure_candle_ppo_test
[INFO] [stdout]   13:     0x59de361121ce - <ppo[813e2d13cbc61952]::pendulum_candle::{closure#0} as core[a373ad73a504971]::ops::function::FnOnce<()>>::call_once
[INFO] [stdout]   14:     0x59de3611259b - test[aada8e7e76ba119b]::__rust_begin_short_backtrace::<core[a373ad73a504971]::result::Result<(), alloc[2e1b2a31b91974c5]::string::String>, fn() -> core[a373ad73a504971]::result::Result<(), alloc[2e1b2a31b91974c5]::string::String>>
[INFO] [stdout]   15:     0x59de3611f775 - test[aada8e7e76ba119b]::run_test::{closure#0}
[INFO] [stdout]   16:     0x59de36119064 - std[617be2ca0a6fd877]::sys::backtrace::__rust_begin_short_backtrace::<test[aada8e7e76ba119b]::run_test::{closure#1}, ()>
[INFO] [stdout]   17:     0x59de36122802 - <std[617be2ca0a6fd877]::thread::lifecycle::spawn_unchecked<test[aada8e7e76ba119b]::run_test::{closure#1}, ()>::{closure#1} as core[a373ad73a504971]::ops::function::FnOnce<()>>::call_once::{shim:vtable#0}
[INFO] [stdout]   18:     0x59de3655e0af - <std[617be2ca0a6fd877]::sys::thread::unix::Thread>::new::thread_start
[INFO] [stdout]   19:     0x7de8ede1adfa - <unknown>
[INFO] [stdout]   20:     0x7de8edeae3d4 - clone
[INFO] [stdout]   21:                0x0 - <unknown>
[INFO] [stdout] 
[INFO] [stdout] ---- lunar_lander_candle stdout ----
[INFO] [stdout] 
[INFO] [stdout] thread 'lunar_lander_candle' (3187) panicked at tests/ppo.rs:66:39:
[INFO] [stdout] called `Result::unwrap()` on an `Err` value: ModuleNotFoundError: No module named 'gymnasium'
[INFO] [stdout] 
[INFO] [stdout] Stack backtrace:
[INFO] [stdout]    0: <anyhow::Error as core::convert::From<pyo3::err::PyErr>>::from
[INFO] [stdout]    1: <r2l_gym::GymEnv>::new
[INFO] [stdout]    2: <r2l_gym::GymEnvBuilder as r2l_core::env::EnvBuilder>::build_env
[INFO] [stdout]    3: <r2l_core::env::EnvBuilderType<r2l_gym::GymEnvBuilder>>::env_description
[INFO] [stdout]    4: <r2l_api::builders::on_policy::OnPolicyAlgorithmBuilder<r2l_api::agents::ppo::PPOCandleAgent, r2l_api::builders::agent::OnPolicyAgentBuilder<r2l_agents::on_policy_algorithms::ppo::PPOParams, r2l_api::builders::ppo::hook::DefaultPPOHookBuilder, r2l_api::builders::agent::CandleBackend>, r2l_gym::GymEnvBuilder, r2l_sampler::StepTrajectoryBound<r2l_core::tensor::TensorData>>>::build
[INFO] [stdout]    5: ppo::configure_candle_ppo_test
[INFO] [stdout]    6: <ppo::lunar_lander_candle::{closure#0} as core::ops::function::FnOnce<()>>::call_once
[INFO] [stdout]    7: test::__rust_begin_short_backtrace::<core::result::Result<(), alloc::string::String>, fn() -> core::result::Result<(), alloc::string::String>>
[INFO] [stdout]    8: test::run_test::{closure#0}
[INFO] [stdout]    9: std::sys::backtrace::__rust_begin_short_backtrace::<test::run_test::{closure#1}, ()>
[INFO] [stdout]   10: <std::thread::lifecycle::spawn_unchecked<test::run_test::{closure#1}, ()>::{closure#1} as core::ops::function::FnOnce<()>>::call_once::{shim:vtable#0}
[INFO] [stdout]   11: <std::sys::thread::unix::Thread>::new::thread_start
[INFO] [stdout]   12: <unknown>
[INFO] [stdout]   13: clone
[INFO] [stdout] stack backtrace:
[INFO] [stdout]    0:     0x59de3655ebf1 - <<std[617be2ca0a6fd877]::sys::backtrace::BacktraceLock>::print::DisplayBacktrace as core[a373ad73a504971]::fmt::Display>::fmt
[INFO] [stdout]    1:     0x59de36574f0a - core[a373ad73a504971]::fmt::write
[INFO] [stdout]    2:     0x59de3656364c - <alloc[2e1b2a31b91974c5]::vec::Vec<u8> as core[a373ad73a504971]::io::write::Write>::write_fmt
[INFO] [stdout]    3:     0x59de36539aa6 - std[617be2ca0a6fd877]::panicking::default_hook::{closure#0}
[INFO] [stdout]    4:     0x59de365567c9 - std[617be2ca0a6fd877]::panicking::default_hook
[INFO] [stdout]    5:     0x59de3611f150 - test[aada8e7e76ba119b]::test_main_inner::{closure#0}
[INFO] [stdout]    6:     0x59de36556af2 - std[617be2ca0a6fd877]::panicking::panic_with_hook
[INFO] [stdout]    7:     0x59de36539b52 - std[617be2ca0a6fd877]::panicking::panic_handler::{closure#0}
[INFO] [stdout]    8:     0x59de365320a9 - std[617be2ca0a6fd877]::sys::backtrace::__rust_end_short_backtrace::<std[617be2ca0a6fd877]::panicking::panic_handler::{closure#0}, !>
[INFO] [stdout]    9:     0x59de3653a86d - __rustc[ea4f61d10b84890b]::rust_begin_unwind
[INFO] [stdout]   10:     0x59de3657563c - core[a373ad73a504971]::panicking::panic_fmt
[INFO] [stdout]   11:     0x59de36575412 - core[a373ad73a504971]::result::unwrap_failed
[INFO] [stdout]   12:     0x59de36111cb7 - ppo[813e2d13cbc61952]::configure_candle_ppo_test
[INFO] [stdout]   13:     0x59de361122a8 - <ppo[813e2d13cbc61952]::lunar_lander_candle::{closure#0} as core[a373ad73a504971]::ops::function::FnOnce<()>>::call_once
[INFO] [stdout]   14:     0x59de3611259b - test[aada8e7e76ba119b]::__rust_begin_short_backtrace::<core[a373ad73a504971]::result::Result<(), alloc[2e1b2a31b91974c5]::string::String>, fn() -> core[a373ad73a504971]::result::Result<(), alloc[2e1b2a31b91974c5]::string::String>>
[INFO] [stdout]   15:     0x59de3611f775 - test[aada8e7e76ba119b]::run_test::{closure#0}
[INFO] [stdout]   16:     0x59de36119064 - std[617be2ca0a6fd877]::sys::backtrace::__rust_begin_short_backtrace::<test[aada8e7e76ba119b]::run_test::{closure#1}, ()>
[INFO] [stdout]   17:     0x59de36122802 - <std[617be2ca0a6fd877]::thread::lifecycle::spawn_unchecked<test[aada8e7e76ba119b]::run_test::{closure#1}, ()>::{closure#1} as core[a373ad73a504971]::ops::function::FnOnce<()>>::call_once::{shim:vtable#0}
[INFO] [stdout]   18:     0x59de3655e0af - <std[617be2ca0a6fd877]::sys::thread::unix::Thread>::new::thread_start
[INFO] [stdout]   19:     0x7de8ede1adfa - <unknown>
[INFO] [stdout]   20:     0x7de8edeae3d4 - clone
[INFO] [stdout]   21:                0x0 - <unknown>
[INFO] [stdout] 
[INFO] [stdout] ---- mountain_car_continuous_candle stdout ----
[INFO] [stdout] 
[INFO] [stdout] thread 'mountain_car_continuous_candle' (3190) panicked at tests/ppo.rs:66:39:
[INFO] [stdout] called `Result::unwrap()` on an `Err` value: ModuleNotFoundError: No module named 'gymnasium'
[INFO] [stdout] 
[INFO] [stdout] Stack backtrace:
[INFO] [stdout]    0: <anyhow::Error as core::convert::From<pyo3::err::PyErr>>::from
[INFO] [stdout]    1: <r2l_gym::GymEnv>::new
[INFO] [stdout]    2: <r2l_gym::GymEnvBuilder as r2l_core::env::EnvBuilder>::build_env
[INFO] [stdout]    3: <r2l_core::env::EnvBuilderType<r2l_gym::GymEnvBuilder>>::env_description
[INFO] [stdout]    4: <r2l_api::builders::on_policy::OnPolicyAlgorithmBuilder<r2l_api::agents::ppo::PPOCandleAgent, r2l_api::builders::agent::OnPolicyAgentBuilder<r2l_agents::on_policy_algorithms::ppo::PPOParams, r2l_api::builders::ppo::hook::DefaultPPOHookBuilder, r2l_api::builders::agent::CandleBackend>, r2l_gym::GymEnvBuilder, r2l_sampler::StepTrajectoryBound<r2l_core::tensor::TensorData>>>::build
[INFO] [stdout]    5: ppo::configure_candle_ppo_test
[INFO] [stdout]    6: <ppo::mountain_car_continuous_candle::{closure#0} as core::ops::function::FnOnce<()>>::call_once
[INFO] [stdout]    7: test::__rust_begin_short_backtrace::<core::result::Result<(), alloc::string::String>, fn() -> core::result::Result<(), alloc::string::String>>
[INFO] [stdout]    8: test::run_test::{closure#0}
[INFO] [stdout]    9: std::sys::backtrace::__rust_begin_short_backtrace::<test::run_test::{closure#1}, ()>
[INFO] [stdout]   10: <std::thread::lifecycle::spawn_unchecked<test::run_test::{closure#1}, ()>::{closure#1} as core::ops::function::FnOnce<()>>::call_once::{shim:vtable#0}
[INFO] [stdout]   11: <std::sys::thread::unix::Thread>::new::thread_start
[INFO] [stdout]   12: <unknown>
[INFO] [stdout]   13: clone
[INFO] [stdout] stack backtrace:
[INFO] [stdout]    0:     0x59de3655ebf1 - <<std[617be2ca0a6fd877]::sys::backtrace::BacktraceLock>::print::DisplayBacktrace as core[a373ad73a504971]::fmt::Display>::fmt
[INFO] [stdout]    1:     0x59de36574f0a - core[a373ad73a504971]::fmt::write
[INFO] [stdout]    2:     0x59de3656364c - <alloc[2e1b2a31b91974c5]::vec::Vec<u8> as core[a373ad73a504971]::io::write::Write>::write_fmt
[INFO] [stdout]    3:     0x59de36539aa6 - std[617be2ca0a6fd877]::panicking::default_hook::{closure#0}
[INFO] [stdout]    4:     0x59de365567c9 - std[617be2ca0a6fd877]::panicking::default_hook
[INFO] [stdout]    5:     0x59de3611f150 - test[aada8e7e76ba119b]::test_main_inner::{closure#0}
[INFO] [stdout]    6:     0x59de36556af2 - std[617be2ca0a6fd877]::panicking::panic_with_hook
[INFO] [stdout]    7:     0x59de36539b52 - std[617be2ca0a6fd877]::panicking::panic_handler::{closure#0}
[INFO] [stdout]    8:     0x59de365320a9 - std[617be2ca0a6fd877]::sys::backtrace::__rust_end_short_backtrace::<std[617be2ca0a6fd877]::panicking::panic_handler::{closure#0}, !>
[INFO] [stdout]    9:     0x59de3653a86d - __rustc[ea4f61d10b84890b]::rust_begin_unwind
[INFO] [stdout]   10:     0x59de3657563c - core[a373ad73a504971]::panicking::panic_fmt
[INFO] [stdout]   11:     0x59de36575412 - core[a373ad73a504971]::result::unwrap_failed
[INFO] [stdout]   12:     0x59de36111cb7 - ppo[813e2d13cbc61952]::configure_candle_ppo_test
[INFO] [stdout]   13:     0x59de3611252a - <ppo[813e2d13cbc61952]::mountain_car_continuous_candle::{closure#0} as core[a373ad73a504971]::ops::function::FnOnce<()>>::call_once
[INFO] [stdout]   14:     0x59de3611259b - test[aada8e7e76ba119b]::__rust_begin_short_backtrace::<core[a373ad73a504971]::result::Result<(), alloc[2e1b2a31b91974c5]::string::String>, fn() -> core[a373ad73a504971]::result::Result<(), alloc[2e1b2a31b91974c5]::string::String>>
[INFO] [stdout]   15:     0x59de3611f775 - test[aada8e7e76ba119b]::run_test::{closure#0}
[INFO] [stdout]   16:     0x59de36119064 - std[617be2ca0a6fd877]::sys::backtrace::__rust_begin_short_backtrace::<test[aada8e7e76ba119b]::run_test::{closure#1}, ()>
[INFO] [stdout]   17:     0x59de36122802 - <std[617be2ca0a6fd877]::thread::lifecycle::spawn_unchecked<test[aada8e7e76ba119b]::run_test::{closure#1}, ()>::{closure#1} as core[a373ad73a504971]::ops::function::FnOnce<()>>::call_once::{shim:vtable#0}
[INFO] [stdout]   18:     0x59de3655e0af - <std[617be2ca0a6fd877]::sys::thread::unix::Thread>::new::thread_start
[INFO] [stdout]   19:     0x7de8ede1adfa - <unknown>
[INFO] [stdout]   20:     0x7de8edeae3d4 - clone
[INFO] [stdout]   21:                0x0 - <unknown>
[INFO] [stdout] 
[INFO] [stdout] ---- cartpole_candle stdout ----
[INFO] [stdout] 
[INFO] [stdout] thread 'cartpole_candle' (3186) panicked at tests/ppo.rs:66:39:
[INFO] [stdout] called `Result::unwrap()` on an `Err` value: ModuleNotFoundError: No module named 'gymnasium'
[INFO] [stdout] 
[INFO] [stdout] Stack backtrace:
[INFO] [stdout]    0: <anyhow::Error as core::convert::From<pyo3::err::PyErr>>::from
[INFO] [stdout]    1: <r2l_gym::GymEnv>::new
[INFO] [stdout]    2: <r2l_gym::GymEnvBuilder as r2l_core::env::EnvBuilder>::build_env
[INFO] [stdout]    3: <r2l_core::env::EnvBuilderType<r2l_gym::GymEnvBuilder>>::env_description
[INFO] [stdout]    4: <r2l_api::builders::on_policy::OnPolicyAlgorithmBuilder<r2l_api::agents::ppo::PPOCandleAgent, r2l_api::builders::agent::OnPolicyAgentBuilder<r2l_agents::on_policy_algorithms::ppo::PPOParams, r2l_api::builders::ppo::hook::DefaultPPOHookBuilder, r2l_api::builders::agent::CandleBackend>, r2l_gym::GymEnvBuilder, r2l_sampler::StepTrajectoryBound<r2l_core::tensor::TensorData>>>::build
[INFO] [stdout]    5: ppo::configure_candle_ppo_test
[INFO] [stdout]    6: <ppo::cartpole_candle::{closure#0} as core::ops::function::FnOnce<()>>::call_once
[INFO] [stdout]    7: test::__rust_begin_short_backtrace::<core::result::Result<(), alloc::string::String>, fn() -> core::result::Result<(), alloc::string::String>>
[INFO] [stdout]    8: test::run_test::{closure#0}
[INFO] [stdout]    9: std::sys::backtrace::__rust_begin_short_backtrace::<test::run_test::{closure#1}, ()>
[INFO] [stdout]   10: <std::thread::lifecycle::spawn_unchecked<test::run_test::{closure#1}, ()>::{closure#1} as core::ops::function::FnOnce<()>>::call_once::{shim:vtable#0}
[INFO] [stdout]   11: <std::sys::thread::unix::Thread>::new::thread_start
[INFO] [stdout]   12: <unknown>
[INFO] [stdout]   13: clone
[INFO] [stdout] stack backtrace:
[INFO] [stdout]    0:     0x59de3655ebf1 - <<std[617be2ca0a6fd877]::sys::backtrace::BacktraceLock>::print::DisplayBacktrace as core[a373ad73a504971]::fmt::Display>::fmt
[INFO] [stdout]    1:     0x59de36574f0a - core[a373ad73a504971]::fmt::write
[INFO] [stdout]    2:     0x59de3656364c - <alloc[2e1b2a31b91974c5]::vec::Vec<u8> as core[a373ad73a504971]::io::write::Write>::write_fmt
[INFO] [stdout]    3:     0x59de36539aa6 - std[617be2ca0a6fd877]::panicking::default_hook::{closure#0}
[INFO] [stdout]    4:     0x59de365567c9 - std[617be2ca0a6fd877]::panicking::default_hook
[INFO] [stdout]    5:     0x59de3611f150 - test[aada8e7e76ba119b]::test_main_inner::{closure#0}
[INFO] [stdout]    6:     0x59de36556af2 - std[617be2ca0a6fd877]::panicking::panic_with_hook
[INFO] [stdout]    7:     0x59de36539b52 - std[617be2ca0a6fd877]::panicking::panic_handler::{closure#0}
[INFO] [stdout]    8:     0x59de365320a9 - std[617be2ca0a6fd877]::sys::backtrace::__rust_end_short_backtrace::<std[617be2ca0a6fd877]::panicking::panic_handler::{closure#0}, !>
[INFO] [stdout]    9:     0x59de3653a86d - __rustc[ea4f61d10b84890b]::rust_begin_unwind
[INFO] [stdout]   10:     0x59de3657563c - core[a373ad73a504971]::panicking::panic_fmt
[INFO] [stdout]   11:     0x59de36575412 - core[a373ad73a504971]::result::unwrap_failed
[INFO] [stdout]   12:     0x59de36111cb7 - ppo[813e2d13cbc61952]::configure_candle_ppo_test
[INFO] [stdout]   13:     0x59de361120de - <ppo[813e2d13cbc61952]::cartpole_candle::{closure#0} as core[a373ad73a504971]::ops::function::FnOnce<()>>::call_once
[INFO] [stdout]   14:     0x59de3611259b - test[aada8e7e76ba119b]::__rust_begin_short_backtrace::<core[a373ad73a504971]::result::Result<(), alloc[2e1b2a31b91974c5]::string::String>, fn() -> core[a373ad73a504971]::result::Result<(), alloc[2e1b2a31b91974c5]::string::String>>
[INFO] [stdout]   15:     0x59de3611f775 - test[aada8e7e76ba119b]::run_test::{closure#0}
[INFO] [stdout]   16:     0x59de36119064 - std[617be2ca0a6fd877]::sys::backtrace::__rust_begin_short_backtrace::<test[aada8e7e76ba119b]::run_test::{closure#1}, ()>
[INFO] [stdout]   17:     0x59de36122802 - <std[617be2ca0a6fd877]::thread::lifecycle::spawn_unchecked<test[aada8e7e76ba119b]::run_test::{closure#1}, ()>::{closure#1} as core[a373ad73a504971]::ops::function::FnOnce<()>>::call_once::{shim:vtable#0}
[INFO] [stdout]   18:     0x59de3655e0af - <std[617be2ca0a6fd877]::sys::thread::unix::Thread>::new::thread_start
[INFO] [stdout]   19:     0x7de8ede1adfa - <unknown>
[INFO] [stdout]   20:     0x7de8edeae3d4 - clone
[INFO] [stdout]   21:                0x0 - <unknown>
[INFO] [stdout] 
[INFO] [stdout] ---- mountain_car_candle stdout ----
[INFO] [stdout] 
[INFO] [stdout] thread 'mountain_car_candle' (3189) panicked at tests/ppo.rs:66:39:
[INFO] [stdout] called `Result::unwrap()` on an `Err` value: ModuleNotFoundError: No module named 'gymnasium'
[INFO] [stdout] 
[INFO] [stdout] Stack backtrace:
[INFO] [stdout]    0: <anyhow::Error as core::convert::From<pyo3::err::PyErr>>::from
[INFO] [stdout]    1: <r2l_gym::GymEnv>::new
[INFO] [stdout]    2: <r2l_gym::GymEnvBuilder as r2l_core::env::EnvBuilder>::build_env
[INFO] [stdout]    3: <r2l_core::env::EnvBuilderType<r2l_gym::GymEnvBuilder>>::env_description
[INFO] [stdout]    4: <r2l_api::builders::on_policy::OnPolicyAlgorithmBuilder<r2l_api::agents::ppo::PPOCandleAgent, r2l_api::builders::agent::OnPolicyAgentBuilder<r2l_agents::on_policy_algorithms::ppo::PPOParams, r2l_api::builders::ppo::hook::DefaultPPOHookBuilder, r2l_api::builders::agent::CandleBackend>, r2l_gym::GymEnvBuilder, r2l_sampler::StepTrajectoryBound<r2l_core::tensor::TensorData>>>::build
[INFO] [stdout]    5: ppo::configure_candle_ppo_test
[INFO] [stdout]    6: <ppo::mountain_car_candle::{closure#0} as core::ops::function::FnOnce<()>>::call_once
[INFO] [stdout]    7: test::__rust_begin_short_backtrace::<core::result::Result<(), alloc::string::String>, fn() -> core::result::Result<(), alloc::string::String>>
[INFO] [stdout]    8: test::run_test::{closure#0}
[INFO] [stdout]    9: std::sys::backtrace::__rust_begin_short_backtrace::<test::run_test::{closure#1}, ()>
[INFO] [stdout]   10: <std::thread::lifecycle::spawn_unchecked<test::run_test::{closure#1}, ()>::{closure#1} as core::ops::function::FnOnce<()>>::call_once::{shim:vtable#0}
[INFO] [stdout]   11: <std::sys::thread::unix::Thread>::new::thread_start
[INFO] [stdout]   12: <unknown>
[INFO] [stdout]   13: clone
[INFO] [stdout] stack backtrace:
[INFO] [stdout]    0:     0x59de3655ebf1 - <<std[617be2ca0a6fd877]::sys::backtrace::BacktraceLock>::print::DisplayBacktrace as core[a373ad73a504971]::fmt::Display>::fmt
[INFO] [stdout]    1:     0x59de36574f0a - core[a373ad73a504971]::fmt::write
[INFO] [stdout]    2:     0x59de3656364c - <alloc[2e1b2a31b91974c5]::vec::Vec<u8> as core[a373ad73a504971]::io::write::Write>::write_fmt
[INFO] [stdout]    3:     0x59de36539aa6 - std[617be2ca0a6fd877]::panicking::default_hook::{closure#0}
[INFO] [stdout]    4:     0x59de365567c9 - std[617be2ca0a6fd877]::panicking::default_hook
[INFO] [stdout]    5:     0x59de3611f150 - test[aada8e7e76ba119b]::test_main_inner::{closure#0}
[INFO] [stdout]    6:     0x59de36556af2 - std[617be2ca0a6fd877]::panicking::panic_with_hook
[INFO] [stdout]    7:     0x59de36539b52 - std[617be2ca0a6fd877]::panicking::panic_handler::{closure#0}
[INFO] [stdout]    8:     0x59de365320a9 - std[617be2ca0a6fd877]::sys::backtrace::__rust_end_short_backtrace::<std[617be2ca0a6fd877]::panicking::panic_handler::{closure#0}, !>
[INFO] [stdout]    9:     0x59de3653a86d - __rustc[ea4f61d10b84890b]::rust_begin_unwind
[INFO] [stdout]   10:     0x59de3657563c - core[a373ad73a504971]::panicking::panic_fmt
[INFO] [stdout]   11:     0x59de36575412 - core[a373ad73a504971]::result::unwrap_failed
[INFO] [stdout]   12:     0x59de36111cb7 - ppo[813e2d13cbc61952]::configure_candle_ppo_test
[INFO] [stdout]   13:     0x59de3611236f - <ppo[813e2d13cbc61952]::mountain_car_candle::{closure#0} as core[a373ad73a504971]::ops::function::FnOnce<()>>::call_once
[INFO] [stdout]   14:     0x59de3611259b - test[aada8e7e76ba119b]::__rust_begin_short_backtrace::<core[a373ad73a504971]::result::Result<(), alloc[2e1b2a31b91974c5]::string::String>, fn() -> core[a373ad73a504971]::result::Result<(), alloc[2e1b2a31b91974c5]::string::String>>
[INFO] [stdout]   15:     0x59de3611f775 - test[aada8e7e76ba119b]::run_test::{closure#0}
[INFO] [stdout]   16:     0x59de36119064 - std[617be2ca0a6fd877]::sys::backtrace::__rust_begin_short_backtrace::<test[aada8e7e76ba119b]::run_test::{closure#1}, ()>
[INFO] [stdout]   17:     0x59de36122802 - <std[617be2ca0a6fd877]::thread::lifecycle::spawn_unchecked<test[aada8e7e76ba119b]::run_test::{closure#1}, ()>::{closure#1} as core[a373ad73a504971]::ops::function::FnOnce<()>>::call_once::{shim:vtable#0}
[INFO] [stdout]   18:     0x59de3655e0af - <std[617be2ca0a6fd877]::sys::thread::unix::Thread>::new::thread_start
[INFO] [stdout]   19:     0x7de8ede1adfa - <unknown>
[INFO] [stdout]   20:     0x7de8edeae3d4 - clone
[INFO] [stdout]   21:                0x0 - <unknown>
[INFO] [stdout] 
[INFO] [stdout] ---- lunar_lander_continuous_candle stdout ----
[INFO] [stdout] 
[INFO] [stdout] thread 'lunar_lander_continuous_candle' (3188) panicked at tests/ppo.rs:66:39:
[INFO] [stdout] called `Result::unwrap()` on an `Err` value: ModuleNotFoundError: No module named 'gymnasium'
[INFO] [stdout] 
[INFO] [stdout] Stack backtrace:
[INFO] [stdout]    0: <anyhow::Error as core::convert::From<pyo3::err::PyErr>>::from
[INFO] [stdout]    1: <r2l_gym::GymEnv>::new
[INFO] [stdout]    2: <r2l_gym::GymEnvBuilder as r2l_core::env::EnvBuilder>::build_env
[INFO] [stdout]    3: <r2l_core::env::EnvBuilderType<r2l_gym::GymEnvBuilder>>::env_description
[INFO] [stdout]    4: <r2l_api::builders::on_policy::OnPolicyAlgorithmBuilder<r2l_api::agents::ppo::PPOCandleAgent, r2l_api::builders::agent::OnPolicyAgentBuilder<r2l_agents::on_policy_algorithms::ppo::PPOParams, r2l_api::builders::ppo::hook::DefaultPPOHookBuilder, r2l_api::builders::agent::CandleBackend>, r2l_gym::GymEnvBuilder, r2l_sampler::StepTrajectoryBound<r2l_core::tensor::TensorData>>>::build
[INFO] [stdout]    5: ppo::configure_candle_ppo_test
[INFO] [stdout]    6: <ppo::lunar_lander_continuous_candle::{closure#0} as core::ops::function::FnOnce<()>>::call_once
[INFO] [stdout]    7: test::__rust_begin_short_backtrace::<core::result::Result<(), alloc::string::String>, fn() -> core::result::Result<(), alloc::string::String>>
[INFO] [stdout]    8: test::run_test::{closure#0}
[INFO] [stdout]    9: std::sys::backtrace::__rust_begin_short_backtrace::<test::run_test::{closure#1}, ()>
[INFO] [stdout]   10: <std::thread::lifecycle::spawn_unchecked<test::run_test::{closure#1}, ()>::{closure#1} as core::ops::function::FnOnce<()>>::call_once::{shim:vtable#0}
[INFO] [stdout]   11: <std::sys::thread::unix::Thread>::new::thread_start
[INFO] [stdout]   12: <unknown>
[INFO] [stdout]   13: clone
[INFO] [stdout] stack backtrace:
[INFO] [stdout]    0:     0x59de3655ebf1 - <<std[617be2ca0a6fd877]::sys::backtrace::BacktraceLock>::print::DisplayBacktrace as core[a373ad73a504971]::fmt::Display>::fmt
[INFO] [stdout]    1:     0x59de36574f0a - core[a373ad73a504971]::fmt::write
[INFO] [stdout]    2:     0x59de3656364c - <alloc[2e1b2a31b91974c5]::vec::Vec<u8> as core[a373ad73a504971]::io::write::Write>::write_fmt
[INFO] [stdout]    3:     0x59de36539aa6 - std[617be2ca0a6fd877]::panicking::default_hook::{closure#0}
[INFO] [stdout]    4:     0x59de365567c9 - std[617be2ca0a6fd877]::panicking::default_hook
[INFO] [stdout]    5:     0x59de3611f150 - test[aada8e7e76ba119b]::test_main_inner::{closure#0}
[INFO] [stdout]    6:     0x59de36556af2 - std[617be2ca0a6fd877]::panicking::panic_with_hook
[INFO] [stdout]    7:     0x59de36539b52 - std[617be2ca0a6fd877]::panicking::panic_handler::{closure#0}
[INFO] [stdout]    8:     0x59de365320a9 - std[617be2ca0a6fd877]::sys::backtrace::__rust_end_short_backtrace::<std[617be2ca0a6fd877]::panicking::panic_handler::{closure#0}, !>
[INFO] [stdout]    9:     0x59de3653a86d - __rustc[ea4f61d10b84890b]::rust_begin_unwind
[INFO] [stdout]   10:     0x59de3657563c - core[a373ad73a504971]::panicking::panic_fmt
[INFO] [stdout]   11:     0x59de36575412 - core[a373ad73a504971]::result::unwrap_failed
[INFO] [stdout]   12:     0x59de36111cb7 - ppo[813e2d13cbc61952]::configure_candle_ppo_test
[INFO] [stdout]   13:     0x59de36112448 - <ppo[813e2d13cbc61952]::lunar_lander_continuous_candle::{closure#0} as core[a373ad73a504971]::ops::function::FnOnce<()>>::call_once
[INFO] [stdout]   14:     0x59de3611259b - test[aada8e7e76ba119b]::__rust_begin_short_backtrace::<core[a373ad73a504971]::result::Result<(), alloc[2e1b2a31b91974c5]::string::String>, fn() -> core[a373ad73a504971]::result::Result<(), alloc[2e1b2a31b91974c5]::string::String>>
[INFO] [stdout]   15:     0x59de3611f775 - test[aada8e7e76ba119b]::run_test::{closure#0}
[INFO] [stdout]   16:     0x59de36119064 - std[617be2ca0a6fd877]::sys::backtrace::__rust_begin_short_backtrace::<test[aada8e7e76ba119b]::run_test::{closure#1}, ()>
[INFO] [stdout]   17:     0x59de36122802 - <std[617be2ca0a6fd877]::thread::lifecycle::spawn_unchecked<test[aada8e7e76ba119b]::run_test::{closure#1}, ()>::{closure#1} as core[a373ad73a504971]::ops::function::FnOnce<()>>::call_once::{shim:vtable#0}
[INFO] [stdout]   18:     0x59de3655e0af - <std[617be2ca0a6fd877]::sys::thread::unix::Thread>::new::thread_start
[INFO] [stdout]   19:     0x7de8ede1adfa - <unknown>
[INFO] [stdout]   20:     0x7de8edeae3d4 - clone
[INFO] [stdout]   21:                0x0 - <unknown>
[INFO] [stdout] 
[INFO] [stdout] 
[INFO] [stdout] failures:
[INFO] [stdout]     acrobot_candle
[INFO] [stdout]     cartpole_candle
[INFO] [stdout]     lunar_lander_candle
[INFO] [stdout]     lunar_lander_continuous_candle
[INFO] [stdout]     mountain_car_candle
[INFO] [stdout]     mountain_car_continuous_candle
[INFO] [stdout]     pendulum_candle
[INFO] [stdout] 
[INFO] [stdout] test result: FAILED. 0 passed; 7 failed; 0 ignored; 0 measured; 0 filtered out; finished in 0.15s
[INFO] [stdout] 
[INFO] [stderr] error: test failed, to rerun pass `--test ppo`
[INFO] running `Command { std: "docker" "inspect" "232c441d7a44fa30efb1d3c626f1d4772a7f468c61fdd43e235db1a64d6e9c5e", kill_on_drop: false }`
[INFO] running `Command { std: "docker" "rm" "-f" "232c441d7a44fa30efb1d3c626f1d4772a7f468c61fdd43e235db1a64d6e9c5e", kill_on_drop: false }`
[INFO] [stdout] 232c441d7a44fa30efb1d3c626f1d4772a7f468c61fdd43e235db1a64d6e9c5e
